Jun 21 19:27:29.450973 n-d-847001-3 devstack@placement-api.service[105247]: DEBUG placement.requestlog [req-5921f2d5-efcf-4fa5-98c3-242f19ac2cdc req-9962e102-8d3a-4a85-bf06-722ee9fb641f None None] Starting request: 10.222.0.39 "GET /placement/resource_providers/8bd9b98a-eb3a-44d7-a194-a60bc3690be3/allocations" {{(pid=105247) __call__ /opt/stack/placement/placement/requestlog.py:55}}
Jun 21 19:27:29.927315 n-d-847001-3 devstack@placement-api.service[105247]: INFO placement.requestlog [req-5921f2d5-efcf-4fa5-98c3-242f19ac2cdc req-9962e102-8d3a-4a85-bf06-722ee9fb641f service placement] 10.222.0.39 "GET /placement/resource_providers/8bd9b98a-eb3a-44d7-a194-a60bc3690be3/allocations" status: 200 len: 443 microversion: 1.0
Jun 21 19:27:29.930722 n-d-847001-3 devstack@placement-api.service[105247]: [pid: 105247|app: 0|req: 222/440] 10.222.0.39 () {58 vars in 1390 bytes} [Tue Jun 21 19:27:29 2022] GET /placement/resource_providers/8bd9b98a-eb3a-44d7-a194-a60bc3690be3/allocations => generated 443 bytes in 480 msecs (HTTP/1.1 200) 6 headers in 224 bytes (1 switches on core 0)
Jun 21 19:27:30.050118 n-d-847001-3 devstack@placement-api.service[105246]: DEBUG placement.requestlog [req-5921f2d5-efcf-4fa5-98c3-242f19ac2cdc req-b843b6bc-82ea-4fd6-bdd9-8e9d1ae7aa15 None None] Starting request: 10.222.0.39 "GET /placement/resource_providers?in_tree=8bd9b98a-eb3a-44d7-a194-a60bc3690be3" {{(pid=105246) __call__ /opt/stack/placement/placement/requestlog.py:55}}
Jun 21 19:27:30.089601 n-d-847001-3 devstack@placement-api.service[105246]: INFO placement.requestlog [req-5921f2d5-efcf-4fa5-98c3-242f19ac2cdc req-b843b6bc-82ea-4fd6-bdd9-8e9d1ae7aa15 service placement] 10.222.0.39 "GET /placement/resource_providers?in_tree=8bd9b98a-eb3a-44d7-a194-a60bc3690be3" status: 200 len: 863 microversion: 1.14
Jun 21 19:27:30.090944 n-d-847001-3 devstack@placement-api.service[105246]: [pid: 105246|app: 0|req: 219/441] 10.222.0.39 () {60 vars in 1376 bytes} [Tue Jun 21 19:27:30 2022] GET /placement/resource_providers?in_tree=8bd9b98a-eb3a-44d7-a194-a60bc3690be3 => generated 863 bytes in 41 msecs (HTTP/1.1 200) 6 headers in 225 bytes (1 switches on core 0)
Jun 21 19:27:30.102689 n-d-847001-3 devstack@placement-api.service[105247]: DEBUG placement.requestlog [req-5921f2d5-efcf-4fa5-98c3-242f19ac2cdc req-5f3b1106-7d7b-4f61-93fa-6701eb2eb976 None None] Starting request: 10.222.0.39 "GET /placement/resource_providers/8bd9b98a-eb3a-44d7-a194-a60bc3690be3/inventories" {{(pid=105247) __call__ /opt/stack/placement/placement/requestlog.py:55}}
Jun 21 19:27:30.145913 n-d-847001-3 devstack@placement-api.service[105247]: INFO placement.requestlog [req-5921f2d5-efcf-4fa5-98c3-242f19ac2cdc req-5f3b1106-7d7b-4f61-93fa-6701eb2eb976 service placement] 10.222.0.39 "GET /placement/resource_providers/8bd9b98a-eb3a-44d7-a194-a60bc3690be3/inventories" status: 200 len: 398 microversion: 1.0
Jun 21 19:27:30.147053 n-d-847001-3 devstack@placement-api.service[105247]: [pid: 105247|app: 0|req: 223/442] 10.222.0.39 () {58 vars in 1390 bytes} [Tue Jun 21 19:27:30 2022] GET /placement/resource_providers/8bd9b98a-eb3a-44d7-a194-a60bc3690be3/inventories => generated 398 bytes in 45 msecs (HTTP/1.1 200) 6 headers in 224 bytes (1 switches on core 0)
Jun 21 19:27:30.155270 n-d-847001-3 devstack@placement-api.service[105246]: DEBUG placement.requestlog [req-5921f2d5-efcf-4fa5-98c3-242f19ac2cdc req-9a560965-4667-4367-b0a1-e5e617ad35af None None] Starting request: 10.222.0.39 "GET /placement/resource_providers/8bd9b98a-eb3a-44d7-a194-a60bc3690be3/aggregates" {{(pid=105246) __call__ /opt/stack/placement/placement/requestlog.py:55}}
Jun 21 19:27:30.196043 n-d-847001-3 devstack@placement-api.service[105246]: INFO placement.requestlog [req-5921f2d5-efcf-4fa5-98c3-242f19ac2cdc req-9a560965-4667-4367-b0a1-e5e617ad35af service placement] 10.222.0.39 "GET /placement/resource_providers/8bd9b98a-eb3a-44d7-a194-a60bc3690be3/aggregates" status: 200 len: 54 microversion: 1.19
Jun 21 19:27:30.197386 n-d-847001-3 devstack@placement-api.service[105246]: [pid: 105246|app: 0|req: 220/443] 10.222.0.39 () {60 vars in 1431 bytes} [Tue Jun 21 19:27:30 2022] GET /placement/resource_providers/8bd9b98a-eb3a-44d7-a194-a60bc3690be3/aggregates => generated 54 bytes in 43 msecs (HTTP/1.1 200) 8 headers in 295 bytes (1 switches on core 0)
Jun 21 19:27:30.205977 n-d-847001-3 devstack@placement-api.service[105247]: DEBUG placement.requestlog [req-5921f2d5-efcf-4fa5-98c3-242f19ac2cdc req-581f03c0-d5d2-47b4-b425-2c1ed41db513 None None] Starting request: 10.222.0.39 "GET /placement/resource_providers/8bd9b98a-eb3a-44d7-a194-a60bc3690be3/traits" {{(pid=105247) __call__ /opt/stack/placement/placement/requestlog.py:55}}
Jun 21 19:27:30.281869 n-d-847001-3 devstack@placement-api.service[105247]: INFO placement.requestlog [req-5921f2d5-efcf-4fa5-98c3-242f19ac2cdc req-581f03c0-d5d2-47b4-b425-2c1ed41db513 service placement] 10.222.0.39 "GET /placement/resource_providers/8bd9b98a-eb3a-44d7-a194-a60bc3690be3/traits" status: 200 len: 212 microversion: 1.6
Jun 21 19:27:30.282275 n-d-847001-3 devstack@placement-api.service[105247]: [pid: 105247|app: 0|req: 224/444] 10.222.0.39 () {60 vars in 1418 bytes} [Tue Jun 21 19:27:30 2022] GET /placement/resource_providers/8bd9b98a-eb3a-44d7-a194-a60bc3690be3/traits => generated 212 bytes in 77 msecs (HTTP/1.1 200) 6 headers in 224 bytes (1 switches on core 0)
Jun 21 19:27:40.196679 n-d-847001-3 devstack@placement-api.service[105246]: DEBUG dbcounter [-] [105246] Writing DB stats placement:SELECT=7 {{(pid=105246) stat_writer /usr/local/lib/python3.8/dist-packages/dbcounter.py:114}}
Jun 21 19:27:40.225955 n-d-847001-3 devstack@placement-api.service[105247]: DEBUG dbcounter [-] [105247] Writing DB stats placement:SELECT=17 {{(pid=105247) stat_writer /usr/local/lib/python3.8/dist-packages/dbcounter.py:114}}
Jun 21 19:27:43.685624 n-d-847001-3 devstack@placement-api.service[105246]: DEBUG placement.requestlog [req-6ee3b9cc-3ecb-487d-b425-396b13a304ce req-dd99674b-17e8-4123-96c6-728ce7b03ca4 None None] Starting request: 10.222.0.47 "GET /placement/allocation_candidates?limit=1000&resources=DISK_GB%3A1%2CMEMORY_MB%3A1024%2CVCPU%3A1&root_required=%21COMPUTE_STATUS_DISABLED" {{(pid=105246) __call__ /opt/stack/placement/placement/requestlog.py:55}}
Jun 21 19:27:43.820186 n-d-847001-3 devstack@placement-api.service[105246]: DEBUG placement.objects.research_context [req-6ee3b9cc-3ecb-487d-b425-396b13a304ce req-dd99674b-17e8-4123-96c6-728ce7b03ca4 service placement] getting providers with 1 DISK_GB {{(pid=105246) __init__ /opt/stack/placement/placement/objects/research_context.py:136}}
Jun 21 19:27:43.832667 n-d-847001-3 devstack@placement-api.service[105247]: DEBUG placement.requestlog [req-9a176f2d-6895-43eb-a7fb-38443039f4b9 req-2d5385cb-bc6d-425a-9f57-447a7aa0595b None None] Starting request: 10.222.0.47 "GET /placement/allocation_candidates?limit=1000&resources=DISK_GB%3A1%2CMEMORY_MB%3A1024%2CVCPU%3A1&root_required=%21COMPUTE_STATUS_DISABLED" {{(pid=105247) __call__ /opt/stack/placement/placement/requestlog.py:55}}
Jun 21 19:27:43.844209 n-d-847001-3 devstack@placement-api.service[105246]: DEBUG placement.objects.research_context [req-6ee3b9cc-3ecb-487d-b425-396b13a304ce req-dd99674b-17e8-4123-96c6-728ce7b03ca4 service placement] getting providers with 1024 MEMORY_MB {{(pid=105246) __init__ /opt/stack/placement/placement/objects/research_context.py:136}}
Jun 21 19:27:43.856824 n-d-847001-3 devstack@placement-api.service[105246]: DEBUG placement.objects.research_context [req-6ee3b9cc-3ecb-487d-b425-396b13a304ce req-dd99674b-17e8-4123-96c6-728ce7b03ca4 service placement] getting providers with 1 VCPU {{(pid=105246) __init__ /opt/stack/placement/placement/objects/research_context.py:136}}
Jun 21 19:27:43.881022 n-d-847001-3 devstack@placement-api.service[105246]: DEBUG placement.objects.research_context [req-6ee3b9cc-3ecb-487d-b425-396b13a304ce req-dd99674b-17e8-4123-96c6-728ce7b03ca4 service placement] found 2 providers with available 1 DISK_GB {{(pid=105246) get_provider_ids_matching /opt/stack/placement/placement/objects/research_context.py:563}}
Jun 21 19:27:43.882970 n-d-847001-3 devstack@placement-api.service[105246]: DEBUG placement.objects.research_context [req-6ee3b9cc-3ecb-487d-b425-396b13a304ce req-dd99674b-17e8-4123-96c6-728ce7b03ca4 service placement] found 2 providers with available 1024 MEMORY_MB {{(pid=105246) get_provider_ids_matching /opt/stack/placement/placement/objects/research_context.py:563}}
Jun 21 19:27:43.884024 n-d-847001-3 devstack@placement-api.service[105246]: DEBUG placement.objects.research_context [req-6ee3b9cc-3ecb-487d-b425-396b13a304ce req-dd99674b-17e8-4123-96c6-728ce7b03ca4 service placement] found 2 providers after filtering by previous result {{(pid=105246) get_provider_ids_matching /opt/stack/placement/placement/objects/research_context.py:594}}
Jun 21 19:27:43.884288 n-d-847001-3 devstack@placement-api.service[105246]: DEBUG placement.objects.research_context [req-6ee3b9cc-3ecb-487d-b425-396b13a304ce req-dd99674b-17e8-4123-96c6-728ce7b03ca4 service placement] found 2 providers with available 1 VCPU {{(pid=105246) get_provider_ids_matching /opt/stack/placement/placement/objects/research_context.py:563}}
Jun 21 19:27:43.884556 n-d-847001-3 devstack@placement-api.service[105246]: DEBUG placement.objects.research_context [req-6ee3b9cc-3ecb-487d-b425-396b13a304ce req-dd99674b-17e8-4123-96c6-728ce7b03ca4 service placement] found 2 providers after filtering by previous result {{(pid=105246) get_provider_ids_matching /opt/stack/placement/placement/objects/research_context.py:594}}
Jun 21 19:27:43.923291 n-d-847001-3 devstack@placement-api.service[105246]: DEBUG placement.objects.allocation_candidate [req-6ee3b9cc-3ecb-487d-b425-396b13a304ce req-dd99674b-17e8-4123-96c6-728ce7b03ca4 service placement] RequestGroup(use_same_provider=False, resources={DISK_GB:1, MEMORY_MB:1024, VCPU:1}, traits=(), aggregates=[]) (suffix '') returned 2 matches {{(pid=105246) _get_by_requests /opt/stack/placement/placement/objects/allocation_candidate.py:156}}
Jun 21 19:27:43.923672 n-d-847001-3 devstack@placement-api.service[105246]: DEBUG placement.objects.allocation_candidate [req-6ee3b9cc-3ecb-487d-b425-396b13a304ce req-dd99674b-17e8-4123-96c6-728ce7b03ca4 service placement] Merging candidates yields 2 allocation requests and 2 provider summaries {{(pid=105246) _merge_candidates /opt/stack/placement/placement/objects/allocation_candidate.py:809}}
Jun 21 19:27:43.928856 n-d-847001-3 devstack@placement-api.service[105246]: INFO placement.requestlog [req-6ee3b9cc-3ecb-487d-b425-396b13a304ce req-dd99674b-17e8-4123-96c6-728ce7b03ca4 service placement] 10.222.0.47 "GET /placement/allocation_candidates?limit=1000&resources=DISK_GB%3A1%2CMEMORY_MB%3A1024%2CVCPU%3A1&root_required=%21COMPUTE_STATUS_DISABLED" status: 200 len: 1309 microversion: 1.36
Jun 21 19:27:43.930472 n-d-847001-3 devstack@placement-api.service[105247]: DEBUG placement.objects.research_context [req-9a176f2d-6895-43eb-a7fb-38443039f4b9 req-2d5385cb-bc6d-425a-9f57-447a7aa0595b service placement] getting providers with 1 DISK_GB {{(pid=105247) __init__ /opt/stack/placement/placement/objects/research_context.py:136}}
Jun 21 19:27:43.934396 n-d-847001-3 devstack@placement-api.service[105246]: [pid: 105246|app: 0|req: 221/445] 10.222.0.47 () {60 vars in 1506 bytes} [Tue Jun 21 19:27:43 2022] GET /placement/allocation_candidates?limit=1000&resources=DISK_GB%3A1%2CMEMORY_MB%3A1024%2CVCPU%3A1&root_required=%21COMPUTE_STATUS_DISABLED => generated 1309 bytes in 248 msecs (HTTP/1.1 200) 8 headers in 297 bytes (1 switches on core 0)
Jun 21 19:27:43.962274 n-d-847001-3 devstack@placement-api.service[105247]: DEBUG placement.objects.research_context [req-9a176f2d-6895-43eb-a7fb-38443039f4b9 req-2d5385cb-bc6d-425a-9f57-447a7aa0595b service placement] getting providers with 1024 MEMORY_MB {{(pid=105247) __init__ /opt/stack/placement/placement/objects/research_context.py:136}}
Jun 21 19:27:43.981183 n-d-847001-3 devstack@placement-api.service[105247]: DEBUG placement.objects.research_context [req-9a176f2d-6895-43eb-a7fb-38443039f4b9 req-2d5385cb-bc6d-425a-9f57-447a7aa0595b service placement] getting providers with 1 VCPU {{(pid=105247) __init__ /opt/stack/placement/placement/objects/research_context.py:136}}
Jun 21 19:27:44.006545 n-d-847001-3 devstack@placement-api.service[105247]: DEBUG placement.objects.research_context [req-9a176f2d-6895-43eb-a7fb-38443039f4b9 req-2d5385cb-bc6d-425a-9f57-447a7aa0595b service placement] found 2 providers with available 1 DISK_GB {{(pid=105247) get_provider_ids_matching /opt/stack/placement/placement/objects/research_context.py:563}}
Jun 21 19:27:44.006900 n-d-847001-3 devstack@placement-api.service[105247]: DEBUG placement.objects.research_context [req-9a176f2d-6895-43eb-a7fb-38443039f4b9 req-2d5385cb-bc6d-425a-9f57-447a7aa0595b service placement] found 2 providers with available 1024 MEMORY_MB {{(pid=105247) get_provider_ids_matching /opt/stack/placement/placement/objects/research_context.py:563}}
Jun 21 19:27:44.007190 n-d-847001-3 devstack@placement-api.service[105247]: DEBUG placement.objects.research_context [req-9a176f2d-6895-43eb-a7fb-38443039f4b9 req-2d5385cb-bc6d-425a-9f57-447a7aa0595b service placement] found 2 providers after filtering by previous result {{(pid=105247) get_provider_ids_matching /opt/stack/placement/placement/objects/research_context.py:594}}
Jun 21 19:27:44.007444 n-d-847001-3 devstack@placement-api.service[105247]: DEBUG placement.objects.research_context [req-9a176f2d-6895-43eb-a7fb-38443039f4b9 req-2d5385cb-bc6d-425a-9f57-447a7aa0595b service placement] found 2 providers with available 1 VCPU {{(pid=105247) get_provider_ids_matching /opt/stack/placement/placement/objects/research_context.py:563}}
Jun 21 19:27:44.012463 n-d-847001-3 devstack@placement-api.service[105247]: DEBUG placement.objects.research_context [req-9a176f2d-6895-43eb-a7fb-38443039f4b9 req-2d5385cb-bc6d-425a-9f57-447a7aa0595b service placement] found 2 providers after filtering by previous result {{(pid=105247) get_provider_ids_matching /opt/stack/placement/placement/objects/research_context.py:594}}
Jun 21 19:27:44.040514 n-d-847001-3 devstack@placement-api.service[105247]: DEBUG placement.objects.allocation_candidate [req-9a176f2d-6895-43eb-a7fb-38443039f4b9 req-2d5385cb-bc6d-425a-9f57-447a7aa0595b service placement] RequestGroup(use_same_provider=False, resources={DISK_GB:1, MEMORY_MB:1024, VCPU:1}, traits=(), aggregates=[]) (suffix '') returned 2 matches {{(pid=105247) _get_by_requests /opt/stack/placement/placement/objects/allocation_candidate.py:156}}
Jun 21 19:27:44.042502 n-d-847001-3 devstack@placement-api.service[105247]: DEBUG placement.objects.allocation_candidate [req-9a176f2d-6895-43eb-a7fb-38443039f4b9 req-2d5385cb-bc6d-425a-9f57-447a7aa0595b service placement] Merging candidates yields 2 allocation requests and 2 provider summaries {{(pid=105247) _merge_candidates /opt/stack/placement/placement/objects/allocation_candidate.py:809}}
Jun 21 19:27:44.045239 n-d-847001-3 devstack@placement-api.service[105247]: INFO placement.requestlog [req-9a176f2d-6895-43eb-a7fb-38443039f4b9 req-2d5385cb-bc6d-425a-9f57-447a7aa0595b service placement] 10.222.0.47 "GET /placement/allocation_candidates?limit=1000&resources=DISK_GB%3A1%2CMEMORY_MB%3A1024%2CVCPU%3A1&root_required=%21COMPUTE_STATUS_DISABLED" status: 200 len: 1309 microversion: 1.36
Jun 21 19:27:44.048041 n-d-847001-3 devstack@placement-api.service[105247]: [pid: 105247|app: 0|req: 225/446] 10.222.0.47 () {60 vars in 1506 bytes} [Tue Jun 21 19:27:43 2022] GET /placement/allocation_candidates?limit=1000&resources=DISK_GB%3A1%2CMEMORY_MB%3A1024%2CVCPU%3A1&root_required=%21COMPUTE_STATUS_DISABLED => generated 1309 bytes in 215 msecs (HTTP/1.1 200) 8 headers in 297 bytes (2 switches on core 0)
Jun 21 19:27:44.134817 n-d-847001-3 devstack@placement-api.service[105246]: DEBUG placement.requestlog [req-6ee3b9cc-3ecb-487d-b425-396b13a304ce req-3bae3e53-3720-49b7-ba24-a13bc1c18728 None None] Starting request: 10.222.0.47 "GET /placement/allocations/dc483deb-9e86-4d11-b4ab-6cecfb842e1e" {{(pid=105246) __call__ /opt/stack/placement/placement/requestlog.py:55}}
Jun 21 19:27:44.157623 n-d-847001-3 devstack@placement-api.service[105246]: INFO placement.requestlog [req-6ee3b9cc-3ecb-487d-b425-396b13a304ce req-3bae3e53-3720-49b7-ba24-a13bc1c18728 service placement] 10.222.0.47 "GET /placement/allocations/dc483deb-9e86-4d11-b4ab-6cecfb842e1e" status: 200 len: 19 microversion: 1.28
Jun 21 19:27:44.159133 n-d-847001-3 devstack@placement-api.service[105246]: [pid: 105246|app: 0|req: 222/447] 10.222.0.47 () {60 vars in 1380 bytes} [Tue Jun 21 19:27:44 2022] GET /placement/allocations/dc483deb-9e86-4d11-b4ab-6cecfb842e1e => generated 19 bytes in 25 msecs (HTTP/1.1 200) 8 headers in 295 bytes (2 switches on core 0)
Jun 21 19:27:44.166225 n-d-847001-3 devstack@placement-api.service[105247]: DEBUG placement.requestlog [req-6ee3b9cc-3ecb-487d-b425-396b13a304ce req-01956801-44f6-4b09-98f2-65b5553178d6 None None] Starting request: 10.222.0.47 "PUT /placement/allocations/dc483deb-9e86-4d11-b4ab-6cecfb842e1e" {{(pid=105247) __call__ /opt/stack/placement/placement/requestlog.py:55}}
Jun 21 19:27:44.301190 n-d-847001-3 devstack@placement-api.service[105247]: DEBUG placement.handlers.allocation [req-6ee3b9cc-3ecb-487d-b425-396b13a304ce req-01956801-44f6-4b09-98f2-65b5553178d6 service placement] Successfully wrote allocations [, , ] {{(pid=105247) _update_consumers_and_create_allocations /opt/stack/placement/placement/handlers/allocation.py:462}}
Jun 21 19:27:44.304513 n-d-847001-3 devstack@placement-api.service[105246]: DEBUG placement.requestlog [req-9a176f2d-6895-43eb-a7fb-38443039f4b9 req-36a43799-a260-4139-9e73-94e9e5e6a3ca None None] Starting request: 10.222.0.47 "GET /placement/allocations/9d1c2eda-9ffa-4cea-8832-9b97cce6da61" {{(pid=105246) __call__ /opt/stack/placement/placement/requestlog.py:55}}
Jun 21 19:27:44.311274 n-d-847001-3 devstack@placement-api.service[105247]: INFO placement.requestlog [req-6ee3b9cc-3ecb-487d-b425-396b13a304ce req-01956801-44f6-4b09-98f2-65b5553178d6 service placement] 10.222.0.47 "PUT /placement/allocations/dc483deb-9e86-4d11-b4ab-6cecfb842e1e" status: 204 len: 0 microversion: 1.36
Jun 21 19:27:44.312168 n-d-847001-3 devstack@placement-api.service[105247]: [pid: 105247|app: 0|req: 226/448] 10.222.0.47 () {64 vars in 1433 bytes} [Tue Jun 21 19:27:44 2022] PUT /placement/allocations/dc483deb-9e86-4d11-b4ab-6cecfb842e1e => generated 0 bytes in 147 msecs (HTTP/1.1 204) 5 headers in 199 bytes (1 switches on core 0)
Jun 21 19:27:44.343694 n-d-847001-3 devstack@placement-api.service[105246]: INFO placement.requestlog [req-9a176f2d-6895-43eb-a7fb-38443039f4b9 req-36a43799-a260-4139-9e73-94e9e5e6a3ca service placement] 10.222.0.47 "GET /placement/allocations/9d1c2eda-9ffa-4cea-8832-9b97cce6da61" status: 200 len: 19 microversion: 1.28
Jun 21 19:27:44.344093 n-d-847001-3 devstack@placement-api.service[105246]: [pid: 105246|app: 0|req: 223/449] 10.222.0.47 () {60 vars in 1380 bytes} [Tue Jun 21 19:27:44 2022] GET /placement/allocations/9d1c2eda-9ffa-4cea-8832-9b97cce6da61 => generated 19 bytes in 40 msecs (HTTP/1.1 200) 8 headers in 295 bytes (2 switches on core 0)
Jun 21 19:27:44.351180 n-d-847001-3 devstack@placement-api.service[105247]: DEBUG placement.requestlog [req-9a176f2d-6895-43eb-a7fb-38443039f4b9 req-a791b462-9a9e-4ff0-b9f4-d7b6f13f260f None None] Starting request: 10.222.0.47 "PUT /placement/allocations/9d1c2eda-9ffa-4cea-8832-9b97cce6da61" {{(pid=105247) __call__ /opt/stack/placement/placement/requestlog.py:55}}
Jun 21 19:27:44.522312 n-d-847001-3 devstack@placement-api.service[105247]: DEBUG placement.handlers.allocation [req-9a176f2d-6895-43eb-a7fb-38443039f4b9 req-a791b462-9a9e-4ff0-b9f4-d7b6f13f260f service placement] Successfully wrote allocations [, , ] {{(pid=105247) _update_consumers_and_create_allocations /opt/stack/placement/placement/handlers/allocation.py:462}}
Jun 21 19:27:44.535434 n-d-847001-3 devstack@placement-api.service[105247]: INFO placement.requestlog [req-9a176f2d-6895-43eb-a7fb-38443039f4b9 req-a791b462-9a9e-4ff0-b9f4-d7b6f13f260f service placement] 10.222.0.47 "PUT /placement/allocations/9d1c2eda-9ffa-4cea-8832-9b97cce6da61" status: 204 len: 0 microversion: 1.36
Jun 21 19:27:44.535894 n-d-847001-3 devstack@placement-api.service[105247]: [pid: 105247|app: 0|req: 227/450] 10.222.0.47 () {64 vars in 1433 bytes} [Tue Jun 21 19:27:44 2022] PUT /placement/allocations/9d1c2eda-9ffa-4cea-8832-9b97cce6da61 => generated 0 bytes in 185 msecs (HTTP/1.1 204) 5 headers in 199 bytes (1 switches on core 0)
Jun 21 19:27:45.187680 n-d-847001-3 devstack@placement-api.service[105246]: DEBUG placement.requestlog [req-9a176f2d-6895-43eb-a7fb-38443039f4b9 req-3e4ace2e-5124-49f3-b0d0-bdbd55c0fab1 None None] Starting request: 10.222.0.39 "GET /placement/allocations/9d1c2eda-9ffa-4cea-8832-9b97cce6da61" {{(pid=105246) __call__ /opt/stack/placement/placement/requestlog.py:55}}
Jun 21 19:27:45.219294 n-d-847001-3 devstack@placement-api.service[105246]: INFO placement.requestlog [req-9a176f2d-6895-43eb-a7fb-38443039f4b9 req-3e4ace2e-5124-49f3-b0d0-bdbd55c0fab1 service placement] 10.222.0.39 "GET /placement/allocations/9d1c2eda-9ffa-4cea-8832-9b97cce6da61" status: 200 len: 259 microversion: 1.28
Jun 21 19:27:45.222404 n-d-847001-3 devstack@placement-api.service[105246]: [pid: 105246|app: 0|req: 224/451] 10.222.0.39 () {60 vars in 1377 bytes} [Tue Jun 21 19:27:45 2022] GET /placement/allocations/9d1c2eda-9ffa-4cea-8832-9b97cce6da61 => generated 259 bytes in 34 msecs (HTTP/1.1 200) 8 headers in 296 bytes (1 switches on core 0)
Jun 21 19:27:45.244034 n-d-847001-3 devstack@placement-api.service[105247]: DEBUG placement.requestlog [req-6ee3b9cc-3ecb-487d-b425-396b13a304ce req-3616fcc2-c11c-4663-9182-4c47a28d016e None None] Starting request: 10.222.0.39 "GET /placement/allocations/dc483deb-9e86-4d11-b4ab-6cecfb842e1e" {{(pid=105247) __call__ /opt/stack/placement/placement/requestlog.py:55}}
Jun 21 19:27:45.295969 n-d-847001-3 devstack@placement-api.service[105247]: INFO placement.requestlog [req-6ee3b9cc-3ecb-487d-b425-396b13a304ce req-3616fcc2-c11c-4663-9182-4c47a28d016e service placement] 10.222.0.39 "GET /placement/allocations/dc483deb-9e86-4d11-b4ab-6cecfb842e1e" status: 200 len: 259 microversion: 1.28
Jun 21 19:27:45.300043 n-d-847001-3 devstack@placement-api.service[105247]: [pid: 105247|app: 0|req: 228/452] 10.222.0.39 () {60 vars in 1377 bytes} [Tue Jun 21 19:27:45 2022] GET /placement/allocations/dc483deb-9e86-4d11-b4ab-6cecfb842e1e => generated 259 bytes in 56 msecs (HTTP/1.1 200) 8 headers in 296 bytes (1 switches on core 0)
Jun 21 19:27:48.098545 n-d-847001-3 devstack@placement-api.service[105246]: DEBUG placement.requestlog [req-30d8b205-67b7-4dc2-889d-7ea9fe4db235 req-da13a01f-b20a-4b8a-bfdd-915c37f6a52b None None] Starting request: 10.222.0.94 "GET /placement/resource_providers/5e38f6c7-cc01-49f8-8825-5d85cd916b5b/allocations" {{(pid=105246) __call__ /opt/stack/placement/placement/requestlog.py:55}}
Jun 21 19:27:48.313999 n-d-847001-3 devstack@placement-api.service[105246]: INFO placement.requestlog [req-30d8b205-67b7-4dc2-889d-7ea9fe4db235 req-da13a01f-b20a-4b8a-bfdd-915c37f6a52b service placement] 10.222.0.94 "GET /placement/resource_providers/5e38f6c7-cc01-49f8-8825-5d85cd916b5b/allocations" status: 200 len: 544 microversion: 1.0
Jun 21 19:27:48.314722 n-d-847001-3 devstack@placement-api.service[105246]: [pid: 105246|app: 0|req: 225/453] 10.222.0.94 () {58 vars in 1390 bytes} [Tue Jun 21 19:27:48 2022] GET /placement/resource_providers/5e38f6c7-cc01-49f8-8825-5d85cd916b5b/allocations => generated 544 bytes in 217 msecs (HTTP/1.1 200) 6 headers in 224 bytes (1 switches on core 0)
Jun 21 19:27:48.411156 n-d-847001-3 devstack@placement-api.service[105247]: DEBUG placement.requestlog [req-30d8b205-67b7-4dc2-889d-7ea9fe4db235 req-9358491b-7bba-43de-823d-094a5fe52368 None None] Starting request: 10.222.0.94 "GET /placement/resource_providers?in_tree=5e38f6c7-cc01-49f8-8825-5d85cd916b5b" {{(pid=105247) __call__ /opt/stack/placement/placement/requestlog.py:55}}
Jun 21 19:27:48.444133 n-d-847001-3 devstack@placement-api.service[105247]: INFO placement.requestlog [req-30d8b205-67b7-4dc2-889d-7ea9fe4db235 req-9358491b-7bba-43de-823d-094a5fe52368 service placement] 10.222.0.94 "GET /placement/resource_providers?in_tree=5e38f6c7-cc01-49f8-8825-5d85cd916b5b" status: 200 len: 863 microversion: 1.14
Jun 21 19:27:48.445889 n-d-847001-3 devstack@placement-api.service[105247]: [pid: 105247|app: 0|req: 229/454] 10.222.0.94 () {60 vars in 1376 bytes} [Tue Jun 21 19:27:48 2022] GET /placement/resource_providers?in_tree=5e38f6c7-cc01-49f8-8825-5d85cd916b5b => generated 863 bytes in 35 msecs (HTTP/1.1 200) 6 headers in 225 bytes (1 switches on core 0)
Jun 21 19:27:48.460666 n-d-847001-3 devstack@placement-api.service[105246]: DEBUG placement.requestlog [req-30d8b205-67b7-4dc2-889d-7ea9fe4db235 req-1a4ce797-30af-461f-99a8-f6ae28c722e6 None None] Starting request: 10.222.0.94 "GET /placement/resource_providers/5e38f6c7-cc01-49f8-8825-5d85cd916b5b/inventories" {{(pid=105246) __call__ /opt/stack/placement/placement/requestlog.py:55}}
Jun 21 19:27:48.502414 n-d-847001-3 devstack@placement-api.service[105246]: INFO placement.requestlog [req-30d8b205-67b7-4dc2-889d-7ea9fe4db235 req-1a4ce797-30af-461f-99a8-f6ae28c722e6 service placement] 10.222.0.94 "GET /placement/resource_providers/5e38f6c7-cc01-49f8-8825-5d85cd916b5b/inventories" status: 200 len: 398 microversion: 1.0
Jun 21 19:27:48.503185 n-d-847001-3 devstack@placement-api.service[105246]: [pid: 105246|app: 0|req: 226/455] 10.222.0.94 () {58 vars in 1390 bytes} [Tue Jun 21 19:27:48 2022] GET /placement/resource_providers/5e38f6c7-cc01-49f8-8825-5d85cd916b5b/inventories => generated 398 bytes in 43 msecs (HTTP/1.1 200) 6 headers in 224 bytes (1 switches on core 0)
Jun 21 19:27:48.525756 n-d-847001-3 devstack@placement-api.service[105247]: DEBUG placement.requestlog [req-30d8b205-67b7-4dc2-889d-7ea9fe4db235 req-7bdd8f0f-271e-4b88-b015-91accc7afc7f None None] Starting request: 10.222.0.94 "GET /placement/resource_providers/5e38f6c7-cc01-49f8-8825-5d85cd916b5b/aggregates" {{(pid=105247) __call__ /opt/stack/placement/placement/requestlog.py:55}}
Jun 21 19:27:48.555649 n-d-847001-3 devstack@placement-api.service[105247]: INFO placement.requestlog [req-30d8b205-67b7-4dc2-889d-7ea9fe4db235 req-7bdd8f0f-271e-4b88-b015-91accc7afc7f service placement] 10.222.0.94 "GET /placement/resource_providers/5e38f6c7-cc01-49f8-8825-5d85cd916b5b/aggregates" status: 200 len: 54 microversion: 1.19
Jun 21 19:27:48.556674 n-d-847001-3 devstack@placement-api.service[105247]: [pid: 105247|app: 0|req: 230/456] 10.222.0.94 () {60 vars in 1431 bytes} [Tue Jun 21 19:27:48 2022] GET /placement/resource_providers/5e38f6c7-cc01-49f8-8825-5d85cd916b5b/aggregates => generated 54 bytes in 31 msecs (HTTP/1.1 200) 8 headers in 295 bytes (1 switches on core 0)
Jun 21 19:27:48.570873 n-d-847001-3 devstack@placement-api.service[105246]: DEBUG placement.requestlog [req-30d8b205-67b7-4dc2-889d-7ea9fe4db235 req-ff804925-2793-49f8-a6d9-6d1bb3be832f None None] Starting request: 10.222.0.94 "GET /placement/resource_providers/5e38f6c7-cc01-49f8-8825-5d85cd916b5b/traits" {{(pid=105246) __call__ /opt/stack/placement/placement/requestlog.py:55}}
Jun 21 19:27:48.633577 n-d-847001-3 devstack@placement-api.service[105246]: INFO placement.requestlog [req-30d8b205-67b7-4dc2-889d-7ea9fe4db235 req-ff804925-2793-49f8-a6d9-6d1bb3be832f service placement] 10.222.0.94 "GET /placement/resource_providers/5e38f6c7-cc01-49f8-8825-5d85cd916b5b/traits" status: 200 len: 212 microversion: 1.6
Jun 21 19:27:48.634087 n-d-847001-3 devstack@placement-api.service[105246]: [pid: 105246|app: 0|req: 227/457] 10.222.0.94 () {60 vars in 1418 bytes} [Tue Jun 21 19:27:48 2022] GET /placement/resource_providers/5e38f6c7-cc01-49f8-8825-5d85cd916b5b/traits => generated 212 bytes in 64 msecs (HTTP/1.1 200) 6 headers in 224 bytes (1 switches on core 0)
Jun 21 19:27:52.602058 n-d-847001-3 devstack@placement-api.service[105247]: DEBUG placement.requestlog [req-06c875a8-67d6-4f0f-b836-823f0f1a9601 req-5bd1ffae-b5d4-4f49-9b0f-5f38c566ddff None None] Starting request: 10.222.0.47 "GET /placement/allocation_candidates?limit=1000&resources=DISK_GB%3A1%2CMEMORY_MB%3A1024%2CVCPU%3A1&root_required=%21COMPUTE_STATUS_DISABLED" {{(pid=105247) __call__ /opt/stack/placement/placement/requestlog.py:55}}
Jun 21 19:27:52.698297 n-d-847001-3 devstack@placement-api.service[105247]: DEBUG placement.objects.research_context [req-06c875a8-67d6-4f0f-b836-823f0f1a9601 req-5bd1ffae-b5d4-4f49-9b0f-5f38c566ddff service placement] getting providers with 1 DISK_GB {{(pid=105247) __init__ /opt/stack/placement/placement/objects/research_context.py:136}}
Jun 21 19:27:52.713752 n-d-847001-3 devstack@placement-api.service[105247]: DEBUG placement.objects.research_context [req-06c875a8-67d6-4f0f-b836-823f0f1a9601 req-5bd1ffae-b5d4-4f49-9b0f-5f38c566ddff service placement] getting providers with 1024 MEMORY_MB {{(pid=105247) __init__ /opt/stack/placement/placement/objects/research_context.py:136}}
Jun 21 19:27:52.738206 n-d-847001-3 devstack@placement-api.service[105247]: DEBUG placement.objects.research_context [req-06c875a8-67d6-4f0f-b836-823f0f1a9601 req-5bd1ffae-b5d4-4f49-9b0f-5f38c566ddff service placement] getting providers with 1 VCPU {{(pid=105247) __init__ /opt/stack/placement/placement/objects/research_context.py:136}}
Jun 21 19:27:52.757245 n-d-847001-3 devstack@placement-api.service[105247]: DEBUG placement.objects.research_context [req-06c875a8-67d6-4f0f-b836-823f0f1a9601 req-5bd1ffae-b5d4-4f49-9b0f-5f38c566ddff service placement] found 2 providers with available 1 DISK_GB {{(pid=105247) get_provider_ids_matching /opt/stack/placement/placement/objects/research_context.py:563}}
Jun 21 19:27:52.758025 n-d-847001-3 devstack@placement-api.service[105247]: DEBUG placement.objects.research_context [req-06c875a8-67d6-4f0f-b836-823f0f1a9601 req-5bd1ffae-b5d4-4f49-9b0f-5f38c566ddff service placement] found 2 providers with available 1024 MEMORY_MB {{(pid=105247) get_provider_ids_matching /opt/stack/placement/placement/objects/research_context.py:563}}
Jun 21 19:27:52.759189 n-d-847001-3 devstack@placement-api.service[105247]: DEBUG placement.objects.research_context [req-06c875a8-67d6-4f0f-b836-823f0f1a9601 req-5bd1ffae-b5d4-4f49-9b0f-5f38c566ddff service placement] found 2 providers after filtering by previous result {{(pid=105247) get_provider_ids_matching /opt/stack/placement/placement/objects/research_context.py:594}}
Jun 21 19:27:52.764918 n-d-847001-3 devstack@placement-api.service[105247]: DEBUG placement.objects.research_context [req-06c875a8-67d6-4f0f-b836-823f0f1a9601 req-5bd1ffae-b5d4-4f49-9b0f-5f38c566ddff service placement] found 2 providers with available 1 VCPU {{(pid=105247) get_provider_ids_matching /opt/stack/placement/placement/objects/research_context.py:563}}
Jun 21 19:27:52.765344 n-d-847001-3 devstack@placement-api.service[105247]: DEBUG placement.objects.research_context [req-06c875a8-67d6-4f0f-b836-823f0f1a9601 req-5bd1ffae-b5d4-4f49-9b0f-5f38c566ddff service placement] found 2 providers after filtering by previous result {{(pid=105247) get_provider_ids_matching /opt/stack/placement/placement/objects/research_context.py:594}}
Jun 21 19:27:52.826305 n-d-847001-3 devstack@placement-api.service[105247]: DEBUG placement.objects.allocation_candidate [req-06c875a8-67d6-4f0f-b836-823f0f1a9601 req-5bd1ffae-b5d4-4f49-9b0f-5f38c566ddff service placement] RequestGroup(use_same_provider=False, resources={DISK_GB:1, MEMORY_MB:1024, VCPU:1}, traits=(), aggregates=[]) (suffix '') returned 2 matches {{(pid=105247) _get_by_requests /opt/stack/placement/placement/objects/allocation_candidate.py:156}}
Jun 21 19:27:52.826837 n-d-847001-3 devstack@placement-api.service[105247]: DEBUG placement.objects.allocation_candidate [req-06c875a8-67d6-4f0f-b836-823f0f1a9601 req-5bd1ffae-b5d4-4f49-9b0f-5f38c566ddff service placement] Merging candidates yields 2 allocation requests and 2 provider summaries {{(pid=105247) _merge_candidates /opt/stack/placement/placement/objects/allocation_candidate.py:809}}
Jun 21 19:27:52.830698 n-d-847001-3 devstack@placement-api.service[105247]: INFO placement.requestlog [req-06c875a8-67d6-4f0f-b836-823f0f1a9601 req-5bd1ffae-b5d4-4f49-9b0f-5f38c566ddff service placement] 10.222.0.47 "GET /placement/allocation_candidates?limit=1000&resources=DISK_GB%3A1%2CMEMORY_MB%3A1024%2CVCPU%3A1&root_required=%21COMPUTE_STATUS_DISABLED" status: 200 len: 1309 microversion: 1.36
Jun 21 19:27:52.831531 n-d-847001-3 devstack@placement-api.service[105247]: [pid: 105247|app: 0|req: 231/458] 10.222.0.47 () {60 vars in 1506 bytes} [Tue Jun 21 19:27:52 2022] GET /placement/allocation_candidates?limit=1000&resources=DISK_GB%3A1%2CMEMORY_MB%3A1024%2CVCPU%3A1&root_required=%21COMPUTE_STATUS_DISABLED => generated 1309 bytes in 230 msecs (HTTP/1.1 200) 8 headers in 297 bytes (1 switches on core 0)
Jun 21 19:27:53.088172 n-d-847001-3 devstack@placement-api.service[105246]: DEBUG placement.requestlog [req-06c875a8-67d6-4f0f-b836-823f0f1a9601 req-781c3290-1a76-44be-bc41-3beac47fa6be None None] Starting request: 10.222.0.47 "GET /placement/allocations/8059cdec-6da3-44d8-b7e5-5f2e912d4279" {{(pid=105246) __call__ /opt/stack/placement/placement/requestlog.py:55}}
Jun 21 19:27:53.111659 n-d-847001-3 devstack@placement-api.service[105246]: INFO placement.requestlog [req-06c875a8-67d6-4f0f-b836-823f0f1a9601 req-781c3290-1a76-44be-bc41-3beac47fa6be service placement] 10.222.0.47 "GET /placement/allocations/8059cdec-6da3-44d8-b7e5-5f2e912d4279" status: 200 len: 19 microversion: 1.28
Jun 21 19:27:53.114287 n-d-847001-3 devstack@placement-api.service[105246]: [pid: 105246|app: 0|req: 228/459] 10.222.0.47 () {60 vars in 1380 bytes} [Tue Jun 21 19:27:53 2022] GET /placement/allocations/8059cdec-6da3-44d8-b7e5-5f2e912d4279 => generated 19 bytes in 25 msecs (HTTP/1.1 200) 8 headers in 295 bytes (1 switches on core 0)
Jun 21 19:27:53.133650 n-d-847001-3 devstack@placement-api.service[105247]: DEBUG placement.requestlog [req-06c875a8-67d6-4f0f-b836-823f0f1a9601 req-451c6d6e-e1c6-43a1-9b64-7805d7cea2b2 None None] Starting request: 10.222.0.47 "PUT /placement/allocations/8059cdec-6da3-44d8-b7e5-5f2e912d4279" {{(pid=105247) __call__ /opt/stack/placement/placement/requestlog.py:55}}
Jun 21 19:27:53.233213 n-d-847001-3 devstack@placement-api.service[105247]: DEBUG dbcounter [-] [105247] Writing DB stats placement:SELECT=77,placement:INSERT=15,placement:DELETE=4,placement:UPDATE=4 {{(pid=105247) stat_writer /usr/local/lib/python3.8/dist-packages/dbcounter.py:114}}
Jun 21 19:27:53.326390 n-d-847001-3 devstack@placement-api.service[105247]: DEBUG placement.handlers.allocation [req-06c875a8-67d6-4f0f-b836-823f0f1a9601 req-451c6d6e-e1c6-43a1-9b64-7805d7cea2b2 service placement] Successfully wrote allocations [, , ] {{(pid=105247) _update_consumers_and_create_allocations /opt/stack/placement/placement/handlers/allocation.py:462}}
Jun 21 19:27:53.335233 n-d-847001-3 devstack@placement-api.service[105247]: INFO placement.requestlog [req-06c875a8-67d6-4f0f-b836-823f0f1a9601 req-451c6d6e-e1c6-43a1-9b64-7805d7cea2b2 service placement] 10.222.0.47 "PUT /placement/allocations/8059cdec-6da3-44d8-b7e5-5f2e912d4279" status: 204 len: 0 microversion: 1.36
Jun 21 19:27:53.335979 n-d-847001-3 devstack@placement-api.service[105247]: [pid: 105247|app: 0|req: 232/460] 10.222.0.47 () {64 vars in 1433 bytes} [Tue Jun 21 19:27:53 2022] PUT /placement/allocations/8059cdec-6da3-44d8-b7e5-5f2e912d4279 => generated 0 bytes in 203 msecs (HTTP/1.1 204) 5 headers in 199 bytes (1 switches on core 0)
Jun 21 19:27:53.993321 n-d-847001-3 devstack@placement-api.service[105246]: DEBUG placement.requestlog [req-06c875a8-67d6-4f0f-b836-823f0f1a9601 req-e3938e12-25a4-4e0b-aa2d-65943459902f None None] Starting request: 10.222.0.94 "GET /placement/allocations/8059cdec-6da3-44d8-b7e5-5f2e912d4279" {{(pid=105246) __call__ /opt/stack/placement/placement/requestlog.py:55}}
Jun 21 19:27:54.014513 n-d-847001-3 devstack@placement-api.service[105246]: INFO placement.requestlog [req-06c875a8-67d6-4f0f-b836-823f0f1a9601 req-e3938e12-25a4-4e0b-aa2d-65943459902f service placement] 10.222.0.94 "GET /placement/allocations/8059cdec-6da3-44d8-b7e5-5f2e912d4279" status: 200 len: 259 microversion: 1.28
Jun 21 19:27:54.015854 n-d-847001-3 devstack@placement-api.service[105246]: [pid: 105246|app: 0|req: 229/461] 10.222.0.94 () {60 vars in 1377 bytes} [Tue Jun 21 19:27:53 2022] GET /placement/allocations/8059cdec-6da3-44d8-b7e5-5f2e912d4279 => generated 259 bytes in 23 msecs (HTTP/1.1 200) 8 headers in 296 bytes (1 switches on core 0)
Jun 21 19:27:57.032006 n-d-847001-3 devstack@placement-api.service[105247]: DEBUG placement.requestlog [req-2bb0b002-63d1-468a-8726-426671185e8d req-a7207f57-7ed8-4628-b54e-0bf1c1b6fbed None None] Starting request: 10.222.0.94 "GET /placement/resource_providers/5e38f6c7-cc01-49f8-8825-5d85cd916b5b/allocations" {{(pid=105247) __call__ /opt/stack/placement/placement/requestlog.py:55}}
Jun 21 19:27:57.095786 n-d-847001-3 devstack@placement-api.service[105247]: INFO placement.requestlog [req-2bb0b002-63d1-468a-8726-426671185e8d req-a7207f57-7ed8-4628-b54e-0bf1c1b6fbed service placement] 10.222.0.94 "GET /placement/resource_providers/5e38f6c7-cc01-49f8-8825-5d85cd916b5b/allocations" status: 200 len: 645 microversion: 1.0
Jun 21 19:27:57.097828 n-d-847001-3 devstack@placement-api.service[105247]: [pid: 105247|app: 0|req: 233/462] 10.222.0.94 () {58 vars in 1390 bytes} [Tue Jun 21 19:27:57 2022] GET /placement/resource_providers/5e38f6c7-cc01-49f8-8825-5d85cd916b5b/allocations => generated 645 bytes in 66 msecs (HTTP/1.1 200) 6 headers in 224 bytes (1 switches on core 0)
Jun 21 19:27:57.562997 n-d-847001-3 devstack@placement-api.service[105246]: DEBUG placement.requestlog [req-2bb0b002-63d1-468a-8726-426671185e8d req-057ba677-abdd-47c9-893e-fd09b4903cba None None] Starting request: 10.222.0.94 "GET /placement/allocations/4086306c-bd64-4ca7-add3-352ab5ff6ac2" {{(pid=105246) __call__ /opt/stack/placement/placement/requestlog.py:55}}
Jun 21 19:27:57.585865 n-d-847001-3 devstack@placement-api.service[105246]: INFO placement.requestlog [req-2bb0b002-63d1-468a-8726-426671185e8d req-057ba677-abdd-47c9-893e-fd09b4903cba service placement] 10.222.0.94 "GET /placement/allocations/4086306c-bd64-4ca7-add3-352ab5ff6ac2" status: 200 len: 245 microversion: 1.28
Jun 21 19:27:57.587886 n-d-847001-3 devstack@placement-api.service[105246]: [pid: 105246|app: 0|req: 230/463] 10.222.0.94 () {60 vars in 1377 bytes} [Tue Jun 21 19:27:57 2022] GET /placement/allocations/4086306c-bd64-4ca7-add3-352ab5ff6ac2 => generated 245 bytes in 25 msecs (HTTP/1.1 200) 8 headers in 296 bytes (1 switches on core 0)
Jun 21 19:27:57.614549 n-d-847001-3 devstack@placement-api.service[105247]: DEBUG placement.requestlog [req-2bb0b002-63d1-468a-8726-426671185e8d req-5edaa5dc-2873-4ace-b120-fc3f0f4f6ccb None None] Starting request: 10.222.0.94 "PUT /placement/allocations/4086306c-bd64-4ca7-add3-352ab5ff6ac2" {{(pid=105247) __call__ /opt/stack/placement/placement/requestlog.py:55}}
Jun 21 19:27:57.753599 n-d-847001-3 devstack@placement-api.service[105247]: DEBUG placement.handlers.allocation [req-2bb0b002-63d1-468a-8726-426671185e8d req-5edaa5dc-2873-4ace-b120-fc3f0f4f6ccb service placement] Successfully wrote allocations [, ] {{(pid=105247) _update_consumers_and_create_allocations /opt/stack/placement/placement/handlers/allocation.py:462}}
Jun 21 19:27:57.761872 n-d-847001-3 devstack@placement-api.service[105247]: INFO placement.requestlog [req-2bb0b002-63d1-468a-8726-426671185e8d req-5edaa5dc-2873-4ace-b120-fc3f0f4f6ccb service placement] 10.222.0.94 "PUT /placement/allocations/4086306c-bd64-4ca7-add3-352ab5ff6ac2" status: 204 len: 0 microversion: 1.28
Jun 21 19:27:57.763724 n-d-847001-3 devstack@placement-api.service[105247]: [pid: 105247|app: 0|req: 234/464] 10.222.0.94 () {64 vars in 1430 bytes} [Tue Jun 21 19:27:57 2022] PUT /placement/allocations/4086306c-bd64-4ca7-add3-352ab5ff6ac2 => generated 0 bytes in 150 msecs (HTTP/1.1 204) 5 headers in 199 bytes (1 switches on core 0)
Jun 21 19:27:59.653127 n-d-847001-3 devstack@placement-api.service[105246]: DEBUG placement.requestlog [req-0591fc5b-4265-41af-8ff3-889ba9e2aee1 req-2c9c396a-e48f-41fa-9dab-71c907010d63 None None] Starting request: 10.222.0.47 "GET /placement/allocation_candidates?limit=1000&resources=MEMORY_MB%3A1024%2CVCPU%3A1&root_required=%21COMPUTE_STATUS_DISABLED" {{(pid=105246) __call__ /opt/stack/placement/placement/requestlog.py:55}}
Jun 21 19:27:59.765378 n-d-847001-3 devstack@placement-api.service[105246]: DEBUG placement.objects.research_context [req-0591fc5b-4265-41af-8ff3-889ba9e2aee1 req-2c9c396a-e48f-41fa-9dab-71c907010d63 service placement] getting providers with 1024 MEMORY_MB {{(pid=105246) __init__ /opt/stack/placement/placement/objects/research_context.py:136}}
Jun 21 19:27:59.788713 n-d-847001-3 devstack@placement-api.service[105246]: DEBUG placement.objects.research_context [req-0591fc5b-4265-41af-8ff3-889ba9e2aee1 req-2c9c396a-e48f-41fa-9dab-71c907010d63 service placement] getting providers with 1 VCPU {{(pid=105246) __init__ /opt/stack/placement/placement/objects/research_context.py:136}}
Jun 21 19:27:59.817109 n-d-847001-3 devstack@placement-api.service[105246]: DEBUG placement.objects.research_context [req-0591fc5b-4265-41af-8ff3-889ba9e2aee1 req-2c9c396a-e48f-41fa-9dab-71c907010d63 service placement] found 2 providers with available 1024 MEMORY_MB {{(pid=105246) get_provider_ids_matching /opt/stack/placement/placement/objects/research_context.py:563}}
Jun 21 19:27:59.817388 n-d-847001-3 devstack@placement-api.service[105246]: DEBUG placement.objects.research_context [req-0591fc5b-4265-41af-8ff3-889ba9e2aee1 req-2c9c396a-e48f-41fa-9dab-71c907010d63 service placement] found 2 providers with available 1 VCPU {{(pid=105246) get_provider_ids_matching /opt/stack/placement/placement/objects/research_context.py:563}}
Jun 21 19:27:59.817643 n-d-847001-3 devstack@placement-api.service[105246]: DEBUG placement.objects.research_context [req-0591fc5b-4265-41af-8ff3-889ba9e2aee1 req-2c9c396a-e48f-41fa-9dab-71c907010d63 service placement] found 2 providers after filtering by previous result {{(pid=105246) get_provider_ids_matching /opt/stack/placement/placement/objects/research_context.py:594}}
Jun 21 19:27:59.864517 n-d-847001-3 devstack@placement-api.service[105246]: DEBUG placement.objects.allocation_candidate [req-0591fc5b-4265-41af-8ff3-889ba9e2aee1 req-2c9c396a-e48f-41fa-9dab-71c907010d63 service placement] RequestGroup(use_same_provider=False, resources={MEMORY_MB:1024, VCPU:1}, traits=(), aggregates=[]) (suffix '') returned 2 matches {{(pid=105246) _get_by_requests /opt/stack/placement/placement/objects/allocation_candidate.py:156}}
Jun 21 19:27:59.864927 n-d-847001-3 devstack@placement-api.service[105246]: DEBUG placement.objects.allocation_candidate [req-0591fc5b-4265-41af-8ff3-889ba9e2aee1 req-2c9c396a-e48f-41fa-9dab-71c907010d63 service placement] Merging candidates yields 2 allocation requests and 2 provider summaries {{(pid=105246) _merge_candidates /opt/stack/placement/placement/objects/allocation_candidate.py:809}}
Jun 21 19:27:59.869980 n-d-847001-3 devstack@placement-api.service[105246]: INFO placement.requestlog [req-0591fc5b-4265-41af-8ff3-889ba9e2aee1 req-2c9c396a-e48f-41fa-9dab-71c907010d63 service placement] 10.222.0.47 "GET /placement/allocation_candidates?limit=1000&resources=MEMORY_MB%3A1024%2CVCPU%3A1&root_required=%21COMPUTE_STATUS_DISABLED" status: 200 len: 1281 microversion: 1.36
Jun 21 19:27:59.874173 n-d-847001-3 devstack@placement-api.service[105246]: [pid: 105246|app: 0|req: 231/465] 10.222.0.47 () {60 vars in 1478 bytes} [Tue Jun 21 19:27:59 2022] GET /placement/allocation_candidates?limit=1000&resources=MEMORY_MB%3A1024%2CVCPU%3A1&root_required=%21COMPUTE_STATUS_DISABLED => generated 1281 bytes in 221 msecs (HTTP/1.1 200) 8 headers in 297 bytes (1 switches on core 0)
Jun 21 19:28:00.054289 n-d-847001-3 devstack@placement-api.service[105247]: DEBUG placement.requestlog [req-0591fc5b-4265-41af-8ff3-889ba9e2aee1 req-45743799-fe3e-4db7-9b43-37f634656cca None None] Starting request: 10.222.0.47 "GET /placement/allocations/bbe2ca75-d836-43ff-b3d8-1b7cfc1f200c" {{(pid=105247) __call__ /opt/stack/placement/placement/requestlog.py:55}}
Jun 21 19:28:00.089233 n-d-847001-3 devstack@placement-api.service[105247]: INFO placement.requestlog [req-0591fc5b-4265-41af-8ff3-889ba9e2aee1 req-45743799-fe3e-4db7-9b43-37f634656cca service placement] 10.222.0.47 "GET /placement/allocations/bbe2ca75-d836-43ff-b3d8-1b7cfc1f200c" status: 200 len: 19 microversion: 1.28
Jun 21 19:28:00.097283 n-d-847001-3 devstack@placement-api.service[105247]: [pid: 105247|app: 0|req: 235/466] 10.222.0.47 () {60 vars in 1380 bytes} [Tue Jun 21 19:28:00 2022] GET /placement/allocations/bbe2ca75-d836-43ff-b3d8-1b7cfc1f200c => generated 19 bytes in 43 msecs (HTTP/1.1 200) 8 headers in 295 bytes (1 switches on core 0)
Jun 21 19:28:00.098205 n-d-847001-3 devstack@placement-api.service[105246]: DEBUG placement.requestlog [req-0591fc5b-4265-41af-8ff3-889ba9e2aee1 req-baf7f504-4073-4d91-b4df-e8e68581af90 None None] Starting request: 10.222.0.47 "PUT /placement/allocations/bbe2ca75-d836-43ff-b3d8-1b7cfc1f200c" {{(pid=105246) __call__ /opt/stack/placement/placement/requestlog.py:55}}
Jun 21 19:28:00.236976 n-d-847001-3 devstack@placement-api.service[105246]: DEBUG placement.handlers.allocation [req-0591fc5b-4265-41af-8ff3-889ba9e2aee1 req-baf7f504-4073-4d91-b4df-e8e68581af90 service placement] Successfully wrote allocations [, ] {{(pid=105246) _update_consumers_and_create_allocations /opt/stack/placement/placement/handlers/allocation.py:462}}
Jun 21 19:28:00.250024 n-d-847001-3 devstack@placement-api.service[105246]: INFO placement.requestlog [req-0591fc5b-4265-41af-8ff3-889ba9e2aee1 req-baf7f504-4073-4d91-b4df-e8e68581af90 service placement] 10.222.0.47 "PUT /placement/allocations/bbe2ca75-d836-43ff-b3d8-1b7cfc1f200c" status: 204 len: 0 microversion: 1.36
Jun 21 19:28:00.251238 n-d-847001-3 devstack@placement-api.service[105246]: [pid: 105246|app: 0|req: 232/467] 10.222.0.47 () {64 vars in 1433 bytes} [Tue Jun 21 19:28:00 2022] PUT /placement/allocations/bbe2ca75-d836-43ff-b3d8-1b7cfc1f200c => generated 0 bytes in 153 msecs (HTTP/1.1 204) 5 headers in 199 bytes (1 switches on core 0)
Jun 21 19:28:01.003868 n-d-847001-3 devstack@placement-api.service[105247]: DEBUG placement.requestlog [req-0591fc5b-4265-41af-8ff3-889ba9e2aee1 req-aabcd644-004a-47c6-a678-0209dee61568 None None] Starting request: 10.222.0.94 "GET /placement/allocations/bbe2ca75-d836-43ff-b3d8-1b7cfc1f200c" {{(pid=105247) __call__ /opt/stack/placement/placement/requestlog.py:55}}
Jun 21 19:28:01.045510 n-d-847001-3 devstack@placement-api.service[105247]: INFO placement.requestlog [req-0591fc5b-4265-41af-8ff3-889ba9e2aee1 req-aabcd644-004a-47c6-a678-0209dee61568 service placement] 10.222.0.94 "GET /placement/allocations/bbe2ca75-d836-43ff-b3d8-1b7cfc1f200c" status: 200 len: 245 microversion: 1.28
Jun 21 19:28:01.047157 n-d-847001-3 devstack@placement-api.service[105247]: [pid: 105247|app: 0|req: 236/468] 10.222.0.94 () {60 vars in 1377 bytes} [Tue Jun 21 19:28:01 2022] GET /placement/allocations/bbe2ca75-d836-43ff-b3d8-1b7cfc1f200c => generated 245 bytes in 43 msecs (HTTP/1.1 200) 8 headers in 296 bytes (1 switches on core 0)
Jun 21 19:28:08.856565 n-d-847001-3 devstack@placement-api.service[105246]: DEBUG placement.requestlog [req-89272b40-b0e3-476d-a534-4473c1f401b5 req-47bfcea3-fbc6-45bd-a73c-aabfdeae4974 None None] Starting request: 10.222.0.47 "GET /placement/allocation_candidates?limit=1000&resources=DISK_GB%3A1%2CMEMORY_MB%3A1024%2CVCPU%3A1&root_required=%21COMPUTE_STATUS_DISABLED" {{(pid=105246) __call__ /opt/stack/placement/placement/requestlog.py:55}}
Jun 21 19:28:08.973220 n-d-847001-3 devstack@placement-api.service[105246]: DEBUG placement.objects.research_context [req-89272b40-b0e3-476d-a534-4473c1f401b5 req-47bfcea3-fbc6-45bd-a73c-aabfdeae4974 service placement] getting providers with 1 DISK_GB {{(pid=105246) __init__ /opt/stack/placement/placement/objects/research_context.py:136}}
Jun 21 19:28:09.003546 n-d-847001-3 devstack@placement-api.service[105246]: DEBUG placement.objects.research_context [req-89272b40-b0e3-476d-a534-4473c1f401b5 req-47bfcea3-fbc6-45bd-a73c-aabfdeae4974 service placement] getting providers with 1024 MEMORY_MB {{(pid=105246) __init__ /opt/stack/placement/placement/objects/research_context.py:136}}
Jun 21 19:28:09.023068 n-d-847001-3 devstack@placement-api.service[105246]: DEBUG placement.objects.research_context [req-89272b40-b0e3-476d-a534-4473c1f401b5 req-47bfcea3-fbc6-45bd-a73c-aabfdeae4974 service placement] getting providers with 1 VCPU {{(pid=105246) __init__ /opt/stack/placement/placement/objects/research_context.py:136}}
Jun 21 19:28:09.046060 n-d-847001-3 devstack@placement-api.service[105246]: DEBUG placement.objects.research_context [req-89272b40-b0e3-476d-a534-4473c1f401b5 req-47bfcea3-fbc6-45bd-a73c-aabfdeae4974 service placement] found 2 providers with available 1 DISK_GB {{(pid=105246) get_provider_ids_matching /opt/stack/placement/placement/objects/research_context.py:563}}
Jun 21 19:28:09.048235 n-d-847001-3 devstack@placement-api.service[105246]: DEBUG placement.objects.research_context [req-89272b40-b0e3-476d-a534-4473c1f401b5 req-47bfcea3-fbc6-45bd-a73c-aabfdeae4974 service placement] found 2 providers with available 1024 MEMORY_MB {{(pid=105246) get_provider_ids_matching /opt/stack/placement/placement/objects/research_context.py:563}}
