Jun 21 19:25:39.101074 n-d-847001-3 devstack@placement-api.service[105247]: [pid: 105247|app: 0|req: 187/370] 10.222.0.94 () {60 vars in 1355 bytes} [Tue Jun 21 19:25:39 2022] DELETE /placement/allocations/67c3a438-1e4a-4339-8283-021a0d0d7b16 => generated 0 bytes in 85 msecs (HTTP/1.1 204) 5 headers in 198 bytes (1 switches on core 0)
Jun 21 19:25:45.939779 n-d-847001-3 devstack@placement-api.service[105246]: DEBUG dbcounter [-] [105246] Writing DB stats placement:SELECT=36,placement:DELETE=3,placement:INSERT=3,placement:UPDATE=3 {{(pid=105246) stat_writer /usr/local/lib/python3.8/dist-packages/dbcounter.py:114}}
Jun 21 19:25:46.122741 n-d-847001-3 devstack@placement-api.service[105246]: DEBUG placement.requestlog [req-ea2811c2-d1fe-4bde-8989-ab7240723681 req-06e17ae8-5a56-4fec-bbd3-65617467f3b9 None None] Starting request: 10.222.0.39 "DELETE /placement/allocations/5d36696c-18a7-41ab-88e8-547a809762ca" {{(pid=105246) __call__ /opt/stack/placement/placement/requestlog.py:55}}
Jun 21 19:25:46.189520 n-d-847001-3 devstack@placement-api.service[105246]: DEBUG placement.handlers.allocation [req-ea2811c2-d1fe-4bde-8989-ab7240723681 req-06e17ae8-5a56-4fec-bbd3-65617467f3b9 service placement] Successfully deleted allocations [, , ] {{(pid=105246) delete_allocations /opt/stack/placement/placement/handlers/allocation.py:627}}
Jun 21 19:25:46.190033 n-d-847001-3 devstack@placement-api.service[105246]: INFO placement.requestlog [req-ea2811c2-d1fe-4bde-8989-ab7240723681 req-06e17ae8-5a56-4fec-bbd3-65617467f3b9 service placement] 10.222.0.39 "DELETE /placement/allocations/5d36696c-18a7-41ab-88e8-547a809762ca" status: 204 len: 0 microversion: 1.0
Jun 21 19:25:46.191459 n-d-847001-3 devstack@placement-api.service[105246]: [pid: 105246|app: 0|req: 184/371] 10.222.0.39 () {60 vars in 1355 bytes} [Tue Jun 21 19:25:46 2022] DELETE /placement/allocations/5d36696c-18a7-41ab-88e8-547a809762ca => generated 0 bytes in 69 msecs (HTTP/1.1 204) 5 headers in 198 bytes (1 switches on core 0)
Jun 21 19:25:46.473370 n-d-847001-3 devstack@placement-api.service[105247]: DEBUG placement.requestlog [req-e7058e5d-8896-4b5d-bf46-2744b1e505dd req-884a7d38-91e9-4ee1-8f32-e608770f6efc None None] Starting request: 10.222.0.94 "DELETE /placement/allocations/cda89935-f884-4eef-b6fa-e9fd5ff62907" {{(pid=105247) __call__ /opt/stack/placement/placement/requestlog.py:55}}
Jun 21 19:25:46.541189 n-d-847001-3 devstack@placement-api.service[105247]: DEBUG placement.handlers.allocation [req-e7058e5d-8896-4b5d-bf46-2744b1e505dd req-884a7d38-91e9-4ee1-8f32-e608770f6efc service placement] Successfully deleted allocations [, , ] {{(pid=105247) delete_allocations /opt/stack/placement/placement/handlers/allocation.py:627}}
Jun 21 19:25:46.541695 n-d-847001-3 devstack@placement-api.service[105247]: INFO placement.requestlog [req-e7058e5d-8896-4b5d-bf46-2744b1e505dd req-884a7d38-91e9-4ee1-8f32-e608770f6efc service placement] 10.222.0.94 "DELETE /placement/allocations/cda89935-f884-4eef-b6fa-e9fd5ff62907" status: 204 len: 0 microversion: 1.0
Jun 21 19:25:46.542381 n-d-847001-3 devstack@placement-api.service[105247]: [pid: 105247|app: 0|req: 188/372] 10.222.0.94 () {60 vars in 1355 bytes} [Tue Jun 21 19:25:46 2022] DELETE /placement/allocations/cda89935-f884-4eef-b6fa-e9fd5ff62907 => generated 0 bytes in 69 msecs (HTTP/1.1 204) 5 headers in 198 bytes (1 switches on core 0)
Jun 21 19:25:48.084976 n-d-847001-3 devstack@placement-api.service[105246]: DEBUG placement.requestlog [req-dda63745-24d0-47e4-aa59-4525fe3d3ed0 req-68707179-66cd-4c4f-8553-26d975c993a5 None None] Starting request: 10.222.0.94 "GET /placement/resource_providers/5e38f6c7-cc01-49f8-8825-5d85cd916b5b/allocations" {{(pid=105246) __call__ /opt/stack/placement/placement/requestlog.py:55}}
Jun 21 19:25:48.166894 n-d-847001-3 devstack@placement-api.service[105246]: INFO placement.requestlog [req-dda63745-24d0-47e4-aa59-4525fe3d3ed0 req-68707179-66cd-4c4f-8553-26d975c993a5 service placement] 10.222.0.94 "GET /placement/resource_providers/5e38f6c7-cc01-49f8-8825-5d85cd916b5b/allocations" status: 200 len: 861 microversion: 1.0
Jun 21 19:25:48.169559 n-d-847001-3 devstack@placement-api.service[105246]: [pid: 105246|app: 0|req: 185/373] 10.222.0.94 () {58 vars in 1390 bytes} [Tue Jun 21 19:25:48 2022] GET /placement/resource_providers/5e38f6c7-cc01-49f8-8825-5d85cd916b5b/allocations => generated 861 bytes in 85 msecs (HTTP/1.1 200) 6 headers in 224 bytes (1 switches on core 0)
Jun 21 19:25:48.998104 n-d-847001-3 devstack@placement-api.service[105247]: DEBUG placement.requestlog [None req-b5e910c0-1dc1-4444-9ead-6838909a6d53 None None] Starting request: 10.222.0.47 "GET /placement/resource_providers/19b4fccf-a206-4d74-ab7c-0a75f78fa9c6/aggregates" {{(pid=105247) __call__ /opt/stack/placement/placement/requestlog.py:55}}
Jun 21 19:25:49.020317 n-d-847001-3 devstack@placement-api.service[105247]: INFO placement.requestlog [None req-b5e910c0-1dc1-4444-9ead-6838909a6d53 service placement] 10.222.0.47 "GET /placement/resource_providers/19b4fccf-a206-4d74-ab7c-0a75f78fa9c6/aggregates" status: 404 len: 235 microversion: 1.1
Jun 21 19:25:49.021434 n-d-847001-3 devstack@placement-api.service[105247]: [pid: 105247|app: 0|req: 189/374] 10.222.0.47 () {58 vars in 1362 bytes} [Tue Jun 21 19:25:48 2022] GET /placement/resource_providers/19b4fccf-a206-4d74-ab7c-0a75f78fa9c6/aggregates => generated 235 bytes in 23 msecs (HTTP/1.1 404) 5 headers in 202 bytes (1 switches on core 0)
Jun 21 19:25:49.037006 n-d-847001-3 devstack@placement-api.service[105246]: DEBUG placement.requestlog [None req-c6456081-5449-4432-8c27-bdf314c227a6 None None] Starting request: 10.222.0.47 "DELETE /placement/resource_providers/19b4fccf-a206-4d74-ab7c-0a75f78fa9c6" {{(pid=105246) __call__ /opt/stack/placement/placement/requestlog.py:55}}
Jun 21 19:25:49.046587 n-d-847001-3 devstack@placement-api.service[105246]: DEBUG placement.wsgi_wrapper [None req-c6456081-5449-4432-8c27-bdf314c227a6 service placement] Placement API returning an error response: No resource provider with uuid 19b4fccf-a206-4d74-ab7c-0a75f78fa9c6 found for delete {{(pid=105246) call_func /opt/stack/placement/placement/wsgi_wrapper.py:31}}
Jun 21 19:25:49.048156 n-d-847001-3 devstack@placement-api.service[105247]: DEBUG placement.requestlog [req-4b601711-0214-4361-9cc8-1e83b3ffda18 req-502a921e-06d5-4646-908a-4b168d51db7f None None] Starting request: 10.222.0.94 "DELETE /placement/allocations/c55b52b4-bd2b-4f57-ae01-8abca8f69e78" {{(pid=105247) __call__ /opt/stack/placement/placement/requestlog.py:55}}
Jun 21 19:25:49.059678 n-d-847001-3 devstack@placement-api.service[105246]: INFO placement.requestlog [None req-c6456081-5449-4432-8c27-bdf314c227a6 service placement] 10.222.0.47 "DELETE /placement/resource_providers/19b4fccf-a206-4d74-ab7c-0a75f78fa9c6" status: 404 len: 246 microversion: 1.1
Jun 21 19:25:49.060292 n-d-847001-3 devstack@placement-api.service[105246]: [pid: 105246|app: 0|req: 186/375] 10.222.0.47 () {60 vars in 1351 bytes} [Tue Jun 21 19:25:49 2022] DELETE /placement/resource_providers/19b4fccf-a206-4d74-ab7c-0a75f78fa9c6 => generated 246 bytes in 26 msecs (HTTP/1.1 404) 6 headers in 231 bytes (2 switches on core 0)
Jun 21 19:25:49.102283 n-d-847001-3 devstack@placement-api.service[105247]: DEBUG placement.handlers.allocation [req-4b601711-0214-4361-9cc8-1e83b3ffda18 req-502a921e-06d5-4646-908a-4b168d51db7f service placement] Successfully deleted allocations [, , ] {{(pid=105247) delete_allocations /opt/stack/placement/placement/handlers/allocation.py:627}}
Jun 21 19:25:49.103020 n-d-847001-3 devstack@placement-api.service[105247]: INFO placement.requestlog [req-4b601711-0214-4361-9cc8-1e83b3ffda18 req-502a921e-06d5-4646-908a-4b168d51db7f service placement] 10.222.0.94 "DELETE /placement/allocations/c55b52b4-bd2b-4f57-ae01-8abca8f69e78" status: 204 len: 0 microversion: 1.0
Jun 21 19:25:49.104105 n-d-847001-3 devstack@placement-api.service[105247]: [pid: 105247|app: 0|req: 190/376] 10.222.0.94 () {60 vars in 1355 bytes} [Tue Jun 21 19:25:49 2022] DELETE /placement/allocations/c55b52b4-bd2b-4f57-ae01-8abca8f69e78 => generated 0 bytes in 56 msecs (HTTP/1.1 204) 5 headers in 198 bytes (1 switches on core 0)
Jun 21 19:25:51.539596 n-d-847001-3 devstack@placement-api.service[105246]: DEBUG placement.requestlog [req-49158ad4-2f67-4bd8-b1f8-1e67ab80b9e4 req-96a21d9e-c20d-4ab6-bf6f-8cbdffc2c869 None None] Starting request: 10.222.0.39 "DELETE /placement/allocations/b4b42754-a6d8-43c4-abad-06c865535313" {{(pid=105246) __call__ /opt/stack/placement/placement/requestlog.py:55}}
Jun 21 19:25:51.599376 n-d-847001-3 devstack@placement-api.service[105246]: DEBUG placement.handlers.allocation [req-49158ad4-2f67-4bd8-b1f8-1e67ab80b9e4 req-96a21d9e-c20d-4ab6-bf6f-8cbdffc2c869 service placement] Successfully deleted allocations [, , ] {{(pid=105246) delete_allocations /opt/stack/placement/placement/handlers/allocation.py:627}}
Jun 21 19:25:51.600498 n-d-847001-3 devstack@placement-api.service[105246]: INFO placement.requestlog [req-49158ad4-2f67-4bd8-b1f8-1e67ab80b9e4 req-96a21d9e-c20d-4ab6-bf6f-8cbdffc2c869 service placement] 10.222.0.39 "DELETE /placement/allocations/b4b42754-a6d8-43c4-abad-06c865535313" status: 204 len: 0 microversion: 1.0
Jun 21 19:25:51.601408 n-d-847001-3 devstack@placement-api.service[105246]: [pid: 105246|app: 0|req: 187/377] 10.222.0.39 () {60 vars in 1355 bytes} [Tue Jun 21 19:25:51 2022] DELETE /placement/allocations/b4b42754-a6d8-43c4-abad-06c865535313 => generated 0 bytes in 62 msecs (HTTP/1.1 204) 5 headers in 198 bytes (1 switches on core 0)
Jun 21 19:25:53.005581 n-d-847001-3 devstack@placement-api.service[105247]: DEBUG placement.requestlog [req-813e4bc8-6cdd-44b3-91da-36e8a74ce5e4 req-e223bc63-6597-4510-9b19-1562326ae55d None None] Starting request: 10.222.0.47 "GET /placement/allocation_candidates?limit=1000&resources=MEMORY_MB%3A1024%2CVCPU%3A1&root_required=%21COMPUTE_STATUS_DISABLED" {{(pid=105247) __call__ /opt/stack/placement/placement/requestlog.py:55}}
Jun 21 19:25:53.071511 n-d-847001-3 devstack@placement-api.service[105247]: DEBUG placement.objects.research_context [req-813e4bc8-6cdd-44b3-91da-36e8a74ce5e4 req-e223bc63-6597-4510-9b19-1562326ae55d service placement] getting providers with 1024 MEMORY_MB {{(pid=105247) __init__ /opt/stack/placement/placement/objects/research_context.py:136}}
Jun 21 19:25:53.088169 n-d-847001-3 devstack@placement-api.service[105247]: DEBUG placement.objects.research_context [req-813e4bc8-6cdd-44b3-91da-36e8a74ce5e4 req-e223bc63-6597-4510-9b19-1562326ae55d service placement] getting providers with 1 VCPU {{(pid=105247) __init__ /opt/stack/placement/placement/objects/research_context.py:136}}
Jun 21 19:25:53.095248 n-d-847001-3 devstack@placement-api.service[105247]: DEBUG placement.objects.research_context [req-813e4bc8-6cdd-44b3-91da-36e8a74ce5e4 req-e223bc63-6597-4510-9b19-1562326ae55d service placement] found 2 providers with available 1024 MEMORY_MB {{(pid=105247) get_provider_ids_matching /opt/stack/placement/placement/objects/research_context.py:563}}
Jun 21 19:25:53.095638 n-d-847001-3 devstack@placement-api.service[105247]: DEBUG placement.objects.research_context [req-813e4bc8-6cdd-44b3-91da-36e8a74ce5e4 req-e223bc63-6597-4510-9b19-1562326ae55d service placement] found 2 providers with available 1 VCPU {{(pid=105247) get_provider_ids_matching /opt/stack/placement/placement/objects/research_context.py:563}}
Jun 21 19:25:53.096864 n-d-847001-3 devstack@placement-api.service[105247]: DEBUG placement.objects.research_context [req-813e4bc8-6cdd-44b3-91da-36e8a74ce5e4 req-e223bc63-6597-4510-9b19-1562326ae55d service placement] found 2 providers after filtering by previous result {{(pid=105247) get_provider_ids_matching /opt/stack/placement/placement/objects/research_context.py:594}}
Jun 21 19:25:53.120817 n-d-847001-3 devstack@placement-api.service[105247]: DEBUG placement.objects.allocation_candidate [req-813e4bc8-6cdd-44b3-91da-36e8a74ce5e4 req-e223bc63-6597-4510-9b19-1562326ae55d service placement] RequestGroup(use_same_provider=False, resources={MEMORY_MB:1024, VCPU:1}, traits=(), aggregates=[]) (suffix '') returned 2 matches {{(pid=105247) _get_by_requests /opt/stack/placement/placement/objects/allocation_candidate.py:156}}
Jun 21 19:25:53.121182 n-d-847001-3 devstack@placement-api.service[105247]: DEBUG placement.objects.allocation_candidate [req-813e4bc8-6cdd-44b3-91da-36e8a74ce5e4 req-e223bc63-6597-4510-9b19-1562326ae55d service placement] Merging candidates yields 2 allocation requests and 2 provider summaries {{(pid=105247) _merge_candidates /opt/stack/placement/placement/objects/allocation_candidate.py:809}}
Jun 21 19:25:53.124481 n-d-847001-3 devstack@placement-api.service[105247]: INFO placement.requestlog [req-813e4bc8-6cdd-44b3-91da-36e8a74ce5e4 req-e223bc63-6597-4510-9b19-1562326ae55d service placement] 10.222.0.47 "GET /placement/allocation_candidates?limit=1000&resources=MEMORY_MB%3A1024%2CVCPU%3A1&root_required=%21COMPUTE_STATUS_DISABLED" status: 200 len: 1283 microversion: 1.36
Jun 21 19:25:53.124884 n-d-847001-3 devstack@placement-api.service[105247]: [pid: 105247|app: 0|req: 191/378] 10.222.0.47 () {60 vars in 1478 bytes} [Tue Jun 21 19:25:53 2022] GET /placement/allocation_candidates?limit=1000&resources=MEMORY_MB%3A1024%2CVCPU%3A1&root_required=%21COMPUTE_STATUS_DISABLED => generated 1283 bytes in 120 msecs (HTTP/1.1 200) 8 headers in 297 bytes (1 switches on core 0)
Jun 21 19:25:53.351837 n-d-847001-3 devstack@placement-api.service[105246]: DEBUG placement.requestlog [req-813e4bc8-6cdd-44b3-91da-36e8a74ce5e4 req-8440f629-39d5-4a27-8694-62072ae3e170 None None] Starting request: 10.222.0.47 "GET /placement/allocations/e13cedb5-e777-464e-aa11-88b948129425" {{(pid=105246) __call__ /opt/stack/placement/placement/requestlog.py:55}}
Jun 21 19:25:53.373162 n-d-847001-3 devstack@placement-api.service[105246]: INFO placement.requestlog [req-813e4bc8-6cdd-44b3-91da-36e8a74ce5e4 req-8440f629-39d5-4a27-8694-62072ae3e170 service placement] 10.222.0.47 "GET /placement/allocations/e13cedb5-e777-464e-aa11-88b948129425" status: 200 len: 19 microversion: 1.28
Jun 21 19:25:53.381098 n-d-847001-3 devstack@placement-api.service[105246]: [pid: 105246|app: 0|req: 188/379] 10.222.0.47 () {60 vars in 1380 bytes} [Tue Jun 21 19:25:53 2022] GET /placement/allocations/e13cedb5-e777-464e-aa11-88b948129425 => generated 19 bytes in 28 msecs (HTTP/1.1 200) 8 headers in 295 bytes (1 switches on core 0)
Jun 21 19:25:53.386670 n-d-847001-3 devstack@placement-api.service[105247]: DEBUG placement.requestlog [req-813e4bc8-6cdd-44b3-91da-36e8a74ce5e4 req-f69e2166-5dcb-45e6-aee2-27bed082608d None None] Starting request: 10.222.0.47 "PUT /placement/allocations/e13cedb5-e777-464e-aa11-88b948129425" {{(pid=105247) __call__ /opt/stack/placement/placement/requestlog.py:55}}
Jun 21 19:25:53.472389 n-d-847001-3 devstack@placement-api.service[105247]: DEBUG dbcounter [-] [105247] Writing DB stats placement:SELECT=80,placement:INSERT=9,placement:DELETE=9,placement:UPDATE=2 {{(pid=105247) stat_writer /usr/local/lib/python3.8/dist-packages/dbcounter.py:114}}
Jun 21 19:25:53.480736 n-d-847001-3 devstack@placement-api.service[105247]: DEBUG placement.handlers.allocation [req-813e4bc8-6cdd-44b3-91da-36e8a74ce5e4 req-f69e2166-5dcb-45e6-aee2-27bed082608d service placement] Successfully wrote allocations [, ] {{(pid=105247) _update_consumers_and_create_allocations /opt/stack/placement/placement/handlers/allocation.py:462}}
Jun 21 19:25:53.490609 n-d-847001-3 devstack@placement-api.service[105247]: INFO placement.requestlog [req-813e4bc8-6cdd-44b3-91da-36e8a74ce5e4 req-f69e2166-5dcb-45e6-aee2-27bed082608d service placement] 10.222.0.47 "PUT /placement/allocations/e13cedb5-e777-464e-aa11-88b948129425" status: 204 len: 0 microversion: 1.36
Jun 21 19:25:53.491370 n-d-847001-3 devstack@placement-api.service[105247]: [pid: 105247|app: 0|req: 192/380] 10.222.0.47 () {64 vars in 1433 bytes} [Tue Jun 21 19:25:53 2022] PUT /placement/allocations/e13cedb5-e777-464e-aa11-88b948129425 => generated 0 bytes in 105 msecs (HTTP/1.1 204) 5 headers in 199 bytes (1 switches on core 0)
Jun 21 19:25:53.957010 n-d-847001-3 devstack@placement-api.service[105246]: DEBUG placement.requestlog [req-813e4bc8-6cdd-44b3-91da-36e8a74ce5e4 req-12fe7b17-de30-4586-b026-85f002ca82f5 None None] Starting request: 10.222.0.94 "GET /placement/allocations/e13cedb5-e777-464e-aa11-88b948129425" {{(pid=105246) __call__ /opt/stack/placement/placement/requestlog.py:55}}
Jun 21 19:25:53.999903 n-d-847001-3 devstack@placement-api.service[105246]: INFO placement.requestlog [req-813e4bc8-6cdd-44b3-91da-36e8a74ce5e4 req-12fe7b17-de30-4586-b026-85f002ca82f5 service placement] 10.222.0.94 "GET /placement/allocations/e13cedb5-e777-464e-aa11-88b948129425" status: 200 len: 245 microversion: 1.28
Jun 21 19:25:54.000694 n-d-847001-3 devstack@placement-api.service[105246]: [pid: 105246|app: 0|req: 189/381] 10.222.0.94 () {60 vars in 1377 bytes} [Tue Jun 21 19:25:53 2022] GET /placement/allocations/e13cedb5-e777-464e-aa11-88b948129425 => generated 245 bytes in 44 msecs (HTTP/1.1 200) 8 headers in 296 bytes (1 switches on core 0)
Jun 21 19:25:54.397388 n-d-847001-3 devstack@placement-api.service[105247]: DEBUG placement.requestlog [req-8350c8c0-884c-4d8f-9609-548ea9bafe91 req-e8fa07ea-19a6-4201-8bf6-84529eb8955e None None] Starting request: 10.222.0.39 "DELETE /placement/allocations/735cf8f8-4374-4dae-a075-754d11736201" {{(pid=105247) __call__ /opt/stack/placement/placement/requestlog.py:55}}
Jun 21 19:25:54.434604 n-d-847001-3 devstack@placement-api.service[105247]: DEBUG placement.handlers.allocation [req-8350c8c0-884c-4d8f-9609-548ea9bafe91 req-e8fa07ea-19a6-4201-8bf6-84529eb8955e service placement] Successfully deleted allocations [, , ] {{(pid=105247) delete_allocations /opt/stack/placement/placement/handlers/allocation.py:627}}
Jun 21 19:25:54.435542 n-d-847001-3 devstack@placement-api.service[105247]: INFO placement.requestlog [req-8350c8c0-884c-4d8f-9609-548ea9bafe91 req-e8fa07ea-19a6-4201-8bf6-84529eb8955e service placement] 10.222.0.39 "DELETE /placement/allocations/735cf8f8-4374-4dae-a075-754d11736201" status: 204 len: 0 microversion: 1.0
Jun 21 19:25:54.435990 n-d-847001-3 devstack@placement-api.service[105247]: [pid: 105247|app: 0|req: 193/382] 10.222.0.39 () {60 vars in 1355 bytes} [Tue Jun 21 19:25:54 2022] DELETE /placement/allocations/735cf8f8-4374-4dae-a075-754d11736201 => generated 0 bytes in 39 msecs (HTTP/1.1 204) 5 headers in 198 bytes (1 switches on core 0)
Jun 21 19:25:56.087316 n-d-847001-3 devstack@placement-api.service[105246]: DEBUG placement.requestlog [req-05422a7e-e620-4f5c-bb1e-3a2266578b0a req-a852de54-0689-4350-89fc-320441f92aa7 None None] Starting request: 10.222.0.94 "DELETE /placement/allocations/f7b18d18-eb4f-4f93-bd87-46d0cec7cd8e" {{(pid=105246) __call__ /opt/stack/placement/placement/requestlog.py:55}}
Jun 21 19:25:56.165765 n-d-847001-3 devstack@placement-api.service[105246]: DEBUG placement.handlers.allocation [req-05422a7e-e620-4f5c-bb1e-3a2266578b0a req-a852de54-0689-4350-89fc-320441f92aa7 service placement] Successfully deleted allocations [, , ] {{(pid=105246) delete_allocations /opt/stack/placement/placement/handlers/allocation.py:627}}
Jun 21 19:25:56.166948 n-d-847001-3 devstack@placement-api.service[105246]: INFO placement.requestlog [req-05422a7e-e620-4f5c-bb1e-3a2266578b0a req-a852de54-0689-4350-89fc-320441f92aa7 service placement] 10.222.0.94 "DELETE /placement/allocations/f7b18d18-eb4f-4f93-bd87-46d0cec7cd8e" status: 204 len: 0 microversion: 1.0
Jun 21 19:25:56.168321 n-d-847001-3 devstack@placement-api.service[105246]: [pid: 105246|app: 0|req: 190/383] 10.222.0.94 () {60 vars in 1355 bytes} [Tue Jun 21 19:25:56 2022] DELETE /placement/allocations/f7b18d18-eb4f-4f93-bd87-46d0cec7cd8e => generated 0 bytes in 81 msecs (HTTP/1.1 204) 5 headers in 198 bytes (1 switches on core 0)
Jun 21 19:25:57.075788 n-d-847001-3 devstack@placement-api.service[105247]: DEBUG placement.requestlog [req-483010ae-02a9-496d-bad2-2cc5ac7eacc5 req-002324a0-8027-4ffd-9f3a-11d51c80998d None None] Starting request: 10.222.0.39 "DELETE /placement/allocations/037c09e4-a285-4523-bda4-f48d63e9fac3" {{(pid=105247) __call__ /opt/stack/placement/placement/requestlog.py:55}}
Jun 21 19:25:57.130816 n-d-847001-3 devstack@placement-api.service[105247]: DEBUG placement.handlers.allocation [req-483010ae-02a9-496d-bad2-2cc5ac7eacc5 req-002324a0-8027-4ffd-9f3a-11d51c80998d service placement] Successfully deleted allocations [, , ] {{(pid=105247) delete_allocations /opt/stack/placement/placement/handlers/allocation.py:627}}
Jun 21 19:25:57.131795 n-d-847001-3 devstack@placement-api.service[105247]: INFO placement.requestlog [req-483010ae-02a9-496d-bad2-2cc5ac7eacc5 req-002324a0-8027-4ffd-9f3a-11d51c80998d service placement] 10.222.0.39 "DELETE /placement/allocations/037c09e4-a285-4523-bda4-f48d63e9fac3" status: 204 len: 0 microversion: 1.0
Jun 21 19:25:57.132686 n-d-847001-3 devstack@placement-api.service[105247]: [pid: 105247|app: 0|req: 194/384] 10.222.0.39 () {60 vars in 1355 bytes} [Tue Jun 21 19:25:57 2022] DELETE /placement/allocations/037c09e4-a285-4523-bda4-f48d63e9fac3 => generated 0 bytes in 57 msecs (HTTP/1.1 204) 5 headers in 198 bytes (1 switches on core 0)
Jun 21 19:25:58.936327 n-d-847001-3 devstack@placement-api.service[105246]: DEBUG placement.requestlog [req-b7346ed9-bb9d-4313-9225-857b9eb3a617 req-15131954-1b26-44b3-bf59-6fa42ac6d045 None None] Starting request: 10.222.0.94 "DELETE /placement/allocations/6c1fc119-60e5-4178-bd0e-5312280a4afc" {{(pid=105246) __call__ /opt/stack/placement/placement/requestlog.py:55}}
Jun 21 19:25:59.027585 n-d-847001-3 devstack@placement-api.service[105246]: DEBUG placement.handlers.allocation [req-b7346ed9-bb9d-4313-9225-857b9eb3a617 req-15131954-1b26-44b3-bf59-6fa42ac6d045 service placement] Successfully deleted allocations [, , ] {{(pid=105246) delete_allocations /opt/stack/placement/placement/handlers/allocation.py:627}}
Jun 21 19:25:59.029058 n-d-847001-3 devstack@placement-api.service[105246]: INFO placement.requestlog [req-b7346ed9-bb9d-4313-9225-857b9eb3a617 req-15131954-1b26-44b3-bf59-6fa42ac6d045 service placement] 10.222.0.94 "DELETE /placement/allocations/6c1fc119-60e5-4178-bd0e-5312280a4afc" status: 204 len: 0 microversion: 1.0
Jun 21 19:25:59.030889 n-d-847001-3 devstack@placement-api.service[105246]: [pid: 105246|app: 0|req: 191/385] 10.222.0.94 () {60 vars in 1355 bytes} [Tue Jun 21 19:25:58 2022] DELETE /placement/allocations/6c1fc119-60e5-4178-bd0e-5312280a4afc => generated 0 bytes in 95 msecs (HTTP/1.1 204) 5 headers in 198 bytes (1 switches on core 0)
Jun 21 19:26:01.223007 n-d-847001-3 devstack@placement-api.service[105247]: DEBUG placement.requestlog [req-bde4f5ea-0572-49f1-b3d3-665890a9ae05 req-7909a5f3-b1c7-443c-8800-35b0950c4318 None None] Starting request: 10.222.0.39 "DELETE /placement/allocations/a93a8b67-b116-44c3-9437-f21c395431ae" {{(pid=105247) __call__ /opt/stack/placement/placement/requestlog.py:55}}
Jun 21 19:26:01.297540 n-d-847001-3 devstack@placement-api.service[105247]: DEBUG placement.handlers.allocation [req-bde4f5ea-0572-49f1-b3d3-665890a9ae05 req-7909a5f3-b1c7-443c-8800-35b0950c4318 service placement] Successfully deleted allocations [, , ] {{(pid=105247) delete_allocations /opt/stack/placement/placement/handlers/allocation.py:627}}
Jun 21 19:26:01.298231 n-d-847001-3 devstack@placement-api.service[105247]: INFO placement.requestlog [req-bde4f5ea-0572-49f1-b3d3-665890a9ae05 req-7909a5f3-b1c7-443c-8800-35b0950c4318 service placement] 10.222.0.39 "DELETE /placement/allocations/a93a8b67-b116-44c3-9437-f21c395431ae" status: 204 len: 0 microversion: 1.0
Jun 21 19:26:01.299780 n-d-847001-3 devstack@placement-api.service[105247]: [pid: 105247|app: 0|req: 195/386] 10.222.0.39 () {60 vars in 1355 bytes} [Tue Jun 21 19:26:01 2022] DELETE /placement/allocations/a93a8b67-b116-44c3-9437-f21c395431ae => generated 0 bytes in 77 msecs (HTTP/1.1 204) 5 headers in 198 bytes (1 switches on core 0)
Jun 21 19:26:01.878087 n-d-847001-3 devstack@placement-api.service[105246]: DEBUG placement.requestlog [None req-2163061a-25ae-4e9f-b704-fc79f513bcb7 None None] Starting request: 10.222.0.47 "GET /placement/resource_providers/36231d14-0867-426c-9a0a-4a3675ee4fd0/aggregates" {{(pid=105246) __call__ /opt/stack/placement/placement/requestlog.py:55}}
Jun 21 19:26:01.896579 n-d-847001-3 devstack@placement-api.service[105246]: INFO placement.requestlog [None req-2163061a-25ae-4e9f-b704-fc79f513bcb7 service placement] 10.222.0.47 "GET /placement/resource_providers/36231d14-0867-426c-9a0a-4a3675ee4fd0/aggregates" status: 404 len: 235 microversion: 1.1
Jun 21 19:26:01.896963 n-d-847001-3 devstack@placement-api.service[105246]: [pid: 105246|app: 0|req: 192/387] 10.222.0.47 () {58 vars in 1362 bytes} [Tue Jun 21 19:26:01 2022] GET /placement/resource_providers/36231d14-0867-426c-9a0a-4a3675ee4fd0/aggregates => generated 235 bytes in 19 msecs (HTTP/1.1 404) 5 headers in 202 bytes (1 switches on core 0)
Jun 21 19:26:02.052343 n-d-847001-3 devstack@placement-api.service[105247]: DEBUG placement.requestlog [None req-e36cbee1-5d7a-404a-970e-eb4f4b3c3cd0 None None] Starting request: 10.222.0.47 "DELETE /placement/resource_providers/36231d14-0867-426c-9a0a-4a3675ee4fd0" {{(pid=105247) __call__ /opt/stack/placement/placement/requestlog.py:55}}
Jun 21 19:26:02.065325 n-d-847001-3 devstack@placement-api.service[105247]: DEBUG placement.wsgi_wrapper [None req-e36cbee1-5d7a-404a-970e-eb4f4b3c3cd0 service placement] Placement API returning an error response: No resource provider with uuid 36231d14-0867-426c-9a0a-4a3675ee4fd0 found for delete {{(pid=105247) call_func /opt/stack/placement/placement/wsgi_wrapper.py:31}}
Jun 21 19:26:02.066484 n-d-847001-3 devstack@placement-api.service[105247]: INFO placement.requestlog [None req-e36cbee1-5d7a-404a-970e-eb4f4b3c3cd0 service placement] 10.222.0.47 "DELETE /placement/resource_providers/36231d14-0867-426c-9a0a-4a3675ee4fd0" status: 404 len: 246 microversion: 1.1
Jun 21 19:26:02.066995 n-d-847001-3 devstack@placement-api.service[105247]: [pid: 105247|app: 0|req: 196/388] 10.222.0.47 () {60 vars in 1351 bytes} [Tue Jun 21 19:26:02 2022] DELETE /placement/resource_providers/36231d14-0867-426c-9a0a-4a3675ee4fd0 => generated 246 bytes in 15 msecs (HTTP/1.1 404) 6 headers in 231 bytes (1 switches on core 0)
Jun 21 19:26:08.386466 n-d-847001-3 devstack@placement-api.service[105246]: DEBUG placement.requestlog [req-5d4aa80e-56b3-420c-9166-16bdca21620f req-2a9f21ee-d230-4569-931e-32658c8a8e2c None None] Starting request: 10.222.0.39 "DELETE /placement/allocations/7350ac54-6540-4be5-bec4-44222b65d47b" {{(pid=105246) __call__ /opt/stack/placement/placement/requestlog.py:55}}
Jun 21 19:26:08.449172 n-d-847001-3 devstack@placement-api.service[105246]: DEBUG placement.handlers.allocation [req-5d4aa80e-56b3-420c-9166-16bdca21620f req-2a9f21ee-d230-4569-931e-32658c8a8e2c service placement] Successfully deleted allocations [, , ] {{(pid=105246) delete_allocations /opt/stack/placement/placement/handlers/allocation.py:627}}
Jun 21 19:26:08.449685 n-d-847001-3 devstack@placement-api.service[105246]: INFO placement.requestlog [req-5d4aa80e-56b3-420c-9166-16bdca21620f req-2a9f21ee-d230-4569-931e-32658c8a8e2c service placement] 10.222.0.39 "DELETE /placement/allocations/7350ac54-6540-4be5-bec4-44222b65d47b" status: 204 len: 0 microversion: 1.0
Jun 21 19:26:08.450273 n-d-847001-3 devstack@placement-api.service[105246]: [pid: 105246|app: 0|req: 193/389] 10.222.0.39 () {60 vars in 1355 bytes} [Tue Jun 21 19:26:08 2022] DELETE /placement/allocations/7350ac54-6540-4be5-bec4-44222b65d47b => generated 0 bytes in 64 msecs (HTTP/1.1 204) 5 headers in 198 bytes (1 switches on core 0)
Jun 21 19:26:09.104803 n-d-847001-3 devstack@placement-api.service[105247]: DEBUG placement.requestlog [req-77bf8160-139f-4671-8f51-0f0988348c99 req-7440c36b-74bf-47fd-bfd5-cf1922b76ebe None None] Starting request: 10.222.0.39 "DELETE /placement/allocations/13eae233-977a-42ec-89d7-a1f67d311fdf" {{(pid=105247) __call__ /opt/stack/placement/placement/requestlog.py:55}}
Jun 21 19:26:09.177162 n-d-847001-3 devstack@placement-api.service[105247]: DEBUG placement.handlers.allocation [req-77bf8160-139f-4671-8f51-0f0988348c99 req-7440c36b-74bf-47fd-bfd5-cf1922b76ebe service placement] Successfully deleted allocations [, , ] {{(pid=105247) delete_allocations /opt/stack/placement/placement/handlers/allocation.py:627}}
Jun 21 19:26:09.177824 n-d-847001-3 devstack@placement-api.service[105247]: INFO placement.requestlog [req-77bf8160-139f-4671-8f51-0f0988348c99 req-7440c36b-74bf-47fd-bfd5-cf1922b76ebe service placement] 10.222.0.39 "DELETE /placement/allocations/13eae233-977a-42ec-89d7-a1f67d311fdf" status: 204 len: 0 microversion: 1.0
Jun 21 19:26:09.178991 n-d-847001-3 devstack@placement-api.service[105247]: [pid: 105247|app: 0|req: 197/390] 10.222.0.39 () {60 vars in 1355 bytes} [Tue Jun 21 19:26:09 2022] DELETE /placement/allocations/13eae233-977a-42ec-89d7-a1f67d311fdf => generated 0 bytes in 74 msecs (HTTP/1.1 204) 5 headers in 198 bytes (1 switches on core 0)
Jun 21 19:26:13.741671 n-d-847001-3 devstack@placement-api.service[105246]: DEBUG placement.requestlog [req-33bff4d5-c862-479d-a6e1-0a9865d51843 req-90517eda-8351-4a56-85b6-352d45dc71d2 None None] Starting request: 10.222.0.39 "DELETE /placement/allocations/48878e73-9a9f-4384-be0e-b0bb743b3923" {{(pid=105246) __call__ /opt/stack/placement/placement/requestlog.py:55}}
Jun 21 19:26:13.796017 n-d-847001-3 devstack@placement-api.service[105246]: DEBUG placement.handlers.allocation [req-33bff4d5-c862-479d-a6e1-0a9865d51843 req-90517eda-8351-4a56-85b6-352d45dc71d2 service placement] Successfully deleted allocations [, , ] {{(pid=105246) delete_allocations /opt/stack/placement/placement/handlers/allocation.py:627}}
Jun 21 19:26:13.797416 n-d-847001-3 devstack@placement-api.service[105246]: INFO placement.requestlog [req-33bff4d5-c862-479d-a6e1-0a9865d51843 req-90517eda-8351-4a56-85b6-352d45dc71d2 service placement] 10.222.0.39 "DELETE /placement/allocations/48878e73-9a9f-4384-be0e-b0bb743b3923" status: 204 len: 0 microversion: 1.0
Jun 21 19:26:13.798469 n-d-847001-3 devstack@placement-api.service[105246]: [pid: 105246|app: 0|req: 194/391] 10.222.0.39 () {60 vars in 1355 bytes} [Tue Jun 21 19:26:13 2022] DELETE /placement/allocations/48878e73-9a9f-4384-be0e-b0bb743b3923 => generated 0 bytes in 58 msecs (HTTP/1.1 204) 5 headers in 198 bytes (1 switches on core 0)
Jun 21 19:26:18.917736 n-d-847001-3 devstack@placement-api.service[105247]: DEBUG placement.requestlog [req-16510180-624a-436d-87ba-632b7f6f94b0 req-b47ae5e1-f007-4636-a8b2-4aba924a5b21 None None] Starting request: 10.222.0.94 "DELETE /placement/allocations/013b88b6-b326-43ff-ab34-0877a39c3006" {{(pid=105247) __call__ /opt/stack/placement/placement/requestlog.py:55}}
Jun 21 19:26:18.992784 n-d-847001-3 devstack@placement-api.service[105247]: DEBUG placement.handlers.allocation [req-16510180-624a-436d-87ba-632b7f6f94b0 req-b47ae5e1-f007-4636-a8b2-4aba924a5b21 service placement] Successfully deleted allocations [, , ] {{(pid=105247) delete_allocations /opt/stack/placement/placement/handlers/allocation.py:627}}
Jun 21 19:26:18.993389 n-d-847001-3 devstack@placement-api.service[105247]: INFO placement.requestlog [req-16510180-624a-436d-87ba-632b7f6f94b0 req-b47ae5e1-f007-4636-a8b2-4aba924a5b21 service placement] 10.222.0.94 "DELETE /placement/allocations/013b88b6-b326-43ff-ab34-0877a39c3006" status: 204 len: 0 microversion: 1.0
Jun 21 19:26:18.993762 n-d-847001-3 devstack@placement-api.service[105247]: [pid: 105247|app: 0|req: 198/392] 10.222.0.94 () {60 vars in 1355 bytes} [Tue Jun 21 19:26:18 2022] DELETE /placement/allocations/013b88b6-b326-43ff-ab34-0877a39c3006 => generated 0 bytes in 86 msecs (HTTP/1.1 204) 5 headers in 198 bytes (1 switches on core 0)
Jun 21 19:26:20.541387 n-d-847001-3 devstack@placement-api.service[105246]: DEBUG placement.requestlog [req-d52e9c4b-bc80-44c4-8554-e34540c3bd00 req-d0314ff7-7ce9-41eb-a3a7-d3981c9d65f9 None None] Starting request: 10.222.0.39 "DELETE /placement/allocations/aaf43d5a-1d9e-44b8-9abb-392fb2c1e07a" {{(pid=105246) __call__ /opt/stack/placement/placement/requestlog.py:55}}
Jun 21 19:26:20.549701 n-d-847001-3 devstack@placement-api.service[105246]: DEBUG dbcounter [-] [105246] Writing DB stats placement:SELECT=59,placement:DELETE=12 {{(pid=105246) stat_writer /usr/local/lib/python3.8/dist-packages/dbcounter.py:114}}
Jun 21 19:26:20.621323 n-d-847001-3 devstack@placement-api.service[105246]: DEBUG placement.handlers.allocation [req-d52e9c4b-bc80-44c4-8554-e34540c3bd00 req-d0314ff7-7ce9-41eb-a3a7-d3981c9d65f9 service placement] Successfully deleted allocations [, , ] {{(pid=105246) delete_allocations /opt/stack/placement/placement/handlers/allocation.py:627}}
Jun 21 19:26:20.622366 n-d-847001-3 devstack@placement-api.service[105246]: INFO placement.requestlog [req-d52e9c4b-bc80-44c4-8554-e34540c3bd00 req-d0314ff7-7ce9-41eb-a3a7-d3981c9d65f9 service placement] 10.222.0.39 "DELETE /placement/allocations/aaf43d5a-1d9e-44b8-9abb-392fb2c1e07a" status: 204 len: 0 microversion: 1.0
Jun 21 19:26:20.623543 n-d-847001-3 devstack@placement-api.service[105246]: [pid: 105246|app: 0|req: 195/393] 10.222.0.39 () {60 vars in 1355 bytes} [Tue Jun 21 19:26:20 2022] DELETE /placement/allocations/aaf43d5a-1d9e-44b8-9abb-392fb2c1e07a => generated 0 bytes in 82 msecs (HTTP/1.1 204) 5 headers in 198 bytes (1 switches on core 0)
Jun 21 19:26:26.069754 n-d-847001-3 devstack@placement-api.service[105247]: DEBUG placement.requestlog [req-c104f730-e12b-40dd-90c5-0ac97f293768 req-196a31dd-816d-4dc2-9744-3d78edc1733c None None] Starting request: 10.222.0.47 "GET /placement/allocation_candidates?limit=1000&resources=DISK_GB%3A1%2CMEMORY_MB%3A1024%2CVCPU%3A1&root_required=%21COMPUTE_STATUS_DISABLED" {{(pid=105247) __call__ /opt/stack/placement/placement/requestlog.py:55}}
Jun 21 19:26:26.077376 n-d-847001-3 devstack@placement-api.service[105247]: DEBUG dbcounter [-] [105247] Writing DB stats placement:UPDATE=2,placement:SELECT=39,placement:DELETE=11 {{(pid=105247) stat_writer /usr/local/lib/python3.8/dist-packages/dbcounter.py:114}}
Jun 21 19:26:26.130425 n-d-847001-3 devstack@placement-api.service[105247]: DEBUG placement.objects.research_context [req-c104f730-e12b-40dd-90c5-0ac97f293768 req-196a31dd-816d-4dc2-9744-3d78edc1733c service placement] getting providers with 1 DISK_GB {{(pid=105247) __init__ /opt/stack/placement/placement/objects/research_context.py:136}}
Jun 21 19:26:26.142156 n-d-847001-3 devstack@placement-api.service[105247]: DEBUG placement.objects.research_context [req-c104f730-e12b-40dd-90c5-0ac97f293768 req-196a31dd-816d-4dc2-9744-3d78edc1733c service placement] getting providers with 1024 MEMORY_MB {{(pid=105247) __init__ /opt/stack/placement/placement/objects/research_context.py:136}}
Jun 21 19:26:26.155305 n-d-847001-3 devstack@placement-api.service[105247]: DEBUG placement.objects.research_context [req-c104f730-e12b-40dd-90c5-0ac97f293768 req-196a31dd-816d-4dc2-9744-3d78edc1733c service placement] getting providers with 1 VCPU {{(pid=105247) __init__ /opt/stack/placement/placement/objects/research_context.py:136}}
Jun 21 19:26:26.161495 n-d-847001-3 devstack@placement-api.service[105246]: DEBUG placement.requestlog [None req-341caa6e-bc0f-4f3f-94d8-c8e63bc83007 None None] Starting request: 10.222.0.47 "GET /placement/" {{(pid=105246) __call__ /opt/stack/placement/placement/requestlog.py:55}}
Jun 21 19:26:26.163312 n-d-847001-3 devstack@placement-api.service[105247]: DEBUG placement.objects.research_context [req-c104f730-e12b-40dd-90c5-0ac97f293768 req-196a31dd-816d-4dc2-9744-3d78edc1733c service placement] found 2 providers with available 1 DISK_GB {{(pid=105247) get_provider_ids_matching /opt/stack/placement/placement/objects/research_context.py:563}}
Jun 21 19:26:26.163795 n-d-847001-3 devstack@placement-api.service[105247]: DEBUG placement.objects.research_context [req-c104f730-e12b-40dd-90c5-0ac97f293768 req-196a31dd-816d-4dc2-9744-3d78edc1733c service placement] found 2 providers with available 1024 MEMORY_MB {{(pid=105247) get_provider_ids_matching /opt/stack/placement/placement/objects/research_context.py:563}}
Jun 21 19:26:26.164237 n-d-847001-3 devstack@placement-api.service[105247]: DEBUG placement.objects.research_context [req-c104f730-e12b-40dd-90c5-0ac97f293768 req-196a31dd-816d-4dc2-9744-3d78edc1733c service placement] found 2 providers after filtering by previous result {{(pid=105247) get_provider_ids_matching /opt/stack/placement/placement/objects/research_context.py:594}}
Jun 21 19:26:26.164385 n-d-847001-3 devstack@placement-api.service[105246]: INFO placement.requestlog [None req-341caa6e-bc0f-4f3f-94d8-c8e63bc83007 None None] 10.222.0.47 "GET /placement/" status: 200 len: 136 microversion: 1.0
Jun 21 19:26:26.164805 n-d-847001-3 devstack@placement-api.service[105246]: [pid: 105246|app: 0|req: 196/394] 10.222.0.47 () {54 vars in 916 bytes} [Tue Jun 21 19:26:26 2022] GET /placement => generated 136 bytes in 4 msecs (HTTP/1.1 200) 6 headers in 224 bytes (2 switches on core 0)
Jun 21 19:26:26.165400 n-d-847001-3 devstack@placement-api.service[105247]: DEBUG placement.objects.research_context [req-c104f730-e12b-40dd-90c5-0ac97f293768 req-196a31dd-816d-4dc2-9744-3d78edc1733c service placement] found 2 providers with available 1 VCPU {{(pid=105247) get_provider_ids_matching /opt/stack/placement/placement/objects/research_context.py:563}}
Jun 21 19:26:26.165677 n-d-847001-3 devstack@placement-api.service[105247]: DEBUG placement.objects.research_context [req-c104f730-e12b-40dd-90c5-0ac97f293768 req-196a31dd-816d-4dc2-9744-3d78edc1733c service placement] found 2 providers after filtering by previous result {{(pid=105247) get_provider_ids_matching /opt/stack/placement/placement/objects/research_context.py:594}}
Jun 21 19:26:26.178258 n-d-847001-3 devstack@placement-api.service[105246]: DEBUG placement.requestlog [req-fea21ce1-373d-45d9-b752-f0605b45470a req-b904a9ab-058a-49e0-bc7f-1f7b51e292c9 None None] Starting request: 10.222.0.47 "GET /placement/allocations/936a87e9-007b-489e-96ee-ef94ca11f0be" {{(pid=105246) __call__ /opt/stack/placement/placement/requestlog.py:55}}
Jun 21 19:26:26.194177 n-d-847001-3 devstack@placement-api.service[105247]: DEBUG placement.objects.allocation_candidate [req-c104f730-e12b-40dd-90c5-0ac97f293768 req-196a31dd-816d-4dc2-9744-3d78edc1733c service placement] RequestGroup(use_same_provider=False, resources={DISK_GB:1, MEMORY_MB:1024, VCPU:1}, traits=(), aggregates=[]) (suffix '') returned 2 matches {{(pid=105247) _get_by_requests /opt/stack/placement/placement/objects/allocation_candidate.py:156}}
Jun 21 19:26:26.194798 n-d-847001-3 devstack@placement-api.service[105247]: DEBUG placement.objects.allocation_candidate [req-c104f730-e12b-40dd-90c5-0ac97f293768 req-196a31dd-816d-4dc2-9744-3d78edc1733c service placement] Merging candidates yields 2 allocation requests and 2 provider summaries {{(pid=105247) _merge_candidates /opt/stack/placement/placement/objects/allocation_candidate.py:809}}
Jun 21 19:26:26.197954 n-d-847001-3 devstack@placement-api.service[105247]: INFO placement.requestlog [req-c104f730-e12b-40dd-90c5-0ac97f293768 req-196a31dd-816d-4dc2-9744-3d78edc1733c service placement] 10.222.0.47 "GET /placement/allocation_candidates?limit=1000&resources=DISK_GB%3A1%2CMEMORY_MB%3A1024%2CVCPU%3A1&root_required=%21COMPUTE_STATUS_DISABLED" status: 200 len: 1309 microversion: 1.36
Jun 21 19:26:26.205909 n-d-847001-3 devstack@placement-api.service[105247]: [pid: 105247|app: 0|req: 199/395] 10.222.0.47 () {60 vars in 1506 bytes} [Tue Jun 21 19:26:26 2022] GET /placement/allocation_candidates?limit=1000&resources=DISK_GB%3A1%2CMEMORY_MB%3A1024%2CVCPU%3A1&root_required=%21COMPUTE_STATUS_DISABLED => generated 1309 bytes in 136 msecs (HTTP/1.1 200) 8 headers in 297 bytes (1 switches on core 0)
Jun 21 19:26:26.320412 n-d-847001-3 devstack@placement-api.service[105247]: DEBUG placement.requestlog [req-c104f730-e12b-40dd-90c5-0ac97f293768 req-7cc2c8e4-3f81-475a-8df0-5408e92c73d3 None None] Starting request: 10.222.0.47 "GET /placement/allocations/a9f96272-9561-4198-bcd5-c0a5f39b8ccf" {{(pid=105247) __call__ /opt/stack/placement/placement/requestlog.py:55}}
Jun 21 19:26:26.335012 n-d-847001-3 devstack@placement-api.service[105247]: INFO placement.requestlog [req-c104f730-e12b-40dd-90c5-0ac97f293768 req-7cc2c8e4-3f81-475a-8df0-5408e92c73d3 service placement] 10.222.0.47 "GET /placement/allocations/a9f96272-9561-4198-bcd5-c0a5f39b8ccf" status: 200 len: 19 microversion: 1.28
Jun 21 19:26:26.335656 n-d-847001-3 devstack@placement-api.service[105247]: [pid: 105247|app: 0|req: 200/396] 10.222.0.47 () {60 vars in 1380 bytes} [Tue Jun 21 19:26:26 2022] GET /placement/allocations/a9f96272-9561-4198-bcd5-c0a5f39b8ccf => generated 19 bytes in 16 msecs (HTTP/1.1 200) 8 headers in 295 bytes (1 switches on core 0)
Jun 21 19:26:26.343009 n-d-847001-3 devstack@placement-api.service[105247]: DEBUG placement.requestlog [req-c104f730-e12b-40dd-90c5-0ac97f293768 req-8505b69a-8734-4398-b1b8-c8d39874f99c None None] Starting request: 10.222.0.47 "PUT /placement/allocations/a9f96272-9561-4198-bcd5-c0a5f39b8ccf" {{(pid=105247) __call__ /opt/stack/placement/placement/requestlog.py:55}}
Jun 21 19:26:26.503470 n-d-847001-3 devstack@placement-api.service[105246]: INFO placement.requestlog [req-fea21ce1-373d-45d9-b752-f0605b45470a req-b904a9ab-058a-49e0-bc7f-1f7b51e292c9 service placement] 10.222.0.47 "GET /placement/allocations/936a87e9-007b-489e-96ee-ef94ca11f0be" status: 200 len: 259 microversion: 1.28
Jun 21 19:26:26.504313 n-d-847001-3 devstack@placement-api.service[105246]: [pid: 105246|app: 0|req: 197/397] 10.222.0.47 () {60 vars in 1380 bytes} [Tue Jun 21 19:26:26 2022] GET /placement/allocations/936a87e9-007b-489e-96ee-ef94ca11f0be => generated 259 bytes in 326 msecs (HTTP/1.1 200) 8 headers in 296 bytes (2 switches on core 0)
Jun 21 19:26:26.510059 n-d-847001-3 devstack@placement-api.service[105247]: DEBUG placement.handlers.allocation [req-c104f730-e12b-40dd-90c5-0ac97f293768 req-8505b69a-8734-4398-b1b8-c8d39874f99c service placement] Successfully wrote allocations [, , ] {{(pid=105247) _update_consumers_and_create_allocations /opt/stack/placement/placement/handlers/allocation.py:462}}
Jun 21 19:26:26.512234 n-d-847001-3 devstack@placement-api.service[105246]: DEBUG placement.requestlog [req-fea21ce1-373d-45d9-b752-f0605b45470a req-ce9b674e-a889-4905-b66c-c589a5096dc7 None None] Starting request: 10.222.0.47 "GET /placement/allocations/936a87e9-007b-489e-96ee-ef94ca11f0be" {{(pid=105246) __call__ /opt/stack/placement/placement/requestlog.py:55}}
Jun 21 19:26:26.531809 n-d-847001-3 devstack@placement-api.service[105247]: INFO placement.requestlog [req-c104f730-e12b-40dd-90c5-0ac97f293768 req-8505b69a-8734-4398-b1b8-c8d39874f99c service placement] 10.222.0.47 "PUT /placement/allocations/a9f96272-9561-4198-bcd5-c0a5f39b8ccf" status: 204 len: 0 microversion: 1.36
Jun 21 19:26:26.532906 n-d-847001-3 devstack@placement-api.service[105247]: [pid: 105247|app: 0|req: 201/398] 10.222.0.47 () {64 vars in 1433 bytes} [Tue Jun 21 19:26:26 2022] PUT /placement/allocations/a9f96272-9561-4198-bcd5-c0a5f39b8ccf => generated 0 bytes in 191 msecs (HTTP/1.1 204) 5 headers in 199 bytes (1 switches on core 0)
Jun 21 19:26:26.538646 n-d-847001-3 devstack@placement-api.service[105246]: INFO placement.requestlog [req-fea21ce1-373d-45d9-b752-f0605b45470a req-ce9b674e-a889-4905-b66c-c589a5096dc7 service placement] 10.222.0.47 "GET /placement/allocations/936a87e9-007b-489e-96ee-ef94ca11f0be" status: 200 len: 259 microversion: 1.28
Jun 21 19:26:26.539140 n-d-847001-3 devstack@placement-api.service[105246]: [pid: 105246|app: 0|req: 198/399] 10.222.0.47 () {60 vars in 1380 bytes} [Tue Jun 21 19:26:26 2022] GET /placement/allocations/936a87e9-007b-489e-96ee-ef94ca11f0be => generated 259 bytes in 28 msecs (HTTP/1.1 200) 8 headers in 296 bytes (1 switches on core 0)
Jun 21 19:26:26.545193 n-d-847001-3 devstack@placement-api.service[105247]: DEBUG placement.requestlog [req-fea21ce1-373d-45d9-b752-f0605b45470a req-f09e7246-3527-4d1b-8b4d-3b6696b49aa6 None None] Starting request: 10.222.0.47 "GET /placement/allocations/4528c168-0212-4823-9fa8-2a45166e87cf" {{(pid=105247) __call__ /opt/stack/placement/placement/requestlog.py:55}}
Jun 21 19:26:26.566766 n-d-847001-3 devstack@placement-api.service[105247]: INFO placement.requestlog [req-fea21ce1-373d-45d9-b752-f0605b45470a req-f09e7246-3527-4d1b-8b4d-3b6696b49aa6 service placement] 10.222.0.47 "GET /placement/allocations/4528c168-0212-4823-9fa8-2a45166e87cf" status: 200 len: 19 microversion: 1.28
Jun 21 19:26:26.567959 n-d-847001-3 devstack@placement-api.service[105247]: [pid: 105247|app: 0|req: 202/400] 10.222.0.47 () {60 vars in 1380 bytes} [Tue Jun 21 19:26:26 2022] GET /placement/allocations/4528c168-0212-4823-9fa8-2a45166e87cf => generated 19 bytes in 23 msecs (HTTP/1.1 200) 8 headers in 295 bytes (1 switches on core 0)
Jun 21 19:26:26.573755 n-d-847001-3 devstack@placement-api.service[105246]: DEBUG placement.requestlog [req-fea21ce1-373d-45d9-b752-f0605b45470a req-ed5cdf91-211e-4da4-ad63-508dd13e3135 None None] Starting request: 10.222.0.47 "POST /placement/allocations" {{(pid=105246) __call__ /opt/stack/placement/placement/requestlog.py:55}}
Jun 21 19:26:26.792827 n-d-847001-3 devstack@placement-api.service[105246]: DEBUG placement.handlers.allocation [req-fea21ce1-373d-45d9-b752-f0605b45470a req-ed5cdf91-211e-4da4-ad63-508dd13e3135 service placement] Successfully wrote allocations [, , , , , ] {{(pid=105246) _update_consumers_and_create_allocations /opt/stack/placement/placement/handlers/allocation.py:572}}
Jun 21 19:26:26.803933 n-d-847001-3 devstack@placement-api.service[105246]: INFO placement.requestlog [req-fea21ce1-373d-45d9-b752-f0605b45470a req-ed5cdf91-211e-4da4-ad63-508dd13e3135 service placement] 10.222.0.47 "POST /placement/allocations" status: 204 len: 0 microversion: 1.28
Jun 21 19:26:26.807303 n-d-847001-3 devstack@placement-api.service[105246]: [pid: 105246|app: 0|req: 199/401] 10.222.0.47 () {64 vars in 1323 bytes} [Tue Jun 21 19:26:26 2022] POST /placement/allocations => generated 0 bytes in 231 msecs (HTTP/1.1 204) 5 headers in 199 bytes (1 switches on core 0)
Jun 21 19:26:26.869850 n-d-847001-3 devstack@placement-api.service[105247]: DEBUG placement.requestlog [req-fea21ce1-373d-45d9-b752-f0605b45470a req-e90e1edf-3c96-4edb-a750-e0b88c4bf00f None None] Starting request: 10.222.0.47 "GET /placement/allocations/936a87e9-007b-489e-96ee-ef94ca11f0be" {{(pid=105247) __call__ /opt/stack/placement/placement/requestlog.py:55}}
Jun 21 19:26:27.072688 n-d-847001-3 devstack@placement-api.service[105246]: DEBUG placement.requestlog [req-c104f730-e12b-40dd-90c5-0ac97f293768 req-eb070e84-0720-4f0e-b003-a498a9a8e044 None None] Starting request: 10.222.0.39 "GET /placement/allocations/a9f96272-9561-4198-bcd5-c0a5f39b8ccf" {{(pid=105246) __call__ /opt/stack/placement/placement/requestlog.py:55}}
Jun 21 19:26:27.096719 n-d-847001-3 devstack@placement-api.service[105246]: INFO placement.requestlog [req-c104f730-e12b-40dd-90c5-0ac97f293768 req-eb070e84-0720-4f0e-b003-a498a9a8e044 service placement] 10.222.0.39 "GET /placement/allocations/a9f96272-9561-4198-bcd5-c0a5f39b8ccf" status: 200 len: 259 microversion: 1.28
Jun 21 19:26:27.104584 n-d-847001-3 devstack@placement-api.service[105246]: [pid: 105246|app: 0|req: 200/402] 10.222.0.39 () {60 vars in 1377 bytes} [Tue Jun 21 19:26:27 2022] GET /placement/allocations/a9f96272-9561-4198-bcd5-c0a5f39b8ccf => generated 259 bytes in 32 msecs (HTTP/1.1 200) 8 headers in 296 bytes (2 switches on core 0)
Jun 21 19:26:27.156661 n-d-847001-3 devstack@placement-api.service[105247]: INFO placement.requestlog [req-fea21ce1-373d-45d9-b752-f0605b45470a req-e90e1edf-3c96-4edb-a750-e0b88c4bf00f service placement] 10.222.0.47 "GET /placement/allocations/936a87e9-007b-489e-96ee-ef94ca11f0be" status: 200 len: 19 microversion: 1.28
Jun 21 19:26:27.159737 n-d-847001-3 devstack@placement-api.service[105247]: [pid: 105247|app: 0|req: 203/403] 10.222.0.47 () {60 vars in 1380 bytes} [Tue Jun 21 19:26:26 2022] GET /placement/allocations/936a87e9-007b-489e-96ee-ef94ca11f0be => generated 19 bytes in 289 msecs (HTTP/1.1 200) 8 headers in 295 bytes (1 switches on core 0)
Jun 21 19:26:27.164858 n-d-847001-3 devstack@placement-api.service[105246]: DEBUG placement.requestlog [req-fea21ce1-373d-45d9-b752-f0605b45470a req-61e69c30-9e15-45dd-8900-8b5bd8af6766 None None] Starting request: 10.222.0.47 "PUT /placement/allocations/936a87e9-007b-489e-96ee-ef94ca11f0be" {{(pid=105246) __call__ /opt/stack/placement/placement/requestlog.py:55}}
Jun 21 19:26:27.245028 n-d-847001-3 devstack@placement-api.service[105246]: DEBUG placement.handlers.allocation [req-fea21ce1-373d-45d9-b752-f0605b45470a req-61e69c30-9e15-45dd-8900-8b5bd8af6766 service placement] Successfully wrote allocations [, , ] {{(pid=105246) _update_consumers_and_create_allocations /opt/stack/placement/placement/handlers/allocation.py:462}}
Jun 21 19:26:27.251525 n-d-847001-3 devstack@placement-api.service[105246]: INFO placement.requestlog [req-fea21ce1-373d-45d9-b752-f0605b45470a req-61e69c30-9e15-45dd-8900-8b5bd8af6766 service placement] 10.222.0.47 "PUT /placement/allocations/936a87e9-007b-489e-96ee-ef94ca11f0be" status: 204 len: 0 microversion: 1.28
Jun 21 19:26:27.252653 n-d-847001-3 devstack@placement-api.service[105246]: [pid: 105246|app: 0|req: 201/404] 10.222.0.47 () {64 vars in 1433 bytes} [Tue Jun 21 19:26:27 2022] PUT /placement/allocations/936a87e9-007b-489e-96ee-ef94ca11f0be => generated 0 bytes in 88 msecs (HTTP/1.1 204) 5 headers in 199 bytes (2 switches on core 0)
