Jun 21 14:06:19.146274 n-d-846470-3 devstack@placement-api.service[111890]: DEBUG placement.requestlog [req-88aa9fe0-1b81-4ded-b53b-331c9fadbac0 req-7478a31d-a29c-43a8-aa28-4d3f44cea19d None None] Starting request: 10.222.0.73 "GET /placement/allocations/8fe8f3d9-4eb7-4a78-8545-8967074e57f7" {{(pid=111890) __call__ /opt/stack/placement/placement/requestlog.py:55}}
Jun 21 14:06:19.185700 n-d-846470-3 devstack@placement-api.service[111890]: INFO placement.requestlog [req-88aa9fe0-1b81-4ded-b53b-331c9fadbac0 req-7478a31d-a29c-43a8-aa28-4d3f44cea19d service placement] 10.222.0.73 "GET /placement/allocations/8fe8f3d9-4eb7-4a78-8545-8967074e57f7" status: 200 len: 259 microversion: 1.28
Jun 21 14:06:19.186614 n-d-846470-3 devstack@placement-api.service[111890]: [pid: 111890|app: 0|req: 660/1314] 10.222.0.73 () {60 vars in 1377 bytes} [Tue Jun 21 14:06:19 2022] GET /placement/allocations/8fe8f3d9-4eb7-4a78-8545-8967074e57f7 => generated 259 bytes in 41 msecs (HTTP/1.1 200) 8 headers in 296 bytes (1 switches on core 0)
Jun 21 14:06:19.193616 n-d-846470-3 devstack@placement-api.service[111891]: DEBUG placement.requestlog [req-88aa9fe0-1b81-4ded-b53b-331c9fadbac0 req-4e3a63f0-432f-498b-a7e1-8e1904d095d0 None None] Starting request: 10.222.0.73 "GET /placement/allocations/36d491d7-ef4c-4d55-968c-2251f6ef7515" {{(pid=111891) __call__ /opt/stack/placement/placement/requestlog.py:55}}
Jun 21 14:06:19.212495 n-d-846470-3 devstack@placement-api.service[111891]: INFO placement.requestlog [req-88aa9fe0-1b81-4ded-b53b-331c9fadbac0 req-4e3a63f0-432f-498b-a7e1-8e1904d095d0 service placement] 10.222.0.73 "GET /placement/allocations/36d491d7-ef4c-4d55-968c-2251f6ef7515" status: 200 len: 259 microversion: 1.28
Jun 21 14:06:19.213624 n-d-846470-3 devstack@placement-api.service[111891]: [pid: 111891|app: 0|req: 655/1315] 10.222.0.73 () {60 vars in 1377 bytes} [Tue Jun 21 14:06:19 2022] GET /placement/allocations/36d491d7-ef4c-4d55-968c-2251f6ef7515 => generated 259 bytes in 20 msecs (HTTP/1.1 200) 8 headers in 296 bytes (1 switches on core 0)
Jun 21 14:06:19.222524 n-d-846470-3 devstack@placement-api.service[111890]: DEBUG placement.requestlog [req-88aa9fe0-1b81-4ded-b53b-331c9fadbac0 req-caf8a70f-9e6f-41e0-a40d-f472cfaa21d5 None None] Starting request: 10.222.0.73 "GET /placement/allocations/7db0aff7-4138-482f-a21c-c8ce3ae6996b" {{(pid=111890) __call__ /opt/stack/placement/placement/requestlog.py:55}}
Jun 21 14:06:19.252579 n-d-846470-3 devstack@placement-api.service[111890]: INFO placement.requestlog [req-88aa9fe0-1b81-4ded-b53b-331c9fadbac0 req-caf8a70f-9e6f-41e0-a40d-f472cfaa21d5 service placement] 10.222.0.73 "GET /placement/allocations/7db0aff7-4138-482f-a21c-c8ce3ae6996b" status: 200 len: 259 microversion: 1.28
Jun 21 14:06:19.253217 n-d-846470-3 devstack@placement-api.service[111890]: [pid: 111890|app: 0|req: 661/1316] 10.222.0.73 () {60 vars in 1377 bytes} [Tue Jun 21 14:06:19 2022] GET /placement/allocations/7db0aff7-4138-482f-a21c-c8ce3ae6996b => generated 259 bytes in 31 msecs (HTTP/1.1 200) 8 headers in 296 bytes (1 switches on core 0)
Jun 21 14:06:19.261539 n-d-846470-3 devstack@placement-api.service[111891]: DEBUG placement.requestlog [req-88aa9fe0-1b81-4ded-b53b-331c9fadbac0 req-05bf3b56-6a45-494b-abca-bef4092a95a3 None None] Starting request: 10.222.0.73 "GET /placement/allocations/0f81672b-a420-4fa5-96c1-730971bb0b2a" {{(pid=111891) __call__ /opt/stack/placement/placement/requestlog.py:55}}
Jun 21 14:06:19.306567 n-d-846470-3 devstack@placement-api.service[111891]: INFO placement.requestlog [req-88aa9fe0-1b81-4ded-b53b-331c9fadbac0 req-05bf3b56-6a45-494b-abca-bef4092a95a3 service placement] 10.222.0.73 "GET /placement/allocations/0f81672b-a420-4fa5-96c1-730971bb0b2a" status: 200 len: 259 microversion: 1.28
Jun 21 14:06:19.308530 n-d-846470-3 devstack@placement-api.service[111891]: [pid: 111891|app: 0|req: 656/1317] 10.222.0.73 () {60 vars in 1377 bytes} [Tue Jun 21 14:06:19 2022] GET /placement/allocations/0f81672b-a420-4fa5-96c1-730971bb0b2a => generated 259 bytes in 47 msecs (HTTP/1.1 200) 8 headers in 296 bytes (1 switches on core 0)
Jun 21 14:06:19.315081 n-d-846470-3 devstack@placement-api.service[111890]: DEBUG placement.requestlog [req-88aa9fe0-1b81-4ded-b53b-331c9fadbac0 req-f14d5306-dd01-4bb6-ad39-e00c936c57e6 None None] Starting request: 10.222.0.73 "GET /placement/allocations/8050a6fa-3f77-4efd-89a8-9b1e5f303d62" {{(pid=111890) __call__ /opt/stack/placement/placement/requestlog.py:55}}
Jun 21 14:06:19.337031 n-d-846470-3 devstack@placement-api.service[111890]: INFO placement.requestlog [req-88aa9fe0-1b81-4ded-b53b-331c9fadbac0 req-f14d5306-dd01-4bb6-ad39-e00c936c57e6 service placement] 10.222.0.73 "GET /placement/allocations/8050a6fa-3f77-4efd-89a8-9b1e5f303d62" status: 200 len: 259 microversion: 1.28
Jun 21 14:06:19.337818 n-d-846470-3 devstack@placement-api.service[111890]: [pid: 111890|app: 0|req: 662/1318] 10.222.0.73 () {60 vars in 1377 bytes} [Tue Jun 21 14:06:19 2022] GET /placement/allocations/8050a6fa-3f77-4efd-89a8-9b1e5f303d62 => generated 259 bytes in 23 msecs (HTTP/1.1 200) 8 headers in 296 bytes (2 switches on core 0)
Jun 21 14:06:22.811185 n-d-846470-3 devstack@placement-api.service[111891]: DEBUG placement.requestlog [None req-6e497033-417c-442c-854b-f68679b8adf1 None None] Starting request: 10.222.0.72 "GET /placement/resource_providers/3d0902fd-4529-4ea8-a4e0-6158cc8e46fb/aggregates" {{(pid=111891) __call__ /opt/stack/placement/placement/requestlog.py:55}}
Jun 21 14:06:23.038024 n-d-846470-3 devstack@placement-api.service[111891]: INFO placement.requestlog [None req-6e497033-417c-442c-854b-f68679b8adf1 service placement] 10.222.0.72 "GET /placement/resource_providers/3d0902fd-4529-4ea8-a4e0-6158cc8e46fb/aggregates" status: 404 len: 235 microversion: 1.1
Jun 21 14:06:23.038697 n-d-846470-3 devstack@placement-api.service[111891]: [pid: 111891|app: 0|req: 657/1319] 10.222.0.72 () {58 vars in 1362 bytes} [Tue Jun 21 14:06:22 2022] GET /placement/resource_providers/3d0902fd-4529-4ea8-a4e0-6158cc8e46fb/aggregates => generated 235 bytes in 228 msecs (HTTP/1.1 404) 5 headers in 202 bytes (1 switches on core 0)
Jun 21 14:06:23.059998 n-d-846470-3 devstack@placement-api.service[111890]: DEBUG placement.requestlog [None req-6f603fc2-0572-4b30-aa0c-138d3e4b210c None None] Starting request: 10.222.0.72 "DELETE /placement/resource_providers/3d0902fd-4529-4ea8-a4e0-6158cc8e46fb" {{(pid=111890) __call__ /opt/stack/placement/placement/requestlog.py:55}}
Jun 21 14:06:23.072724 n-d-846470-3 devstack@placement-api.service[111890]: DEBUG placement.wsgi_wrapper [None req-6f603fc2-0572-4b30-aa0c-138d3e4b210c service placement] Placement API returning an error response: No resource provider with uuid 3d0902fd-4529-4ea8-a4e0-6158cc8e46fb found for delete {{(pid=111890) call_func /opt/stack/placement/placement/wsgi_wrapper.py:31}}
Jun 21 14:06:23.073560 n-d-846470-3 devstack@placement-api.service[111890]: INFO placement.requestlog [None req-6f603fc2-0572-4b30-aa0c-138d3e4b210c service placement] 10.222.0.72 "DELETE /placement/resource_providers/3d0902fd-4529-4ea8-a4e0-6158cc8e46fb" status: 404 len: 246 microversion: 1.1
Jun 21 14:06:23.074222 n-d-846470-3 devstack@placement-api.service[111890]: [pid: 111890|app: 0|req: 663/1320] 10.222.0.72 () {60 vars in 1351 bytes} [Tue Jun 21 14:06:23 2022] DELETE /placement/resource_providers/3d0902fd-4529-4ea8-a4e0-6158cc8e46fb => generated 246 bytes in 14 msecs (HTTP/1.1 404) 6 headers in 231 bytes (1 switches on core 0)
Jun 21 14:06:28.498681 n-d-846470-3 devstack@placement-api.service[111891]: DEBUG placement.requestlog [req-675a0efb-f41b-4639-b6b8-f97b2f8d5259 req-1fbef679-4f4a-4ecb-9d15-1c051c64af59 None None] Starting request: 10.222.0.73 "GET /placement/resource_providers/33a85862-7484-4440-948c-6d776055020c/allocations" {{(pid=111891) __call__ /opt/stack/placement/placement/requestlog.py:55}}
Jun 21 14:06:28.547429 n-d-846470-3 devstack@placement-api.service[111891]: INFO placement.requestlog [req-675a0efb-f41b-4639-b6b8-f97b2f8d5259 req-1fbef679-4f4a-4ecb-9d15-1c051c64af59 service placement] 10.222.0.73 "GET /placement/resource_providers/33a85862-7484-4440-948c-6d776055020c/allocations" status: 200 len: 659 microversion: 1.0
Jun 21 14:06:28.548750 n-d-846470-3 devstack@placement-api.service[111891]: [pid: 111891|app: 0|req: 658/1321] 10.222.0.73 () {58 vars in 1390 bytes} [Tue Jun 21 14:06:28 2022] GET /placement/resource_providers/33a85862-7484-4440-948c-6d776055020c/allocations => generated 659 bytes in 50 msecs (HTTP/1.1 200) 6 headers in 224 bytes (1 switches on core 0)
Jun 21 14:06:28.559632 n-d-846470-3 devstack@placement-api.service[111890]: DEBUG placement.requestlog [req-675a0efb-f41b-4639-b6b8-f97b2f8d5259 req-a2003a30-2e36-47cb-972d-8ad8d5de59c2 None None] Starting request: 10.222.0.73 "GET /placement/allocations/4ce55cd5-97de-4cc4-bfff-a21022b4ad9c" {{(pid=111890) __call__ /opt/stack/placement/placement/requestlog.py:55}}
Jun 21 14:06:28.600539 n-d-846470-3 devstack@placement-api.service[111890]: INFO placement.requestlog [req-675a0efb-f41b-4639-b6b8-f97b2f8d5259 req-a2003a30-2e36-47cb-972d-8ad8d5de59c2 service placement] 10.222.0.73 "GET /placement/allocations/4ce55cd5-97de-4cc4-bfff-a21022b4ad9c" status: 200 len: 259 microversion: 1.28
Jun 21 14:06:28.601088 n-d-846470-3 devstack@placement-api.service[111890]: [pid: 111890|app: 0|req: 664/1322] 10.222.0.73 () {60 vars in 1377 bytes} [Tue Jun 21 14:06:28 2022] GET /placement/allocations/4ce55cd5-97de-4cc4-bfff-a21022b4ad9c => generated 259 bytes in 42 msecs (HTTP/1.1 200) 8 headers in 296 bytes (1 switches on core 0)
Jun 21 14:06:28.611379 n-d-846470-3 devstack@placement-api.service[111891]: DEBUG placement.requestlog [req-675a0efb-f41b-4639-b6b8-f97b2f8d5259 req-0bd8c0a5-b167-4146-b734-5aa0d8432b7a None None] Starting request: 10.222.0.73 "GET /placement/allocations/8fe8f3d9-4eb7-4a78-8545-8967074e57f7" {{(pid=111891) __call__ /opt/stack/placement/placement/requestlog.py:55}}
Jun 21 14:06:28.637988 n-d-846470-3 devstack@placement-api.service[111891]: INFO placement.requestlog [req-675a0efb-f41b-4639-b6b8-f97b2f8d5259 req-0bd8c0a5-b167-4146-b734-5aa0d8432b7a service placement] 10.222.0.73 "GET /placement/allocations/8fe8f3d9-4eb7-4a78-8545-8967074e57f7" status: 200 len: 259 microversion: 1.28
Jun 21 14:06:28.648006 n-d-846470-3 devstack@placement-api.service[111890]: DEBUG placement.requestlog [req-675a0efb-f41b-4639-b6b8-f97b2f8d5259 req-e61be7ab-4d67-4422-89a4-e98dcf6eeef0 None None] Starting request: 10.222.0.73 "GET /placement/allocations/36d491d7-ef4c-4d55-968c-2251f6ef7515" {{(pid=111890) __call__ /opt/stack/placement/placement/requestlog.py:55}}
Jun 21 14:06:28.666151 n-d-846470-3 devstack@placement-api.service[111891]: [pid: 111891|app: 0|req: 659/1323] 10.222.0.73 () {60 vars in 1377 bytes} [Tue Jun 21 14:06:28 2022] GET /placement/allocations/8fe8f3d9-4eb7-4a78-8545-8967074e57f7 => generated 259 bytes in 55 msecs (HTTP/1.1 200) 8 headers in 296 bytes (1 switches on core 0)
Jun 21 14:06:28.678192 n-d-846470-3 devstack@placement-api.service[111890]: INFO placement.requestlog [req-675a0efb-f41b-4639-b6b8-f97b2f8d5259 req-e61be7ab-4d67-4422-89a4-e98dcf6eeef0 service placement] 10.222.0.73 "GET /placement/allocations/36d491d7-ef4c-4d55-968c-2251f6ef7515" status: 200 len: 259 microversion: 1.28
Jun 21 14:06:28.680065 n-d-846470-3 devstack@placement-api.service[111890]: [pid: 111890|app: 0|req: 665/1324] 10.222.0.73 () {60 vars in 1377 bytes} [Tue Jun 21 14:06:28 2022] GET /placement/allocations/36d491d7-ef4c-4d55-968c-2251f6ef7515 => generated 259 bytes in 32 msecs (HTTP/1.1 200) 8 headers in 296 bytes (1 switches on core 0)
Jun 21 14:06:28.687428 n-d-846470-3 devstack@placement-api.service[111891]: DEBUG placement.requestlog [req-675a0efb-f41b-4639-b6b8-f97b2f8d5259 req-3fff34b6-bee1-4060-ba2d-4a75c4810966 None None] Starting request: 10.222.0.73 "GET /placement/allocations/7db0aff7-4138-482f-a21c-c8ce3ae6996b" {{(pid=111891) __call__ /opt/stack/placement/placement/requestlog.py:55}}
Jun 21 14:06:28.720909 n-d-846470-3 devstack@placement-api.service[111891]: INFO placement.requestlog [req-675a0efb-f41b-4639-b6b8-f97b2f8d5259 req-3fff34b6-bee1-4060-ba2d-4a75c4810966 service placement] 10.222.0.73 "GET /placement/allocations/7db0aff7-4138-482f-a21c-c8ce3ae6996b" status: 200 len: 259 microversion: 1.28
Jun 21 14:06:28.722223 n-d-846470-3 devstack@placement-api.service[111891]: [pid: 111891|app: 0|req: 660/1325] 10.222.0.73 () {60 vars in 1377 bytes} [Tue Jun 21 14:06:28 2022] GET /placement/allocations/7db0aff7-4138-482f-a21c-c8ce3ae6996b => generated 259 bytes in 36 msecs (HTTP/1.1 200) 8 headers in 296 bytes (1 switches on core 0)
Jun 21 14:06:28.729712 n-d-846470-3 devstack@placement-api.service[111890]: DEBUG placement.requestlog [req-675a0efb-f41b-4639-b6b8-f97b2f8d5259 req-916eec42-6cb1-4e45-8df3-f36ef0edc322 None None] Starting request: 10.222.0.73 "GET /placement/allocations/0f81672b-a420-4fa5-96c1-730971bb0b2a" {{(pid=111890) __call__ /opt/stack/placement/placement/requestlog.py:55}}
Jun 21 14:06:28.761114 n-d-846470-3 devstack@placement-api.service[111890]: INFO placement.requestlog [req-675a0efb-f41b-4639-b6b8-f97b2f8d5259 req-916eec42-6cb1-4e45-8df3-f36ef0edc322 service placement] 10.222.0.73 "GET /placement/allocations/0f81672b-a420-4fa5-96c1-730971bb0b2a" status: 200 len: 259 microversion: 1.28
Jun 21 14:06:28.761114 n-d-846470-3 devstack@placement-api.service[111890]: [pid: 111890|app: 0|req: 666/1326] 10.222.0.73 () {60 vars in 1377 bytes} [Tue Jun 21 14:06:28 2022] GET /placement/allocations/0f81672b-a420-4fa5-96c1-730971bb0b2a => generated 259 bytes in 30 msecs (HTTP/1.1 200) 8 headers in 296 bytes (1 switches on core 0)
Jun 21 14:06:28.767792 n-d-846470-3 devstack@placement-api.service[111891]: DEBUG placement.requestlog [req-675a0efb-f41b-4639-b6b8-f97b2f8d5259 req-0f986ef3-86b8-42d2-82ad-159dd9b2c20d None None] Starting request: 10.222.0.73 "GET /placement/allocations/8050a6fa-3f77-4efd-89a8-9b1e5f303d62" {{(pid=111891) __call__ /opt/stack/placement/placement/requestlog.py:55}}
Jun 21 14:06:28.800502 n-d-846470-3 devstack@placement-api.service[111891]: INFO placement.requestlog [req-675a0efb-f41b-4639-b6b8-f97b2f8d5259 req-0f986ef3-86b8-42d2-82ad-159dd9b2c20d service placement] 10.222.0.73 "GET /placement/allocations/8050a6fa-3f77-4efd-89a8-9b1e5f303d62" status: 200 len: 259 microversion: 1.28
Jun 21 14:06:28.801710 n-d-846470-3 devstack@placement-api.service[111891]: [pid: 111891|app: 0|req: 661/1327] 10.222.0.73 () {60 vars in 1377 bytes} [Tue Jun 21 14:06:28 2022] GET /placement/allocations/8050a6fa-3f77-4efd-89a8-9b1e5f303d62 => generated 259 bytes in 34 msecs (HTTP/1.1 200) 8 headers in 296 bytes (1 switches on core 0)
Jun 21 14:06:28.804032 n-d-846470-3 devstack@placement-api.service[111890]: DEBUG placement.requestlog [None req-9333d775-c284-4c4d-bbd9-433d96e0bba7 None None] Starting request: 10.222.0.72 "GET /placement/resource_providers/df48d93a-67e3-49d8-b43a-5225df72a7dc/aggregates" {{(pid=111890) __call__ /opt/stack/placement/placement/requestlog.py:55}}
Jun 21 14:06:28.817363 n-d-846470-3 devstack@placement-api.service[111891]: DEBUG placement.requestlog [req-675a0efb-f41b-4639-b6b8-f97b2f8d5259 req-11b3502d-ce2b-4ac1-824f-3dd15372d3b4 None None] Starting request: 10.222.0.73 "DELETE /placement/allocations/0f81672b-a420-4fa5-96c1-730971bb0b2a" {{(pid=111891) __call__ /opt/stack/placement/placement/requestlog.py:55}}
Jun 21 14:06:28.830541 n-d-846470-3 devstack@placement-api.service[111890]: INFO placement.requestlog [None req-9333d775-c284-4c4d-bbd9-433d96e0bba7 service placement] 10.222.0.72 "GET /placement/resource_providers/df48d93a-67e3-49d8-b43a-5225df72a7dc/aggregates" status: 404 len: 235 microversion: 1.1
Jun 21 14:06:28.835372 n-d-846470-3 devstack@placement-api.service[111890]: [pid: 111890|app: 0|req: 667/1328] 10.222.0.72 () {58 vars in 1362 bytes} [Tue Jun 21 14:06:28 2022] GET /placement/resource_providers/df48d93a-67e3-49d8-b43a-5225df72a7dc/aggregates => generated 235 bytes in 29 msecs (HTTP/1.1 404) 5 headers in 202 bytes (2 switches on core 0)
Jun 21 14:06:28.863630 n-d-846470-3 devstack@placement-api.service[111890]: DEBUG placement.requestlog [None req-cf4932f9-a9ce-4f55-826c-9f9c9ae32af1 None None] Starting request: 10.222.0.72 "DELETE /placement/resource_providers/df48d93a-67e3-49d8-b43a-5225df72a7dc" {{(pid=111890) __call__ /opt/stack/placement/placement/requestlog.py:55}}
Jun 21 14:06:28.882831 n-d-846470-3 devstack@placement-api.service[111890]: DEBUG placement.wsgi_wrapper [None req-cf4932f9-a9ce-4f55-826c-9f9c9ae32af1 service placement] Placement API returning an error response: No resource provider with uuid df48d93a-67e3-49d8-b43a-5225df72a7dc found for delete {{(pid=111890) call_func /opt/stack/placement/placement/wsgi_wrapper.py:31}}
Jun 21 14:06:28.884732 n-d-846470-3 devstack@placement-api.service[111890]: INFO placement.requestlog [None req-cf4932f9-a9ce-4f55-826c-9f9c9ae32af1 service placement] 10.222.0.72 "DELETE /placement/resource_providers/df48d93a-67e3-49d8-b43a-5225df72a7dc" status: 404 len: 246 microversion: 1.1
Jun 21 14:06:28.886021 n-d-846470-3 devstack@placement-api.service[111890]: [pid: 111890|app: 0|req: 668/1329] 10.222.0.72 () {60 vars in 1351 bytes} [Tue Jun 21 14:06:28 2022] DELETE /placement/resource_providers/df48d93a-67e3-49d8-b43a-5225df72a7dc => generated 246 bytes in 22 msecs (HTTP/1.1 404) 6 headers in 231 bytes (1 switches on core 0)
Jun 21 14:06:29.035267 n-d-846470-3 devstack@placement-api.service[111890]: DEBUG placement.requestlog [req-64a50a4f-f2e0-4d4e-982b-531a34f8d50c req-91fec583-433a-46f3-adcf-66bedca004f8 None None] Starting request: 10.222.0.88 "GET /placement/resource_providers/0abeb95b-0b3a-41b6-86ef-1cb82335437f/allocations" {{(pid=111890) __call__ /opt/stack/placement/placement/requestlog.py:55}}
Jun 21 14:06:29.070186 n-d-846470-3 devstack@placement-api.service[111891]: DEBUG placement.handlers.allocation [req-675a0efb-f41b-4639-b6b8-f97b2f8d5259 req-11b3502d-ce2b-4ac1-824f-3dd15372d3b4 service placement] Successfully deleted allocations [, , ] {{(pid=111891) delete_allocations /opt/stack/placement/placement/handlers/allocation.py:627}}
Jun 21 14:06:29.070680 n-d-846470-3 devstack@placement-api.service[111891]: INFO placement.requestlog [req-675a0efb-f41b-4639-b6b8-f97b2f8d5259 req-11b3502d-ce2b-4ac1-824f-3dd15372d3b4 service placement] 10.222.0.73 "DELETE /placement/allocations/0f81672b-a420-4fa5-96c1-730971bb0b2a" status: 204 len: 0 microversion: 1.0
Jun 21 14:06:29.071383 n-d-846470-3 devstack@placement-api.service[111891]: [pid: 111891|app: 0|req: 662/1330] 10.222.0.73 () {60 vars in 1355 bytes} [Tue Jun 21 14:06:28 2022] DELETE /placement/allocations/0f81672b-a420-4fa5-96c1-730971bb0b2a => generated 0 bytes in 256 msecs (HTTP/1.1 204) 5 headers in 198 bytes (1 switches on core 0)
Jun 21 14:06:29.107967 n-d-846470-3 devstack@placement-api.service[111890]: INFO placement.requestlog [req-64a50a4f-f2e0-4d4e-982b-531a34f8d50c req-91fec583-433a-46f3-adcf-66bedca004f8 service placement] 10.222.0.88 "GET /placement/resource_providers/0abeb95b-0b3a-41b6-86ef-1cb82335437f/allocations" status: 200 len: 457 microversion: 1.0
Jun 21 14:06:29.108328 n-d-846470-3 devstack@placement-api.service[111890]: [pid: 111890|app: 0|req: 669/1331] 10.222.0.88 () {58 vars in 1390 bytes} [Tue Jun 21 14:06:29 2022] GET /placement/resource_providers/0abeb95b-0b3a-41b6-86ef-1cb82335437f/allocations => generated 457 bytes in 75 msecs (HTTP/1.1 200) 6 headers in 224 bytes (1 switches on core 0)
Jun 21 14:06:29.117692 n-d-846470-3 devstack@placement-api.service[111891]: DEBUG placement.requestlog [req-64a50a4f-f2e0-4d4e-982b-531a34f8d50c req-b5449815-71b2-4118-9553-0043a0573acc None None] Starting request: 10.222.0.88 "GET /placement/allocations/02b58f94-a854-4ee6-b853-26623167ffad" {{(pid=111891) __call__ /opt/stack/placement/placement/requestlog.py:55}}
Jun 21 14:06:29.142823 n-d-846470-3 devstack@placement-api.service[111891]: DEBUG dbcounter [-] [111891] Writing DB stats placement:SELECT=96,placement:DELETE=4 {{(pid=111891) stat_writer /usr/local/lib/python3.8/dist-packages/dbcounter.py:114}}
Jun 21 14:06:29.146623 n-d-846470-3 devstack@placement-api.service[111891]: INFO placement.requestlog [req-64a50a4f-f2e0-4d4e-982b-531a34f8d50c req-b5449815-71b2-4118-9553-0043a0573acc service placement] 10.222.0.88 "GET /placement/allocations/02b58f94-a854-4ee6-b853-26623167ffad" status: 200 len: 259 microversion: 1.28
Jun 21 14:06:29.148102 n-d-846470-3 devstack@placement-api.service[111891]: [pid: 111891|app: 0|req: 663/1332] 10.222.0.88 () {60 vars in 1377 bytes} [Tue Jun 21 14:06:29 2022] GET /placement/allocations/02b58f94-a854-4ee6-b853-26623167ffad => generated 259 bytes in 31 msecs (HTTP/1.1 200) 8 headers in 296 bytes (1 switches on core 0)
Jun 21 14:06:29.157945 n-d-846470-3 devstack@placement-api.service[111890]: DEBUG placement.requestlog [req-64a50a4f-f2e0-4d4e-982b-531a34f8d50c req-a244eedf-ea6b-45bf-9897-677d3597a86f None None] Starting request: 10.222.0.88 "GET /placement/allocations/12b84462-7ecd-4009-b3a0-3ad54ba0ca08" {{(pid=111890) __call__ /opt/stack/placement/placement/requestlog.py:55}}
Jun 21 14:06:29.216739 n-d-846470-3 devstack@placement-api.service[111890]: INFO placement.requestlog [req-64a50a4f-f2e0-4d4e-982b-531a34f8d50c req-a244eedf-ea6b-45bf-9897-677d3597a86f service placement] 10.222.0.88 "GET /placement/allocations/12b84462-7ecd-4009-b3a0-3ad54ba0ca08" status: 200 len: 259 microversion: 1.28
Jun 21 14:06:29.221167 n-d-846470-3 devstack@placement-api.service[111890]: [pid: 111890|app: 0|req: 670/1333] 10.222.0.88 () {60 vars in 1377 bytes} [Tue Jun 21 14:06:29 2022] GET /placement/allocations/12b84462-7ecd-4009-b3a0-3ad54ba0ca08 => generated 259 bytes in 61 msecs (HTTP/1.1 200) 8 headers in 296 bytes (1 switches on core 0)
Jun 21 14:06:29.227020 n-d-846470-3 devstack@placement-api.service[111891]: DEBUG placement.requestlog [req-64a50a4f-f2e0-4d4e-982b-531a34f8d50c req-356e12d4-046c-4b48-abfa-ff6fa3cede0d None None] Starting request: 10.222.0.88 "GET /placement/allocations/fb14ec6d-f1de-48ef-a926-9c240a1e715b" {{(pid=111891) __call__ /opt/stack/placement/placement/requestlog.py:55}}
Jun 21 14:06:29.281575 n-d-846470-3 devstack@placement-api.service[111891]: INFO placement.requestlog [req-64a50a4f-f2e0-4d4e-982b-531a34f8d50c req-356e12d4-046c-4b48-abfa-ff6fa3cede0d service placement] 10.222.0.88 "GET /placement/allocations/fb14ec6d-f1de-48ef-a926-9c240a1e715b" status: 200 len: 259 microversion: 1.28
Jun 21 14:06:29.283046 n-d-846470-3 devstack@placement-api.service[111891]: [pid: 111891|app: 0|req: 664/1334] 10.222.0.88 () {60 vars in 1377 bytes} [Tue Jun 21 14:06:29 2022] GET /placement/allocations/fb14ec6d-f1de-48ef-a926-9c240a1e715b => generated 259 bytes in 56 msecs (HTTP/1.1 200) 8 headers in 296 bytes (1 switches on core 0)
Jun 21 14:06:29.291267 n-d-846470-3 devstack@placement-api.service[111890]: DEBUG placement.requestlog [req-64a50a4f-f2e0-4d4e-982b-531a34f8d50c req-38fb5372-67d3-412a-834b-57f5b221671d None None] Starting request: 10.222.0.88 "GET /placement/allocations/db22a450-a26d-48d7-9ad4-ee7c58798b00" {{(pid=111890) __call__ /opt/stack/placement/placement/requestlog.py:55}}
Jun 21 14:06:29.323722 n-d-846470-3 devstack@placement-api.service[111890]: INFO placement.requestlog [req-64a50a4f-f2e0-4d4e-982b-531a34f8d50c req-38fb5372-67d3-412a-834b-57f5b221671d service placement] 10.222.0.88 "GET /placement/allocations/db22a450-a26d-48d7-9ad4-ee7c58798b00" status: 200 len: 259 microversion: 1.28
Jun 21 14:06:29.325300 n-d-846470-3 devstack@placement-api.service[111890]: [pid: 111890|app: 0|req: 671/1335] 10.222.0.88 () {60 vars in 1377 bytes} [Tue Jun 21 14:06:29 2022] GET /placement/allocations/db22a450-a26d-48d7-9ad4-ee7c58798b00 => generated 259 bytes in 34 msecs (HTTP/1.1 200) 8 headers in 296 bytes (1 switches on core 0)
Jun 21 14:06:29.336571 n-d-846470-3 devstack@placement-api.service[111891]: DEBUG placement.requestlog [req-64a50a4f-f2e0-4d4e-982b-531a34f8d50c req-99b5887a-2330-443b-8461-2a5cde5c1d5d None None] Starting request: 10.222.0.88 "DELETE /placement/allocations/fb14ec6d-f1de-48ef-a926-9c240a1e715b" {{(pid=111891) __call__ /opt/stack/placement/placement/requestlog.py:55}}
Jun 21 14:06:29.542639 n-d-846470-3 devstack@placement-api.service[111891]: DEBUG placement.handlers.allocation [req-64a50a4f-f2e0-4d4e-982b-531a34f8d50c req-99b5887a-2330-443b-8461-2a5cde5c1d5d service placement] Successfully deleted allocations [, , ] {{(pid=111891) delete_allocations /opt/stack/placement/placement/handlers/allocation.py:627}}
Jun 21 14:06:29.543277 n-d-846470-3 devstack@placement-api.service[111891]: INFO placement.requestlog [req-64a50a4f-f2e0-4d4e-982b-531a34f8d50c req-99b5887a-2330-443b-8461-2a5cde5c1d5d service placement] 10.222.0.88 "DELETE /placement/allocations/fb14ec6d-f1de-48ef-a926-9c240a1e715b" status: 204 len: 0 microversion: 1.0
Jun 21 14:06:29.543945 n-d-846470-3 devstack@placement-api.service[111891]: [pid: 111891|app: 0|req: 665/1336] 10.222.0.88 () {60 vars in 1355 bytes} [Tue Jun 21 14:06:29 2022] DELETE /placement/allocations/fb14ec6d-f1de-48ef-a926-9c240a1e715b => generated 0 bytes in 208 msecs (HTTP/1.1 204) 5 headers in 198 bytes (1 switches on core 0)
Jun 21 14:06:37.596353 n-d-846470-3 devstack@placement-api.service[111890]: DEBUG placement.requestlog [req-a377bad7-f905-413e-b88a-cd09c31f9f4f req-ccebac78-7721-49f1-829a-578c9b11734a None None] Starting request: 10.222.0.72 "GET /placement/allocation_candidates?limit=1000&resources=DISK_GB%3A1%2CMEMORY_MB%3A1024%2CVCPU%3A1&root_required=%21COMPUTE_STATUS_DISABLED" {{(pid=111890) __call__ /opt/stack/placement/placement/requestlog.py:55}}
Jun 21 14:06:37.664016 n-d-846470-3 devstack@placement-api.service[111890]: DEBUG placement.objects.research_context [req-a377bad7-f905-413e-b88a-cd09c31f9f4f req-ccebac78-7721-49f1-829a-578c9b11734a service placement] getting providers with 1 DISK_GB {{(pid=111890) __init__ /opt/stack/placement/placement/objects/research_context.py:136}}
Jun 21 14:06:37.675503 n-d-846470-3 devstack@placement-api.service[111890]: DEBUG placement.objects.research_context [req-a377bad7-f905-413e-b88a-cd09c31f9f4f req-ccebac78-7721-49f1-829a-578c9b11734a service placement] getting providers with 1024 MEMORY_MB {{(pid=111890) __init__ /opt/stack/placement/placement/objects/research_context.py:136}}
Jun 21 14:06:37.685231 n-d-846470-3 devstack@placement-api.service[111890]: DEBUG placement.objects.research_context [req-a377bad7-f905-413e-b88a-cd09c31f9f4f req-ccebac78-7721-49f1-829a-578c9b11734a service placement] getting providers with 1 VCPU {{(pid=111890) __init__ /opt/stack/placement/placement/objects/research_context.py:136}}
Jun 21 14:06:37.694838 n-d-846470-3 devstack@placement-api.service[111890]: DEBUG placement.objects.research_context [req-a377bad7-f905-413e-b88a-cd09c31f9f4f req-ccebac78-7721-49f1-829a-578c9b11734a service placement] found 2 providers with available 1 DISK_GB {{(pid=111890) get_provider_ids_matching /opt/stack/placement/placement/objects/research_context.py:563}}
Jun 21 14:06:37.695299 n-d-846470-3 devstack@placement-api.service[111890]: DEBUG placement.objects.research_context [req-a377bad7-f905-413e-b88a-cd09c31f9f4f req-ccebac78-7721-49f1-829a-578c9b11734a service placement] found 2 providers with available 1024 MEMORY_MB {{(pid=111890) get_provider_ids_matching /opt/stack/placement/placement/objects/research_context.py:563}}
Jun 21 14:06:37.695699 n-d-846470-3 devstack@placement-api.service[111890]: DEBUG placement.objects.research_context [req-a377bad7-f905-413e-b88a-cd09c31f9f4f req-ccebac78-7721-49f1-829a-578c9b11734a service placement] found 2 providers after filtering by previous result {{(pid=111890) get_provider_ids_matching /opt/stack/placement/placement/objects/research_context.py:594}}
Jun 21 14:06:37.698088 n-d-846470-3 devstack@placement-api.service[111890]: DEBUG placement.objects.research_context [req-a377bad7-f905-413e-b88a-cd09c31f9f4f req-ccebac78-7721-49f1-829a-578c9b11734a service placement] found 2 providers with available 1 VCPU {{(pid=111890) get_provider_ids_matching /opt/stack/placement/placement/objects/research_context.py:563}}
Jun 21 14:06:37.700695 n-d-846470-3 devstack@placement-api.service[111890]: DEBUG placement.objects.research_context [req-a377bad7-f905-413e-b88a-cd09c31f9f4f req-ccebac78-7721-49f1-829a-578c9b11734a service placement] found 2 providers after filtering by previous result {{(pid=111890) get_provider_ids_matching /opt/stack/placement/placement/objects/research_context.py:594}}
Jun 21 14:06:37.729915 n-d-846470-3 devstack@placement-api.service[111890]: DEBUG placement.objects.allocation_candidate [req-a377bad7-f905-413e-b88a-cd09c31f9f4f req-ccebac78-7721-49f1-829a-578c9b11734a service placement] RequestGroup(use_same_provider=False, resources={DISK_GB:1, MEMORY_MB:1024, VCPU:1}, traits=(), aggregates=[]) (suffix '') returned 2 matches {{(pid=111890) _get_by_requests /opt/stack/placement/placement/objects/allocation_candidate.py:156}}
Jun 21 14:06:37.730361 n-d-846470-3 devstack@placement-api.service[111890]: DEBUG placement.objects.allocation_candidate [req-a377bad7-f905-413e-b88a-cd09c31f9f4f req-ccebac78-7721-49f1-829a-578c9b11734a service placement] Merging candidates yields 2 allocation requests and 2 provider summaries {{(pid=111890) _merge_candidates /opt/stack/placement/placement/objects/allocation_candidate.py:809}}
Jun 21 14:06:37.732057 n-d-846470-3 devstack@placement-api.service[111890]: INFO placement.requestlog [req-a377bad7-f905-413e-b88a-cd09c31f9f4f req-ccebac78-7721-49f1-829a-578c9b11734a service placement] 10.222.0.72 "GET /placement/allocation_candidates?limit=1000&resources=DISK_GB%3A1%2CMEMORY_MB%3A1024%2CVCPU%3A1&root_required=%21COMPUTE_STATUS_DISABLED" status: 200 len: 1309 microversion: 1.36
Jun 21 14:06:37.732766 n-d-846470-3 devstack@placement-api.service[111890]: [pid: 111890|app: 0|req: 672/1337] 10.222.0.72 () {60 vars in 1506 bytes} [Tue Jun 21 14:06:37 2022] GET /placement/allocation_candidates?limit=1000&resources=DISK_GB%3A1%2CMEMORY_MB%3A1024%2CVCPU%3A1&root_required=%21COMPUTE_STATUS_DISABLED => generated 1309 bytes in 137 msecs (HTTP/1.1 200) 8 headers in 297 bytes (1 switches on core 0)
Jun 21 14:06:37.935625 n-d-846470-3 devstack@placement-api.service[111891]: DEBUG placement.requestlog [req-a377bad7-f905-413e-b88a-cd09c31f9f4f req-2b229943-dd4c-441a-b7b2-857d88f3fbac None None] Starting request: 10.222.0.72 "GET /placement/allocations/84897787-fd73-4b4c-afb3-8c7c83711f7f" {{(pid=111891) __call__ /opt/stack/placement/placement/requestlog.py:55}}
Jun 21 14:06:37.950230 n-d-846470-3 devstack@placement-api.service[111891]: INFO placement.requestlog [req-a377bad7-f905-413e-b88a-cd09c31f9f4f req-2b229943-dd4c-441a-b7b2-857d88f3fbac service placement] 10.222.0.72 "GET /placement/allocations/84897787-fd73-4b4c-afb3-8c7c83711f7f" status: 200 len: 19 microversion: 1.28
Jun 21 14:06:37.956971 n-d-846470-3 devstack@placement-api.service[111891]: [pid: 111891|app: 0|req: 666/1338] 10.222.0.72 () {60 vars in 1380 bytes} [Tue Jun 21 14:06:37 2022] GET /placement/allocations/84897787-fd73-4b4c-afb3-8c7c83711f7f => generated 19 bytes in 21 msecs (HTTP/1.1 200) 8 headers in 295 bytes (1 switches on core 0)
Jun 21 14:06:37.962281 n-d-846470-3 devstack@placement-api.service[111890]: DEBUG placement.requestlog [req-a377bad7-f905-413e-b88a-cd09c31f9f4f req-10a8f539-3eda-4a62-8844-b4994f2d606d None None] Starting request: 10.222.0.72 "PUT /placement/allocations/84897787-fd73-4b4c-afb3-8c7c83711f7f" {{(pid=111890) __call__ /opt/stack/placement/placement/requestlog.py:55}}
Jun 21 14:06:38.190221 n-d-846470-3 devstack@placement-api.service[111890]: DEBUG placement.handlers.allocation [req-a377bad7-f905-413e-b88a-cd09c31f9f4f req-10a8f539-3eda-4a62-8844-b4994f2d606d service placement] Successfully wrote allocations [, , ] {{(pid=111890) _update_consumers_and_create_allocations /opt/stack/placement/placement/handlers/allocation.py:462}}
Jun 21 14:06:38.276088 n-d-846470-3 devstack@placement-api.service[111890]: INFO placement.requestlog [req-a377bad7-f905-413e-b88a-cd09c31f9f4f req-10a8f539-3eda-4a62-8844-b4994f2d606d service placement] 10.222.0.72 "PUT /placement/allocations/84897787-fd73-4b4c-afb3-8c7c83711f7f" status: 204 len: 0 microversion: 1.36
Jun 21 14:06:38.276088 n-d-846470-3 devstack@placement-api.service[111890]: [pid: 111890|app: 0|req: 673/1339] 10.222.0.72 () {64 vars in 1433 bytes} [Tue Jun 21 14:06:37 2022] PUT /placement/allocations/84897787-fd73-4b4c-afb3-8c7c83711f7f => generated 0 bytes in 310 msecs (HTTP/1.1 204) 5 headers in 199 bytes (1 switches on core 0)
Jun 21 14:06:39.955442 n-d-846470-3 devstack@placement-api.service[111891]: DEBUG placement.requestlog [req-a377bad7-f905-413e-b88a-cd09c31f9f4f req-1386b565-66bc-45a4-a3c5-6b82a8187e17 None None] Starting request: 10.222.0.88 "GET /placement/allocations/84897787-fd73-4b4c-afb3-8c7c83711f7f" {{(pid=111891) __call__ /opt/stack/placement/placement/requestlog.py:55}}
Jun 21 14:06:39.985928 n-d-846470-3 devstack@placement-api.service[111890]: DEBUG placement.requestlog [req-fa3b40e7-8d36-463c-8a3b-9e4fb1f78372 req-57b8d24a-afd8-4bed-adeb-cdaa4c073408 None None] Starting request: 10.222.0.88 "GET /placement/resource_providers/0abeb95b-0b3a-41b6-86ef-1cb82335437f/allocations" {{(pid=111890) __call__ /opt/stack/placement/placement/requestlog.py:55}}
Jun 21 14:06:40.011925 n-d-846470-3 devstack@placement-api.service[111891]: INFO placement.requestlog [req-a377bad7-f905-413e-b88a-cd09c31f9f4f req-1386b565-66bc-45a4-a3c5-6b82a8187e17 service placement] 10.222.0.88 "GET /placement/allocations/84897787-fd73-4b4c-afb3-8c7c83711f7f" status: 200 len: 259 microversion: 1.28
Jun 21 14:06:40.012296 n-d-846470-3 devstack@placement-api.service[111891]: [pid: 111891|app: 0|req: 667/1340] 10.222.0.88 () {60 vars in 1377 bytes} [Tue Jun 21 14:06:39 2022] GET /placement/allocations/84897787-fd73-4b4c-afb3-8c7c83711f7f => generated 259 bytes in 57 msecs (HTTP/1.1 200) 8 headers in 296 bytes (1 switches on core 0)
Jun 21 14:06:40.021930 n-d-846470-3 devstack@placement-api.service[111890]: INFO placement.requestlog [req-fa3b40e7-8d36-463c-8a3b-9e4fb1f78372 req-57b8d24a-afd8-4bed-adeb-cdaa4c073408 service placement] 10.222.0.88 "GET /placement/resource_providers/0abeb95b-0b3a-41b6-86ef-1cb82335437f/allocations" status: 200 len: 457 microversion: 1.0
Jun 21 14:06:40.022937 n-d-846470-3 devstack@placement-api.service[111890]: [pid: 111890|app: 0|req: 674/1341] 10.222.0.88 () {58 vars in 1390 bytes} [Tue Jun 21 14:06:39 2022] GET /placement/resource_providers/0abeb95b-0b3a-41b6-86ef-1cb82335437f/allocations => generated 457 bytes in 37 msecs (HTTP/1.1 200) 6 headers in 224 bytes (1 switches on core 0)
Jun 21 14:06:40.034231 n-d-846470-3 devstack@placement-api.service[111891]: DEBUG placement.requestlog [req-fa3b40e7-8d36-463c-8a3b-9e4fb1f78372 req-7f66511c-c609-424d-80ca-5b580e792736 None None] Starting request: 10.222.0.88 "GET /placement/allocations/02b58f94-a854-4ee6-b853-26623167ffad" {{(pid=111891) __call__ /opt/stack/placement/placement/requestlog.py:55}}
Jun 21 14:06:40.086607 n-d-846470-3 devstack@placement-api.service[111891]: INFO placement.requestlog [req-fa3b40e7-8d36-463c-8a3b-9e4fb1f78372 req-7f66511c-c609-424d-80ca-5b580e792736 service placement] 10.222.0.88 "GET /placement/allocations/02b58f94-a854-4ee6-b853-26623167ffad" status: 200 len: 259 microversion: 1.28
Jun 21 14:06:40.087284 n-d-846470-3 devstack@placement-api.service[111891]: [pid: 111891|app: 0|req: 668/1342] 10.222.0.88 () {60 vars in 1377 bytes} [Tue Jun 21 14:06:40 2022] GET /placement/allocations/02b58f94-a854-4ee6-b853-26623167ffad => generated 259 bytes in 53 msecs (HTTP/1.1 200) 8 headers in 296 bytes (1 switches on core 0)
Jun 21 14:06:40.098450 n-d-846470-3 devstack@placement-api.service[111890]: DEBUG placement.requestlog [req-fa3b40e7-8d36-463c-8a3b-9e4fb1f78372 req-d29eb3c9-066e-43eb-ad69-adae8ccb624f None None] Starting request: 10.222.0.88 "GET /placement/allocations/12b84462-7ecd-4009-b3a0-3ad54ba0ca08" {{(pid=111890) __call__ /opt/stack/placement/placement/requestlog.py:55}}
Jun 21 14:06:40.132017 n-d-846470-3 devstack@placement-api.service[111890]: INFO placement.requestlog [req-fa3b40e7-8d36-463c-8a3b-9e4fb1f78372 req-d29eb3c9-066e-43eb-ad69-adae8ccb624f service placement] 10.222.0.88 "GET /placement/allocations/12b84462-7ecd-4009-b3a0-3ad54ba0ca08" status: 200 len: 259 microversion: 1.28
Jun 21 14:06:40.132405 n-d-846470-3 devstack@placement-api.service[111890]: [pid: 111890|app: 0|req: 675/1343] 10.222.0.88 () {60 vars in 1377 bytes} [Tue Jun 21 14:06:40 2022] GET /placement/allocations/12b84462-7ecd-4009-b3a0-3ad54ba0ca08 => generated 259 bytes in 35 msecs (HTTP/1.1 200) 8 headers in 296 bytes (1 switches on core 0)
Jun 21 14:06:40.141525 n-d-846470-3 devstack@placement-api.service[111891]: DEBUG placement.requestlog [req-fa3b40e7-8d36-463c-8a3b-9e4fb1f78372 req-a1dce326-986c-497f-9c9d-dc99e465b7cd None None] Starting request: 10.222.0.88 "GET /placement/allocations/db22a450-a26d-48d7-9ad4-ee7c58798b00" {{(pid=111891) __call__ /opt/stack/placement/placement/requestlog.py:55}}
Jun 21 14:06:40.174141 n-d-846470-3 devstack@placement-api.service[111891]: INFO placement.requestlog [req-fa3b40e7-8d36-463c-8a3b-9e4fb1f78372 req-a1dce326-986c-497f-9c9d-dc99e465b7cd service placement] 10.222.0.88 "GET /placement/allocations/db22a450-a26d-48d7-9ad4-ee7c58798b00" status: 200 len: 259 microversion: 1.28
Jun 21 14:06:40.174726 n-d-846470-3 devstack@placement-api.service[111891]: [pid: 111891|app: 0|req: 669/1344] 10.222.0.88 () {60 vars in 1377 bytes} [Tue Jun 21 14:06:40 2022] GET /placement/allocations/db22a450-a26d-48d7-9ad4-ee7c58798b00 => generated 259 bytes in 33 msecs (HTTP/1.1 200) 8 headers in 296 bytes (1 switches on core 0)
Jun 21 14:06:40.182158 n-d-846470-3 devstack@placement-api.service[111890]: DEBUG placement.requestlog [req-fa3b40e7-8d36-463c-8a3b-9e4fb1f78372 req-0effddcf-e00e-4ca8-84e3-8454404d044b None None] Starting request: 10.222.0.88 "GET /placement/allocations/84897787-fd73-4b4c-afb3-8c7c83711f7f" {{(pid=111890) __call__ /opt/stack/placement/placement/requestlog.py:55}}
Jun 21 14:06:40.216512 n-d-846470-3 devstack@placement-api.service[111890]: INFO placement.requestlog [req-fa3b40e7-8d36-463c-8a3b-9e4fb1f78372 req-0effddcf-e00e-4ca8-84e3-8454404d044b service placement] 10.222.0.88 "GET /placement/allocations/84897787-fd73-4b4c-afb3-8c7c83711f7f" status: 200 len: 259 microversion: 1.28
Jun 21 14:06:40.217169 n-d-846470-3 devstack@placement-api.service[111890]: [pid: 111890|app: 0|req: 676/1345] 10.222.0.88 () {60 vars in 1377 bytes} [Tue Jun 21 14:06:40 2022] GET /placement/allocations/84897787-fd73-4b4c-afb3-8c7c83711f7f => generated 259 bytes in 35 msecs (HTTP/1.1 200) 8 headers in 296 bytes (1 switches on core 0)
Jun 21 14:06:40.227139 n-d-846470-3 devstack@placement-api.service[111891]: DEBUG placement.requestlog [req-fa3b40e7-8d36-463c-8a3b-9e4fb1f78372 req-95d2501b-7ba3-4eb8-8305-00b63c9232fd None None] Starting request: 10.222.0.88 "DELETE /placement/allocations/db22a450-a26d-48d7-9ad4-ee7c58798b00" {{(pid=111891) __call__ /opt/stack/placement/placement/requestlog.py:55}}
Jun 21 14:06:40.534863 n-d-846470-3 devstack@placement-api.service[111891]: DEBUG placement.handlers.allocation [req-fa3b40e7-8d36-463c-8a3b-9e4fb1f78372 req-95d2501b-7ba3-4eb8-8305-00b63c9232fd service placement] Successfully deleted allocations [, , ] {{(pid=111891) delete_allocations /opt/stack/placement/placement/handlers/allocation.py:627}}
Jun 21 14:06:40.544980 n-d-846470-3 devstack@placement-api.service[111891]: INFO placement.requestlog [req-fa3b40e7-8d36-463c-8a3b-9e4fb1f78372 req-95d2501b-7ba3-4eb8-8305-00b63c9232fd service placement] 10.222.0.88 "DELETE /placement/allocations/db22a450-a26d-48d7-9ad4-ee7c58798b00" status: 204 len: 0 microversion: 1.0
Jun 21 14:06:40.544980 n-d-846470-3 devstack@placement-api.service[111891]: [pid: 111891|app: 0|req: 670/1346] 10.222.0.88 () {60 vars in 1355 bytes} [Tue Jun 21 14:06:40 2022] DELETE /placement/allocations/db22a450-a26d-48d7-9ad4-ee7c58798b00 => generated 0 bytes in 309 msecs (HTTP/1.1 204) 5 headers in 198 bytes (1 switches on core 0)
Jun 21 14:06:40.798300 n-d-846470-3 devstack@placement-api.service[111890]: DEBUG placement.requestlog [req-a377bad7-f905-413e-b88a-cd09c31f9f4f req-c5ca5de6-4b60-49ae-abf2-0121397b6e47 None None] Starting request: 10.222.0.88 "GET /placement/resource_providers/0abeb95b-0b3a-41b6-86ef-1cb82335437f/allocations" {{(pid=111890) __call__ /opt/stack/placement/placement/requestlog.py:55}}
Jun 21 14:06:40.805811 n-d-846470-3 devstack@placement-api.service[111890]: DEBUG dbcounter [-] [111890] Writing DB stats placement:SELECT=91,placement:DELETE=3,placement:INSERT=4,placement:UPDATE=2 {{(pid=111890) stat_writer /usr/local/lib/python3.8/dist-packages/dbcounter.py:114}}
Jun 21 14:06:40.868485 n-d-846470-3 devstack@placement-api.service[111890]: INFO placement.requestlog [req-a377bad7-f905-413e-b88a-cd09c31f9f4f req-c5ca5de6-4b60-49ae-abf2-0121397b6e47 service placement] 10.222.0.88 "GET /placement/resource_providers/0abeb95b-0b3a-41b6-86ef-1cb82335437f/allocations" status: 200 len: 356 microversion: 1.0
Jun 21 14:06:40.870811 n-d-846470-3 devstack@placement-api.service[111890]: [pid: 111890|app: 0|req: 677/1347] 10.222.0.88 () {58 vars in 1390 bytes} [Tue Jun 21 14:06:40 2022] GET /placement/resource_providers/0abeb95b-0b3a-41b6-86ef-1cb82335437f/allocations => generated 356 bytes in 73 msecs (HTTP/1.1 200) 6 headers in 224 bytes (1 switches on core 0)
Jun 21 14:06:40.878261 n-d-846470-3 devstack@placement-api.service[111891]: DEBUG placement.requestlog [req-a377bad7-f905-413e-b88a-cd09c31f9f4f req-cef8e6cc-0364-4d68-851d-07a986dcf7d4 None None] Starting request: 10.222.0.88 "GET /placement/allocations/02b58f94-a854-4ee6-b853-26623167ffad" {{(pid=111891) __call__ /opt/stack/placement/placement/requestlog.py:55}}
Jun 21 14:06:40.916805 n-d-846470-3 devstack@placement-api.service[111891]: INFO placement.requestlog [req-a377bad7-f905-413e-b88a-cd09c31f9f4f req-cef8e6cc-0364-4d68-851d-07a986dcf7d4 service placement] 10.222.0.88 "GET /placement/allocations/02b58f94-a854-4ee6-b853-26623167ffad" status: 200 len: 259 microversion: 1.28
Jun 21 14:06:40.919713 n-d-846470-3 devstack@placement-api.service[111891]: [pid: 111891|app: 0|req: 671/1348] 10.222.0.88 () {60 vars in 1377 bytes} [Tue Jun 21 14:06:40 2022] GET /placement/allocations/02b58f94-a854-4ee6-b853-26623167ffad => generated 259 bytes in 39 msecs (HTTP/1.1 200) 8 headers in 296 bytes (1 switches on core 0)
Jun 21 14:06:40.925685 n-d-846470-3 devstack@placement-api.service[111890]: DEBUG placement.requestlog [req-a377bad7-f905-413e-b88a-cd09c31f9f4f req-2d2cada3-25bb-411f-b602-0740db547331 None None] Starting request: 10.222.0.88 "GET /placement/allocations/12b84462-7ecd-4009-b3a0-3ad54ba0ca08" {{(pid=111890) __call__ /opt/stack/placement/placement/requestlog.py:55}}
Jun 21 14:06:40.971218 n-d-846470-3 devstack@placement-api.service[111890]: INFO placement.requestlog [req-a377bad7-f905-413e-b88a-cd09c31f9f4f req-2d2cada3-25bb-411f-b602-0740db547331 service placement] 10.222.0.88 "GET /placement/allocations/12b84462-7ecd-4009-b3a0-3ad54ba0ca08" status: 200 len: 259 microversion: 1.28
Jun 21 14:06:40.971901 n-d-846470-3 devstack@placement-api.service[111890]: [pid: 111890|app: 0|req: 678/1349] 10.222.0.88 () {60 vars in 1377 bytes} [Tue Jun 21 14:06:40 2022] GET /placement/allocations/12b84462-7ecd-4009-b3a0-3ad54ba0ca08 => generated 259 bytes in 46 msecs (HTTP/1.1 200) 8 headers in 296 bytes (1 switches on core 0)
Jun 21 14:06:40.980487 n-d-846470-3 devstack@placement-api.service[111891]: DEBUG placement.requestlog [req-a377bad7-f905-413e-b88a-cd09c31f9f4f req-31ce912c-2874-48ce-ba64-983c614b3db7 None None] Starting request: 10.222.0.88 "GET /placement/allocations/84897787-fd73-4b4c-afb3-8c7c83711f7f" {{(pid=111891) __call__ /opt/stack/placement/placement/requestlog.py:55}}
Jun 21 14:06:41.021992 n-d-846470-3 devstack@placement-api.service[111891]: INFO placement.requestlog [req-a377bad7-f905-413e-b88a-cd09c31f9f4f req-31ce912c-2874-48ce-ba64-983c614b3db7 service placement] 10.222.0.88 "GET /placement/allocations/84897787-fd73-4b4c-afb3-8c7c83711f7f" status: 200 len: 259 microversion: 1.28
Jun 21 14:06:41.023135 n-d-846470-3 devstack@placement-api.service[111891]: [pid: 111891|app: 0|req: 672/1350] 10.222.0.88 () {60 vars in 1377 bytes} [Tue Jun 21 14:06:40 2022] GET /placement/allocations/84897787-fd73-4b4c-afb3-8c7c83711f7f => generated 259 bytes in 43 msecs (HTTP/1.1 200) 8 headers in 296 bytes (1 switches on core 0)
Jun 21 14:06:41.578194 n-d-846470-3 devstack@placement-api.service[111890]: DEBUG placement.requestlog [req-52eaec2b-7e13-48cf-bbc6-813f97c80497 req-5dcecdaa-1a39-4fc5-a043-f0332716f017 None None] Starting request: 10.222.0.73 "GET /placement/resource_providers/33a85862-7484-4440-948c-6d776055020c/allocations" {{(pid=111890) __call__ /opt/stack/placement/placement/requestlog.py:55}}
Jun 21 14:06:41.656168 n-d-846470-3 devstack@placement-api.service[111890]: INFO placement.requestlog [req-52eaec2b-7e13-48cf-bbc6-813f97c80497 req-5dcecdaa-1a39-4fc5-a043-f0332716f017 service placement] 10.222.0.73 "GET /placement/resource_providers/33a85862-7484-4440-948c-6d776055020c/allocations" status: 200 len: 558 microversion: 1.0
Jun 21 14:06:41.656799 n-d-846470-3 devstack@placement-api.service[111890]: [pid: 111890|app: 0|req: 679/1351] 10.222.0.73 () {58 vars in 1390 bytes} [Tue Jun 21 14:06:41 2022] GET /placement/resource_providers/33a85862-7484-4440-948c-6d776055020c/allocations => generated 558 bytes in 79 msecs (HTTP/1.1 200) 6 headers in 224 bytes (1 switches on core 0)
Jun 21 14:06:42.140265 n-d-846470-3 devstack@placement-api.service[111891]: DEBUG placement.requestlog [req-52eaec2b-7e13-48cf-bbc6-813f97c80497 req-a9b2b8a2-3452-4f74-82d4-c9ed2097dc3f None None] Starting request: 10.222.0.73 "GET /placement/resource_providers/33a85862-7484-4440-948c-6d776055020c/allocations" {{(pid=111891) __call__ /opt/stack/placement/placement/requestlog.py:55}}
Jun 21 14:06:42.183566 n-d-846470-3 devstack@placement-api.service[111891]: INFO placement.requestlog [req-52eaec2b-7e13-48cf-bbc6-813f97c80497 req-a9b2b8a2-3452-4f74-82d4-c9ed2097dc3f service placement] 10.222.0.73 "GET /placement/resource_providers/33a85862-7484-4440-948c-6d776055020c/allocations" status: 200 len: 558 microversion: 1.0
Jun 21 14:06:42.184766 n-d-846470-3 devstack@placement-api.service[111891]: [pid: 111891|app: 0|req: 673/1352] 10.222.0.73 () {58 vars in 1390 bytes} [Tue Jun 21 14:06:42 2022] GET /placement/resource_providers/33a85862-7484-4440-948c-6d776055020c/allocations => generated 558 bytes in 45 msecs (HTTP/1.1 200) 6 headers in 224 bytes (1 switches on core 0)
Jun 21 14:06:42.192346 n-d-846470-3 devstack@placement-api.service[111890]: DEBUG placement.requestlog [req-52eaec2b-7e13-48cf-bbc6-813f97c80497 req-16c6d4f7-7a35-4746-a827-492c99baecce None None] Starting request: 10.222.0.73 "GET /placement/allocations/4ce55cd5-97de-4cc4-bfff-a21022b4ad9c" {{(pid=111890) __call__ /opt/stack/placement/placement/requestlog.py:55}}
Jun 21 14:06:42.216356 n-d-846470-3 devstack@placement-api.service[111890]: INFO placement.requestlog [req-52eaec2b-7e13-48cf-bbc6-813f97c80497 req-16c6d4f7-7a35-4746-a827-492c99baecce service placement] 10.222.0.73 "GET /placement/allocations/4ce55cd5-97de-4cc4-bfff-a21022b4ad9c" status: 200 len: 259 microversion: 1.28
Jun 21 14:06:42.216965 n-d-846470-3 devstack@placement-api.service[111890]: [pid: 111890|app: 0|req: 680/1353] 10.222.0.73 () {60 vars in 1377 bytes} [Tue Jun 21 14:06:42 2022] GET /placement/allocations/4ce55cd5-97de-4cc4-bfff-a21022b4ad9c => generated 259 bytes in 25 msecs (HTTP/1.1 200) 8 headers in 296 bytes (1 switches on core 0)
Jun 21 14:06:42.275324 n-d-846470-3 devstack@placement-api.service[111891]: DEBUG placement.requestlog [req-52eaec2b-7e13-48cf-bbc6-813f97c80497 req-8d4c97d7-0fa5-4c5b-9e65-e6ac96022e7e None None] Starting request: 10.222.0.73 "GET /placement/allocations/8fe8f3d9-4eb7-4a78-8545-8967074e57f7" {{(pid=111891) __call__ /opt/stack/placement/placement/requestlog.py:55}}
Jun 21 14:06:42.308775 n-d-846470-3 devstack@placement-api.service[111891]: INFO placement.requestlog [req-52eaec2b-7e13-48cf-bbc6-813f97c80497 req-8d4c97d7-0fa5-4c5b-9e65-e6ac96022e7e service placement] 10.222.0.73 "GET /placement/allocations/8fe8f3d9-4eb7-4a78-8545-8967074e57f7" status: 200 len: 259 microversion: 1.28
Jun 21 14:06:42.309783 n-d-846470-3 devstack@placement-api.service[111891]: [pid: 111891|app: 0|req: 674/1354] 10.222.0.73 () {60 vars in 1377 bytes} [Tue Jun 21 14:06:42 2022] GET /placement/allocations/8fe8f3d9-4eb7-4a78-8545-8967074e57f7 => generated 259 bytes in 35 msecs (HTTP/1.1 200) 8 headers in 296 bytes (1 switches on core 0)
Jun 21 14:06:42.318932 n-d-846470-3 devstack@placement-api.service[111890]: DEBUG placement.requestlog [req-52eaec2b-7e13-48cf-bbc6-813f97c80497 req-463a62a5-d38a-4574-882a-16ab1ce3a5ed None None] Starting request: 10.222.0.73 "GET /placement/allocations/36d491d7-ef4c-4d55-968c-2251f6ef7515" {{(pid=111890) __call__ /opt/stack/placement/placement/requestlog.py:55}}
Jun 21 14:06:42.353079 n-d-846470-3 devstack@placement-api.service[111890]: INFO placement.requestlog [req-52eaec2b-7e13-48cf-bbc6-813f97c80497 req-463a62a5-d38a-4574-882a-16ab1ce3a5ed service placement] 10.222.0.73 "GET /placement/allocations/36d491d7-ef4c-4d55-968c-2251f6ef7515" status: 200 len: 259 microversion: 1.28
Jun 21 14:06:42.354015 n-d-846470-3 devstack@placement-api.service[111890]: [pid: 111890|app: 0|req: 681/1355] 10.222.0.73 () {60 vars in 1377 bytes} [Tue Jun 21 14:06:42 2022] GET /placement/allocations/36d491d7-ef4c-4d55-968c-2251f6ef7515 => generated 259 bytes in 35 msecs (HTTP/1.1 200) 8 headers in 296 bytes (1 switches on core 0)
