Aug 26 09:02:49.905693 n-d-846470-16 devstack@placement-api.service[119701]: INFO placement.requestlog [req-3d33d131-8858-4341-9162-01c13f599bf3 req-8f8b1ba4-2f5e-433c-b791-a218e8ec6341 service placement] 10.222.0.105 "GET /placement/allocations/eec620b0-3452-4e17-98b7-094ecec778db" status: 200 len: 259 microversion: 1.28
Aug 26 09:02:49.908531 n-d-846470-16 devstack@placement-api.service[119701]: [pid: 119701|app: 0|req: 221/444] 10.222.0.105 () {60 vars in 1378 bytes} [Fri Aug 26 09:02:49 2022] GET /placement/allocations/eec620b0-3452-4e17-98b7-094ecec778db => generated 259 bytes in 31 msecs (HTTP/1.1 200) 8 headers in 296 bytes (1 switches on core 0)
Aug 26 09:02:49.918632 n-d-846470-16 devstack@placement-api.service[119702]: DEBUG placement.requestlog [req-3d33d131-8858-4341-9162-01c13f599bf3 req-9b8f4cc9-e83e-4607-868c-3af270e1de87 None None] Starting request: 10.222.0.105 "GET /placement/allocations/2c4c323f-3a79-420e-a93d-926e324c03c9" {{(pid=119702) __call__ /opt/stack/placement/placement/requestlog.py:55}}
Aug 26 09:02:49.951220 n-d-846470-16 devstack@placement-api.service[119702]: INFO placement.requestlog [req-3d33d131-8858-4341-9162-01c13f599bf3 req-9b8f4cc9-e83e-4607-868c-3af270e1de87 service placement] 10.222.0.105 "GET /placement/allocations/2c4c323f-3a79-420e-a93d-926e324c03c9" status: 200 len: 259 microversion: 1.28
Aug 26 09:02:49.951528 n-d-846470-16 devstack@placement-api.service[119702]: [pid: 119702|app: 0|req: 224/445] 10.222.0.105 () {60 vars in 1378 bytes} [Fri Aug 26 09:02:49 2022] GET /placement/allocations/2c4c323f-3a79-420e-a93d-926e324c03c9 => generated 259 bytes in 35 msecs (HTTP/1.1 200) 8 headers in 296 bytes (1 switches on core 0)
Aug 26 09:02:49.963434 n-d-846470-16 devstack@placement-api.service[119701]: DEBUG placement.requestlog [req-3d33d131-8858-4341-9162-01c13f599bf3 req-d86f00df-1d14-4a63-885b-73d515ebb7fe None None] Starting request: 10.222.0.105 "GET /placement/allocations/4ab05d25-0c91-4ccd-927d-18a297192df5" {{(pid=119701) __call__ /opt/stack/placement/placement/requestlog.py:55}}
Aug 26 09:02:50.010072 n-d-846470-16 devstack@placement-api.service[119701]: INFO placement.requestlog [req-3d33d131-8858-4341-9162-01c13f599bf3 req-d86f00df-1d14-4a63-885b-73d515ebb7fe service placement] 10.222.0.105 "GET /placement/allocations/4ab05d25-0c91-4ccd-927d-18a297192df5" status: 200 len: 259 microversion: 1.28
Aug 26 09:02:50.010507 n-d-846470-16 devstack@placement-api.service[119701]: [pid: 119701|app: 0|req: 222/446] 10.222.0.105 () {60 vars in 1378 bytes} [Fri Aug 26 09:02:49 2022] GET /placement/allocations/4ab05d25-0c91-4ccd-927d-18a297192df5 => generated 259 bytes in 47 msecs (HTTP/1.1 200) 8 headers in 296 bytes (1 switches on core 0)
Aug 26 09:02:50.021726 n-d-846470-16 devstack@placement-api.service[119702]: DEBUG placement.requestlog [req-3d33d131-8858-4341-9162-01c13f599bf3 req-df719b27-7744-4d5c-8f58-bf9cd07ec52c None None] Starting request: 10.222.0.105 "GET /placement/allocations/0372404e-adb9-416a-ba66-ec92e283e423" {{(pid=119702) __call__ /opt/stack/placement/placement/requestlog.py:55}}
Aug 26 09:02:50.046740 n-d-846470-16 devstack@placement-api.service[119702]: INFO placement.requestlog [req-3d33d131-8858-4341-9162-01c13f599bf3 req-df719b27-7744-4d5c-8f58-bf9cd07ec52c service placement] 10.222.0.105 "GET /placement/allocations/0372404e-adb9-416a-ba66-ec92e283e423" status: 200 len: 259 microversion: 1.28
Aug 26 09:02:50.048954 n-d-846470-16 devstack@placement-api.service[119702]: [pid: 119702|app: 0|req: 225/447] 10.222.0.105 () {60 vars in 1378 bytes} [Fri Aug 26 09:02:50 2022] GET /placement/allocations/0372404e-adb9-416a-ba66-ec92e283e423 => generated 259 bytes in 27 msecs (HTTP/1.1 200) 8 headers in 296 bytes (1 switches on core 0)
Aug 26 09:02:50.069021 n-d-846470-16 devstack@placement-api.service[119701]: DEBUG placement.requestlog [req-3d33d131-8858-4341-9162-01c13f599bf3 req-ee844b06-c650-461f-923e-611c272be537 None None] Starting request: 10.222.0.105 "GET /placement/allocations/c40ec167-be51-4f2d-89a5-237280111e07" {{(pid=119701) __call__ /opt/stack/placement/placement/requestlog.py:55}}
Aug 26 09:02:50.091403 n-d-846470-16 devstack@placement-api.service[119701]: INFO placement.requestlog [req-3d33d131-8858-4341-9162-01c13f599bf3 req-ee844b06-c650-461f-923e-611c272be537 service placement] 10.222.0.105 "GET /placement/allocations/c40ec167-be51-4f2d-89a5-237280111e07" status: 200 len: 259 microversion: 1.28
Aug 26 09:02:50.092534 n-d-846470-16 devstack@placement-api.service[119701]: [pid: 119701|app: 0|req: 223/448] 10.222.0.105 () {60 vars in 1378 bytes} [Fri Aug 26 09:02:50 2022] GET /placement/allocations/c40ec167-be51-4f2d-89a5-237280111e07 => generated 259 bytes in 29 msecs (HTTP/1.1 200) 8 headers in 296 bytes (1 switches on core 0)
Aug 26 09:02:50.107799 n-d-846470-16 devstack@placement-api.service[119702]: DEBUG placement.requestlog [req-3d33d131-8858-4341-9162-01c13f599bf3 req-eacf53da-04a8-4d95-acda-d104e40a17dc None None] Starting request: 10.222.0.105 "GET /placement/allocations/df831fcd-ed47-4e90-8792-7837b1915020" {{(pid=119702) __call__ /opt/stack/placement/placement/requestlog.py:55}}
Aug 26 09:02:50.138916 n-d-846470-16 devstack@placement-api.service[119702]: INFO placement.requestlog [req-3d33d131-8858-4341-9162-01c13f599bf3 req-eacf53da-04a8-4d95-acda-d104e40a17dc service placement] 10.222.0.105 "GET /placement/allocations/df831fcd-ed47-4e90-8792-7837b1915020" status: 200 len: 259 microversion: 1.28
Aug 26 09:02:50.139828 n-d-846470-16 devstack@placement-api.service[119702]: [pid: 119702|app: 0|req: 226/449] 10.222.0.105 () {60 vars in 1378 bytes} [Fri Aug 26 09:02:50 2022] GET /placement/allocations/df831fcd-ed47-4e90-8792-7837b1915020 => generated 259 bytes in 32 msecs (HTTP/1.1 200) 8 headers in 296 bytes (1 switches on core 0)
Aug 26 09:02:50.151605 n-d-846470-16 devstack@placement-api.service[119701]: DEBUG placement.requestlog [req-3d33d131-8858-4341-9162-01c13f599bf3 req-4b25233f-60c2-45e1-a7cd-e97ddaef4748 None None] Starting request: 10.222.0.105 "GET /placement/allocations/d890b7f8-e014-4248-b439-25982236956b" {{(pid=119701) __call__ /opt/stack/placement/placement/requestlog.py:55}}
Aug 26 09:02:50.180797 n-d-846470-16 devstack@placement-api.service[119701]: INFO placement.requestlog [req-3d33d131-8858-4341-9162-01c13f599bf3 req-4b25233f-60c2-45e1-a7cd-e97ddaef4748 service placement] 10.222.0.105 "GET /placement/allocations/d890b7f8-e014-4248-b439-25982236956b" status: 200 len: 259 microversion: 1.28
Aug 26 09:02:50.182784 n-d-846470-16 devstack@placement-api.service[119701]: [pid: 119701|app: 0|req: 224/450] 10.222.0.105 () {60 vars in 1378 bytes} [Fri Aug 26 09:02:50 2022] GET /placement/allocations/d890b7f8-e014-4248-b439-25982236956b => generated 259 bytes in 31 msecs (HTTP/1.1 200) 8 headers in 296 bytes (1 switches on core 0)
Aug 26 09:02:50.198166 n-d-846470-16 devstack@placement-api.service[119702]: DEBUG placement.requestlog [req-3d33d131-8858-4341-9162-01c13f599bf3 req-944d721a-557a-4ee7-a5e0-6df3ba88bc00 None None] Starting request: 10.222.0.105 "GET /placement/allocations/fdd5228e-81ee-4b13-a48e-164d864bdd9a" {{(pid=119702) __call__ /opt/stack/placement/placement/requestlog.py:55}}
Aug 26 09:02:50.222998 n-d-846470-16 devstack@placement-api.service[119702]: INFO placement.requestlog [req-3d33d131-8858-4341-9162-01c13f599bf3 req-944d721a-557a-4ee7-a5e0-6df3ba88bc00 service placement] 10.222.0.105 "GET /placement/allocations/fdd5228e-81ee-4b13-a48e-164d864bdd9a" status: 200 len: 259 microversion: 1.28
Aug 26 09:02:50.226722 n-d-846470-16 devstack@placement-api.service[119702]: [pid: 119702|app: 0|req: 227/451] 10.222.0.105 () {60 vars in 1378 bytes} [Fri Aug 26 09:02:50 2022] GET /placement/allocations/fdd5228e-81ee-4b13-a48e-164d864bdd9a => generated 259 bytes in 29 msecs (HTTP/1.1 200) 8 headers in 296 bytes (1 switches on core 0)
Aug 26 09:02:50.719057 n-d-846470-16 devstack@placement-api.service[119701]: DEBUG placement.requestlog [req-3d33d131-8858-4341-9162-01c13f599bf3 req-c9d1b669-6fee-4252-b108-22ac9cd47f04 None None] Starting request: 10.222.0.105 "DELETE /placement/allocations/4ab05d25-0c91-4ccd-927d-18a297192df5" {{(pid=119701) __call__ /opt/stack/placement/placement/requestlog.py:55}}
Aug 26 09:02:50.725687 n-d-846470-16 devstack@placement-api.service[119702]: DEBUG placement.requestlog [req-9cb1b467-d703-4898-99f3-a89fa41e75a8 req-0fa9dd3a-7196-45f6-a7df-f3ef83494447 None None] Starting request: 10.222.0.78 "GET /placement/allocations/5c60ed30-1979-4d34-ad9f-6bf760bf4149" {{(pid=119702) __call__ /opt/stack/placement/placement/requestlog.py:55}}
Aug 26 09:02:50.733506 n-d-846470-16 devstack@placement-api.service[119702]: DEBUG dbcounter [-] [119702] Writing DB stats placement:SELECT=96,placement:DELETE=2,placement:UPDATE=2 {{(pid=119702) stat_writer /usr/local/lib/python3.8/dist-packages/dbcounter.py:114}}
Aug 26 09:02:50.746638 n-d-846470-16 devstack@placement-api.service[119702]: INFO placement.requestlog [req-9cb1b467-d703-4898-99f3-a89fa41e75a8 req-0fa9dd3a-7196-45f6-a7df-f3ef83494447 service placement] 10.222.0.78 "GET /placement/allocations/5c60ed30-1979-4d34-ad9f-6bf760bf4149" status: 200 len: 245 microversion: 1.28
Aug 26 09:02:50.747654 n-d-846470-16 devstack@placement-api.service[119702]: [pid: 119702|app: 0|req: 228/452] 10.222.0.78 () {60 vars in 1377 bytes} [Fri Aug 26 09:02:50 2022] GET /placement/allocations/5c60ed30-1979-4d34-ad9f-6bf760bf4149 => generated 245 bytes in 22 msecs (HTTP/1.1 200) 8 headers in 296 bytes (2 switches on core 0)
Aug 26 09:02:50.975948 n-d-846470-16 devstack@placement-api.service[119701]: DEBUG placement.handlers.allocation [req-3d33d131-8858-4341-9162-01c13f599bf3 req-c9d1b669-6fee-4252-b108-22ac9cd47f04 service placement] Successfully deleted allocations [, , ] {{(pid=119701) delete_allocations /opt/stack/placement/placement/handlers/allocation.py:627}}
Aug 26 09:02:50.977292 n-d-846470-16 devstack@placement-api.service[119701]: INFO placement.requestlog [req-3d33d131-8858-4341-9162-01c13f599bf3 req-c9d1b669-6fee-4252-b108-22ac9cd47f04 service placement] 10.222.0.105 "DELETE /placement/allocations/4ab05d25-0c91-4ccd-927d-18a297192df5" status: 204 len: 0 microversion: 1.0
Aug 26 09:02:50.978178 n-d-846470-16 devstack@placement-api.service[119701]: [pid: 119701|app: 0|req: 225/453] 10.222.0.105 () {60 vars in 1356 bytes} [Fri Aug 26 09:02:50 2022] DELETE /placement/allocations/4ab05d25-0c91-4ccd-927d-18a297192df5 => generated 0 bytes in 261 msecs (HTTP/1.1 204) 5 headers in 198 bytes (1 switches on core 0)
Aug 26 09:02:51.292316 n-d-846470-16 devstack@placement-api.service[119702]: DEBUG placement.requestlog [req-9cb1b467-d703-4898-99f3-a89fa41e75a8 req-ecd00fb7-ee4c-4512-a587-c1c830a345da None None] Starting request: 10.222.0.78 "GET /placement/resource_providers/0c645cd2-1f14-43ac-8fcc-91c0c0a36322/allocations" {{(pid=119702) __call__ /opt/stack/placement/placement/requestlog.py:55}}
Aug 26 09:02:51.349215 n-d-846470-16 devstack@placement-api.service[119702]: INFO placement.requestlog [req-9cb1b467-d703-4898-99f3-a89fa41e75a8 req-ecd00fb7-ee4c-4512-a587-c1c830a345da service placement] 10.222.0.78 "GET /placement/resource_providers/0c645cd2-1f14-43ac-8fcc-91c0c0a36322/allocations" status: 200 len: 645 microversion: 1.0
Aug 26 09:02:51.349663 n-d-846470-16 devstack@placement-api.service[119702]: [pid: 119702|app: 0|req: 229/454] 10.222.0.78 () {58 vars in 1390 bytes} [Fri Aug 26 09:02:51 2022] GET /placement/resource_providers/0c645cd2-1f14-43ac-8fcc-91c0c0a36322/allocations => generated 645 bytes in 58 msecs (HTTP/1.1 200) 6 headers in 224 bytes (1 switches on core 0)
Aug 26 09:02:51.357182 n-d-846470-16 devstack@placement-api.service[119701]: DEBUG placement.requestlog [req-9cb1b467-d703-4898-99f3-a89fa41e75a8 req-192eac6f-c21c-4984-b880-59b11b2c7dbe None None] Starting request: 10.222.0.78 "GET /placement/allocations/55a4435a-e391-497b-802d-52d9ce1c3d37" {{(pid=119701) __call__ /opt/stack/placement/placement/requestlog.py:55}}
Aug 26 09:02:51.383679 n-d-846470-16 devstack@placement-api.service[119701]: INFO placement.requestlog [req-9cb1b467-d703-4898-99f3-a89fa41e75a8 req-192eac6f-c21c-4984-b880-59b11b2c7dbe service placement] 10.222.0.78 "GET /placement/allocations/55a4435a-e391-497b-802d-52d9ce1c3d37" status: 200 len: 259 microversion: 1.28
Aug 26 09:02:51.384319 n-d-846470-16 devstack@placement-api.service[119701]: [pid: 119701|app: 0|req: 226/455] 10.222.0.78 () {60 vars in 1377 bytes} [Fri Aug 26 09:02:51 2022] GET /placement/allocations/55a4435a-e391-497b-802d-52d9ce1c3d37 => generated 259 bytes in 27 msecs (HTTP/1.1 200) 8 headers in 296 bytes (1 switches on core 0)
Aug 26 09:02:51.390579 n-d-846470-16 devstack@placement-api.service[119702]: DEBUG placement.requestlog [req-9cb1b467-d703-4898-99f3-a89fa41e75a8 req-c7fdceb3-3d2f-4665-b9b9-26f31ef77baa None None] Starting request: 10.222.0.78 "GET /placement/allocations/f6a8fa1d-005b-434a-9f14-c53342a6ceaa" {{(pid=119702) __call__ /opt/stack/placement/placement/requestlog.py:55}}
Aug 26 09:02:51.423857 n-d-846470-16 devstack@placement-api.service[119702]: INFO placement.requestlog [req-9cb1b467-d703-4898-99f3-a89fa41e75a8 req-c7fdceb3-3d2f-4665-b9b9-26f31ef77baa service placement] 10.222.0.78 "GET /placement/allocations/f6a8fa1d-005b-434a-9f14-c53342a6ceaa" status: 200 len: 259 microversion: 1.28
Aug 26 09:02:51.424248 n-d-846470-16 devstack@placement-api.service[119702]: [pid: 119702|app: 0|req: 230/456] 10.222.0.78 () {60 vars in 1377 bytes} [Fri Aug 26 09:02:51 2022] GET /placement/allocations/f6a8fa1d-005b-434a-9f14-c53342a6ceaa => generated 259 bytes in 34 msecs (HTTP/1.1 200) 8 headers in 296 bytes (1 switches on core 0)
Aug 26 09:02:51.431080 n-d-846470-16 devstack@placement-api.service[119701]: DEBUG placement.requestlog [req-9cb1b467-d703-4898-99f3-a89fa41e75a8 req-02c666ac-958e-4d12-8f77-3032789b0ffb None None] Starting request: 10.222.0.78 "GET /placement/allocations/5c60ed30-1979-4d34-ad9f-6bf760bf4149" {{(pid=119701) __call__ /opt/stack/placement/placement/requestlog.py:55}}
Aug 26 09:02:51.473700 n-d-846470-16 devstack@placement-api.service[119701]: INFO placement.requestlog [req-9cb1b467-d703-4898-99f3-a89fa41e75a8 req-02c666ac-958e-4d12-8f77-3032789b0ffb service placement] 10.222.0.78 "GET /placement/allocations/5c60ed30-1979-4d34-ad9f-6bf760bf4149" status: 200 len: 245 microversion: 1.28
Aug 26 09:02:51.475768 n-d-846470-16 devstack@placement-api.service[119701]: [pid: 119701|app: 0|req: 227/457] 10.222.0.78 () {60 vars in 1377 bytes} [Fri Aug 26 09:02:51 2022] GET /placement/allocations/5c60ed30-1979-4d34-ad9f-6bf760bf4149 => generated 245 bytes in 45 msecs (HTTP/1.1 200) 8 headers in 296 bytes (1 switches on core 0)
Aug 26 09:02:51.485665 n-d-846470-16 devstack@placement-api.service[119702]: DEBUG placement.requestlog [req-9cb1b467-d703-4898-99f3-a89fa41e75a8 req-122c5dd9-ae0e-4475-b61e-6e937ad9b2ac None None] Starting request: 10.222.0.78 "GET /placement/allocations/650fc3c0-f714-4dac-8db6-88f59cc20c42" {{(pid=119702) __call__ /opt/stack/placement/placement/requestlog.py:55}}
Aug 26 09:02:51.508381 n-d-846470-16 devstack@placement-api.service[119702]: INFO placement.requestlog [req-9cb1b467-d703-4898-99f3-a89fa41e75a8 req-122c5dd9-ae0e-4475-b61e-6e937ad9b2ac service placement] 10.222.0.78 "GET /placement/allocations/650fc3c0-f714-4dac-8db6-88f59cc20c42" status: 200 len: 259 microversion: 1.28
Aug 26 09:02:51.509900 n-d-846470-16 devstack@placement-api.service[119702]: [pid: 119702|app: 0|req: 231/458] 10.222.0.78 () {60 vars in 1377 bytes} [Fri Aug 26 09:02:51 2022] GET /placement/allocations/650fc3c0-f714-4dac-8db6-88f59cc20c42 => generated 259 bytes in 24 msecs (HTTP/1.1 200) 8 headers in 296 bytes (1 switches on core 0)
Aug 26 09:02:51.515833 n-d-846470-16 devstack@placement-api.service[119701]: DEBUG placement.requestlog [req-9cb1b467-d703-4898-99f3-a89fa41e75a8 req-3ca85b07-01c9-4779-ba4b-03b882fe83a5 None None] Starting request: 10.222.0.78 "GET /placement/allocations/3ca234a4-8e8b-47c4-8e5d-e5e4e6657019" {{(pid=119701) __call__ /opt/stack/placement/placement/requestlog.py:55}}
Aug 26 09:02:51.545707 n-d-846470-16 devstack@placement-api.service[119701]: INFO placement.requestlog [req-9cb1b467-d703-4898-99f3-a89fa41e75a8 req-3ca85b07-01c9-4779-ba4b-03b882fe83a5 service placement] 10.222.0.78 "GET /placement/allocations/3ca234a4-8e8b-47c4-8e5d-e5e4e6657019" status: 200 len: 259 microversion: 1.28
Aug 26 09:02:51.546840 n-d-846470-16 devstack@placement-api.service[119701]: [pid: 119701|app: 0|req: 228/459] 10.222.0.78 () {60 vars in 1377 bytes} [Fri Aug 26 09:02:51 2022] GET /placement/allocations/3ca234a4-8e8b-47c4-8e5d-e5e4e6657019 => generated 259 bytes in 31 msecs (HTTP/1.1 200) 8 headers in 296 bytes (1 switches on core 0)
Aug 26 09:02:51.553028 n-d-846470-16 devstack@placement-api.service[119702]: DEBUG placement.requestlog [req-9cb1b467-d703-4898-99f3-a89fa41e75a8 req-f5ec75b1-95e6-4821-88cb-54ee79c489c9 None None] Starting request: 10.222.0.78 "GET /placement/allocations/9dd73be4-3509-45e8-b71f-7cb4de0704b4" {{(pid=119702) __call__ /opt/stack/placement/placement/requestlog.py:55}}
Aug 26 09:02:51.575825 n-d-846470-16 devstack@placement-api.service[119702]: INFO placement.requestlog [req-9cb1b467-d703-4898-99f3-a89fa41e75a8 req-f5ec75b1-95e6-4821-88cb-54ee79c489c9 service placement] 10.222.0.78 "GET /placement/allocations/9dd73be4-3509-45e8-b71f-7cb4de0704b4" status: 200 len: 259 microversion: 1.28
Aug 26 09:02:51.576916 n-d-846470-16 devstack@placement-api.service[119702]: [pid: 119702|app: 0|req: 232/460] 10.222.0.78 () {60 vars in 1377 bytes} [Fri Aug 26 09:02:51 2022] GET /placement/allocations/9dd73be4-3509-45e8-b71f-7cb4de0704b4 => generated 259 bytes in 24 msecs (HTTP/1.1 200) 8 headers in 296 bytes (1 switches on core 0)
Aug 26 09:02:52.816594 n-d-846470-16 devstack@placement-api.service[119701]: DEBUG placement.requestlog [req-1d714716-0fab-46af-af58-17f41b2cb22b req-49d33b84-3eff-42b9-9165-c37022f153ce None None] Starting request: 10.222.0.62 "GET /placement/allocation_candidates?limit=1000&resources=DISK_GB%3A1%2CMEMORY_MB%3A1024%2CVCPU%3A1&root_required=%21COMPUTE_STATUS_DISABLED" {{(pid=119701) __call__ /opt/stack/placement/placement/requestlog.py:55}}
Aug 26 09:02:52.866617 n-d-846470-16 devstack@placement-api.service[119701]: DEBUG placement.objects.research_context [req-1d714716-0fab-46af-af58-17f41b2cb22b req-49d33b84-3eff-42b9-9165-c37022f153ce service placement] getting providers with 1 DISK_GB {{(pid=119701) __init__ /opt/stack/placement/placement/objects/research_context.py:136}}
Aug 26 09:02:52.874277 n-d-846470-16 devstack@placement-api.service[119701]: DEBUG placement.objects.research_context [req-1d714716-0fab-46af-af58-17f41b2cb22b req-49d33b84-3eff-42b9-9165-c37022f153ce service placement] getting providers with 1024 MEMORY_MB {{(pid=119701) __init__ /opt/stack/placement/placement/objects/research_context.py:136}}
Aug 26 09:02:52.881148 n-d-846470-16 devstack@placement-api.service[119701]: DEBUG placement.objects.research_context [req-1d714716-0fab-46af-af58-17f41b2cb22b req-49d33b84-3eff-42b9-9165-c37022f153ce service placement] getting providers with 1 VCPU {{(pid=119701) __init__ /opt/stack/placement/placement/objects/research_context.py:136}}
Aug 26 09:02:52.888898 n-d-846470-16 devstack@placement-api.service[119701]: DEBUG placement.objects.research_context [req-1d714716-0fab-46af-af58-17f41b2cb22b req-49d33b84-3eff-42b9-9165-c37022f153ce service placement] found 2 providers with available 1 DISK_GB {{(pid=119701) get_provider_ids_matching /opt/stack/placement/placement/objects/research_context.py:563}}
Aug 26 09:02:52.889464 n-d-846470-16 devstack@placement-api.service[119701]: DEBUG placement.objects.research_context [req-1d714716-0fab-46af-af58-17f41b2cb22b req-49d33b84-3eff-42b9-9165-c37022f153ce service placement] found 2 providers with available 1024 MEMORY_MB {{(pid=119701) get_provider_ids_matching /opt/stack/placement/placement/objects/research_context.py:563}}
Aug 26 09:02:52.889909 n-d-846470-16 devstack@placement-api.service[119701]: DEBUG placement.objects.research_context [req-1d714716-0fab-46af-af58-17f41b2cb22b req-49d33b84-3eff-42b9-9165-c37022f153ce service placement] found 2 providers after filtering by previous result {{(pid=119701) get_provider_ids_matching /opt/stack/placement/placement/objects/research_context.py:594}}
Aug 26 09:02:52.890325 n-d-846470-16 devstack@placement-api.service[119701]: DEBUG placement.objects.research_context [req-1d714716-0fab-46af-af58-17f41b2cb22b req-49d33b84-3eff-42b9-9165-c37022f153ce service placement] found 2 providers with available 1 VCPU {{(pid=119701) get_provider_ids_matching /opt/stack/placement/placement/objects/research_context.py:563}}
Aug 26 09:02:52.890781 n-d-846470-16 devstack@placement-api.service[119701]: DEBUG placement.objects.research_context [req-1d714716-0fab-46af-af58-17f41b2cb22b req-49d33b84-3eff-42b9-9165-c37022f153ce service placement] found 2 providers after filtering by previous result {{(pid=119701) get_provider_ids_matching /opt/stack/placement/placement/objects/research_context.py:594}}
Aug 26 09:02:52.903898 n-d-846470-16 devstack@placement-api.service[119701]: DEBUG placement.objects.allocation_candidate [req-1d714716-0fab-46af-af58-17f41b2cb22b req-49d33b84-3eff-42b9-9165-c37022f153ce service placement] RequestGroup(use_same_provider=False, resources={DISK_GB:1, MEMORY_MB:1024, VCPU:1}, traits=(), aggregates=[]) (suffix '') returned 2 matches {{(pid=119701) _get_by_requests /opt/stack/placement/placement/objects/allocation_candidate.py:156}}
Aug 26 09:02:52.904615 n-d-846470-16 devstack@placement-api.service[119701]: DEBUG placement.objects.allocation_candidate [req-1d714716-0fab-46af-af58-17f41b2cb22b req-49d33b84-3eff-42b9-9165-c37022f153ce service placement] Merging candidates yields 2 allocation requests and 2 provider summaries {{(pid=119701) _merge_candidates /opt/stack/placement/placement/objects/allocation_candidate.py:809}}
Aug 26 09:02:52.906416 n-d-846470-16 devstack@placement-api.service[119701]: INFO placement.requestlog [req-1d714716-0fab-46af-af58-17f41b2cb22b req-49d33b84-3eff-42b9-9165-c37022f153ce service placement] 10.222.0.62 "GET /placement/allocation_candidates?limit=1000&resources=DISK_GB%3A1%2CMEMORY_MB%3A1024%2CVCPU%3A1&root_required=%21COMPUTE_STATUS_DISABLED" status: 200 len: 1312 microversion: 1.36
Aug 26 09:02:52.907349 n-d-846470-16 devstack@placement-api.service[119701]: [pid: 119701|app: 0|req: 229/461] 10.222.0.62 () {60 vars in 1506 bytes} [Fri Aug 26 09:02:52 2022] GET /placement/allocation_candidates?limit=1000&resources=DISK_GB%3A1%2CMEMORY_MB%3A1024%2CVCPU%3A1&root_required=%21COMPUTE_STATUS_DISABLED => generated 1312 bytes in 91 msecs (HTTP/1.1 200) 8 headers in 297 bytes (1 switches on core 0)
Aug 26 09:02:52.988953 n-d-846470-16 devstack@placement-api.service[119702]: DEBUG placement.requestlog [req-1d714716-0fab-46af-af58-17f41b2cb22b req-2281a84b-bbcb-4a9e-92a4-46044375bfc3 None None] Starting request: 10.222.0.62 "GET /placement/allocations/26b6da8c-25eb-40d2-8785-155ed2e0c693" {{(pid=119702) __call__ /opt/stack/placement/placement/requestlog.py:55}}
Aug 26 09:02:53.005413 n-d-846470-16 devstack@placement-api.service[119702]: INFO placement.requestlog [req-1d714716-0fab-46af-af58-17f41b2cb22b req-2281a84b-bbcb-4a9e-92a4-46044375bfc3 service placement] 10.222.0.62 "GET /placement/allocations/26b6da8c-25eb-40d2-8785-155ed2e0c693" status: 200 len: 19 microversion: 1.28
Aug 26 09:02:53.011863 n-d-846470-16 devstack@placement-api.service[119702]: [pid: 119702|app: 0|req: 233/462] 10.222.0.62 () {60 vars in 1380 bytes} [Fri Aug 26 09:02:52 2022] GET /placement/allocations/26b6da8c-25eb-40d2-8785-155ed2e0c693 => generated 19 bytes in 22 msecs (HTTP/1.1 200) 8 headers in 295 bytes (1 switches on core 0)
Aug 26 09:02:53.013943 n-d-846470-16 devstack@placement-api.service[119701]: DEBUG placement.requestlog [req-1d714716-0fab-46af-af58-17f41b2cb22b req-88334e60-3ea0-46ca-9d21-70ef63559b7e None None] Starting request: 10.222.0.62 "PUT /placement/allocations/26b6da8c-25eb-40d2-8785-155ed2e0c693" {{(pid=119701) __call__ /opt/stack/placement/placement/requestlog.py:55}}
Aug 26 09:02:53.524593 n-d-846470-16 devstack@placement-api.service[119701]: DEBUG placement.handlers.allocation [req-1d714716-0fab-46af-af58-17f41b2cb22b req-88334e60-3ea0-46ca-9d21-70ef63559b7e service placement] Successfully wrote allocations [, , ] {{(pid=119701) _update_consumers_and_create_allocations /opt/stack/placement/placement/handlers/allocation.py:462}}
Aug 26 09:02:53.644828 n-d-846470-16 devstack@placement-api.service[119701]: INFO placement.requestlog [req-1d714716-0fab-46af-af58-17f41b2cb22b req-88334e60-3ea0-46ca-9d21-70ef63559b7e service placement] 10.222.0.62 "PUT /placement/allocations/26b6da8c-25eb-40d2-8785-155ed2e0c693" status: 204 len: 0 microversion: 1.36
Aug 26 09:02:53.645878 n-d-846470-16 devstack@placement-api.service[119701]: [pid: 119701|app: 0|req: 230/463] 10.222.0.62 () {64 vars in 1433 bytes} [Fri Aug 26 09:02:53 2022] PUT /placement/allocations/26b6da8c-25eb-40d2-8785-155ed2e0c693 => generated 0 bytes in 632 msecs (HTTP/1.1 204) 5 headers in 199 bytes (1 switches on core 0)
Aug 26 09:02:54.859130 n-d-846470-16 devstack@placement-api.service[119701]: DEBUG dbcounter [-] [119701] Writing DB stats placement:SELECT=90,placement:INSERT=4,placement:DELETE=4,placement:UPDATE=2 {{(pid=119701) stat_writer /usr/local/lib/python3.8/dist-packages/dbcounter.py:114}}
Aug 26 09:02:55.295661 n-d-846470-16 devstack@placement-api.service[119702]: DEBUG placement.requestlog [req-1d714716-0fab-46af-af58-17f41b2cb22b req-5836cf6d-156b-45c3-8be7-a321ecdf8156 None None] Starting request: 10.222.0.78 "GET /placement/allocations/26b6da8c-25eb-40d2-8785-155ed2e0c693" {{(pid=119702) __call__ /opt/stack/placement/placement/requestlog.py:55}}
Aug 26 09:02:55.333090 n-d-846470-16 devstack@placement-api.service[119702]: INFO placement.requestlog [req-1d714716-0fab-46af-af58-17f41b2cb22b req-5836cf6d-156b-45c3-8be7-a321ecdf8156 service placement] 10.222.0.78 "GET /placement/allocations/26b6da8c-25eb-40d2-8785-155ed2e0c693" status: 200 len: 259 microversion: 1.28
Aug 26 09:02:55.333612 n-d-846470-16 devstack@placement-api.service[119702]: [pid: 119702|app: 0|req: 234/464] 10.222.0.78 () {60 vars in 1377 bytes} [Fri Aug 26 09:02:55 2022] GET /placement/allocations/26b6da8c-25eb-40d2-8785-155ed2e0c693 => generated 259 bytes in 38 msecs (HTTP/1.1 200) 8 headers in 296 bytes (1 switches on core 0)
Aug 26 09:02:55.738246 n-d-846470-16 devstack@placement-api.service[119701]: DEBUG placement.requestlog [req-1d714716-0fab-46af-af58-17f41b2cb22b req-ccf4d480-bf90-4a3a-9a1f-dfaa374bf649 None None] Starting request: 10.222.0.78 "GET /placement/resource_providers/0c645cd2-1f14-43ac-8fcc-91c0c0a36322/allocations" {{(pid=119701) __call__ /opt/stack/placement/placement/requestlog.py:55}}
Aug 26 09:02:55.804930 n-d-846470-16 devstack@placement-api.service[119701]: INFO placement.requestlog [req-1d714716-0fab-46af-af58-17f41b2cb22b req-ccf4d480-bf90-4a3a-9a1f-dfaa374bf649 service placement] 10.222.0.78 "GET /placement/resource_providers/0c645cd2-1f14-43ac-8fcc-91c0c0a36322/allocations" status: 200 len: 746 microversion: 1.0
Aug 26 09:02:55.810573 n-d-846470-16 devstack@placement-api.service[119701]: [pid: 119701|app: 0|req: 231/465] 10.222.0.78 () {58 vars in 1390 bytes} [Fri Aug 26 09:02:55 2022] GET /placement/resource_providers/0c645cd2-1f14-43ac-8fcc-91c0c0a36322/allocations => generated 746 bytes in 73 msecs (HTTP/1.1 200) 6 headers in 224 bytes (1 switches on core 0)
Aug 26 09:02:55.813461 n-d-846470-16 devstack@placement-api.service[119702]: DEBUG placement.requestlog [req-1d714716-0fab-46af-af58-17f41b2cb22b req-05ead181-851c-4eb7-8a5d-7416e2c68fda None None] Starting request: 10.222.0.78 "GET /placement/allocations/55a4435a-e391-497b-802d-52d9ce1c3d37" {{(pid=119702) __call__ /opt/stack/placement/placement/requestlog.py:55}}
Aug 26 09:02:55.852502 n-d-846470-16 devstack@placement-api.service[119702]: INFO placement.requestlog [req-1d714716-0fab-46af-af58-17f41b2cb22b req-05ead181-851c-4eb7-8a5d-7416e2c68fda service placement] 10.222.0.78 "GET /placement/allocations/55a4435a-e391-497b-802d-52d9ce1c3d37" status: 200 len: 259 microversion: 1.28
Aug 26 09:02:55.854010 n-d-846470-16 devstack@placement-api.service[119702]: [pid: 119702|app: 0|req: 235/466] 10.222.0.78 () {60 vars in 1377 bytes} [Fri Aug 26 09:02:55 2022] GET /placement/allocations/55a4435a-e391-497b-802d-52d9ce1c3d37 => generated 259 bytes in 41 msecs (HTTP/1.1 200) 8 headers in 296 bytes (1 switches on core 0)
Aug 26 09:02:55.861626 n-d-846470-16 devstack@placement-api.service[119701]: DEBUG placement.requestlog [req-1d714716-0fab-46af-af58-17f41b2cb22b req-faa37802-b962-4c8c-8f95-2a0671c7c130 None None] Starting request: 10.222.0.78 "GET /placement/allocations/f6a8fa1d-005b-434a-9f14-c53342a6ceaa" {{(pid=119701) __call__ /opt/stack/placement/placement/requestlog.py:55}}
Aug 26 09:02:55.906681 n-d-846470-16 devstack@placement-api.service[119701]: INFO placement.requestlog [req-1d714716-0fab-46af-af58-17f41b2cb22b req-faa37802-b962-4c8c-8f95-2a0671c7c130 service placement] 10.222.0.78 "GET /placement/allocations/f6a8fa1d-005b-434a-9f14-c53342a6ceaa" status: 200 len: 259 microversion: 1.28
Aug 26 09:02:55.907512 n-d-846470-16 devstack@placement-api.service[119701]: [pid: 119701|app: 0|req: 232/467] 10.222.0.78 () {60 vars in 1377 bytes} [Fri Aug 26 09:02:55 2022] GET /placement/allocations/f6a8fa1d-005b-434a-9f14-c53342a6ceaa => generated 259 bytes in 46 msecs (HTTP/1.1 200) 8 headers in 296 bytes (1 switches on core 0)
Aug 26 09:02:55.917113 n-d-846470-16 devstack@placement-api.service[119702]: DEBUG placement.requestlog [req-1d714716-0fab-46af-af58-17f41b2cb22b req-a0493b5e-ce2e-46b0-841a-d5679104cf4e None None] Starting request: 10.222.0.78 "GET /placement/allocations/26b6da8c-25eb-40d2-8785-155ed2e0c693" {{(pid=119702) __call__ /opt/stack/placement/placement/requestlog.py:55}}
Aug 26 09:02:55.950630 n-d-846470-16 devstack@placement-api.service[119702]: INFO placement.requestlog [req-1d714716-0fab-46af-af58-17f41b2cb22b req-a0493b5e-ce2e-46b0-841a-d5679104cf4e service placement] 10.222.0.78 "GET /placement/allocations/26b6da8c-25eb-40d2-8785-155ed2e0c693" status: 200 len: 259 microversion: 1.28
Aug 26 09:02:55.955981 n-d-846470-16 devstack@placement-api.service[119702]: [pid: 119702|app: 0|req: 236/468] 10.222.0.78 () {60 vars in 1377 bytes} [Fri Aug 26 09:02:55 2022] GET /placement/allocations/26b6da8c-25eb-40d2-8785-155ed2e0c693 => generated 259 bytes in 39 msecs (HTTP/1.1 200) 8 headers in 296 bytes (2 switches on core 0)
Aug 26 09:02:55.967028 n-d-846470-16 devstack@placement-api.service[119701]: DEBUG placement.requestlog [req-1d714716-0fab-46af-af58-17f41b2cb22b req-14a624f9-f25e-4fce-bd14-8a84c0dcfb8c None None] Starting request: 10.222.0.78 "GET /placement/allocations/5c60ed30-1979-4d34-ad9f-6bf760bf4149" {{(pid=119701) __call__ /opt/stack/placement/placement/requestlog.py:55}}
Aug 26 09:02:56.012657 n-d-846470-16 devstack@placement-api.service[119701]: INFO placement.requestlog [req-1d714716-0fab-46af-af58-17f41b2cb22b req-14a624f9-f25e-4fce-bd14-8a84c0dcfb8c service placement] 10.222.0.78 "GET /placement/allocations/5c60ed30-1979-4d34-ad9f-6bf760bf4149" status: 200 len: 245 microversion: 1.28
Aug 26 09:02:56.013126 n-d-846470-16 devstack@placement-api.service[119701]: [pid: 119701|app: 0|req: 233/469] 10.222.0.78 () {60 vars in 1377 bytes} [Fri Aug 26 09:02:55 2022] GET /placement/allocations/5c60ed30-1979-4d34-ad9f-6bf760bf4149 => generated 245 bytes in 47 msecs (HTTP/1.1 200) 8 headers in 296 bytes (1 switches on core 0)
Aug 26 09:02:56.020561 n-d-846470-16 devstack@placement-api.service[119702]: DEBUG placement.requestlog [req-1d714716-0fab-46af-af58-17f41b2cb22b req-c5bb4808-53e7-4333-9c1b-1eff0567ab33 None None] Starting request: 10.222.0.78 "GET /placement/allocations/650fc3c0-f714-4dac-8db6-88f59cc20c42" {{(pid=119702) __call__ /opt/stack/placement/placement/requestlog.py:55}}
Aug 26 09:02:56.056260 n-d-846470-16 devstack@placement-api.service[119702]: INFO placement.requestlog [req-1d714716-0fab-46af-af58-17f41b2cb22b req-c5bb4808-53e7-4333-9c1b-1eff0567ab33 service placement] 10.222.0.78 "GET /placement/allocations/650fc3c0-f714-4dac-8db6-88f59cc20c42" status: 200 len: 259 microversion: 1.28
Aug 26 09:02:56.061052 n-d-846470-16 devstack@placement-api.service[119702]: [pid: 119702|app: 0|req: 237/470] 10.222.0.78 () {60 vars in 1377 bytes} [Fri Aug 26 09:02:56 2022] GET /placement/allocations/650fc3c0-f714-4dac-8db6-88f59cc20c42 => generated 259 bytes in 41 msecs (HTTP/1.1 200) 8 headers in 296 bytes (1 switches on core 0)
Aug 26 09:02:56.068145 n-d-846470-16 devstack@placement-api.service[119701]: DEBUG placement.requestlog [req-8d987551-6014-40aa-b181-87ed3b31f39f req-e79761bb-1fa8-4120-b648-4fb1bb782e4f None None] Starting request: 10.222.0.78 "GET /placement/resource_providers/0c645cd2-1f14-43ac-8fcc-91c0c0a36322/allocations" {{(pid=119701) __call__ /opt/stack/placement/placement/requestlog.py:55}}
Aug 26 09:02:56.068752 n-d-846470-16 devstack@placement-api.service[119702]: DEBUG placement.requestlog [req-1d714716-0fab-46af-af58-17f41b2cb22b req-fda5ab1a-db61-4d68-9d55-981c02fdd789 None None] Starting request: 10.222.0.78 "GET /placement/allocations/3ca234a4-8e8b-47c4-8e5d-e5e4e6657019" {{(pid=119702) __call__ /opt/stack/placement/placement/requestlog.py:55}}
Aug 26 09:02:56.111363 n-d-846470-16 devstack@placement-api.service[119701]: INFO placement.requestlog [req-8d987551-6014-40aa-b181-87ed3b31f39f req-e79761bb-1fa8-4120-b648-4fb1bb782e4f service placement] 10.222.0.78 "GET /placement/resource_providers/0c645cd2-1f14-43ac-8fcc-91c0c0a36322/allocations" status: 200 len: 746 microversion: 1.0
Aug 26 09:02:56.111966 n-d-846470-16 devstack@placement-api.service[119701]: [pid: 119701|app: 0|req: 234/471] 10.222.0.78 () {58 vars in 1390 bytes} [Fri Aug 26 09:02:56 2022] GET /placement/resource_providers/0c645cd2-1f14-43ac-8fcc-91c0c0a36322/allocations => generated 746 bytes in 44 msecs (HTTP/1.1 200) 6 headers in 224 bytes (1 switches on core 0)
Aug 26 09:02:56.117880 n-d-846470-16 devstack@placement-api.service[119702]: INFO placement.requestlog [req-1d714716-0fab-46af-af58-17f41b2cb22b req-fda5ab1a-db61-4d68-9d55-981c02fdd789 service placement] 10.222.0.78 "GET /placement/allocations/3ca234a4-8e8b-47c4-8e5d-e5e4e6657019" status: 200 len: 259 microversion: 1.28
Aug 26 09:02:56.118738 n-d-846470-16 devstack@placement-api.service[119702]: [pid: 119702|app: 0|req: 238/472] 10.222.0.78 () {60 vars in 1377 bytes} [Fri Aug 26 09:02:56 2022] GET /placement/allocations/3ca234a4-8e8b-47c4-8e5d-e5e4e6657019 => generated 259 bytes in 51 msecs (HTTP/1.1 200) 8 headers in 296 bytes (1 switches on core 0)
Aug 26 09:02:56.128251 n-d-846470-16 devstack@placement-api.service[119701]: DEBUG placement.requestlog [req-8d987551-6014-40aa-b181-87ed3b31f39f req-64646830-1acb-4e4f-9509-07f76f159956 None None] Starting request: 10.222.0.78 "GET /placement/allocations/55a4435a-e391-497b-802d-52d9ce1c3d37" {{(pid=119701) __call__ /opt/stack/placement/placement/requestlog.py:55}}
Aug 26 09:02:56.142478 n-d-846470-16 devstack@placement-api.service[119702]: DEBUG placement.requestlog [req-1d714716-0fab-46af-af58-17f41b2cb22b req-cf912286-3195-42f2-9b18-72ea797dacc2 None None] Starting request: 10.222.0.78 "GET /placement/allocations/9dd73be4-3509-45e8-b71f-7cb4de0704b4" {{(pid=119702) __call__ /opt/stack/placement/placement/requestlog.py:55}}
Aug 26 09:02:56.166844 n-d-846470-16 devstack@placement-api.service[119701]: INFO placement.requestlog [req-8d987551-6014-40aa-b181-87ed3b31f39f req-64646830-1acb-4e4f-9509-07f76f159956 service placement] 10.222.0.78 "GET /placement/allocations/55a4435a-e391-497b-802d-52d9ce1c3d37" status: 200 len: 259 microversion: 1.28
Aug 26 09:02:56.167559 n-d-846470-16 devstack@placement-api.service[119701]: [pid: 119701|app: 0|req: 235/473] 10.222.0.78 () {60 vars in 1377 bytes} [Fri Aug 26 09:02:56 2022] GET /placement/allocations/55a4435a-e391-497b-802d-52d9ce1c3d37 => generated 259 bytes in 39 msecs (HTTP/1.1 200) 8 headers in 296 bytes (2 switches on core 0)
Aug 26 09:02:56.174364 n-d-846470-16 devstack@placement-api.service[119702]: INFO placement.requestlog [req-1d714716-0fab-46af-af58-17f41b2cb22b req-cf912286-3195-42f2-9b18-72ea797dacc2 service placement] 10.222.0.78 "GET /placement/allocations/9dd73be4-3509-45e8-b71f-7cb4de0704b4" status: 200 len: 259 microversion: 1.28
Aug 26 09:02:56.175975 n-d-846470-16 devstack@placement-api.service[119702]: [pid: 119702|app: 0|req: 239/474] 10.222.0.78 () {60 vars in 1377 bytes} [Fri Aug 26 09:02:56 2022] GET /placement/allocations/9dd73be4-3509-45e8-b71f-7cb4de0704b4 => generated 259 bytes in 40 msecs (HTTP/1.1 200) 8 headers in 296 bytes (1 switches on core 0)
Aug 26 09:02:56.178024 n-d-846470-16 devstack@placement-api.service[119701]: DEBUG placement.requestlog [req-8d987551-6014-40aa-b181-87ed3b31f39f req-e36f898b-8d4e-4c61-8a33-0b114d029597 None None] Starting request: 10.222.0.78 "GET /placement/allocations/f6a8fa1d-005b-434a-9f14-c53342a6ceaa" {{(pid=119701) __call__ /opt/stack/placement/placement/requestlog.py:55}}
Aug 26 09:02:56.228395 n-d-846470-16 devstack@placement-api.service[119701]: INFO placement.requestlog [req-8d987551-6014-40aa-b181-87ed3b31f39f req-e36f898b-8d4e-4c61-8a33-0b114d029597 service placement] 10.222.0.78 "GET /placement/allocations/f6a8fa1d-005b-434a-9f14-c53342a6ceaa" status: 200 len: 259 microversion: 1.28
Aug 26 09:02:56.230535 n-d-846470-16 devstack@placement-api.service[119701]: [pid: 119701|app: 0|req: 236/475] 10.222.0.78 () {60 vars in 1377 bytes} [Fri Aug 26 09:02:56 2022] GET /placement/allocations/f6a8fa1d-005b-434a-9f14-c53342a6ceaa => generated 259 bytes in 52 msecs (HTTP/1.1 200) 8 headers in 296 bytes (1 switches on core 0)
Aug 26 09:02:56.423070 n-d-846470-16 devstack@placement-api.service[119702]: DEBUG placement.requestlog [req-8d987551-6014-40aa-b181-87ed3b31f39f req-76f0c9b4-0ae4-403c-8f29-69f6efa6b65e None None] Starting request: 10.222.0.78 "GET /placement/allocations/26b6da8c-25eb-40d2-8785-155ed2e0c693" {{(pid=119702) __call__ /opt/stack/placement/placement/requestlog.py:55}}
Aug 26 09:02:56.456130 n-d-846470-16 devstack@placement-api.service[119702]: INFO placement.requestlog [req-8d987551-6014-40aa-b181-87ed3b31f39f req-76f0c9b4-0ae4-403c-8f29-69f6efa6b65e service placement] 10.222.0.78 "GET /placement/allocations/26b6da8c-25eb-40d2-8785-155ed2e0c693" status: 200 len: 259 microversion: 1.28
Aug 26 09:02:56.458416 n-d-846470-16 devstack@placement-api.service[119702]: [pid: 119702|app: 0|req: 240/476] 10.222.0.78 () {60 vars in 1377 bytes} [Fri Aug 26 09:02:56 2022] GET /placement/allocations/26b6da8c-25eb-40d2-8785-155ed2e0c693 => generated 259 bytes in 36 msecs (HTTP/1.1 200) 8 headers in 296 bytes (1 switches on core 0)
Aug 26 09:02:56.464839 n-d-846470-16 devstack@placement-api.service[119701]: DEBUG placement.requestlog [req-8d987551-6014-40aa-b181-87ed3b31f39f req-00d567e3-0180-4c5e-b102-e00a0bee67c2 None None] Starting request: 10.222.0.78 "GET /placement/allocations/5c60ed30-1979-4d34-ad9f-6bf760bf4149" {{(pid=119701) __call__ /opt/stack/placement/placement/requestlog.py:55}}
Aug 26 09:02:56.484855 n-d-846470-16 devstack@placement-api.service[119701]: INFO placement.requestlog [req-8d987551-6014-40aa-b181-87ed3b31f39f req-00d567e3-0180-4c5e-b102-e00a0bee67c2 service placement] 10.222.0.78 "GET /placement/allocations/5c60ed30-1979-4d34-ad9f-6bf760bf4149" status: 200 len: 245 microversion: 1.28
Aug 26 09:02:56.486070 n-d-846470-16 devstack@placement-api.service[119701]: [pid: 119701|app: 0|req: 237/477] 10.222.0.78 () {60 vars in 1377 bytes} [Fri Aug 26 09:02:56 2022] GET /placement/allocations/5c60ed30-1979-4d34-ad9f-6bf760bf4149 => generated 245 bytes in 21 msecs (HTTP/1.1 200) 8 headers in 296 bytes (2 switches on core 0)
Aug 26 09:02:56.508863 n-d-846470-16 devstack@placement-api.service[119702]: DEBUG placement.requestlog [req-8d987551-6014-40aa-b181-87ed3b31f39f req-818b7201-b7e5-42ec-af4a-db6c572fca4c None None] Starting request: 10.222.0.78 "GET /placement/allocations/650fc3c0-f714-4dac-8db6-88f59cc20c42" {{(pid=119702) __call__ /opt/stack/placement/placement/requestlog.py:55}}
Aug 26 09:02:56.549762 n-d-846470-16 devstack@placement-api.service[119702]: INFO placement.requestlog [req-8d987551-6014-40aa-b181-87ed3b31f39f req-818b7201-b7e5-42ec-af4a-db6c572fca4c service placement] 10.222.0.78 "GET /placement/allocations/650fc3c0-f714-4dac-8db6-88f59cc20c42" status: 200 len: 259 microversion: 1.28
Aug 26 09:02:56.552618 n-d-846470-16 devstack@placement-api.service[119702]: [pid: 119702|app: 0|req: 241/478] 10.222.0.78 () {60 vars in 1377 bytes} [Fri Aug 26 09:02:56 2022] GET /placement/allocations/650fc3c0-f714-4dac-8db6-88f59cc20c42 => generated 259 bytes in 47 msecs (HTTP/1.1 200) 8 headers in 296 bytes (1 switches on core 0)
Aug 26 09:02:56.561996 n-d-846470-16 devstack@placement-api.service[119701]: DEBUG placement.requestlog [req-8d987551-6014-40aa-b181-87ed3b31f39f req-8ee633cf-a12d-4b42-85ef-9e4a3f25602c None None] Starting request: 10.222.0.78 "GET /placement/allocations/3ca234a4-8e8b-47c4-8e5d-e5e4e6657019" {{(pid=119701) __call__ /opt/stack/placement/placement/requestlog.py:55}}
Aug 26 09:02:56.596765 n-d-846470-16 devstack@placement-api.service[119701]: INFO placement.requestlog [req-8d987551-6014-40aa-b181-87ed3b31f39f req-8ee633cf-a12d-4b42-85ef-9e4a3f25602c service placement] 10.222.0.78 "GET /placement/allocations/3ca234a4-8e8b-47c4-8e5d-e5e4e6657019" status: 200 len: 259 microversion: 1.28
Aug 26 09:02:56.597928 n-d-846470-16 devstack@placement-api.service[119701]: [pid: 119701|app: 0|req: 238/479] 10.222.0.78 () {60 vars in 1377 bytes} [Fri Aug 26 09:02:56 2022] GET /placement/allocations/3ca234a4-8e8b-47c4-8e5d-e5e4e6657019 => generated 259 bytes in 37 msecs (HTTP/1.1 200) 8 headers in 296 bytes (1 switches on core 0)
Aug 26 09:02:56.607760 n-d-846470-16 devstack@placement-api.service[119702]: DEBUG placement.requestlog [req-8d987551-6014-40aa-b181-87ed3b31f39f req-66cbb9b5-2830-4140-a068-fa386e6f2555 None None] Starting request: 10.222.0.78 "GET /placement/allocations/9dd73be4-3509-45e8-b71f-7cb4de0704b4" {{(pid=119702) __call__ /opt/stack/placement/placement/requestlog.py:55}}
Aug 26 09:02:56.644817 n-d-846470-16 devstack@placement-api.service[119702]: INFO placement.requestlog [req-8d987551-6014-40aa-b181-87ed3b31f39f req-66cbb9b5-2830-4140-a068-fa386e6f2555 service placement] 10.222.0.78 "GET /placement/allocations/9dd73be4-3509-45e8-b71f-7cb4de0704b4" status: 200 len: 259 microversion: 1.28
Aug 26 09:02:56.645614 n-d-846470-16 devstack@placement-api.service[119702]: [pid: 119702|app: 0|req: 242/480] 10.222.0.78 () {60 vars in 1377 bytes} [Fri Aug 26 09:02:56 2022] GET /placement/allocations/9dd73be4-3509-45e8-b71f-7cb4de0704b4 => generated 259 bytes in 38 msecs (HTTP/1.1 200) 8 headers in 296 bytes (1 switches on core 0)
Aug 26 09:02:56.772258 n-d-846470-16 devstack@placement-api.service[119701]: DEBUG placement.requestlog [req-6ed96d2e-e81d-4e04-a355-99b922a890cd req-10fafab5-ebc4-4ba6-a372-4208f28d2fbf None None] Starting request: 10.222.0.62 "GET /placement/allocations/df831fcd-ed47-4e90-8792-7837b1915020" {{(pid=119701) __call__ /opt/stack/placement/placement/requestlog.py:55}}
Aug 26 09:02:56.811274 n-d-846470-16 devstack@placement-api.service[119701]: INFO placement.requestlog [req-6ed96d2e-e81d-4e04-a355-99b922a890cd req-10fafab5-ebc4-4ba6-a372-4208f28d2fbf service placement] 10.222.0.62 "GET /placement/allocations/df831fcd-ed47-4e90-8792-7837b1915020" status: 200 len: 259 microversion: 1.28
Aug 26 09:02:56.812354 n-d-846470-16 devstack@placement-api.service[119701]: [pid: 119701|app: 0|req: 239/481] 10.222.0.62 () {60 vars in 1380 bytes} [Fri Aug 26 09:02:56 2022] GET /placement/allocations/df831fcd-ed47-4e90-8792-7837b1915020 => generated 259 bytes in 40 msecs (HTTP/1.1 200) 8 headers in 296 bytes (1 switches on core 0)
Aug 26 09:02:56.818292 n-d-846470-16 devstack@placement-api.service[119702]: DEBUG placement.requestlog [req-6ed96d2e-e81d-4e04-a355-99b922a890cd req-95d23e27-36e0-4b25-b612-c9863354b9f8 None None] Starting request: 10.222.0.62 "GET /placement/allocations/df831fcd-ed47-4e90-8792-7837b1915020" {{(pid=119702) __call__ /opt/stack/placement/placement/requestlog.py:55}}
Aug 26 09:02:56.886223 n-d-846470-16 devstack@placement-api.service[119701]: DEBUG placement.requestlog [req-8d987551-6014-40aa-b181-87ed3b31f39f req-81b3c093-4289-4e2a-ab7a-87cecdc2fe03 None None] Starting request: 10.222.0.78 "DELETE /placement/allocations/650fc3c0-f714-4dac-8db6-88f59cc20c42" {{(pid=119701) __call__ /opt/stack/placement/placement/requestlog.py:55}}
Aug 26 09:02:56.939879 n-d-846470-16 devstack@placement-api.service[119702]: INFO placement.requestlog [req-6ed96d2e-e81d-4e04-a355-99b922a890cd req-95d23e27-36e0-4b25-b612-c9863354b9f8 service placement] 10.222.0.62 "GET /placement/allocations/df831fcd-ed47-4e90-8792-7837b1915020" status: 200 len: 259 microversion: 1.28
Aug 26 09:02:56.944831 n-d-846470-16 devstack@placement-api.service[119702]: [pid: 119702|app: 0|req: 243/482] 10.222.0.62 () {60 vars in 1380 bytes} [Fri Aug 26 09:02:56 2022] GET /placement/allocations/df831fcd-ed47-4e90-8792-7837b1915020 => generated 259 bytes in 127 msecs (HTTP/1.1 200) 8 headers in 296 bytes (1 switches on core 0)
Aug 26 09:02:56.951304 n-d-846470-16 devstack@placement-api.service[119702]: DEBUG placement.requestlog [req-6ed96d2e-e81d-4e04-a355-99b922a890cd req-09840917-a112-4a9b-811c-a343cd352249 None None] Starting request: 10.222.0.62 "GET /placement/allocations/9af92c93-2978-4e77-8d1b-b01d9495aa5d" {{(pid=119702) __call__ /opt/stack/placement/placement/requestlog.py:55}}
Aug 26 09:02:56.984333 n-d-846470-16 devstack@placement-api.service[119702]: INFO placement.requestlog [req-6ed96d2e-e81d-4e04-a355-99b922a890cd req-09840917-a112-4a9b-811c-a343cd352249 service placement] 10.222.0.62 "GET /placement/allocations/9af92c93-2978-4e77-8d1b-b01d9495aa5d" status: 200 len: 19 microversion: 1.28
Aug 26 09:02:56.988784 n-d-846470-16 devstack@placement-api.service[119702]: [pid: 119702|app: 0|req: 244/483] 10.222.0.62 () {60 vars in 1380 bytes} [Fri Aug 26 09:02:56 2022] GET /placement/allocations/9af92c93-2978-4e77-8d1b-b01d9495aa5d => generated 19 bytes in 38 msecs (HTTP/1.1 200) 8 headers in 295 bytes (1 switches on core 0)
Aug 26 09:02:56.992974 n-d-846470-16 devstack@placement-api.service[119702]: DEBUG placement.requestlog [req-6ed96d2e-e81d-4e04-a355-99b922a890cd req-e337b06b-31f9-4567-a1a2-bc53da2c5885 None None] Starting request: 10.222.0.62 "POST /placement/allocations" {{(pid=119702) __call__ /opt/stack/placement/placement/requestlog.py:55}}
Aug 26 09:02:57.164116 n-d-846470-16 devstack@placement-api.service[119701]: DEBUG placement.handlers.allocation [req-8d987551-6014-40aa-b181-87ed3b31f39f req-81b3c093-4289-4e2a-ab7a-87cecdc2fe03 service placement] Successfully deleted allocations [, , ] {{(pid=119701) delete_allocations /opt/stack/placement/placement/handlers/allocation.py:627}}
Aug 26 09:02:57.165132 n-d-846470-16 devstack@placement-api.service[119701]: INFO placement.requestlog [req-8d987551-6014-40aa-b181-87ed3b31f39f req-81b3c093-4289-4e2a-ab7a-87cecdc2fe03 service placement] 10.222.0.78 "DELETE /placement/allocations/650fc3c0-f714-4dac-8db6-88f59cc20c42" status: 204 len: 0 microversion: 1.0
Aug 26 09:02:57.166023 n-d-846470-16 devstack@placement-api.service[119701]: [pid: 119701|app: 0|req: 240/484] 10.222.0.78 () {60 vars in 1355 bytes} [Fri Aug 26 09:02:56 2022] DELETE /placement/allocations/650fc3c0-f714-4dac-8db6-88f59cc20c42 => generated 0 bytes in 283 msecs (HTTP/1.1 204) 5 headers in 198 bytes (2 switches on core 0)
Aug 26 09:02:57.266655 n-d-846470-16 devstack@placement-api.service[119702]: DEBUG placement.handlers.allocation [req-6ed96d2e-e81d-4e04-a355-99b922a890cd req-e337b06b-31f9-4567-a1a2-bc53da2c5885 service placement] Successfully wrote allocations [, , , , , ] {{(pid=119702) _update_consumers_and_create_allocations /opt/stack/placement/placement/handlers/allocation.py:572}}
Aug 26 09:02:57.367428 n-d-846470-16 devstack@placement-api.service[119702]: INFO placement.requestlog [req-6ed96d2e-e81d-4e04-a355-99b922a890cd req-e337b06b-31f9-4567-a1a2-bc53da2c5885 service placement] 10.222.0.62 "POST /placement/allocations" status: 204 len: 0 microversion: 1.28
Aug 26 09:02:57.368127 n-d-846470-16 devstack@placement-api.service[119702]: [pid: 119702|app: 0|req: 245/485] 10.222.0.62 () {64 vars in 1323 bytes} [Fri Aug 26 09:02:56 2022] POST /placement/allocations => generated 0 bytes in 375 msecs (HTTP/1.1 204) 5 headers in 199 bytes (1 switches on core 0)
Aug 26 09:02:57.474994 n-d-846470-16 devstack@placement-api.service[119701]: DEBUG placement.requestlog [req-6ed96d2e-e81d-4e04-a355-99b922a890cd req-c4acc267-f74b-471c-b64e-942604937876 None None] Starting request: 10.222.0.62 "GET /placement/allocations/df831fcd-ed47-4e90-8792-7837b1915020" {{(pid=119701) __call__ /opt/stack/placement/placement/requestlog.py:55}}
Aug 26 09:02:57.497163 n-d-846470-16 devstack@placement-api.service[119701]: INFO placement.requestlog [req-6ed96d2e-e81d-4e04-a355-99b922a890cd req-c4acc267-f74b-471c-b64e-942604937876 service placement] 10.222.0.62 "GET /placement/allocations/df831fcd-ed47-4e90-8792-7837b1915020" status: 200 len: 19 microversion: 1.28
Aug 26 09:02:57.506046 n-d-846470-16 devstack@placement-api.service[119701]: [pid: 119701|app: 0|req: 241/486] 10.222.0.62 () {60 vars in 1380 bytes} [Fri Aug 26 09:02:57 2022] GET /placement/allocations/df831fcd-ed47-4e90-8792-7837b1915020 => generated 19 bytes in 31 msecs (HTTP/1.1 200) 8 headers in 295 bytes (1 switches on core 0)
