Aug 26 09:07:12.063794 n-d-846470-16 devstack@placement-api.service[119701]: [pid: 119701|app: 0|req: 525/1055] 10.222.0.78 () {60 vars in 1377 bytes} [Fri Aug 26 09:07:12 2022] GET /placement/allocations/5c60ed30-1979-4d34-ad9f-6bf760bf4149 => generated 245 bytes in 32 msecs (HTTP/1.1 200) 8 headers in 296 bytes (1 switches on core 0)
Aug 26 09:07:12.071865 n-d-846470-16 devstack@placement-api.service[119702]: DEBUG placement.requestlog [req-99b252b8-f77d-4183-b117-51323034bad8 req-58195b76-6c18-4df0-8547-5b78bc6c0fb7 None None] Starting request: 10.222.0.78 "GET /placement/allocations/f3b56dbc-27c3-46df-9830-f002b5dacc3a" {{(pid=119702) __call__ /opt/stack/placement/placement/requestlog.py:55}}
Aug 26 09:07:12.096964 n-d-846470-16 devstack@placement-api.service[119702]: INFO placement.requestlog [req-99b252b8-f77d-4183-b117-51323034bad8 req-58195b76-6c18-4df0-8547-5b78bc6c0fb7 service placement] 10.222.0.78 "GET /placement/allocations/f3b56dbc-27c3-46df-9830-f002b5dacc3a" status: 200 len: 245 microversion: 1.28
Aug 26 09:07:12.097607 n-d-846470-16 devstack@placement-api.service[119702]: [pid: 119702|app: 0|req: 531/1056] 10.222.0.78 () {60 vars in 1377 bytes} [Fri Aug 26 09:07:12 2022] GET /placement/allocations/f3b56dbc-27c3-46df-9830-f002b5dacc3a => generated 245 bytes in 26 msecs (HTTP/1.1 200) 8 headers in 296 bytes (1 switches on core 0)
Aug 26 09:07:12.107050 n-d-846470-16 devstack@placement-api.service[119701]: DEBUG placement.requestlog [req-99b252b8-f77d-4183-b117-51323034bad8 req-c843726a-f874-46b4-9bc8-0e6bf50d67fa None None] Starting request: 10.222.0.78 "GET /placement/allocations/df831fcd-ed47-4e90-8792-7837b1915020" {{(pid=119701) __call__ /opt/stack/placement/placement/requestlog.py:55}}
Aug 26 09:07:12.135138 n-d-846470-16 devstack@placement-api.service[119701]: INFO placement.requestlog [req-99b252b8-f77d-4183-b117-51323034bad8 req-c843726a-f874-46b4-9bc8-0e6bf50d67fa service placement] 10.222.0.78 "GET /placement/allocations/df831fcd-ed47-4e90-8792-7837b1915020" status: 200 len: 259 microversion: 1.28
Aug 26 09:07:12.135300 n-d-846470-16 devstack@placement-api.service[119701]: [pid: 119701|app: 0|req: 526/1057] 10.222.0.78 () {60 vars in 1377 bytes} [Fri Aug 26 09:07:12 2022] GET /placement/allocations/df831fcd-ed47-4e90-8792-7837b1915020 => generated 259 bytes in 28 msecs (HTTP/1.1 200) 8 headers in 296 bytes (1 switches on core 0)
Aug 26 09:07:12.142028 n-d-846470-16 devstack@placement-api.service[119702]: DEBUG placement.requestlog [req-99b252b8-f77d-4183-b117-51323034bad8 req-7b801639-41c3-4a02-a94a-aaa2892dbf34 None None] Starting request: 10.222.0.78 "GET /placement/allocations/1aa0e2cd-e2b8-4e1c-bc81-3477ff7ef06d" {{(pid=119702) __call__ /opt/stack/placement/placement/requestlog.py:55}}
Aug 26 09:07:12.146671 n-d-846470-16 devstack@placement-api.service[119701]: DEBUG placement.requestlog [None req-0fd625de-d180-4836-b30e-455dd5d67758 None None] Starting request: 10.222.0.62 "GET /placement/resource_providers/374e669f-84f4-4e7b-8bca-3beab3af030c/aggregates" {{(pid=119701) __call__ /opt/stack/placement/placement/requestlog.py:55}}
Aug 26 09:07:12.171116 n-d-846470-16 devstack@placement-api.service[119701]: INFO placement.requestlog [None req-0fd625de-d180-4836-b30e-455dd5d67758 service placement] 10.222.0.62 "GET /placement/resource_providers/374e669f-84f4-4e7b-8bca-3beab3af030c/aggregates" status: 404 len: 235 microversion: 1.1
Aug 26 09:07:12.175289 n-d-846470-16 devstack@placement-api.service[119701]: [pid: 119701|app: 0|req: 527/1058] 10.222.0.62 () {58 vars in 1362 bytes} [Fri Aug 26 09:07:12 2022] GET /placement/resource_providers/374e669f-84f4-4e7b-8bca-3beab3af030c/aggregates => generated 235 bytes in 25 msecs (HTTP/1.1 404) 5 headers in 202 bytes (2 switches on core 0)
Aug 26 09:07:12.182200 n-d-846470-16 devstack@placement-api.service[119702]: INFO placement.requestlog [req-99b252b8-f77d-4183-b117-51323034bad8 req-7b801639-41c3-4a02-a94a-aaa2892dbf34 service placement] 10.222.0.78 "GET /placement/allocations/1aa0e2cd-e2b8-4e1c-bc81-3477ff7ef06d" status: 200 len: 258 microversion: 1.28
Aug 26 09:07:12.182852 n-d-846470-16 devstack@placement-api.service[119702]: [pid: 119702|app: 0|req: 532/1059] 10.222.0.78 () {60 vars in 1377 bytes} [Fri Aug 26 09:07:12 2022] GET /placement/allocations/1aa0e2cd-e2b8-4e1c-bc81-3477ff7ef06d => generated 258 bytes in 41 msecs (HTTP/1.1 200) 8 headers in 296 bytes (1 switches on core 0)
Aug 26 09:07:12.190370 n-d-846470-16 devstack@placement-api.service[119701]: DEBUG placement.requestlog [req-99b252b8-f77d-4183-b117-51323034bad8 req-3370c6ea-02b5-427f-b935-b395fb656b8e None None] Starting request: 10.222.0.78 "GET /placement/allocations/f9a46887-9c32-4e07-8986-acf1f9700cd8" {{(pid=119701) __call__ /opt/stack/placement/placement/requestlog.py:55}}
Aug 26 09:07:12.222795 n-d-846470-16 devstack@placement-api.service[119701]: INFO placement.requestlog [req-99b252b8-f77d-4183-b117-51323034bad8 req-3370c6ea-02b5-427f-b935-b395fb656b8e service placement] 10.222.0.78 "GET /placement/allocations/f9a46887-9c32-4e07-8986-acf1f9700cd8" status: 200 len: 259 microversion: 1.28
Aug 26 09:07:12.224550 n-d-846470-16 devstack@placement-api.service[119701]: [pid: 119701|app: 0|req: 528/1060] 10.222.0.78 () {60 vars in 1377 bytes} [Fri Aug 26 09:07:12 2022] GET /placement/allocations/f9a46887-9c32-4e07-8986-acf1f9700cd8 => generated 259 bytes in 34 msecs (HTTP/1.1 200) 8 headers in 296 bytes (1 switches on core 0)
Aug 26 09:07:12.230995 n-d-846470-16 devstack@placement-api.service[119702]: DEBUG placement.requestlog [None req-c931acca-e40c-473f-a954-bcb3ddcb6fb7 None None] Starting request: 10.222.0.62 "DELETE /placement/resource_providers/374e669f-84f4-4e7b-8bca-3beab3af030c" {{(pid=119702) __call__ /opt/stack/placement/placement/requestlog.py:55}}
Aug 26 09:07:12.232967 n-d-846470-16 devstack@placement-api.service[119701]: DEBUG placement.requestlog [req-99b252b8-f77d-4183-b117-51323034bad8 req-0547e9f7-0641-47c1-ae7c-f4652a545a9d None None] Starting request: 10.222.0.78 "GET /placement/allocations/64c5c552-f48a-459d-a302-3b80c3aacb75" {{(pid=119701) __call__ /opt/stack/placement/placement/requestlog.py:55}}
Aug 26 09:07:12.256181 n-d-846470-16 devstack@placement-api.service[119702]: DEBUG placement.wsgi_wrapper [None req-c931acca-e40c-473f-a954-bcb3ddcb6fb7 service placement] Placement API returning an error response: No resource provider with uuid 374e669f-84f4-4e7b-8bca-3beab3af030c found for delete {{(pid=119702) call_func /opt/stack/placement/placement/wsgi_wrapper.py:31}}
Aug 26 09:07:12.258938 n-d-846470-16 devstack@placement-api.service[119702]: INFO placement.requestlog [None req-c931acca-e40c-473f-a954-bcb3ddcb6fb7 service placement] 10.222.0.62 "DELETE /placement/resource_providers/374e669f-84f4-4e7b-8bca-3beab3af030c" status: 404 len: 246 microversion: 1.1
Aug 26 09:07:12.261879 n-d-846470-16 devstack@placement-api.service[119702]: [pid: 119702|app: 0|req: 533/1061] 10.222.0.62 () {60 vars in 1351 bytes} [Fri Aug 26 09:07:12 2022] DELETE /placement/resource_providers/374e669f-84f4-4e7b-8bca-3beab3af030c => generated 246 bytes in 31 msecs (HTTP/1.1 404) 6 headers in 231 bytes (1 switches on core 0)
Aug 26 09:07:12.281002 n-d-846470-16 devstack@placement-api.service[119701]: INFO placement.requestlog [req-99b252b8-f77d-4183-b117-51323034bad8 req-0547e9f7-0641-47c1-ae7c-f4652a545a9d service placement] 10.222.0.78 "GET /placement/allocations/64c5c552-f48a-459d-a302-3b80c3aacb75" status: 200 len: 259 microversion: 1.28
Aug 26 09:07:12.281858 n-d-846470-16 devstack@placement-api.service[119701]: [pid: 119701|app: 0|req: 529/1062] 10.222.0.78 () {60 vars in 1377 bytes} [Fri Aug 26 09:07:12 2022] GET /placement/allocations/64c5c552-f48a-459d-a302-3b80c3aacb75 => generated 259 bytes in 49 msecs (HTTP/1.1 200) 8 headers in 296 bytes (1 switches on core 0)
Aug 26 09:07:12.480456 n-d-846470-16 devstack@placement-api.service[119702]: DEBUG placement.requestlog [req-a65d1863-6772-49ad-872a-e8dd5211f522 req-0b487aa2-d3b6-4cd2-8aa9-5f2c463abe4f None None] Starting request: 10.222.0.78 "GET /placement/resource_providers/0c645cd2-1f14-43ac-8fcc-91c0c0a36322/allocations" {{(pid=119702) __call__ /opt/stack/placement/placement/requestlog.py:55}}
Aug 26 09:07:12.493978 n-d-846470-16 devstack@placement-api.service[119701]: DEBUG placement.requestlog [req-99b252b8-f77d-4183-b117-51323034bad8 req-7c68d498-538e-4326-ae9c-9c31815b5671 None None] Starting request: 10.222.0.78 "DELETE /placement/allocations/64c5c552-f48a-459d-a302-3b80c3aacb75" {{(pid=119701) __call__ /opt/stack/placement/placement/requestlog.py:55}}
Aug 26 09:07:12.560382 n-d-846470-16 devstack@placement-api.service[119702]: INFO placement.requestlog [req-a65d1863-6772-49ad-872a-e8dd5211f522 req-0b487aa2-d3b6-4cd2-8aa9-5f2c463abe4f service placement] 10.222.0.78 "GET /placement/resource_providers/0c645cd2-1f14-43ac-8fcc-91c0c0a36322/allocations" status: 200 len: 818 microversion: 1.0
Aug 26 09:07:12.563759 n-d-846470-16 devstack@placement-api.service[119702]: [pid: 119702|app: 0|req: 534/1063] 10.222.0.78 () {58 vars in 1390 bytes} [Fri Aug 26 09:07:12 2022] GET /placement/resource_providers/0c645cd2-1f14-43ac-8fcc-91c0c0a36322/allocations => generated 818 bytes in 84 msecs (HTTP/1.1 200) 6 headers in 224 bytes (1 switches on core 0)
Aug 26 09:07:12.570770 n-d-846470-16 devstack@placement-api.service[119702]: DEBUG placement.requestlog [req-a65d1863-6772-49ad-872a-e8dd5211f522 req-ccc02ad2-4751-498a-a941-dcfc2fa187f1 None None] Starting request: 10.222.0.78 "GET /placement/allocations/8e6d4199-4f36-4c72-884e-386b38cda715" {{(pid=119702) __call__ /opt/stack/placement/placement/requestlog.py:55}}
Aug 26 09:07:12.603656 n-d-846470-16 devstack@placement-api.service[119702]: INFO placement.requestlog [req-a65d1863-6772-49ad-872a-e8dd5211f522 req-ccc02ad2-4751-498a-a941-dcfc2fa187f1 service placement] 10.222.0.78 "GET /placement/allocations/8e6d4199-4f36-4c72-884e-386b38cda715" status: 200 len: 259 microversion: 1.28
Aug 26 09:07:12.604343 n-d-846470-16 devstack@placement-api.service[119702]: [pid: 119702|app: 0|req: 535/1064] 10.222.0.78 () {60 vars in 1377 bytes} [Fri Aug 26 09:07:12 2022] GET /placement/allocations/8e6d4199-4f36-4c72-884e-386b38cda715 => generated 259 bytes in 34 msecs (HTTP/1.1 200) 8 headers in 296 bytes (1 switches on core 0)
Aug 26 09:07:12.612168 n-d-846470-16 devstack@placement-api.service[119702]: DEBUG placement.requestlog [req-a65d1863-6772-49ad-872a-e8dd5211f522 req-a55dfae9-02a6-4e1f-bce8-eed74474bf11 None None] Starting request: 10.222.0.78 "GET /placement/allocations/6da97ca7-5c16-4d44-8937-9adb69eb404f" {{(pid=119702) __call__ /opt/stack/placement/placement/requestlog.py:55}}
Aug 26 09:07:12.644594 n-d-846470-16 devstack@placement-api.service[119702]: INFO placement.requestlog [req-a65d1863-6772-49ad-872a-e8dd5211f522 req-a55dfae9-02a6-4e1f-bce8-eed74474bf11 service placement] 10.222.0.78 "GET /placement/allocations/6da97ca7-5c16-4d44-8937-9adb69eb404f" status: 200 len: 245 microversion: 1.28
Aug 26 09:07:12.646177 n-d-846470-16 devstack@placement-api.service[119702]: [pid: 119702|app: 0|req: 536/1065] 10.222.0.78 () {60 vars in 1377 bytes} [Fri Aug 26 09:07:12 2022] GET /placement/allocations/6da97ca7-5c16-4d44-8937-9adb69eb404f => generated 245 bytes in 34 msecs (HTTP/1.1 200) 8 headers in 296 bytes (1 switches on core 0)
Aug 26 09:07:12.652636 n-d-846470-16 devstack@placement-api.service[119702]: DEBUG placement.requestlog [req-a65d1863-6772-49ad-872a-e8dd5211f522 req-33baf1d3-7426-4eb4-b7ac-2500f8bcf4a3 None None] Starting request: 10.222.0.78 "GET /placement/allocations/5c60ed30-1979-4d34-ad9f-6bf760bf4149" {{(pid=119702) __call__ /opt/stack/placement/placement/requestlog.py:55}}
Aug 26 09:07:12.692004 n-d-846470-16 devstack@placement-api.service[119702]: INFO placement.requestlog [req-a65d1863-6772-49ad-872a-e8dd5211f522 req-33baf1d3-7426-4eb4-b7ac-2500f8bcf4a3 service placement] 10.222.0.78 "GET /placement/allocations/5c60ed30-1979-4d34-ad9f-6bf760bf4149" status: 200 len: 245 microversion: 1.28
Aug 26 09:07:12.693584 n-d-846470-16 devstack@placement-api.service[119702]: [pid: 119702|app: 0|req: 537/1066] 10.222.0.78 () {60 vars in 1377 bytes} [Fri Aug 26 09:07:12 2022] GET /placement/allocations/5c60ed30-1979-4d34-ad9f-6bf760bf4149 => generated 245 bytes in 41 msecs (HTTP/1.1 200) 8 headers in 296 bytes (2 switches on core 0)
Aug 26 09:07:12.709602 n-d-846470-16 devstack@placement-api.service[119702]: DEBUG placement.requestlog [req-a65d1863-6772-49ad-872a-e8dd5211f522 req-e2a48a4e-97d8-4cfe-b76d-970b5ea2ace2 None None] Starting request: 10.222.0.78 "GET /placement/allocations/f3b56dbc-27c3-46df-9830-f002b5dacc3a" {{(pid=119702) __call__ /opt/stack/placement/placement/requestlog.py:55}}
Aug 26 09:07:12.749466 n-d-846470-16 devstack@placement-api.service[119702]: INFO placement.requestlog [req-a65d1863-6772-49ad-872a-e8dd5211f522 req-e2a48a4e-97d8-4cfe-b76d-970b5ea2ace2 service placement] 10.222.0.78 "GET /placement/allocations/f3b56dbc-27c3-46df-9830-f002b5dacc3a" status: 200 len: 245 microversion: 1.28
Aug 26 09:07:12.749923 n-d-846470-16 devstack@placement-api.service[119702]: [pid: 119702|app: 0|req: 538/1067] 10.222.0.78 () {60 vars in 1377 bytes} [Fri Aug 26 09:07:12 2022] GET /placement/allocations/f3b56dbc-27c3-46df-9830-f002b5dacc3a => generated 245 bytes in 41 msecs (HTTP/1.1 200) 8 headers in 296 bytes (1 switches on core 0)
Aug 26 09:07:12.757057 n-d-846470-16 devstack@placement-api.service[119702]: DEBUG placement.requestlog [req-a65d1863-6772-49ad-872a-e8dd5211f522 req-4286d4c9-397b-4fc2-9e36-fa1e0bbc1aa6 None None] Starting request: 10.222.0.78 "GET /placement/allocations/df831fcd-ed47-4e90-8792-7837b1915020" {{(pid=119702) __call__ /opt/stack/placement/placement/requestlog.py:55}}
Aug 26 09:07:12.788643 n-d-846470-16 devstack@placement-api.service[119702]: INFO placement.requestlog [req-a65d1863-6772-49ad-872a-e8dd5211f522 req-4286d4c9-397b-4fc2-9e36-fa1e0bbc1aa6 service placement] 10.222.0.78 "GET /placement/allocations/df831fcd-ed47-4e90-8792-7837b1915020" status: 200 len: 259 microversion: 1.28
Aug 26 09:07:12.789172 n-d-846470-16 devstack@placement-api.service[119702]: [pid: 119702|app: 0|req: 539/1068] 10.222.0.78 () {60 vars in 1377 bytes} [Fri Aug 26 09:07:12 2022] GET /placement/allocations/df831fcd-ed47-4e90-8792-7837b1915020 => generated 259 bytes in 33 msecs (HTTP/1.1 200) 8 headers in 296 bytes (2 switches on core 0)
Aug 26 09:07:12.797923 n-d-846470-16 devstack@placement-api.service[119702]: DEBUG placement.requestlog [req-a65d1863-6772-49ad-872a-e8dd5211f522 req-df0bbd8c-8d63-4597-b6c6-b7ff4b138ff5 None None] Starting request: 10.222.0.78 "GET /placement/allocations/1aa0e2cd-e2b8-4e1c-bc81-3477ff7ef06d" {{(pid=119702) __call__ /opt/stack/placement/placement/requestlog.py:55}}
Aug 26 09:07:12.847068 n-d-846470-16 devstack@placement-api.service[119701]: DEBUG placement.handlers.allocation [req-99b252b8-f77d-4183-b117-51323034bad8 req-7c68d498-538e-4326-ae9c-9c31815b5671 service placement] Successfully deleted allocations [, , ] {{(pid=119701) delete_allocations /opt/stack/placement/placement/handlers/allocation.py:627}}
Aug 26 09:07:12.847904 n-d-846470-16 devstack@placement-api.service[119701]: INFO placement.requestlog [req-99b252b8-f77d-4183-b117-51323034bad8 req-7c68d498-538e-4326-ae9c-9c31815b5671 service placement] 10.222.0.78 "DELETE /placement/allocations/64c5c552-f48a-459d-a302-3b80c3aacb75" status: 204 len: 0 microversion: 1.0
Aug 26 09:07:12.848804 n-d-846470-16 devstack@placement-api.service[119701]: [pid: 119701|app: 0|req: 530/1069] 10.222.0.78 () {60 vars in 1355 bytes} [Fri Aug 26 09:07:12 2022] DELETE /placement/allocations/64c5c552-f48a-459d-a302-3b80c3aacb75 => generated 0 bytes in 355 msecs (HTTP/1.1 204) 5 headers in 198 bytes (1 switches on core 0)
Aug 26 09:07:12.862673 n-d-846470-16 devstack@placement-api.service[119702]: INFO placement.requestlog [req-a65d1863-6772-49ad-872a-e8dd5211f522 req-df0bbd8c-8d63-4597-b6c6-b7ff4b138ff5 service placement] 10.222.0.78 "GET /placement/allocations/1aa0e2cd-e2b8-4e1c-bc81-3477ff7ef06d" status: 200 len: 258 microversion: 1.28
Aug 26 09:07:12.863461 n-d-846470-16 devstack@placement-api.service[119702]: [pid: 119702|app: 0|req: 540/1070] 10.222.0.78 () {60 vars in 1377 bytes} [Fri Aug 26 09:07:12 2022] GET /placement/allocations/1aa0e2cd-e2b8-4e1c-bc81-3477ff7ef06d => generated 258 bytes in 66 msecs (HTTP/1.1 200) 8 headers in 296 bytes (1 switches on core 0)
Aug 26 09:07:12.875144 n-d-846470-16 devstack@placement-api.service[119701]: DEBUG placement.requestlog [req-a65d1863-6772-49ad-872a-e8dd5211f522 req-5b5add8e-b0d2-46a2-9481-2f978ac4b3fb None None] Starting request: 10.222.0.78 "GET /placement/allocations/f9a46887-9c32-4e07-8986-acf1f9700cd8" {{(pid=119701) __call__ /opt/stack/placement/placement/requestlog.py:55}}
Aug 26 09:07:12.907767 n-d-846470-16 devstack@placement-api.service[119701]: INFO placement.requestlog [req-a65d1863-6772-49ad-872a-e8dd5211f522 req-5b5add8e-b0d2-46a2-9481-2f978ac4b3fb service placement] 10.222.0.78 "GET /placement/allocations/f9a46887-9c32-4e07-8986-acf1f9700cd8" status: 200 len: 259 microversion: 1.28
Aug 26 09:07:12.912852 n-d-846470-16 devstack@placement-api.service[119701]: [pid: 119701|app: 0|req: 531/1071] 10.222.0.78 () {60 vars in 1377 bytes} [Fri Aug 26 09:07:12 2022] GET /placement/allocations/f9a46887-9c32-4e07-8986-acf1f9700cd8 => generated 259 bytes in 34 msecs (HTTP/1.1 200) 8 headers in 296 bytes (1 switches on core 0)
Aug 26 09:07:12.915411 n-d-846470-16 devstack@placement-api.service[119702]: DEBUG placement.requestlog [req-a65d1863-6772-49ad-872a-e8dd5211f522 req-2e8faaae-6999-410e-b00f-ca4b17401ccf None None] Starting request: 10.222.0.78 "GET /placement/allocations/64c5c552-f48a-459d-a302-3b80c3aacb75" {{(pid=119702) __call__ /opt/stack/placement/placement/requestlog.py:55}}
Aug 26 09:07:12.945173 n-d-846470-16 devstack@placement-api.service[119702]: INFO placement.requestlog [req-a65d1863-6772-49ad-872a-e8dd5211f522 req-2e8faaae-6999-410e-b00f-ca4b17401ccf service placement] 10.222.0.78 "GET /placement/allocations/64c5c552-f48a-459d-a302-3b80c3aacb75" status: 200 len: 19 microversion: 1.28
Aug 26 09:07:12.945689 n-d-846470-16 devstack@placement-api.service[119702]: [pid: 119702|app: 0|req: 541/1072] 10.222.0.78 () {60 vars in 1377 bytes} [Fri Aug 26 09:07:12 2022] GET /placement/allocations/64c5c552-f48a-459d-a302-3b80c3aacb75 => generated 19 bytes in 31 msecs (HTTP/1.1 200) 8 headers in 295 bytes (1 switches on core 0)
Aug 26 09:07:22.899178 n-d-846470-16 devstack@placement-api.service[119701]: DEBUG dbcounter [-] [119701] Writing DB stats placement:SELECT=57,placement:DELETE=4,placement:INSERT=3,placement:UPDATE=2 {{(pid=119701) stat_writer /usr/local/lib/python3.8/dist-packages/dbcounter.py:114}}
Aug 26 09:07:23.868565 n-d-846470-16 devstack@placement-api.service[119702]: DEBUG dbcounter [-] [119702] Writing DB stats placement:SELECT=56 {{(pid=119702) stat_writer /usr/local/lib/python3.8/dist-packages/dbcounter.py:114}}
Aug 26 09:07:37.501890 n-d-846470-16 devstack@placement-api.service[119701]: DEBUG placement.requestlog [req-4c93f938-fa02-4466-9569-f542b73bc716 req-d8a09e01-adeb-4f4e-bee7-4ebed3ac5326 None None] Starting request: 10.222.0.78 "GET /placement/resource_providers/0c645cd2-1f14-43ac-8fcc-91c0c0a36322/allocations" {{(pid=119701) __call__ /opt/stack/placement/placement/requestlog.py:55}}
Aug 26 09:07:37.555464 n-d-846470-16 devstack@placement-api.service[119701]: INFO placement.requestlog [req-4c93f938-fa02-4466-9569-f542b73bc716 req-d8a09e01-adeb-4f4e-bee7-4ebed3ac5326 service placement] 10.222.0.78 "GET /placement/resource_providers/0c645cd2-1f14-43ac-8fcc-91c0c0a36322/allocations" status: 200 len: 717 microversion: 1.0
Aug 26 09:07:37.556131 n-d-846470-16 devstack@placement-api.service[119701]: [pid: 119701|app: 0|req: 532/1073] 10.222.0.78 () {58 vars in 1390 bytes} [Fri Aug 26 09:07:37 2022] GET /placement/resource_providers/0c645cd2-1f14-43ac-8fcc-91c0c0a36322/allocations => generated 717 bytes in 54 msecs (HTTP/1.1 200) 6 headers in 224 bytes (1 switches on core 0)
Aug 26 09:07:37.558675 n-d-846470-16 devstack@placement-api.service[119702]: DEBUG placement.requestlog [req-710cbcd0-56e7-46b8-88d9-93ba9f1e5430 req-77ca1122-8885-45f4-8228-13981a393794 None None] Starting request: 10.222.0.105 "GET /placement/resource_providers/ec21bbd1-347c-4be7-ab25-53cf58f03a8b/allocations" {{(pid=119702) __call__ /opt/stack/placement/placement/requestlog.py:55}}
Aug 26 09:07:37.610667 n-d-846470-16 devstack@placement-api.service[119702]: INFO placement.requestlog [req-710cbcd0-56e7-46b8-88d9-93ba9f1e5430 req-77ca1122-8885-45f4-8228-13981a393794 service placement] 10.222.0.105 "GET /placement/resource_providers/ec21bbd1-347c-4be7-ab25-53cf58f03a8b/allocations" status: 200 len: 947 microversion: 1.0
Aug 26 09:07:37.611653 n-d-846470-16 devstack@placement-api.service[119702]: [pid: 119702|app: 0|req: 542/1074] 10.222.0.105 () {58 vars in 1391 bytes} [Fri Aug 26 09:07:37 2022] GET /placement/resource_providers/ec21bbd1-347c-4be7-ab25-53cf58f03a8b/allocations => generated 947 bytes in 53 msecs (HTTP/1.1 200) 6 headers in 224 bytes (1 switches on core 0)
Aug 26 09:07:37.861275 n-d-846470-16 devstack@placement-api.service[119701]: DEBUG placement.requestlog [req-4c93f938-fa02-4466-9569-f542b73bc716 req-2ebea8e0-51f0-4714-adf3-70170c3e6eb9 None None] Starting request: 10.222.0.78 "GET /placement/resource_providers/0c645cd2-1f14-43ac-8fcc-91c0c0a36322/allocations" {{(pid=119701) __call__ /opt/stack/placement/placement/requestlog.py:55}}
Aug 26 09:07:37.868488 n-d-846470-16 devstack@placement-api.service[119702]: DEBUG placement.requestlog [req-710cbcd0-56e7-46b8-88d9-93ba9f1e5430 req-bc092e9b-bb0f-4682-93aa-5872e5d93d74 None None] Starting request: 10.222.0.105 "GET /placement/resource_providers/ec21bbd1-347c-4be7-ab25-53cf58f03a8b/allocations" {{(pid=119702) __call__ /opt/stack/placement/placement/requestlog.py:55}}
Aug 26 09:07:37.907961 n-d-846470-16 devstack@placement-api.service[119701]: INFO placement.requestlog [req-4c93f938-fa02-4466-9569-f542b73bc716 req-2ebea8e0-51f0-4714-adf3-70170c3e6eb9 service placement] 10.222.0.78 "GET /placement/resource_providers/0c645cd2-1f14-43ac-8fcc-91c0c0a36322/allocations" status: 200 len: 717 microversion: 1.0
Aug 26 09:07:37.910012 n-d-846470-16 devstack@placement-api.service[119701]: [pid: 119701|app: 0|req: 533/1075] 10.222.0.78 () {58 vars in 1390 bytes} [Fri Aug 26 09:07:37 2022] GET /placement/resource_providers/0c645cd2-1f14-43ac-8fcc-91c0c0a36322/allocations => generated 717 bytes in 49 msecs (HTTP/1.1 200) 6 headers in 224 bytes (1 switches on core 0)
Aug 26 09:07:37.920883 n-d-846470-16 devstack@placement-api.service[119701]: DEBUG placement.requestlog [req-4c93f938-fa02-4466-9569-f542b73bc716 req-a0667587-52fb-418f-ac13-181e5c1ec1a6 None None] Starting request: 10.222.0.78 "GET /placement/allocations/8e6d4199-4f36-4c72-884e-386b38cda715" {{(pid=119701) __call__ /opt/stack/placement/placement/requestlog.py:55}}
Aug 26 09:07:37.924472 n-d-846470-16 devstack@placement-api.service[119702]: INFO placement.requestlog [req-710cbcd0-56e7-46b8-88d9-93ba9f1e5430 req-bc092e9b-bb0f-4682-93aa-5872e5d93d74 service placement] 10.222.0.105 "GET /placement/resource_providers/ec21bbd1-347c-4be7-ab25-53cf58f03a8b/allocations" status: 200 len: 947 microversion: 1.0
Aug 26 09:07:37.925913 n-d-846470-16 devstack@placement-api.service[119702]: [pid: 119702|app: 0|req: 543/1076] 10.222.0.105 () {58 vars in 1391 bytes} [Fri Aug 26 09:07:37 2022] GET /placement/resource_providers/ec21bbd1-347c-4be7-ab25-53cf58f03a8b/allocations => generated 947 bytes in 58 msecs (HTTP/1.1 200) 6 headers in 224 bytes (2 switches on core 0)
Aug 26 09:07:37.933424 n-d-846470-16 devstack@placement-api.service[119702]: DEBUG placement.requestlog [req-710cbcd0-56e7-46b8-88d9-93ba9f1e5430 req-516a0d01-e357-4138-bb26-b303d5b9a1d5 None None] Starting request: 10.222.0.105 "GET /placement/allocations/ed46f6e5-9fe6-4e8f-bec3-dc7e8900ef43" {{(pid=119702) __call__ /opt/stack/placement/placement/requestlog.py:55}}
Aug 26 09:07:37.950358 n-d-846470-16 devstack@placement-api.service[119701]: INFO placement.requestlog [req-4c93f938-fa02-4466-9569-f542b73bc716 req-a0667587-52fb-418f-ac13-181e5c1ec1a6 service placement] 10.222.0.78 "GET /placement/allocations/8e6d4199-4f36-4c72-884e-386b38cda715" status: 200 len: 259 microversion: 1.28
Aug 26 09:07:37.951578 n-d-846470-16 devstack@placement-api.service[119701]: [pid: 119701|app: 0|req: 534/1077] 10.222.0.78 () {60 vars in 1377 bytes} [Fri Aug 26 09:07:37 2022] GET /placement/allocations/8e6d4199-4f36-4c72-884e-386b38cda715 => generated 259 bytes in 31 msecs (HTTP/1.1 200) 8 headers in 296 bytes (1 switches on core 0)
Aug 26 09:07:37.957670 n-d-846470-16 devstack@placement-api.service[119702]: INFO placement.requestlog [req-710cbcd0-56e7-46b8-88d9-93ba9f1e5430 req-516a0d01-e357-4138-bb26-b303d5b9a1d5 service placement] 10.222.0.105 "GET /placement/allocations/ed46f6e5-9fe6-4e8f-bec3-dc7e8900ef43" status: 200 len: 259 microversion: 1.28
Aug 26 09:07:37.958419 n-d-846470-16 devstack@placement-api.service[119702]: [pid: 119702|app: 0|req: 544/1078] 10.222.0.105 () {60 vars in 1378 bytes} [Fri Aug 26 09:07:37 2022] GET /placement/allocations/ed46f6e5-9fe6-4e8f-bec3-dc7e8900ef43 => generated 259 bytes in 25 msecs (HTTP/1.1 200) 8 headers in 296 bytes (2 switches on core 0)
Aug 26 09:07:37.958800 n-d-846470-16 devstack@placement-api.service[119701]: DEBUG placement.requestlog [req-4c93f938-fa02-4466-9569-f542b73bc716 req-6ca71f6b-cf25-465f-bde0-149cf5bfbf51 None None] Starting request: 10.222.0.78 "GET /placement/allocations/6da97ca7-5c16-4d44-8937-9adb69eb404f" {{(pid=119701) __call__ /opt/stack/placement/placement/requestlog.py:55}}
Aug 26 09:07:37.969546 n-d-846470-16 devstack@placement-api.service[119702]: DEBUG placement.requestlog [req-710cbcd0-56e7-46b8-88d9-93ba9f1e5430 req-a1159b66-cd61-46ea-aed6-3c3632c24e45 None None] Starting request: 10.222.0.105 "GET /placement/allocations/960bd1ed-c39e-4a66-b6e1-a6d4c2d3ce20" {{(pid=119702) __call__ /opt/stack/placement/placement/requestlog.py:55}}
Aug 26 09:07:38.006209 n-d-846470-16 devstack@placement-api.service[119701]: INFO placement.requestlog [req-4c93f938-fa02-4466-9569-f542b73bc716 req-6ca71f6b-cf25-465f-bde0-149cf5bfbf51 service placement] 10.222.0.78 "GET /placement/allocations/6da97ca7-5c16-4d44-8937-9adb69eb404f" status: 200 len: 245 microversion: 1.28
Aug 26 09:07:38.008291 n-d-846470-16 devstack@placement-api.service[119701]: [pid: 119701|app: 0|req: 535/1079] 10.222.0.78 () {60 vars in 1377 bytes} [Fri Aug 26 09:07:37 2022] GET /placement/allocations/6da97ca7-5c16-4d44-8937-9adb69eb404f => generated 245 bytes in 50 msecs (HTTP/1.1 200) 8 headers in 296 bytes (2 switches on core 0)
Aug 26 09:07:38.010104 n-d-846470-16 devstack@placement-api.service[119702]: INFO placement.requestlog [req-710cbcd0-56e7-46b8-88d9-93ba9f1e5430 req-a1159b66-cd61-46ea-aed6-3c3632c24e45 service placement] 10.222.0.105 "GET /placement/allocations/960bd1ed-c39e-4a66-b6e1-a6d4c2d3ce20" status: 200 len: 259 microversion: 1.28
Aug 26 09:07:38.011203 n-d-846470-16 devstack@placement-api.service[119702]: [pid: 119702|app: 0|req: 545/1080] 10.222.0.105 () {60 vars in 1378 bytes} [Fri Aug 26 09:07:37 2022] GET /placement/allocations/960bd1ed-c39e-4a66-b6e1-a6d4c2d3ce20 => generated 259 bytes in 44 msecs (HTTP/1.1 200) 8 headers in 296 bytes (1 switches on core 0)
Aug 26 09:07:38.015942 n-d-846470-16 devstack@placement-api.service[119701]: DEBUG placement.requestlog [req-4c93f938-fa02-4466-9569-f542b73bc716 req-849a4469-d310-41a2-82a0-d7918a1a468e None None] Starting request: 10.222.0.78 "GET /placement/allocations/f3b56dbc-27c3-46df-9830-f002b5dacc3a" {{(pid=119701) __call__ /opt/stack/placement/placement/requestlog.py:55}}
Aug 26 09:07:38.023874 n-d-846470-16 devstack@placement-api.service[119702]: DEBUG placement.requestlog [req-710cbcd0-56e7-46b8-88d9-93ba9f1e5430 req-a5c80d3b-7bef-4426-92af-e2eb4b910f2a None None] Starting request: 10.222.0.105 "GET /placement/allocations/7a9c0870-3c21-4a4f-9bdc-6c8541dd48b0" {{(pid=119702) __call__ /opt/stack/placement/placement/requestlog.py:55}}
Aug 26 09:07:38.061366 n-d-846470-16 devstack@placement-api.service[119701]: INFO placement.requestlog [req-4c93f938-fa02-4466-9569-f542b73bc716 req-849a4469-d310-41a2-82a0-d7918a1a468e service placement] 10.222.0.78 "GET /placement/allocations/f3b56dbc-27c3-46df-9830-f002b5dacc3a" status: 200 len: 245 microversion: 1.28
Aug 26 09:07:38.062175 n-d-846470-16 devstack@placement-api.service[119701]: [pid: 119701|app: 0|req: 536/1081] 10.222.0.78 () {60 vars in 1377 bytes} [Fri Aug 26 09:07:38 2022] GET /placement/allocations/f3b56dbc-27c3-46df-9830-f002b5dacc3a => generated 245 bytes in 46 msecs (HTTP/1.1 200) 8 headers in 296 bytes (2 switches on core 0)
Aug 26 09:07:38.065190 n-d-846470-16 devstack@placement-api.service[119702]: INFO placement.requestlog [req-710cbcd0-56e7-46b8-88d9-93ba9f1e5430 req-a5c80d3b-7bef-4426-92af-e2eb4b910f2a service placement] 10.222.0.105 "GET /placement/allocations/7a9c0870-3c21-4a4f-9bdc-6c8541dd48b0" status: 200 len: 259 microversion: 1.28
Aug 26 09:07:38.067773 n-d-846470-16 devstack@placement-api.service[119702]: [pid: 119702|app: 0|req: 546/1082] 10.222.0.105 () {60 vars in 1378 bytes} [Fri Aug 26 09:07:38 2022] GET /placement/allocations/7a9c0870-3c21-4a4f-9bdc-6c8541dd48b0 => generated 259 bytes in 44 msecs (HTTP/1.1 200) 8 headers in 296 bytes (1 switches on core 0)
Aug 26 09:07:38.070314 n-d-846470-16 devstack@placement-api.service[119701]: DEBUG placement.requestlog [req-4c93f938-fa02-4466-9569-f542b73bc716 req-630b192b-5627-410b-b540-a448eb9a9f81 None None] Starting request: 10.222.0.78 "GET /placement/allocations/1aa0e2cd-e2b8-4e1c-bc81-3477ff7ef06d" {{(pid=119701) __call__ /opt/stack/placement/placement/requestlog.py:55}}
Aug 26 09:07:38.076655 n-d-846470-16 devstack@placement-api.service[119702]: DEBUG placement.requestlog [req-710cbcd0-56e7-46b8-88d9-93ba9f1e5430 req-c439c850-c0a7-47c2-8905-bee69575e39e None None] Starting request: 10.222.0.105 "GET /placement/allocations/9fdb0c03-9de6-40ce-9921-18a7ff262f01" {{(pid=119702) __call__ /opt/stack/placement/placement/requestlog.py:55}}
Aug 26 09:07:38.107828 n-d-846470-16 devstack@placement-api.service[119701]: INFO placement.requestlog [req-4c93f938-fa02-4466-9569-f542b73bc716 req-630b192b-5627-410b-b540-a448eb9a9f81 service placement] 10.222.0.78 "GET /placement/allocations/1aa0e2cd-e2b8-4e1c-bc81-3477ff7ef06d" status: 200 len: 258 microversion: 1.28
Aug 26 09:07:38.113123 n-d-846470-16 devstack@placement-api.service[119701]: [pid: 119701|app: 0|req: 537/1083] 10.222.0.78 () {60 vars in 1377 bytes} [Fri Aug 26 09:07:38 2022] GET /placement/allocations/1aa0e2cd-e2b8-4e1c-bc81-3477ff7ef06d => generated 258 bytes in 43 msecs (HTTP/1.1 200) 8 headers in 296 bytes (1 switches on core 0)
Aug 26 09:07:38.114586 n-d-846470-16 devstack@placement-api.service[119702]: INFO placement.requestlog [req-710cbcd0-56e7-46b8-88d9-93ba9f1e5430 req-c439c850-c0a7-47c2-8905-bee69575e39e service placement] 10.222.0.105 "GET /placement/allocations/9fdb0c03-9de6-40ce-9921-18a7ff262f01" status: 200 len: 245 microversion: 1.28
Aug 26 09:07:38.115318 n-d-846470-16 devstack@placement-api.service[119702]: [pid: 119702|app: 0|req: 547/1084] 10.222.0.105 () {60 vars in 1378 bytes} [Fri Aug 26 09:07:38 2022] GET /placement/allocations/9fdb0c03-9de6-40ce-9921-18a7ff262f01 => generated 245 bytes in 39 msecs (HTTP/1.1 200) 8 headers in 296 bytes (1 switches on core 0)
Aug 26 09:07:38.119173 n-d-846470-16 devstack@placement-api.service[119701]: DEBUG placement.requestlog [req-4c93f938-fa02-4466-9569-f542b73bc716 req-344bf559-609e-4720-b919-2e3caba67be6 None None] Starting request: 10.222.0.78 "GET /placement/allocations/5c60ed30-1979-4d34-ad9f-6bf760bf4149" {{(pid=119701) __call__ /opt/stack/placement/placement/requestlog.py:55}}
Aug 26 09:07:38.129046 n-d-846470-16 devstack@placement-api.service[119702]: DEBUG placement.requestlog [req-710cbcd0-56e7-46b8-88d9-93ba9f1e5430 req-97906181-ea1a-4f00-ba81-1b587a523248 None None] Starting request: 10.222.0.105 "GET /placement/allocations/26b6da8c-25eb-40d2-8785-155ed2e0c693" {{(pid=119702) __call__ /opt/stack/placement/placement/requestlog.py:55}}
Aug 26 09:07:38.176831 n-d-846470-16 devstack@placement-api.service[119701]: INFO placement.requestlog [req-4c93f938-fa02-4466-9569-f542b73bc716 req-344bf559-609e-4720-b919-2e3caba67be6 service placement] 10.222.0.78 "GET /placement/allocations/5c60ed30-1979-4d34-ad9f-6bf760bf4149" status: 200 len: 245 microversion: 1.28
Aug 26 09:07:38.178428 n-d-846470-16 devstack@placement-api.service[119701]: [pid: 119701|app: 0|req: 538/1085] 10.222.0.78 () {60 vars in 1377 bytes} [Fri Aug 26 09:07:38 2022] GET /placement/allocations/5c60ed30-1979-4d34-ad9f-6bf760bf4149 => generated 245 bytes in 60 msecs (HTTP/1.1 200) 8 headers in 296 bytes (1 switches on core 0)
Aug 26 09:07:38.181484 n-d-846470-16 devstack@placement-api.service[119702]: INFO placement.requestlog [req-710cbcd0-56e7-46b8-88d9-93ba9f1e5430 req-97906181-ea1a-4f00-ba81-1b587a523248 service placement] 10.222.0.105 "GET /placement/allocations/26b6da8c-25eb-40d2-8785-155ed2e0c693" status: 200 len: 259 microversion: 1.28
Aug 26 09:07:38.182384 n-d-846470-16 devstack@placement-api.service[119702]: [pid: 119702|app: 0|req: 548/1086] 10.222.0.105 () {60 vars in 1378 bytes} [Fri Aug 26 09:07:38 2022] GET /placement/allocations/26b6da8c-25eb-40d2-8785-155ed2e0c693 => generated 259 bytes in 54 msecs (HTTP/1.1 200) 8 headers in 296 bytes (1 switches on core 0)
Aug 26 09:07:38.193192 n-d-846470-16 devstack@placement-api.service[119701]: DEBUG placement.requestlog [req-4c93f938-fa02-4466-9569-f542b73bc716 req-263344b7-4369-4183-b756-17c5829e73c6 None None] Starting request: 10.222.0.78 "GET /placement/allocations/f9a46887-9c32-4e07-8986-acf1f9700cd8" {{(pid=119701) __call__ /opt/stack/placement/placement/requestlog.py:55}}
Aug 26 09:07:38.197616 n-d-846470-16 devstack@placement-api.service[119702]: DEBUG placement.requestlog [req-710cbcd0-56e7-46b8-88d9-93ba9f1e5430 req-5689bd66-499d-4711-a7b2-799938f7928a None None] Starting request: 10.222.0.105 "GET /placement/allocations/0fc733b5-0c8b-42fb-8e07-7161f48dc697" {{(pid=119702) __call__ /opt/stack/placement/placement/requestlog.py:55}}
Aug 26 09:07:38.247096 n-d-846470-16 devstack@placement-api.service[119702]: INFO placement.requestlog [req-710cbcd0-56e7-46b8-88d9-93ba9f1e5430 req-5689bd66-499d-4711-a7b2-799938f7928a service placement] 10.222.0.105 "GET /placement/allocations/0fc733b5-0c8b-42fb-8e07-7161f48dc697" status: 200 len: 259 microversion: 1.28
Aug 26 09:07:38.256051 n-d-846470-16 devstack@placement-api.service[119702]: [pid: 119702|app: 0|req: 549/1087] 10.222.0.105 () {60 vars in 1378 bytes} [Fri Aug 26 09:07:38 2022] GET /placement/allocations/0fc733b5-0c8b-42fb-8e07-7161f48dc697 => generated 259 bytes in 58 msecs (HTTP/1.1 200) 8 headers in 296 bytes (1 switches on core 0)
Aug 26 09:07:38.262461 n-d-846470-16 devstack@placement-api.service[119701]: INFO placement.requestlog [req-4c93f938-fa02-4466-9569-f542b73bc716 req-263344b7-4369-4183-b756-17c5829e73c6 service placement] 10.222.0.78 "GET /placement/allocations/f9a46887-9c32-4e07-8986-acf1f9700cd8" status: 200 len: 259 microversion: 1.28
Aug 26 09:07:38.263302 n-d-846470-16 devstack@placement-api.service[119701]: [pid: 119701|app: 0|req: 539/1088] 10.222.0.78 () {60 vars in 1377 bytes} [Fri Aug 26 09:07:38 2022] GET /placement/allocations/f9a46887-9c32-4e07-8986-acf1f9700cd8 => generated 259 bytes in 78 msecs (HTTP/1.1 200) 8 headers in 296 bytes (2 switches on core 0)
Aug 26 09:07:38.265045 n-d-846470-16 devstack@placement-api.service[119702]: DEBUG placement.requestlog [req-710cbcd0-56e7-46b8-88d9-93ba9f1e5430 req-1464f0b6-8d0f-4319-94f9-3b39305b9659 None None] Starting request: 10.222.0.105 "GET /placement/allocations/dc0ee72e-e770-424b-966b-4a58230e5747" {{(pid=119702) __call__ /opt/stack/placement/placement/requestlog.py:55}}
Aug 26 09:07:38.274076 n-d-846470-16 devstack@placement-api.service[119701]: DEBUG placement.requestlog [req-4c93f938-fa02-4466-9569-f542b73bc716 req-121536c8-b8e0-4f44-ae47-696ac459162d None None] Starting request: 10.222.0.78 "GET /placement/allocations/df831fcd-ed47-4e90-8792-7837b1915020" {{(pid=119701) __call__ /opt/stack/placement/placement/requestlog.py:55}}
Aug 26 09:07:38.310131 n-d-846470-16 devstack@placement-api.service[119702]: INFO placement.requestlog [req-710cbcd0-56e7-46b8-88d9-93ba9f1e5430 req-1464f0b6-8d0f-4319-94f9-3b39305b9659 service placement] 10.222.0.105 "GET /placement/allocations/dc0ee72e-e770-424b-966b-4a58230e5747" status: 200 len: 258 microversion: 1.28
Aug 26 09:07:38.315899 n-d-846470-16 devstack@placement-api.service[119702]: [pid: 119702|app: 0|req: 550/1089] 10.222.0.105 () {60 vars in 1378 bytes} [Fri Aug 26 09:07:38 2022] GET /placement/allocations/dc0ee72e-e770-424b-966b-4a58230e5747 => generated 258 bytes in 50 msecs (HTTP/1.1 200) 8 headers in 296 bytes (1 switches on core 0)
Aug 26 09:07:38.326172 n-d-846470-16 devstack@placement-api.service[119701]: INFO placement.requestlog [req-4c93f938-fa02-4466-9569-f542b73bc716 req-121536c8-b8e0-4f44-ae47-696ac459162d service placement] 10.222.0.78 "GET /placement/allocations/df831fcd-ed47-4e90-8792-7837b1915020" status: 200 len: 259 microversion: 1.28
Aug 26 09:07:38.326172 n-d-846470-16 devstack@placement-api.service[119701]: [pid: 119701|app: 0|req: 540/1090] 10.222.0.78 () {60 vars in 1377 bytes} [Fri Aug 26 09:07:38 2022] GET /placement/allocations/df831fcd-ed47-4e90-8792-7837b1915020 => generated 259 bytes in 53 msecs (HTTP/1.1 200) 8 headers in 296 bytes (1 switches on core 0)
Aug 26 09:07:38.326492 n-d-846470-16 devstack@placement-api.service[119702]: DEBUG placement.requestlog [req-710cbcd0-56e7-46b8-88d9-93ba9f1e5430 req-7cd38945-149c-48b1-917a-c55711cfca3f None None] Starting request: 10.222.0.105 "GET /placement/allocations/fdd5228e-81ee-4b13-a48e-164d864bdd9a" {{(pid=119702) __call__ /opt/stack/placement/placement/requestlog.py:55}}
Aug 26 09:07:38.356247 n-d-846470-16 devstack@placement-api.service[119702]: INFO placement.requestlog [req-710cbcd0-56e7-46b8-88d9-93ba9f1e5430 req-7cd38945-149c-48b1-917a-c55711cfca3f service placement] 10.222.0.105 "GET /placement/allocations/fdd5228e-81ee-4b13-a48e-164d864bdd9a" status: 200 len: 259 microversion: 1.28
Aug 26 09:07:38.356965 n-d-846470-16 devstack@placement-api.service[119702]: [pid: 119702|app: 0|req: 551/1091] 10.222.0.105 () {60 vars in 1378 bytes} [Fri Aug 26 09:07:38 2022] GET /placement/allocations/fdd5228e-81ee-4b13-a48e-164d864bdd9a => generated 259 bytes in 31 msecs (HTTP/1.1 200) 8 headers in 296 bytes (1 switches on core 0)
Aug 26 09:07:38.368226 n-d-846470-16 devstack@placement-api.service[119701]: DEBUG placement.requestlog [req-710cbcd0-56e7-46b8-88d9-93ba9f1e5430 req-1ebf71fd-b99a-4dcd-b60d-c7da33d24ef9 None None] Starting request: 10.222.0.105 "GET /placement/allocations/22d47084-b4fc-45bc-9d81-ccfa90784915" {{(pid=119701) __call__ /opt/stack/placement/placement/requestlog.py:55}}
Aug 26 09:07:38.410729 n-d-846470-16 devstack@placement-api.service[119701]: INFO placement.requestlog [req-710cbcd0-56e7-46b8-88d9-93ba9f1e5430 req-1ebf71fd-b99a-4dcd-b60d-c7da33d24ef9 service placement] 10.222.0.105 "GET /placement/allocations/22d47084-b4fc-45bc-9d81-ccfa90784915" status: 200 len: 259 microversion: 1.28
Aug 26 09:07:38.411274 n-d-846470-16 devstack@placement-api.service[119701]: [pid: 119701|app: 0|req: 541/1092] 10.222.0.105 () {60 vars in 1378 bytes} [Fri Aug 26 09:07:38 2022] GET /placement/allocations/22d47084-b4fc-45bc-9d81-ccfa90784915 => generated 259 bytes in 44 msecs (HTTP/1.1 200) 8 headers in 296 bytes (2 switches on core 0)
Aug 26 09:07:38.892542 n-d-846470-16 devstack@placement-api.service[119702]: DEBUG placement.requestlog [req-710cbcd0-56e7-46b8-88d9-93ba9f1e5430 req-7211fb13-52ab-4b66-b5a1-28bbe386645f None None] Starting request: 10.222.0.105 "GET /placement/allocations/9fdb0c03-9de6-40ce-9921-18a7ff262f01" {{(pid=119702) __call__ /opt/stack/placement/placement/requestlog.py:55}}
Aug 26 09:07:38.902436 n-d-846470-16 devstack@placement-api.service[119701]: DEBUG placement.requestlog [req-4ee9e0f3-2ca5-475a-a85e-281ab1127cae req-579e69d7-34b7-4335-81e3-918772b2a74c None None] Starting request: 10.222.0.78 "GET /placement/resource_providers/0c645cd2-1f14-43ac-8fcc-91c0c0a36322/allocations" {{(pid=119701) __call__ /opt/stack/placement/placement/requestlog.py:55}}
Aug 26 09:07:38.913757 n-d-846470-16 devstack@placement-api.service[119702]: INFO placement.requestlog [req-710cbcd0-56e7-46b8-88d9-93ba9f1e5430 req-7211fb13-52ab-4b66-b5a1-28bbe386645f service placement] 10.222.0.105 "GET /placement/allocations/9fdb0c03-9de6-40ce-9921-18a7ff262f01" status: 200 len: 245 microversion: 1.28
Aug 26 09:07:38.914659 n-d-846470-16 devstack@placement-api.service[119702]: [pid: 119702|app: 0|req: 552/1093] 10.222.0.105 () {60 vars in 1378 bytes} [Fri Aug 26 09:07:38 2022] GET /placement/allocations/9fdb0c03-9de6-40ce-9921-18a7ff262f01 => generated 245 bytes in 22 msecs (HTTP/1.1 200) 8 headers in 296 bytes (1 switches on core 0)
Aug 26 09:07:38.928150 n-d-846470-16 devstack@placement-api.service[119702]: DEBUG placement.requestlog [req-710cbcd0-56e7-46b8-88d9-93ba9f1e5430 req-a480c530-d1ee-47ca-830d-d67914b937dd None None] Starting request: 10.222.0.105 "PUT /placement/allocations/9fdb0c03-9de6-40ce-9921-18a7ff262f01" {{(pid=119702) __call__ /opt/stack/placement/placement/requestlog.py:55}}
Aug 26 09:07:38.949343 n-d-846470-16 devstack@placement-api.service[119701]: INFO placement.requestlog [req-4ee9e0f3-2ca5-475a-a85e-281ab1127cae req-579e69d7-34b7-4335-81e3-918772b2a74c service placement] 10.222.0.78 "GET /placement/resource_providers/0c645cd2-1f14-43ac-8fcc-91c0c0a36322/allocations" status: 200 len: 717 microversion: 1.0
Aug 26 09:07:38.950737 n-d-846470-16 devstack@placement-api.service[119701]: [pid: 119701|app: 0|req: 542/1094] 10.222.0.78 () {58 vars in 1390 bytes} [Fri Aug 26 09:07:38 2022] GET /placement/resource_providers/0c645cd2-1f14-43ac-8fcc-91c0c0a36322/allocations => generated 717 bytes in 48 msecs (HTTP/1.1 200) 6 headers in 224 bytes (2 switches on core 0)
Aug 26 09:07:38.959833 n-d-846470-16 devstack@placement-api.service[119701]: DEBUG placement.requestlog [req-4ee9e0f3-2ca5-475a-a85e-281ab1127cae req-aa620f32-da23-42a1-b8dd-e4ac9088ae8b None None] Starting request: 10.222.0.78 "GET /placement/allocations/8e6d4199-4f36-4c72-884e-386b38cda715" {{(pid=119701) __call__ /opt/stack/placement/placement/requestlog.py:55}}
Aug 26 09:07:38.986507 n-d-846470-16 devstack@placement-api.service[119701]: INFO placement.requestlog [req-4ee9e0f3-2ca5-475a-a85e-281ab1127cae req-aa620f32-da23-42a1-b8dd-e4ac9088ae8b service placement] 10.222.0.78 "GET /placement/allocations/8e6d4199-4f36-4c72-884e-386b38cda715" status: 200 len: 259 microversion: 1.28
Aug 26 09:07:38.987188 n-d-846470-16 devstack@placement-api.service[119701]: [pid: 119701|app: 0|req: 543/1095] 10.222.0.78 () {60 vars in 1377 bytes} [Fri Aug 26 09:07:38 2022] GET /placement/allocations/8e6d4199-4f36-4c72-884e-386b38cda715 => generated 259 bytes in 28 msecs (HTTP/1.1 200) 8 headers in 296 bytes (1 switches on core 0)
Aug 26 09:07:38.998651 n-d-846470-16 devstack@placement-api.service[119701]: DEBUG placement.requestlog [req-4ee9e0f3-2ca5-475a-a85e-281ab1127cae req-1371111d-eb4c-42a7-9b08-d318a6b264b6 None None] Starting request: 10.222.0.78 "GET /placement/allocations/6da97ca7-5c16-4d44-8937-9adb69eb404f" {{(pid=119701) __call__ /opt/stack/placement/placement/requestlog.py:55}}
Aug 26 09:07:39.022168 n-d-846470-16 devstack@placement-api.service[119702]: DEBUG placement.handlers.allocation [req-710cbcd0-56e7-46b8-88d9-93ba9f1e5430 req-a480c530-d1ee-47ca-830d-d67914b937dd service placement] Successfully wrote allocations [, ] {{(pid=119702) _update_consumers_and_create_allocations /opt/stack/placement/placement/handlers/allocation.py:462}}
Aug 26 09:07:39.034240 n-d-846470-16 devstack@placement-api.service[119701]: INFO placement.requestlog [req-4ee9e0f3-2ca5-475a-a85e-281ab1127cae req-1371111d-eb4c-42a7-9b08-d318a6b264b6 service placement] 10.222.0.78 "GET /placement/allocations/6da97ca7-5c16-4d44-8937-9adb69eb404f" status: 200 len: 245 microversion: 1.28
Aug 26 09:07:39.035302 n-d-846470-16 devstack@placement-api.service[119701]: [pid: 119701|app: 0|req: 544/1096] 10.222.0.78 () {60 vars in 1377 bytes} [Fri Aug 26 09:07:38 2022] GET /placement/allocations/6da97ca7-5c16-4d44-8937-9adb69eb404f => generated 245 bytes in 41 msecs (HTTP/1.1 200) 8 headers in 296 bytes (1 switches on core 0)
Aug 26 09:07:39.047854 n-d-846470-16 devstack@placement-api.service[119701]: DEBUG placement.requestlog [req-4ee9e0f3-2ca5-475a-a85e-281ab1127cae req-9d99d3cd-00f6-4512-9a8b-1fc91ba25bf4 None None] Starting request: 10.222.0.78 "GET /placement/allocations/f3b56dbc-27c3-46df-9830-f002b5dacc3a" {{(pid=119701) __call__ /opt/stack/placement/placement/requestlog.py:55}}
Aug 26 09:07:39.065415 n-d-846470-16 devstack@placement-api.service[119701]: INFO placement.requestlog [req-4ee9e0f3-2ca5-475a-a85e-281ab1127cae req-9d99d3cd-00f6-4512-9a8b-1fc91ba25bf4 service placement] 10.222.0.78 "GET /placement/allocations/f3b56dbc-27c3-46df-9830-f002b5dacc3a" status: 200 len: 245 microversion: 1.28
Aug 26 09:07:39.066616 n-d-846470-16 devstack@placement-api.service[119701]: [pid: 119701|app: 0|req: 545/1097] 10.222.0.78 () {60 vars in 1377 bytes} [Fri Aug 26 09:07:39 2022] GET /placement/allocations/f3b56dbc-27c3-46df-9830-f002b5dacc3a => generated 245 bytes in 19 msecs (HTTP/1.1 200) 8 headers in 296 bytes (2 switches on core 0)
Aug 26 09:07:39.115415 n-d-846470-16 devstack@placement-api.service[119702]: INFO placement.requestlog [req-710cbcd0-56e7-46b8-88d9-93ba9f1e5430 req-a480c530-d1ee-47ca-830d-d67914b937dd service placement] 10.222.0.105 "PUT /placement/allocations/9fdb0c03-9de6-40ce-9921-18a7ff262f01" status: 204 len: 0 microversion: 1.28
Aug 26 09:07:39.115415 n-d-846470-16 devstack@placement-api.service[119702]: [pid: 119702|app: 0|req: 553/1098] 10.222.0.105 () {64 vars in 1431 bytes} [Fri Aug 26 09:07:38 2022] PUT /placement/allocations/9fdb0c03-9de6-40ce-9921-18a7ff262f01 => generated 0 bytes in 179 msecs (HTTP/1.1 204) 5 headers in 199 bytes (1 switches on core 0)
Aug 26 09:07:39.385007 n-d-846470-16 devstack@placement-api.service[119701]: DEBUG placement.requestlog [req-4ee9e0f3-2ca5-475a-a85e-281ab1127cae req-eb870d6f-4fee-478a-98dd-ba5771a2def9 None None] Starting request: 10.222.0.78 "GET /placement/allocations/1aa0e2cd-e2b8-4e1c-bc81-3477ff7ef06d" {{(pid=119701) __call__ /opt/stack/placement/placement/requestlog.py:55}}
Aug 26 09:07:39.404991 n-d-846470-16 devstack@placement-api.service[119701]: INFO placement.requestlog [req-4ee9e0f3-2ca5-475a-a85e-281ab1127cae req-eb870d6f-4fee-478a-98dd-ba5771a2def9 service placement] 10.222.0.78 "GET /placement/allocations/1aa0e2cd-e2b8-4e1c-bc81-3477ff7ef06d" status: 200 len: 258 microversion: 1.28
Aug 26 09:07:39.406523 n-d-846470-16 devstack@placement-api.service[119701]: [pid: 119701|app: 0|req: 546/1099] 10.222.0.78 () {60 vars in 1377 bytes} [Fri Aug 26 09:07:39 2022] GET /placement/allocations/1aa0e2cd-e2b8-4e1c-bc81-3477ff7ef06d => generated 258 bytes in 22 msecs (HTTP/1.1 200) 8 headers in 296 bytes (1 switches on core 0)
Aug 26 09:07:39.413570 n-d-846470-16 devstack@placement-api.service[119702]: DEBUG placement.requestlog [req-4ee9e0f3-2ca5-475a-a85e-281ab1127cae req-ca719d13-0368-4e6a-9dd2-01996f14abb6 None None] Starting request: 10.222.0.78 "GET /placement/allocations/5c60ed30-1979-4d34-ad9f-6bf760bf4149" {{(pid=119702) __call__ /opt/stack/placement/placement/requestlog.py:55}}
Aug 26 09:07:39.438212 n-d-846470-16 devstack@placement-api.service[119702]: INFO placement.requestlog [req-4ee9e0f3-2ca5-475a-a85e-281ab1127cae req-ca719d13-0368-4e6a-9dd2-01996f14abb6 service placement] 10.222.0.78 "GET /placement/allocations/5c60ed30-1979-4d34-ad9f-6bf760bf4149" status: 200 len: 245 microversion: 1.28
Aug 26 09:07:39.438985 n-d-846470-16 devstack@placement-api.service[119702]: [pid: 119702|app: 0|req: 554/1100] 10.222.0.78 () {60 vars in 1377 bytes} [Fri Aug 26 09:07:39 2022] GET /placement/allocations/5c60ed30-1979-4d34-ad9f-6bf760bf4149 => generated 245 bytes in 26 msecs (HTTP/1.1 200) 8 headers in 296 bytes (1 switches on core 0)
Aug 26 09:07:39.483116 n-d-846470-16 devstack@placement-api.service[119701]: DEBUG placement.requestlog [req-4ee9e0f3-2ca5-475a-a85e-281ab1127cae req-8cfeac7f-4cb6-4b6e-ba0f-f55dd27cb7ad None None] Starting request: 10.222.0.78 "GET /placement/allocations/f9a46887-9c32-4e07-8986-acf1f9700cd8" {{(pid=119701) __call__ /opt/stack/placement/placement/requestlog.py:55}}
Aug 26 09:07:39.483116 n-d-846470-16 devstack@placement-api.service[119701]: INFO placement.requestlog [req-4ee9e0f3-2ca5-475a-a85e-281ab1127cae req-8cfeac7f-4cb6-4b6e-ba0f-f55dd27cb7ad service placement] 10.222.0.78 "GET /placement/allocations/f9a46887-9c32-4e07-8986-acf1f9700cd8" status: 200 len: 259 microversion: 1.28
Aug 26 09:07:39.483116 n-d-846470-16 devstack@placement-api.service[119701]: [pid: 119701|app: 0|req: 547/1101] 10.222.0.78 () {60 vars in 1377 bytes} [Fri Aug 26 09:07:39 2022] GET /placement/allocations/f9a46887-9c32-4e07-8986-acf1f9700cd8 => generated 259 bytes in 16 msecs (HTTP/1.1 200) 8 headers in 296 bytes (1 switches on core 0)
Aug 26 09:07:39.490052 n-d-846470-16 devstack@placement-api.service[119702]: DEBUG placement.requestlog [req-4ee9e0f3-2ca5-475a-a85e-281ab1127cae req-895ff957-483b-4447-a147-d753e41e004c None None] Starting request: 10.222.0.78 "GET /placement/allocations/df831fcd-ed47-4e90-8792-7837b1915020" {{(pid=119702) __call__ /opt/stack/placement/placement/requestlog.py:55}}
