Aug 04 16:24:21.061157 n-d-846470-12 devstack@keystone.service[80564]: DEBUG keystone.server.flask.request_processing.req_logging [None req-bf821c42-d48e-4618-8f24-af035331271b None admin] REQUEST_METHOD: `GET` {{(pid=80564) log_request_info /opt/stack/keystone/keystone/server/flask/request_processing/req_logging.py:27}}
Aug 04 16:24:21.061689 n-d-846470-12 devstack@keystone.service[80564]: DEBUG keystone.server.flask.request_processing.req_logging [None req-bf821c42-d48e-4618-8f24-af035331271b None admin] SCRIPT_NAME: `/identity` {{(pid=80564) log_request_info /opt/stack/keystone/keystone/server/flask/request_processing/req_logging.py:28}}
Aug 04 16:24:21.062378 n-d-846470-12 devstack@keystone.service[80563]: DEBUG keystone.common.rbac_enforcer.enforcer [None req-0a51c706-7510-456b-9411-4e7169b3d3fc None admin] RBAC: Authorizing `identity:get_project(project_id=21efe1a9d12740f8a548d2b6774c7307)` {{(pid=80563) enforce_call /opt/stack/keystone/keystone/common/rbac_enforcer/enforcer.py:449}}
Aug 04 16:24:21.062609 n-d-846470-12 devstack@keystone.service[80564]: DEBUG keystone.server.flask.request_processing.req_logging [None req-bf821c42-d48e-4618-8f24-af035331271b None admin] PATH_INFO: `/v3/projects/d7e25fa60a934510a0e8afda9718b87a` {{(pid=80564) log_request_info /opt/stack/keystone/keystone/server/flask/request_processing/req_logging.py:29}}
Aug 04 16:24:21.063978 n-d-846470-12 devstack@keystone.service[80563]: DEBUG keystone.common.rbac_enforcer.enforcer [None req-0a51c706-7510-456b-9411-4e7169b3d3fc None admin] RBAC: Authorization granted {{(pid=80563) enforce_call /opt/stack/keystone/keystone/common/rbac_enforcer/enforcer.py:457}}
Aug 04 16:24:21.064185 n-d-846470-12 devstack@keystone.service[80564]: DEBUG keystone.common.rbac_enforcer.enforcer [None req-bf821c42-d48e-4618-8f24-af035331271b None admin] RBAC: Authorizing `identity:get_project(project_id=d7e25fa60a934510a0e8afda9718b87a)` {{(pid=80564) enforce_call /opt/stack/keystone/keystone/common/rbac_enforcer/enforcer.py:449}}
Aug 04 16:24:21.065819 n-d-846470-12 devstack@keystone.service[80564]: DEBUG keystone.common.rbac_enforcer.enforcer [None req-bf821c42-d48e-4618-8f24-af035331271b None admin] RBAC: Authorization granted {{(pid=80564) enforce_call /opt/stack/keystone/keystone/common/rbac_enforcer/enforcer.py:457}}
Aug 04 16:24:21.065940 n-d-846470-12 devstack@keystone.service[80563]: [pid: 80563|app: 0|req: 71/135] 10.222.0.81 () {56 vars in 1186 bytes} [Thu Aug 4 16:24:20 2022] GET /identity/v3/projects/21efe1a9d12740f8a548d2b6774c7307 => generated 312 bytes in 195 msecs (HTTP/1.1 200) 5 headers in 177 bytes (1 switches on core 0)
Aug 04 16:24:21.067118 n-d-846470-12 devstack@keystone.service[80563]: DEBUG keystone.server.flask.request_processing.req_logging [None req-38decaad-ada9-4545-ae7e-b08714543af8 None None] REQUEST_METHOD: `POST` {{(pid=80563) log_request_info /opt/stack/keystone/keystone/server/flask/request_processing/req_logging.py:27}}
Aug 04 16:24:21.067478 n-d-846470-12 devstack@keystone.service[80563]: DEBUG keystone.server.flask.request_processing.req_logging [None req-38decaad-ada9-4545-ae7e-b08714543af8 None None] SCRIPT_NAME: `/identity` {{(pid=80563) log_request_info /opt/stack/keystone/keystone/server/flask/request_processing/req_logging.py:28}}
Aug 04 16:24:21.067828 n-d-846470-12 devstack@keystone.service[80563]: DEBUG keystone.server.flask.request_processing.req_logging [None req-38decaad-ada9-4545-ae7e-b08714543af8 None None] PATH_INFO: `/v3/auth/tokens` {{(pid=80563) log_request_info /opt/stack/keystone/keystone/server/flask/request_processing/req_logging.py:29}}
Aug 04 16:24:21.068358 n-d-846470-12 devstack@keystone.service[80564]: [pid: 80564|app: 0|req: 65/136] 10.222.0.81 () {56 vars in 1186 bytes} [Thu Aug 4 16:24:20 2022] GET /identity/v3/projects/d7e25fa60a934510a0e8afda9718b87a => generated 298 bytes in 263 msecs (HTTP/1.1 200) 5 headers in 177 bytes (1 switches on core 0)
Aug 04 16:24:21.075997 n-d-846470-12 devstack@keystone.service[80564]: DEBUG keystone.server.flask.request_processing.middleware.auth_context [None req-bf821c42-d48e-4618-8f24-af035331271b None admin] Authenticating user token {{(pid=80564) process_request /usr/local/lib/python3.8/dist-packages/keystonemiddleware/auth_token/__init__.py:407}}
Aug 04 16:24:21.091291 n-d-846470-12 devstack@keystone.service[80563]: DEBUG keystone.auth.core [None req-38decaad-ada9-4545-ae7e-b08714543af8 None None] MFA Rules not processed for user `0667c7b05f80442e819d0bfdcf6a3f77`. Rule list: `[]` (Enabled: `True`). {{(pid=80563) check_auth_methods_against_rules /opt/stack/keystone/keystone/auth/core.py:438}}
Aug 04 16:24:21.092930 n-d-846470-12 devstack@keystone.service[80563]: DEBUG keystone.common.fernet_utils [None req-38decaad-ada9-4545-ae7e-b08714543af8 None None] Loaded 2 Fernet keys from /etc/keystone/fernet-keys/, but `[fernet_tokens] max_active_keys = 3`; perhaps there have not been enough key rotations to reach `max_active_keys` yet? {{(pid=80563) load_keys /opt/stack/keystone/keystone/common/fernet_utils.py:286}}
Aug 04 16:24:21.185655 n-d-846470-12 devstack@keystone.service[80563]: [pid: 80563|app: 0|req: 72/137] 10.222.0.81 () {58 vars in 1024 bytes} [Thu Aug 4 16:24:21 2022] POST /identity/v3/auth/tokens => generated 799 bytes in 119 msecs (HTTP/1.1 201) 6 headers in 363 bytes (1 switches on core 0)
Aug 04 16:24:21.191178 n-d-846470-12 devstack@keystone.service[80563]: DEBUG keystone.server.flask.request_processing.middleware.auth_context [None req-38decaad-ada9-4545-ae7e-b08714543af8 None None] Authenticating user token {{(pid=80563) process_request /usr/local/lib/python3.8/dist-packages/keystonemiddleware/auth_token/__init__.py:407}}
Aug 04 16:24:21.192471 n-d-846470-12 devstack@keystone.service[80564]: DEBUG keystone.server.flask.request_processing.middleware.auth_context [None req-bf821c42-d48e-4618-8f24-af035331271b None admin] Validating token access rules against request {{(pid=80564) validate_allowed_request /usr/local/lib/python3.8/dist-packages/keystonemiddleware/auth_token/__init__.py:545}}
Aug 04 16:24:21.258433 n-d-846470-12 devstack@keystone.service[80564]: DEBUG keystone.server.flask.request_processing.middleware.auth_context [None req-79468ce4-4cdc-4dd3-944e-4e339e87deaa None admin] RBAC: auth_context: {'token': , 'domain_id': None, 'trust_id': None, 'trustor_id': None, 'trustee_id': None, 'domain_name': None, 'group_ids': [], 'user_id': '0667c7b05f80442e819d0bfdcf6a3f77', 'user_domain_id': 'default', 'system_scope': 'all', 'project_id': None, 'project_domain_id': None, 'roles': ['admin', 'member', 'reader'], 'is_admin_project': True, 'service_user_id': None, 'service_user_domain_id': None, 'service_project_id': None, 'service_project_domain_id': None, 'service_roles': []} {{(pid=80564) fill_context /opt/stack/keystone/keystone/server/flask/request_processing/middleware/auth_context.py:478}}
Aug 04 16:24:21.258433 n-d-846470-12 devstack@keystone.service[80564]: DEBUG keystone.server.flask.request_processing.req_logging [None req-79468ce4-4cdc-4dd3-944e-4e339e87deaa None admin] REQUEST_METHOD: `PUT` {{(pid=80564) log_request_info /opt/stack/keystone/keystone/server/flask/request_processing/req_logging.py:27}}
Aug 04 16:24:21.258433 n-d-846470-12 devstack@keystone.service[80564]: DEBUG keystone.server.flask.request_processing.req_logging [None req-79468ce4-4cdc-4dd3-944e-4e339e87deaa None admin] SCRIPT_NAME: `/identity` {{(pid=80564) log_request_info /opt/stack/keystone/keystone/server/flask/request_processing/req_logging.py:28}}
Aug 04 16:24:21.258433 n-d-846470-12 devstack@keystone.service[80564]: DEBUG keystone.server.flask.request_processing.req_logging [None req-79468ce4-4cdc-4dd3-944e-4e339e87deaa None admin] PATH_INFO: `/v3/projects/d7e25fa60a934510a0e8afda9718b87a/users/aff27f9c12074dbf87c2cb3bf86bb289/roles/a730ea249fd94b8bab2885e989f71a98` {{(pid=80564) log_request_info /opt/stack/keystone/keystone/server/flask/request_processing/req_logging.py:29}}
Aug 04 16:24:21.258816 n-d-846470-12 devstack@keystone.service[80564]: DEBUG keystone.common.rbac_enforcer.enforcer [None req-79468ce4-4cdc-4dd3-944e-4e339e87deaa None admin] RBAC: Authorizing `identity:create_grant(project_id=d7e25fa60a934510a0e8afda9718b87a, user_id=aff27f9c12074dbf87c2cb3bf86bb289, role_id=a730ea249fd94b8bab2885e989f71a98)` {{(pid=80564) enforce_call /opt/stack/keystone/keystone/common/rbac_enforcer/enforcer.py:449}}
Aug 04 16:24:21.269044 n-d-846470-12 devstack@keystone.service[80564]: DEBUG keystone.common.rbac_enforcer.enforcer [None req-79468ce4-4cdc-4dd3-944e-4e339e87deaa None admin] RBAC: Authorization granted {{(pid=80564) enforce_call /opt/stack/keystone/keystone/common/rbac_enforcer/enforcer.py:457}}
Aug 04 16:24:21.269608 n-d-846470-12 devstack@keystone.service[80563]: DEBUG dbcounter [-] [80563] Writing DB stats keystone:SELECT=100 {{(pid=80563) stat_writer /usr/local/lib/python3.8/dist-packages/dbcounter.py:114}}
Aug 04 16:24:21.294866 n-d-846470-12 devstack@keystone.service[80564]: [pid: 80564|app: 0|req: 66/138] 10.222.0.81 () {58 vars in 1439 bytes} [Thu Aug 4 16:24:21 2022] PUT /identity/v3/projects/d7e25fa60a934510a0e8afda9718b87a/users/aff27f9c12074dbf87c2cb3bf86bb289/roles/a730ea249fd94b8bab2885e989f71a98 => generated 0 bytes in 220 msecs (HTTP/1.1 204) 3 headers in 132 bytes (1 switches on core 0)
Aug 04 16:24:21.295609 n-d-846470-12 devstack@keystone.service[80564]: DEBUG keystone.server.flask.request_processing.middleware.auth_context [None req-79468ce4-4cdc-4dd3-944e-4e339e87deaa None admin] Authenticating user token {{(pid=80564) process_request /usr/local/lib/python3.8/dist-packages/keystonemiddleware/auth_token/__init__.py:407}}
Aug 04 16:24:21.391972 n-d-846470-12 devstack@keystone.service[80563]: DEBUG keystone.server.flask.request_processing.middleware.auth_context [None req-38decaad-ada9-4545-ae7e-b08714543af8 None None] Validating token access rules against request {{(pid=80563) validate_allowed_request /usr/local/lib/python3.8/dist-packages/keystonemiddleware/auth_token/__init__.py:545}}
Aug 04 16:24:21.405185 n-d-846470-12 devstack@keystone.service[80564]: DEBUG dbcounter [-] [80564] Writing DB stats keystone:SELECT=99,keystone:INSERT=1 {{(pid=80564) stat_writer /usr/local/lib/python3.8/dist-packages/dbcounter.py:114}}
Aug 04 16:24:21.448535 n-d-846470-12 devstack@keystone.service[80563]: DEBUG keystone.server.flask.request_processing.middleware.auth_context [None req-9e2ae920-9fae-45e1-8a41-725a588fd331 None admin] RBAC: auth_context: {'token': , 'domain_id': None, 'trust_id': None, 'trustor_id': None, 'trustee_id': None, 'domain_name': None, 'group_ids': [], 'user_id': '0667c7b05f80442e819d0bfdcf6a3f77', 'user_domain_id': 'default', 'system_scope': 'all', 'project_id': None, 'project_domain_id': None, 'roles': ['admin', 'member', 'reader'], 'is_admin_project': True, 'service_user_id': None, 'service_user_domain_id': None, 'service_project_id': None, 'service_project_domain_id': None, 'service_roles': []} {{(pid=80563) fill_context /opt/stack/keystone/keystone/server/flask/request_processing/middleware/auth_context.py:478}}
Aug 04 16:24:21.449258 n-d-846470-12 devstack@keystone.service[80563]: DEBUG keystone.server.flask.request_processing.req_logging [None req-9e2ae920-9fae-45e1-8a41-725a588fd331 None admin] REQUEST_METHOD: `PUT` {{(pid=80563) log_request_info /opt/stack/keystone/keystone/server/flask/request_processing/req_logging.py:27}}
Aug 04 16:24:21.449549 n-d-846470-12 devstack@keystone.service[80563]: DEBUG keystone.server.flask.request_processing.req_logging [None req-9e2ae920-9fae-45e1-8a41-725a588fd331 None admin] SCRIPT_NAME: `/identity` {{(pid=80563) log_request_info /opt/stack/keystone/keystone/server/flask/request_processing/req_logging.py:28}}
Aug 04 16:24:21.449839 n-d-846470-12 devstack@keystone.service[80563]: DEBUG keystone.server.flask.request_processing.req_logging [None req-9e2ae920-9fae-45e1-8a41-725a588fd331 None admin] PATH_INFO: `/v3/projects/21efe1a9d12740f8a548d2b6774c7307/users/aff27f9c12074dbf87c2cb3bf86bb289/roles/e7125f831d6149d0af034e97c9d485f0` {{(pid=80563) log_request_info /opt/stack/keystone/keystone/server/flask/request_processing/req_logging.py:29}}
Aug 04 16:24:21.457779 n-d-846470-12 devstack@keystone.service[80563]: DEBUG keystone.common.rbac_enforcer.enforcer [None req-9e2ae920-9fae-45e1-8a41-725a588fd331 None admin] RBAC: Authorizing `identity:create_grant(project_id=21efe1a9d12740f8a548d2b6774c7307, user_id=aff27f9c12074dbf87c2cb3bf86bb289, role_id=e7125f831d6149d0af034e97c9d485f0)` {{(pid=80563) enforce_call /opt/stack/keystone/keystone/common/rbac_enforcer/enforcer.py:449}}
Aug 04 16:24:21.463382 n-d-846470-12 devstack@keystone.service[80563]: DEBUG keystone.common.rbac_enforcer.enforcer [None req-9e2ae920-9fae-45e1-8a41-725a588fd331 None admin] RBAC: Authorization granted {{(pid=80563) enforce_call /opt/stack/keystone/keystone/common/rbac_enforcer/enforcer.py:457}}
Aug 04 16:24:21.496032 n-d-846470-12 devstack@keystone.service[80563]: [pid: 80563|app: 0|req: 73/139] 10.222.0.81 () {58 vars in 1439 bytes} [Thu Aug 4 16:24:21 2022] PUT /identity/v3/projects/21efe1a9d12740f8a548d2b6774c7307/users/aff27f9c12074dbf87c2cb3bf86bb289/roles/e7125f831d6149d0af034e97c9d485f0 => generated 0 bytes in 310 msecs (HTTP/1.1 204) 3 headers in 132 bytes (0 switches on core 0)
Aug 04 16:24:21.497822 n-d-846470-12 devstack@keystone.service[80563]: DEBUG keystone.server.flask.request_processing.req_logging [None req-564716e7-c7e1-4b1e-aea0-246c96ce602c None None] REQUEST_METHOD: `GET` {{(pid=80563) log_request_info /opt/stack/keystone/keystone/server/flask/request_processing/req_logging.py:27}}
Aug 04 16:24:21.498413 n-d-846470-12 devstack@keystone.service[80563]: DEBUG keystone.server.flask.request_processing.req_logging [None req-564716e7-c7e1-4b1e-aea0-246c96ce602c None None] SCRIPT_NAME: `/identity` {{(pid=80563) log_request_info /opt/stack/keystone/keystone/server/flask/request_processing/req_logging.py:28}}
Aug 04 16:24:21.498983 n-d-846470-12 devstack@keystone.service[80563]: DEBUG keystone.server.flask.request_processing.req_logging [None req-564716e7-c7e1-4b1e-aea0-246c96ce602c None None] PATH_INFO: `/` {{(pid=80563) log_request_info /opt/stack/keystone/keystone/server/flask/request_processing/req_logging.py:29}}
Aug 04 16:24:21.500931 n-d-846470-12 devstack@keystone.service[80563]: [pid: 80563|app: 0|req: 74/140] 10.222.0.81 () {54 vars in 927 bytes} [Thu Aug 4 16:24:21 2022] GET /identity => generated 270 bytes in 4 msecs (HTTP/1.1 300) 6 headers in 234 bytes (1 switches on core 0)
Aug 04 16:24:21.508610 n-d-846470-12 devstack@keystone.service[80563]: DEBUG keystone.server.flask.request_processing.req_logging [None req-2d514a1a-5c72-43bc-8066-89bc5b75b410 None None] REQUEST_METHOD: `POST` {{(pid=80563) log_request_info /opt/stack/keystone/keystone/server/flask/request_processing/req_logging.py:27}}
Aug 04 16:24:21.509242 n-d-846470-12 devstack@keystone.service[80563]: DEBUG keystone.server.flask.request_processing.req_logging [None req-2d514a1a-5c72-43bc-8066-89bc5b75b410 None None] SCRIPT_NAME: `/identity` {{(pid=80563) log_request_info /opt/stack/keystone/keystone/server/flask/request_processing/req_logging.py:28}}
Aug 04 16:24:21.509746 n-d-846470-12 devstack@keystone.service[80563]: DEBUG keystone.server.flask.request_processing.req_logging [None req-2d514a1a-5c72-43bc-8066-89bc5b75b410 None None] PATH_INFO: `/v3/auth/tokens` {{(pid=80563) log_request_info /opt/stack/keystone/keystone/server/flask/request_processing/req_logging.py:29}}
Aug 04 16:24:21.514940 n-d-846470-12 devstack@keystone.service[80564]: DEBUG keystone.server.flask.request_processing.middleware.auth_context [None req-79468ce4-4cdc-4dd3-944e-4e339e87deaa None admin] Validating token access rules against request {{(pid=80564) validate_allowed_request /usr/local/lib/python3.8/dist-packages/keystonemiddleware/auth_token/__init__.py:545}}
Aug 04 16:24:21.535343 n-d-846470-12 devstack@keystone.service[80563]: DEBUG keystone.auth.core [None req-2d514a1a-5c72-43bc-8066-89bc5b75b410 None None] MFA Rules not processed for user `0667c7b05f80442e819d0bfdcf6a3f77`. Rule list: `[]` (Enabled: `True`). {{(pid=80563) check_auth_methods_against_rules /opt/stack/keystone/keystone/auth/core.py:438}}
Aug 04 16:24:21.536948 n-d-846470-12 devstack@keystone.service[80563]: DEBUG keystone.common.fernet_utils [None req-2d514a1a-5c72-43bc-8066-89bc5b75b410 None None] Loaded 2 Fernet keys from /etc/keystone/fernet-keys/, but `[fernet_tokens] max_active_keys = 3`; perhaps there have not been enough key rotations to reach `max_active_keys` yet? {{(pid=80563) load_keys /opt/stack/keystone/keystone/common/fernet_utils.py:286}}
Aug 04 16:24:21.610867 n-d-846470-12 devstack@keystone.service[80564]: DEBUG keystone.server.flask.request_processing.middleware.auth_context [None req-91a726fb-6225-4198-86ee-ca9f093399ab None admin] RBAC: auth_context: {'token': , 'domain_id': None, 'trust_id': None, 'trustor_id': None, 'trustee_id': None, 'domain_name': None, 'group_ids': [], 'user_id': '0667c7b05f80442e819d0bfdcf6a3f77', 'user_domain_id': 'default', 'system_scope': 'all', 'project_id': None, 'project_domain_id': None, 'roles': ['admin', 'member', 'reader'], 'is_admin_project': True, 'service_user_id': None, 'service_user_domain_id': None, 'service_project_id': None, 'service_project_domain_id': None, 'service_roles': []} {{(pid=80564) fill_context /opt/stack/keystone/keystone/server/flask/request_processing/middleware/auth_context.py:478}}
Aug 04 16:24:21.611510 n-d-846470-12 devstack@keystone.service[80564]: DEBUG keystone.server.flask.request_processing.req_logging [None req-91a726fb-6225-4198-86ee-ca9f093399ab None admin] REQUEST_METHOD: `GET` {{(pid=80564) log_request_info /opt/stack/keystone/keystone/server/flask/request_processing/req_logging.py:27}}
Aug 04 16:24:21.611802 n-d-846470-12 devstack@keystone.service[80564]: DEBUG keystone.server.flask.request_processing.req_logging [None req-91a726fb-6225-4198-86ee-ca9f093399ab None admin] SCRIPT_NAME: `/identity` {{(pid=80564) log_request_info /opt/stack/keystone/keystone/server/flask/request_processing/req_logging.py:28}}
Aug 04 16:24:21.612164 n-d-846470-12 devstack@keystone.service[80564]: DEBUG keystone.server.flask.request_processing.req_logging [None req-91a726fb-6225-4198-86ee-ca9f093399ab None admin] PATH_INFO: `/v3/domains/default` {{(pid=80564) log_request_info /opt/stack/keystone/keystone/server/flask/request_processing/req_logging.py:29}}
Aug 04 16:24:21.619245 n-d-846470-12 devstack@keystone.service[80564]: DEBUG keystone.common.rbac_enforcer.enforcer [None req-91a726fb-6225-4198-86ee-ca9f093399ab None admin] RBAC: Authorizing `identity:get_domain(domain_id=default)` {{(pid=80564) enforce_call /opt/stack/keystone/keystone/common/rbac_enforcer/enforcer.py:449}}
Aug 04 16:24:21.620764 n-d-846470-12 devstack@keystone.service[80564]: DEBUG keystone.common.rbac_enforcer.enforcer [None req-91a726fb-6225-4198-86ee-ca9f093399ab None admin] RBAC: Authorization granted {{(pid=80564) enforce_call /opt/stack/keystone/keystone/common/rbac_enforcer/enforcer.py:457}}
Aug 04 16:24:21.622913 n-d-846470-12 devstack@keystone.service[80564]: [pid: 80564|app: 0|req: 67/141] 10.222.0.81 () {56 vars in 1108 bytes} [Thu Aug 4 16:24:21 2022] GET /identity/v3/domains/default => generated 199 bytes in 328 msecs (HTTP/1.1 200) 5 headers in 177 bytes (1 switches on core 0)
Aug 04 16:24:21.623378 n-d-846470-12 devstack@keystone.service[80563]: [pid: 80563|app: 0|req: 75/142] 10.222.0.81 () {58 vars in 1024 bytes} [Thu Aug 4 16:24:21 2022] POST /identity/v3/auth/tokens => generated 799 bytes in 116 msecs (HTTP/1.1 201) 6 headers in 363 bytes (2 switches on core 0)
Aug 04 16:24:21.629277 n-d-846470-12 devstack@keystone.service[80564]: DEBUG keystone.server.flask.request_processing.middleware.auth_context [None req-91a726fb-6225-4198-86ee-ca9f093399ab None admin] Authenticating user token {{(pid=80564) process_request /usr/local/lib/python3.8/dist-packages/keystonemiddleware/auth_token/__init__.py:407}}
Aug 04 16:24:21.665169 n-d-846470-12 devstack@keystone.service[80563]: DEBUG keystone.server.flask.request_processing.middleware.auth_context [None req-2d514a1a-5c72-43bc-8066-89bc5b75b410 None None] Authenticating user token {{(pid=80563) process_request /usr/local/lib/python3.8/dist-packages/keystonemiddleware/auth_token/__init__.py:407}}
Aug 04 16:24:21.718279 n-d-846470-12 devstack@keystone.service[80563]: DEBUG dbcounter [-] [80563] Writing DB stats keystone:SELECT=99,keystone:INSERT=1 {{(pid=80563) stat_writer /usr/local/lib/python3.8/dist-packages/dbcounter.py:114}}
Aug 04 16:24:21.747006 n-d-846470-12 devstack@keystone.service[80564]: DEBUG keystone.server.flask.request_processing.middleware.auth_context [None req-91a726fb-6225-4198-86ee-ca9f093399ab None admin] Validating token access rules against request {{(pid=80564) validate_allowed_request /usr/local/lib/python3.8/dist-packages/keystonemiddleware/auth_token/__init__.py:545}}
Aug 04 16:24:21.771262 n-d-846470-12 devstack@keystone.service[80564]: DEBUG dbcounter [-] [80564] Writing DB stats keystone:SELECT=100 {{(pid=80564) stat_writer /usr/local/lib/python3.8/dist-packages/dbcounter.py:114}}
Aug 04 16:24:21.785359 n-d-846470-12 devstack@keystone.service[80564]: DEBUG keystone.server.flask.request_processing.middleware.auth_context [None req-ee43f6f0-cb12-4ad7-b78b-20f00867d8a5 None admin] RBAC: auth_context: {'token': , 'domain_id': None, 'trust_id': None, 'trustor_id': None, 'trustee_id': None, 'domain_name': None, 'group_ids': [], 'user_id': '0667c7b05f80442e819d0bfdcf6a3f77', 'user_domain_id': 'default', 'system_scope': 'all', 'project_id': None, 'project_domain_id': None, 'roles': ['admin', 'member', 'reader'], 'is_admin_project': True, 'service_user_id': None, 'service_user_domain_id': None, 'service_project_id': None, 'service_project_domain_id': None, 'service_roles': []} {{(pid=80564) fill_context /opt/stack/keystone/keystone/server/flask/request_processing/middleware/auth_context.py:478}}
Aug 04 16:24:21.786366 n-d-846470-12 devstack@keystone.service[80564]: DEBUG keystone.server.flask.request_processing.req_logging [None req-ee43f6f0-cb12-4ad7-b78b-20f00867d8a5 None admin] REQUEST_METHOD: `POST` {{(pid=80564) log_request_info /opt/stack/keystone/keystone/server/flask/request_processing/req_logging.py:27}}
Aug 04 16:24:21.786868 n-d-846470-12 devstack@keystone.service[80564]: DEBUG keystone.server.flask.request_processing.req_logging [None req-ee43f6f0-cb12-4ad7-b78b-20f00867d8a5 None admin] SCRIPT_NAME: `/identity` {{(pid=80564) log_request_info /opt/stack/keystone/keystone/server/flask/request_processing/req_logging.py:28}}
Aug 04 16:24:21.787339 n-d-846470-12 devstack@keystone.service[80564]: DEBUG keystone.server.flask.request_processing.req_logging [None req-ee43f6f0-cb12-4ad7-b78b-20f00867d8a5 None admin] PATH_INFO: `/v3/users` {{(pid=80564) log_request_info /opt/stack/keystone/keystone/server/flask/request_processing/req_logging.py:29}}
Aug 04 16:24:21.788804 n-d-846470-12 devstack@keystone.service[80564]: DEBUG keystone.common.rbac_enforcer.enforcer [None req-ee43f6f0-cb12-4ad7-b78b-20f00867d8a5 None admin] RBAC: Authorizing `identity:create_user()` {{(pid=80564) enforce_call /opt/stack/keystone/keystone/common/rbac_enforcer/enforcer.py:449}}
Aug 04 16:24:21.790546 n-d-846470-12 devstack@keystone.service[80564]: DEBUG keystone.common.rbac_enforcer.enforcer [None req-ee43f6f0-cb12-4ad7-b78b-20f00867d8a5 None admin] RBAC: Authorization granted {{(pid=80564) enforce_call /opt/stack/keystone/keystone/common/rbac_enforcer/enforcer.py:457}}
Aug 04 16:24:21.829416 n-d-846470-12 devstack@keystone.service[80564]: [pid: 80564|app: 0|req: 68/143] 10.222.0.81 () {60 vars in 1132 bytes} [Thu Aug 4 16:24:21 2022] POST /identity/v3/users => generated 283 bytes in 200 msecs (HTTP/1.1 201) 5 headers in 182 bytes (1 switches on core 0)
Aug 04 16:24:21.843864 n-d-846470-12 devstack@keystone.service[80563]: DEBUG keystone.server.flask.request_processing.middleware.auth_context [None req-2d514a1a-5c72-43bc-8066-89bc5b75b410 None None] Validating token access rules against request {{(pid=80563) validate_allowed_request /usr/local/lib/python3.8/dist-packages/keystonemiddleware/auth_token/__init__.py:545}}
Aug 04 16:24:21.893007 n-d-846470-12 devstack@keystone.service[80563]: DEBUG keystone.server.flask.request_processing.middleware.auth_context [None req-e5e7bb1e-83cc-446f-9ecf-9a05eac4f1f9 None admin] RBAC: auth_context: {'token': , 'domain_id': None, 'trust_id': None, 'trustor_id': None, 'trustee_id': None, 'domain_name': None, 'group_ids': [], 'user_id': '0667c7b05f80442e819d0bfdcf6a3f77', 'user_domain_id': 'default', 'system_scope': 'all', 'project_id': None, 'project_domain_id': None, 'roles': ['admin', 'member', 'reader'], 'is_admin_project': True, 'service_user_id': None, 'service_user_domain_id': None, 'service_project_id': None, 'service_project_domain_id': None, 'service_roles': []} {{(pid=80563) fill_context /opt/stack/keystone/keystone/server/flask/request_processing/middleware/auth_context.py:478}}
Aug 04 16:24:21.894084 n-d-846470-12 devstack@keystone.service[80563]: DEBUG keystone.server.flask.request_processing.req_logging [None req-e5e7bb1e-83cc-446f-9ecf-9a05eac4f1f9 None admin] REQUEST_METHOD: `GET` {{(pid=80563) log_request_info /opt/stack/keystone/keystone/server/flask/request_processing/req_logging.py:27}}
Aug 04 16:24:21.894653 n-d-846470-12 devstack@keystone.service[80563]: DEBUG keystone.server.flask.request_processing.req_logging [None req-e5e7bb1e-83cc-446f-9ecf-9a05eac4f1f9 None admin] SCRIPT_NAME: `/identity` {{(pid=80563) log_request_info /opt/stack/keystone/keystone/server/flask/request_processing/req_logging.py:28}}
Aug 04 16:24:21.895178 n-d-846470-12 devstack@keystone.service[80563]: DEBUG keystone.server.flask.request_processing.req_logging [None req-e5e7bb1e-83cc-446f-9ecf-9a05eac4f1f9 None admin] PATH_INFO: `/v3/roles/admin` {{(pid=80563) log_request_info /opt/stack/keystone/keystone/server/flask/request_processing/req_logging.py:29}}
Aug 04 16:24:21.907808 n-d-846470-12 devstack@keystone.service[80563]: DEBUG keystone.common.rbac_enforcer.enforcer [None req-e5e7bb1e-83cc-446f-9ecf-9a05eac4f1f9 None admin] Extracting inferred target data resulted in "NOT FOUND (404)". {{(pid=80563) enforce_call /opt/stack/keystone/keystone/common/rbac_enforcer/enforcer.py:409}}
Aug 04 16:24:21.914296 n-d-846470-12 devstack@keystone.service[80563]: ERROR keystone.server.flask.application [None req-e5e7bb1e-83cc-446f-9ecf-9a05eac4f1f9 None admin] Could not find role: admin.: keystone.exception.RoleNotFound: Could not find role: admin.
Aug 04 16:24:21.914296 n-d-846470-12 devstack@keystone.service[80563]: ERROR keystone.server.flask.application
Traceback (most recent call last):
Aug 04 16:24:21.914296 n-d-846470-12 devstack@keystone.service[80563]: ERROR keystone.server.flask.application
File "/usr/local/lib/python3.8/dist-packages/flask/app.py", line 1517, in full_dispatch_request
Aug 04 16:24:21.914296 n-d-846470-12 devstack@keystone.service[80563]: ERROR keystone.server.flask.application rv = self.dispatch_request()
Aug 04 16:24:21.914296 n-d-846470-12 devstack@keystone.service[80563]: ERROR keystone.server.flask.application
File "/usr/local/lib/python3.8/dist-packages/flask/app.py", line 1503, in dispatch_request
Aug 04 16:24:21.914296 n-d-846470-12 devstack@keystone.service[80563]: ERROR keystone.server.flask.application return self.ensure_sync(self.view_functions[rule.endpoint])(**req.view_args)
Aug 04 16:24:21.914296 n-d-846470-12 devstack@keystone.service[80563]: ERROR keystone.server.flask.application
File "/usr/local/lib/python3.8/dist-packages/flask_restful/__init__.py", line 467, in wrapper
Aug 04 16:24:21.914296 n-d-846470-12 devstack@keystone.service[80563]: ERROR keystone.server.flask.application resp = resource(*args, **kwargs)
Aug 04 16:24:21.914296 n-d-846470-12 devstack@keystone.service[80563]: ERROR keystone.server.flask.application
File "/usr/local/lib/python3.8/dist-packages/flask/views.py", line 84, in view
Aug 04 16:24:21.914296 n-d-846470-12 devstack@keystone.service[80563]: ERROR keystone.server.flask.application return current_app.ensure_sync(self.dispatch_request)(*args, **kwargs)
Aug 04 16:24:21.914296 n-d-846470-12 devstack@keystone.service[80563]: ERROR keystone.server.flask.application
File "/usr/local/lib/python3.8/dist-packages/flask_restful/__init__.py", line 582, in dispatch_request
Aug 04 16:24:21.914296 n-d-846470-12 devstack@keystone.service[80563]: ERROR keystone.server.flask.application resp = meth(*args, **kwargs)
Aug 04 16:24:21.914296 n-d-846470-12 devstack@keystone.service[80563]: ERROR keystone.server.flask.application
File "/opt/stack/keystone/keystone/api/roles.py", line 50, in get
Aug 04 16:24:21.914296 n-d-846470-12 devstack@keystone.service[80563]: ERROR keystone.server.flask.application return self._get_role(role_id)
Aug 04 16:24:21.914296 n-d-846470-12 devstack@keystone.service[80563]: ERROR keystone.server.flask.application
File "/opt/stack/keystone/keystone/api/roles.py", line 70, in _get_role
Aug 04 16:24:21.914296 n-d-846470-12 devstack@keystone.service[80563]: ERROR keystone.server.flask.application ENFORCER.enforce_call(action='identity:get_role')
Aug 04 16:24:21.915258 n-d-846470-12 devstack@keystone.service[80563]: ERROR keystone.server.flask.application
File "/opt/stack/keystone/keystone/common/rbac_enforcer/enforcer.py", line 402, in enforce_call
Aug 04 16:24:21.915258 n-d-846470-12 devstack@keystone.service[80563]: ERROR keystone.server.flask.application policy_dict.update(cls._extract_member_target_data(
Aug 04 16:24:21.915258 n-d-846470-12 devstack@keystone.service[80563]: ERROR keystone.server.flask.application
File "/opt/stack/keystone/keystone/common/rbac_enforcer/enforcer.py", line 234, in _extract_member_target_data
Aug 04 16:24:21.915258 n-d-846470-12 devstack@keystone.service[80563]: ERROR keystone.server.flask.application member_name: func(flask.request.view_args[key])
Aug 04 16:24:21.915258 n-d-846470-12 devstack@keystone.service[80563]: ERROR keystone.server.flask.application
File "/opt/stack/keystone/keystone/common/manager.py", line 115, in wrapped
Aug 04 16:24:21.915258 n-d-846470-12 devstack@keystone.service[80563]: ERROR keystone.server.flask.application __ret_val = __f(*args, **kwargs)
Aug 04 16:24:21.915258 n-d-846470-12 devstack@keystone.service[80563]: ERROR keystone.server.flask.application
File "/usr/local/lib/python3.8/dist-packages/decorator.py", line 232, in fun
Aug 04 16:24:21.915258 n-d-846470-12 devstack@keystone.service[80563]: ERROR keystone.server.flask.application return caller(func, *(extras + args), **kw)
Aug 04 16:24:21.915258 n-d-846470-12 devstack@keystone.service[80563]: ERROR keystone.server.flask.application
File "/usr/local/lib/python3.8/dist-packages/dogpile/cache/region.py", line 1577, in get_or_create_for_user_func
Aug 04 16:24:21.915258 n-d-846470-12 devstack@keystone.service[80563]: ERROR keystone.server.flask.application return self.get_or_create(
Aug 04 16:24:21.915258 n-d-846470-12 devstack@keystone.service[80563]: ERROR keystone.server.flask.application
File "/usr/local/lib/python3.8/dist-packages/dogpile/cache/region.py", line 1042, in get_or_create
Aug 04 16:24:21.915258 n-d-846470-12 devstack@keystone.service[80563]: ERROR keystone.server.flask.application with Lock(
Aug 04 16:24:21.915258 n-d-846470-12 devstack@keystone.service[80563]: ERROR keystone.server.flask.application
File "/usr/local/lib/python3.8/dist-packages/dogpile/lock.py", line 185, in __enter__
Aug 04 16:24:21.915258 n-d-846470-12 devstack@keystone.service[80563]: ERROR keystone.server.flask.application return self._enter()
Aug 04 16:24:21.915258 n-d-846470-12 devstack@keystone.service[80563]: ERROR keystone.server.flask.application
File "/usr/local/lib/python3.8/dist-packages/dogpile/lock.py", line 94, in _enter
Aug 04 16:24:21.915258 n-d-846470-12 devstack@keystone.service[80563]: ERROR keystone.server.flask.application generated = self._enter_create(value, createdtime)
Aug 04 16:24:21.916034 n-d-846470-12 devstack@keystone.service[80563]: ERROR keystone.server.flask.application
File "/usr/local/lib/python3.8/dist-packages/dogpile/lock.py", line 178, in _enter_create
Aug 04 16:24:21.916034 n-d-846470-12 devstack@keystone.service[80563]: ERROR keystone.server.flask.application return self.creator()
Aug 04 16:24:21.916034 n-d-846470-12 devstack@keystone.service[80563]: ERROR keystone.server.flask.application
File "/usr/local/lib/python3.8/dist-packages/dogpile/cache/region.py", line 995, in gen_value
Aug 04 16:24:21.916034 n-d-846470-12 devstack@keystone.service[80563]: ERROR keystone.server.flask.application created_value = creator(
Aug 04 16:24:21.916034 n-d-846470-12 devstack@keystone.service[80563]: ERROR keystone.server.flask.application
File "/opt/stack/keystone/keystone/assignment/core.py", line 1276, in get_role
Aug 04 16:24:21.916034 n-d-846470-12 devstack@keystone.service[80563]: ERROR keystone.server.flask.application return self.driver.get_role(role_id)
Aug 04 16:24:21.916034 n-d-846470-12 devstack@keystone.service[80563]: ERROR keystone.server.flask.application
File "/opt/stack/keystone/keystone/assignment/role_backends/sql.py", line 70, in get_role
Aug 04 16:24:21.916034 n-d-846470-12 devstack@keystone.service[80563]: ERROR keystone.server.flask.application return self._get_role(session, role_id).to_dict()
Aug 04 16:24:21.916034 n-d-846470-12 devstack@keystone.service[80563]: ERROR keystone.server.flask.application
File "/opt/stack/keystone/keystone/assignment/role_backends/sql.py", line 65, in _get_role
Aug 04 16:24:21.916034 n-d-846470-12 devstack@keystone.service[80563]: ERROR keystone.server.flask.application raise exception.RoleNotFound(role_id=role_id)
Aug 04 16:24:21.916034 n-d-846470-12 devstack@keystone.service[80563]: ERROR keystone.server.flask.application keystone.exception.RoleNotFound: Could not find role: admin.
Aug 04 16:24:21.916034 n-d-846470-12 devstack@keystone.service[80563]: ERROR keystone.server.flask.application
Aug 04 16:24:21.919934 n-d-846470-12 devstack@keystone.service[80563]: [pid: 80563|app: 0|req: 76/144] 10.222.0.81 () {56 vars in 1096 bytes} [Thu Aug 4 16:24:21 2022] GET /identity/v3/roles/admin => generated 83 bytes in 254 msecs (HTTP/1.1 404) 5 headers in 183 bytes (1 switches on core 0)
Aug 04 16:24:21.925301 n-d-846470-12 devstack@keystone.service[80564]: DEBUG keystone.server.flask.request_processing.middleware.auth_context [None req-ee43f6f0-cb12-4ad7-b78b-20f00867d8a5 None admin] Authenticating user token {{(pid=80564) process_request /usr/local/lib/python3.8/dist-packages/keystonemiddleware/auth_token/__init__.py:407}}
Aug 04 16:24:22.052023 n-d-846470-12 devstack@keystone.service[80564]: DEBUG keystone.server.flask.request_processing.middleware.auth_context [None req-ee43f6f0-cb12-4ad7-b78b-20f00867d8a5 None admin] Validating token access rules against request {{(pid=80564) validate_allowed_request /usr/local/lib/python3.8/dist-packages/keystonemiddleware/auth_token/__init__.py:545}}
Aug 04 16:24:22.095339 n-d-846470-12 devstack@keystone.service[80564]: DEBUG keystone.server.flask.request_processing.middleware.auth_context [None req-0ef962c4-c455-4ace-9c49-a3e2e91ccacd None admin] RBAC: auth_context: {'token': , 'domain_id': None, 'trust_id': None, 'trustor_id': None, 'trustee_id': None, 'domain_name': None, 'group_ids': [], 'user_id': '0667c7b05f80442e819d0bfdcf6a3f77', 'user_domain_id': 'default', 'system_scope': 'all', 'project_id': None, 'project_domain_id': None, 'roles': ['admin', 'member', 'reader'], 'is_admin_project': True, 'service_user_id': None, 'service_user_domain_id': None, 'service_project_id': None, 'service_project_domain_id': None, 'service_roles': []} {{(pid=80564) fill_context /opt/stack/keystone/keystone/server/flask/request_processing/middleware/auth_context.py:478}}
Aug 04 16:24:22.096359 n-d-846470-12 devstack@keystone.service[80564]: DEBUG keystone.server.flask.request_processing.req_logging [None req-0ef962c4-c455-4ace-9c49-a3e2e91ccacd None admin] REQUEST_METHOD: `GET` {{(pid=80564) log_request_info /opt/stack/keystone/keystone/server/flask/request_processing/req_logging.py:27}}
Aug 04 16:24:22.096896 n-d-846470-12 devstack@keystone.service[80564]: DEBUG keystone.server.flask.request_processing.req_logging [None req-0ef962c4-c455-4ace-9c49-a3e2e91ccacd None admin] SCRIPT_NAME: `/identity` {{(pid=80564) log_request_info /opt/stack/keystone/keystone/server/flask/request_processing/req_logging.py:28}}
Aug 04 16:24:22.097379 n-d-846470-12 devstack@keystone.service[80564]: DEBUG keystone.server.flask.request_processing.req_logging [None req-0ef962c4-c455-4ace-9c49-a3e2e91ccacd None admin] PATH_INFO: `/v3/roles` {{(pid=80564) log_request_info /opt/stack/keystone/keystone/server/flask/request_processing/req_logging.py:29}}
Aug 04 16:24:22.098318 n-d-846470-12 devstack@keystone.service[80564]: DEBUG keystone.common.rbac_enforcer.enforcer [None req-0ef962c4-c455-4ace-9c49-a3e2e91ccacd None admin] RBAC: Adding query filter params (name=admin) {{(pid=80564) _extract_filter_values /opt/stack/keystone/keystone/common/rbac_enforcer/enforcer.py:167}}
Aug 04 16:24:22.098819 n-d-846470-12 devstack@keystone.service[80564]: DEBUG keystone.common.rbac_enforcer.enforcer [None req-0ef962c4-c455-4ace-9c49-a3e2e91ccacd None admin] RBAC: Authorizing `identity:list_roles()` {{(pid=80564) enforce_call /opt/stack/keystone/keystone/common/rbac_enforcer/enforcer.py:449}}
Aug 04 16:24:22.101057 n-d-846470-12 devstack@keystone.service[80564]: DEBUG keystone.common.rbac_enforcer.enforcer [None req-0ef962c4-c455-4ace-9c49-a3e2e91ccacd None admin] RBAC: Authorization granted {{(pid=80564) enforce_call /opt/stack/keystone/keystone/common/rbac_enforcer/enforcer.py:457}}
Aug 04 16:24:22.113828 n-d-846470-12 devstack@keystone.service[80564]: [pid: 80564|app: 0|req: 69/145] 10.222.0.81 () {56 vars in 1099 bytes} [Thu Aug 4 16:24:21 2022] GET /identity/v3/roles?name=admin => generated 339 bytes in 189 msecs (HTTP/1.1 200) 5 headers in 177 bytes (1 switches on core 0)
Aug 04 16:24:22.119835 n-d-846470-12 devstack@keystone.service[80563]: DEBUG keystone.server.flask.request_processing.middleware.auth_context [None req-e5e7bb1e-83cc-446f-9ecf-9a05eac4f1f9 None admin] Authenticating user token {{(pid=80563) process_request /usr/local/lib/python3.8/dist-packages/keystonemiddleware/auth_token/__init__.py:407}}
Aug 04 16:24:22.223920 n-d-846470-12 devstack@keystone.service[80563]: DEBUG dbcounter [-] [80563] Writing DB stats keystone:SELECT=100 {{(pid=80563) stat_writer /usr/local/lib/python3.8/dist-packages/dbcounter.py:114}}
Aug 04 16:24:22.244633 n-d-846470-12 devstack@keystone.service[80563]: DEBUG keystone.server.flask.request_processing.middleware.auth_context [None req-e5e7bb1e-83cc-446f-9ecf-9a05eac4f1f9 None admin] Validating token access rules against request {{(pid=80563) validate_allowed_request /usr/local/lib/python3.8/dist-packages/keystonemiddleware/auth_token/__init__.py:545}}
Aug 04 16:24:22.287954 n-d-846470-12 devstack@keystone.service[80563]: DEBUG keystone.server.flask.request_processing.middleware.auth_context [None req-0f0c4d57-4ae0-4542-8713-7f77418c9871 None admin] RBAC: auth_context: {'token': , 'domain_id': None, 'trust_id': None, 'trustor_id': None, 'trustee_id': None, 'domain_name': None, 'group_ids': [], 'user_id': '0667c7b05f80442e819d0bfdcf6a3f77', 'user_domain_id': 'default', 'system_scope': 'all', 'project_id': None, 'project_domain_id': None, 'roles': ['admin', 'member', 'reader'], 'is_admin_project': True, 'service_user_id': None, 'service_user_domain_id': None, 'service_project_id': None, 'service_project_domain_id': None, 'service_roles': []} {{(pid=80563) fill_context /opt/stack/keystone/keystone/server/flask/request_processing/middleware/auth_context.py:478}}
Aug 04 16:24:22.289136 n-d-846470-12 devstack@keystone.service[80563]: DEBUG keystone.server.flask.request_processing.req_logging [None req-0f0c4d57-4ae0-4542-8713-7f77418c9871 None admin] REQUEST_METHOD: `GET` {{(pid=80563) log_request_info /opt/stack/keystone/keystone/server/flask/request_processing/req_logging.py:27}}
Aug 04 16:24:22.289623 n-d-846470-12 devstack@keystone.service[80563]: DEBUG keystone.server.flask.request_processing.req_logging [None req-0f0c4d57-4ae0-4542-8713-7f77418c9871 None admin] SCRIPT_NAME: `/identity` {{(pid=80563) log_request_info /opt/stack/keystone/keystone/server/flask/request_processing/req_logging.py:28}}
Aug 04 16:24:22.290088 n-d-846470-12 devstack@keystone.service[80563]: DEBUG keystone.server.flask.request_processing.req_logging [None req-0f0c4d57-4ae0-4542-8713-7f77418c9871 None admin] PATH_INFO: `/v3/users/0667c7b05f80442e819d0bfdcf6a3f77` {{(pid=80563) log_request_info /opt/stack/keystone/keystone/server/flask/request_processing/req_logging.py:29}}
Aug 04 16:24:22.291635 n-d-846470-12 devstack@keystone.service[80563]: DEBUG keystone.common.rbac_enforcer.enforcer [None req-0f0c4d57-4ae0-4542-8713-7f77418c9871 None admin] RBAC: Authorizing `identity:get_user(user_id=0667c7b05f80442e819d0bfdcf6a3f77)` {{(pid=80563) enforce_call /opt/stack/keystone/keystone/common/rbac_enforcer/enforcer.py:449}}
Aug 04 16:24:22.293409 n-d-846470-12 devstack@keystone.service[80563]: DEBUG keystone.common.rbac_enforcer.enforcer [None req-0f0c4d57-4ae0-4542-8713-7f77418c9871 None admin] RBAC: Authorization granted {{(pid=80563) enforce_call /opt/stack/keystone/keystone/common/rbac_enforcer/enforcer.py:457}}
Aug 04 16:24:22.295402 n-d-846470-12 devstack@keystone.service[80563]: [pid: 80563|app: 0|req: 77/146] 10.222.0.81 () {56 vars in 1177 bytes} [Thu Aug 4 16:24:22 2022] GET /identity/v3/users/0667c7b05f80442e819d0bfdcf6a3f77 => generated 247 bytes in 176 msecs (HTTP/1.1 200) 5 headers in 177 bytes (1 switches on core 0)
Aug 04 16:24:22.301754 n-d-846470-12 devstack@keystone.service[80564]: DEBUG keystone.server.flask.request_processing.middleware.auth_context [None req-0ef962c4-c455-4ace-9c49-a3e2e91ccacd None admin] Authenticating user token {{(pid=80564) process_request /usr/local/lib/python3.8/dist-packages/keystonemiddleware/auth_token/__init__.py:407}}
Aug 04 16:24:22.351599 n-d-846470-12 devstack@keystone.service[80564]: DEBUG dbcounter [-] [80564] Writing DB stats keystone:SELECT=97,keystone:INSERT=3 {{(pid=80564) stat_writer /usr/local/lib/python3.8/dist-packages/dbcounter.py:114}}
Aug 04 16:24:22.421399 n-d-846470-12 devstack@keystone.service[80564]: DEBUG keystone.server.flask.request_processing.middleware.auth_context [None req-0ef962c4-c455-4ace-9c49-a3e2e91ccacd None admin] Validating token access rules against request {{(pid=80564) validate_allowed_request /usr/local/lib/python3.8/dist-packages/keystonemiddleware/auth_token/__init__.py:545}}
Aug 04 16:24:22.456623 n-d-846470-12 devstack@keystone.service[80564]: DEBUG keystone.server.flask.request_processing.middleware.auth_context [None req-1ad43360-f89d-41d8-9c5d-389b8d2d2262 None admin] RBAC: auth_context: {'token': , 'domain_id': None, 'trust_id': None, 'trustor_id': None, 'trustee_id': None, 'domain_name': None, 'group_ids': [], 'user_id': '0667c7b05f80442e819d0bfdcf6a3f77', 'user_domain_id': 'default', 'system_scope': 'all', 'project_id': None, 'project_domain_id': None, 'roles': ['admin', 'member', 'reader'], 'is_admin_project': True, 'service_user_id': None, 'service_user_domain_id': None, 'service_project_id': None, 'service_project_domain_id': None, 'service_roles': []} {{(pid=80564) fill_context /opt/stack/keystone/keystone/server/flask/request_processing/middleware/auth_context.py:478}}
Aug 04 16:24:22.457609 n-d-846470-12 devstack@keystone.service[80564]: DEBUG keystone.server.flask.request_processing.req_logging [None req-1ad43360-f89d-41d8-9c5d-389b8d2d2262 None admin] REQUEST_METHOD: `GET` {{(pid=80564) log_request_info /opt/stack/keystone/keystone/server/flask/request_processing/req_logging.py:27}}
Aug 04 16:24:22.458085 n-d-846470-12 devstack@keystone.service[80564]: DEBUG keystone.server.flask.request_processing.req_logging [None req-1ad43360-f89d-41d8-9c5d-389b8d2d2262 None admin] SCRIPT_NAME: `/identity` {{(pid=80564) log_request_info /opt/stack/keystone/keystone/server/flask/request_processing/req_logging.py:28}}
Aug 04 16:24:22.458578 n-d-846470-12 devstack@keystone.service[80564]: DEBUG keystone.server.flask.request_processing.req_logging [None req-1ad43360-f89d-41d8-9c5d-389b8d2d2262 None admin] PATH_INFO: `/v3/auth/tokens` {{(pid=80564) log_request_info /opt/stack/keystone/keystone/server/flask/request_processing/req_logging.py:29}}
Aug 04 16:24:22.528455 n-d-846470-12 devstack@keystone.service[80564]: DEBUG keystone.common.rbac_enforcer.enforcer [None req-1ad43360-f89d-41d8-9c5d-389b8d2d2262 None admin] RBAC: Authorizing `identity:validate_token()` {{(pid=80564) enforce_call /opt/stack/keystone/keystone/common/rbac_enforcer/enforcer.py:449}}
Aug 04 16:24:22.529989 n-d-846470-12 devstack@keystone.service[80564]: DEBUG keystone.common.rbac_enforcer.enforcer [None req-1ad43360-f89d-41d8-9c5d-389b8d2d2262 None admin] RBAC: Authorization granted {{(pid=80564) enforce_call /opt/stack/keystone/keystone/common/rbac_enforcer/enforcer.py:457}}
Aug 04 16:24:22.572043 n-d-846470-12 devstack@keystone.service[80564]: DEBUG dbcounter [-] [80564] Writing DB stats keystone:SELECT=100 {{(pid=80564) stat_writer /usr/local/lib/python3.8/dist-packages/dbcounter.py:114}}
Aug 04 16:24:22.637326 n-d-846470-12 devstack@keystone.service[80564]: [pid: 80564|app: 0|req: 70/147] 10.222.0.81 () {58 vars in 1282 bytes} [Thu Aug 4 16:24:22 2022] GET /identity/v3/auth/tokens => generated 799 bytes in 332 msecs (HTTP/1.1 200) 6 headers in 358 bytes (1 switches on core 0)
Aug 04 16:24:22.638731 n-d-846470-12 devstack@keystone.service[80563]: DEBUG keystone.server.flask.request_processing.middleware.auth_context [None req-0f0c4d57-4ae0-4542-8713-7f77418c9871 None admin] Authenticating user token {{(pid=80563) process_request /usr/local/lib/python3.8/dist-packages/keystonemiddleware/auth_token/__init__.py:407}}
Aug 04 16:24:22.751772 n-d-846470-12 devstack@keystone.service[80563]: DEBUG keystone.server.flask.request_processing.middleware.auth_context [None req-0f0c4d57-4ae0-4542-8713-7f77418c9871 None admin] Validating token access rules against request {{(pid=80563) validate_allowed_request /usr/local/lib/python3.8/dist-packages/keystonemiddleware/auth_token/__init__.py:545}}
Aug 04 16:24:22.789616 n-d-846470-12 devstack@keystone.service[80563]: DEBUG keystone.server.flask.request_processing.middleware.auth_context [None req-44d0f421-09d8-4132-84b1-291c60859c34 None admin] RBAC: auth_context: {'token': , 'domain_id': None, 'trust_id': None, 'trustor_id': None, 'trustee_id': None, 'domain_name': None, 'group_ids': [], 'user_id': '0667c7b05f80442e819d0bfdcf6a3f77', 'user_domain_id': 'default', 'system_scope': 'all', 'project_id': None, 'project_domain_id': None, 'roles': ['admin', 'member', 'reader'], 'is_admin_project': True, 'service_user_id': None, 'service_user_domain_id': None, 'service_project_id': None, 'service_project_domain_id': None, 'service_roles': []} {{(pid=80563) fill_context /opt/stack/keystone/keystone/server/flask/request_processing/middleware/auth_context.py:478}}
Aug 04 16:24:22.790281 n-d-846470-12 devstack@keystone.service[80563]: DEBUG keystone.server.flask.request_processing.req_logging [None req-44d0f421-09d8-4132-84b1-291c60859c34 None admin] REQUEST_METHOD: `GET` {{(pid=80563) log_request_info /opt/stack/keystone/keystone/server/flask/request_processing/req_logging.py:27}}
Aug 04 16:24:22.790570 n-d-846470-12 devstack@keystone.service[80563]: DEBUG keystone.server.flask.request_processing.req_logging [None req-44d0f421-09d8-4132-84b1-291c60859c34 None admin] SCRIPT_NAME: `/identity` {{(pid=80563) log_request_info /opt/stack/keystone/keystone/server/flask/request_processing/req_logging.py:28}}
Aug 04 16:24:22.790847 n-d-846470-12 devstack@keystone.service[80563]: DEBUG keystone.server.flask.request_processing.req_logging [None req-44d0f421-09d8-4132-84b1-291c60859c34 None admin] PATH_INFO: `/v3/projects/d7e25fa60a934510a0e8afda9718b87a` {{(pid=80563) log_request_info /opt/stack/keystone/keystone/server/flask/request_processing/req_logging.py:29}}
Aug 04 16:24:22.791999 n-d-846470-12 devstack@keystone.service[80563]: DEBUG keystone.common.rbac_enforcer.enforcer [None req-44d0f421-09d8-4132-84b1-291c60859c34 None admin] RBAC: Authorizing `identity:get_project(project_id=d7e25fa60a934510a0e8afda9718b87a)` {{(pid=80563) enforce_call /opt/stack/keystone/keystone/common/rbac_enforcer/enforcer.py:449}}
Aug 04 16:24:22.793443 n-d-846470-12 devstack@keystone.service[80563]: DEBUG keystone.common.rbac_enforcer.enforcer [None req-44d0f421-09d8-4132-84b1-291c60859c34 None admin] RBAC: Authorization granted {{(pid=80563) enforce_call /opt/stack/keystone/keystone/common/rbac_enforcer/enforcer.py:457}}
Aug 04 16:24:22.795128 n-d-846470-12 devstack@keystone.service[80563]: [pid: 80563|app: 0|req: 78/148] 10.222.0.81 () {56 vars in 1186 bytes} [Thu Aug 4 16:24:22 2022] GET /identity/v3/projects/d7e25fa60a934510a0e8afda9718b87a => generated 298 bytes in 157 msecs (HTTP/1.1 200) 5 headers in 177 bytes (1 switches on core 0)
Aug 04 16:24:22.801287 n-d-846470-12 devstack@keystone.service[80564]: DEBUG keystone.server.flask.request_processing.middleware.auth_context [None req-1ad43360-f89d-41d8-9c5d-389b8d2d2262 None admin] Authenticating user token {{(pid=80564) process_request /usr/local/lib/python3.8/dist-packages/keystonemiddleware/auth_token/__init__.py:407}}
