Jul 19 20:39:15.405322 n-d-846466-6 devstack@placement-api.service[105466]: DEBUG placement.requestlog [req-b0ec7651-ea62-4c04-baf9-8e72ffab37dd req-790b4b2f-3c5e-4216-b669-37a0faea1a86 None None] Starting request: 10.222.0.58 "GET /placement/allocation_candidates?limit=1000&resources=DISK_GB%3A1%2CMEMORY_MB%3A1024%2CVCPU%3A1&root_required=%21COMPUTE_STATUS_DISABLED" {{(pid=105466) __call__ /opt/stack/placement/placement/requestlog.py:55}}
Jul 19 20:39:15.475440 n-d-846466-6 devstack@placement-api.service[105466]: DEBUG placement.objects.research_context [req-b0ec7651-ea62-4c04-baf9-8e72ffab37dd req-790b4b2f-3c5e-4216-b669-37a0faea1a86 service placement] getting providers with 1 DISK_GB {{(pid=105466) __init__ /opt/stack/placement/placement/objects/research_context.py:136}}
Jul 19 20:39:15.489502 n-d-846466-6 devstack@placement-api.service[105466]: DEBUG placement.objects.research_context [req-b0ec7651-ea62-4c04-baf9-8e72ffab37dd req-790b4b2f-3c5e-4216-b669-37a0faea1a86 service placement] getting providers with 1024 MEMORY_MB {{(pid=105466) __init__ /opt/stack/placement/placement/objects/research_context.py:136}}
Jul 19 20:39:15.501765 n-d-846466-6 devstack@placement-api.service[105466]: DEBUG placement.objects.research_context [req-b0ec7651-ea62-4c04-baf9-8e72ffab37dd req-790b4b2f-3c5e-4216-b669-37a0faea1a86 service placement] getting providers with 1 VCPU {{(pid=105466) __init__ /opt/stack/placement/placement/objects/research_context.py:136}}
Jul 19 20:39:15.513193 n-d-846466-6 devstack@placement-api.service[105466]: DEBUG placement.objects.research_context [req-b0ec7651-ea62-4c04-baf9-8e72ffab37dd req-790b4b2f-3c5e-4216-b669-37a0faea1a86 service placement] found 2 providers with available 1 DISK_GB {{(pid=105466) get_provider_ids_matching /opt/stack/placement/placement/objects/research_context.py:563}}
Jul 19 20:39:15.513988 n-d-846466-6 devstack@placement-api.service[105466]: DEBUG placement.objects.research_context [req-b0ec7651-ea62-4c04-baf9-8e72ffab37dd req-790b4b2f-3c5e-4216-b669-37a0faea1a86 service placement] found 2 providers with available 1024 MEMORY_MB {{(pid=105466) get_provider_ids_matching /opt/stack/placement/placement/objects/research_context.py:563}}
Jul 19 20:39:15.514295 n-d-846466-6 devstack@placement-api.service[105466]: DEBUG placement.objects.research_context [req-b0ec7651-ea62-4c04-baf9-8e72ffab37dd req-790b4b2f-3c5e-4216-b669-37a0faea1a86 service placement] found 2 providers after filtering by previous result {{(pid=105466) get_provider_ids_matching /opt/stack/placement/placement/objects/research_context.py:594}}
Jul 19 20:39:15.514797 n-d-846466-6 devstack@placement-api.service[105466]: DEBUG placement.objects.research_context [req-b0ec7651-ea62-4c04-baf9-8e72ffab37dd req-790b4b2f-3c5e-4216-b669-37a0faea1a86 service placement] found 2 providers with available 1 VCPU {{(pid=105466) get_provider_ids_matching /opt/stack/placement/placement/objects/research_context.py:563}}
Jul 19 20:39:15.515247 n-d-846466-6 devstack@placement-api.service[105466]: DEBUG placement.objects.research_context [req-b0ec7651-ea62-4c04-baf9-8e72ffab37dd req-790b4b2f-3c5e-4216-b669-37a0faea1a86 service placement] found 2 providers after filtering by previous result {{(pid=105466) get_provider_ids_matching /opt/stack/placement/placement/objects/research_context.py:594}}
Jul 19 20:39:15.530738 n-d-846466-6 devstack@placement-api.service[105466]: DEBUG placement.objects.allocation_candidate [req-b0ec7651-ea62-4c04-baf9-8e72ffab37dd req-790b4b2f-3c5e-4216-b669-37a0faea1a86 service placement] RequestGroup(use_same_provider=False, resources={DISK_GB:1, MEMORY_MB:1024, VCPU:1}, traits=(), aggregates=[]) (suffix '') returned 2 matches {{(pid=105466) _get_by_requests /opt/stack/placement/placement/objects/allocation_candidate.py:156}}
Jul 19 20:39:15.531689 n-d-846466-6 devstack@placement-api.service[105466]: DEBUG placement.objects.allocation_candidate [req-b0ec7651-ea62-4c04-baf9-8e72ffab37dd req-790b4b2f-3c5e-4216-b669-37a0faea1a86 service placement] Merging candidates yields 2 allocation requests and 2 provider summaries {{(pid=105466) _merge_candidates /opt/stack/placement/placement/objects/allocation_candidate.py:809}}
Jul 19 20:39:15.534146 n-d-846466-6 devstack@placement-api.service[105466]: INFO placement.requestlog [req-b0ec7651-ea62-4c04-baf9-8e72ffab37dd req-790b4b2f-3c5e-4216-b669-37a0faea1a86 service placement] 10.222.0.58 "GET /placement/allocation_candidates?limit=1000&resources=DISK_GB%3A1%2CMEMORY_MB%3A1024%2CVCPU%3A1&root_required=%21COMPUTE_STATUS_DISABLED" status: 200 len: 1309 microversion: 1.36
Jul 19 20:39:15.535833 n-d-846466-6 devstack@placement-api.service[105466]: [pid: 105466|app: 0|req: 473/940] 10.222.0.58 () {60 vars in 1506 bytes} [Tue Jul 19 20:39:15 2022] GET /placement/allocation_candidates?limit=1000&resources=DISK_GB%3A1%2CMEMORY_MB%3A1024%2CVCPU%3A1&root_required=%21COMPUTE_STATUS_DISABLED => generated 1309 bytes in 131 msecs (HTTP/1.1 200) 8 headers in 297 bytes (1 switches on core 0)
Jul 19 20:39:15.729799 n-d-846466-6 devstack@placement-api.service[105467]: DEBUG placement.requestlog [req-b0ec7651-ea62-4c04-baf9-8e72ffab37dd req-9bd2ade4-8fd9-48e6-9954-6793e5d393fc None None] Starting request: 10.222.0.58 "GET /placement/allocations/d26727db-93db-4dcf-880e-4e6bf666b5d5" {{(pid=105467) __call__ /opt/stack/placement/placement/requestlog.py:55}}
Jul 19 20:39:15.746230 n-d-846466-6 devstack@placement-api.service[105467]: INFO placement.requestlog [req-b0ec7651-ea62-4c04-baf9-8e72ffab37dd req-9bd2ade4-8fd9-48e6-9954-6793e5d393fc service placement] 10.222.0.58 "GET /placement/allocations/d26727db-93db-4dcf-880e-4e6bf666b5d5" status: 200 len: 19 microversion: 1.28
Jul 19 20:39:15.752246 n-d-846466-6 devstack@placement-api.service[105467]: [pid: 105467|app: 0|req: 468/941] 10.222.0.58 () {60 vars in 1380 bytes} [Tue Jul 19 20:39:15 2022] GET /placement/allocations/d26727db-93db-4dcf-880e-4e6bf666b5d5 => generated 19 bytes in 22 msecs (HTTP/1.1 200) 8 headers in 295 bytes (1 switches on core 0)
Jul 19 20:39:15.755377 n-d-846466-6 devstack@placement-api.service[105466]: DEBUG placement.requestlog [req-b0ec7651-ea62-4c04-baf9-8e72ffab37dd req-4da6a26f-95e0-465e-b36e-aba37c01e6bd None None] Starting request: 10.222.0.58 "PUT /placement/allocations/d26727db-93db-4dcf-880e-4e6bf666b5d5" {{(pid=105466) __call__ /opt/stack/placement/placement/requestlog.py:55}}
Jul 19 20:39:15.911418 n-d-846466-6 devstack@placement-api.service[105466]: DEBUG placement.handlers.allocation [req-b0ec7651-ea62-4c04-baf9-8e72ffab37dd req-4da6a26f-95e0-465e-b36e-aba37c01e6bd service placement] Successfully wrote allocations [, , ] {{(pid=105466) _update_consumers_and_create_allocations /opt/stack/placement/placement/handlers/allocation.py:462}}
Jul 19 20:39:15.917101 n-d-846466-6 devstack@placement-api.service[105466]: INFO placement.requestlog [req-b0ec7651-ea62-4c04-baf9-8e72ffab37dd req-4da6a26f-95e0-465e-b36e-aba37c01e6bd service placement] 10.222.0.58 "PUT /placement/allocations/d26727db-93db-4dcf-880e-4e6bf666b5d5" status: 204 len: 0 microversion: 1.36
Jul 19 20:39:15.918170 n-d-846466-6 devstack@placement-api.service[105466]: [pid: 105466|app: 0|req: 474/942] 10.222.0.58 () {64 vars in 1433 bytes} [Tue Jul 19 20:39:15 2022] PUT /placement/allocations/d26727db-93db-4dcf-880e-4e6bf666b5d5 => generated 0 bytes in 163 msecs (HTTP/1.1 204) 5 headers in 199 bytes (2 switches on core 0)
Jul 19 20:39:17.032867 n-d-846466-6 devstack@placement-api.service[105467]: DEBUG placement.requestlog [req-b0ec7651-ea62-4c04-baf9-8e72ffab37dd req-5a68f338-6899-49a0-98e4-aa33b7516f64 None None] Starting request: 10.222.0.67 "GET /placement/allocations/d26727db-93db-4dcf-880e-4e6bf666b5d5" {{(pid=105467) __call__ /opt/stack/placement/placement/requestlog.py:55}}
Jul 19 20:39:17.049345 n-d-846466-6 devstack@placement-api.service[105467]: INFO placement.requestlog [req-b0ec7651-ea62-4c04-baf9-8e72ffab37dd req-5a68f338-6899-49a0-98e4-aa33b7516f64 service placement] 10.222.0.67 "GET /placement/allocations/d26727db-93db-4dcf-880e-4e6bf666b5d5" status: 200 len: 259 microversion: 1.28
Jul 19 20:39:17.051971 n-d-846466-6 devstack@placement-api.service[105467]: [pid: 105467|app: 0|req: 469/943] 10.222.0.67 () {60 vars in 1377 bytes} [Tue Jul 19 20:39:17 2022] GET /placement/allocations/d26727db-93db-4dcf-880e-4e6bf666b5d5 => generated 259 bytes in 19 msecs (HTTP/1.1 200) 8 headers in 296 bytes (1 switches on core 0)
Jul 19 20:39:25.911089 n-d-846466-6 devstack@placement-api.service[105466]: DEBUG dbcounter [-] [105466] Writing DB stats placement:SELECT=27,placement:INSERT=6,placement:DELETE=2,placement:UPDATE=2 {{(pid=105466) stat_writer /usr/local/lib/python3.8/dist-packages/dbcounter.py:114}}
Jul 19 20:39:27.046808 n-d-846466-6 devstack@placement-api.service[105467]: DEBUG dbcounter [-] [105467] Writing DB stats placement:SELECT=6 {{(pid=105467) stat_writer /usr/local/lib/python3.8/dist-packages/dbcounter.py:114}}
Jul 19 20:39:30.680430 n-d-846466-6 devstack@placement-api.service[105466]: DEBUG placement.requestlog [req-7806a5e0-1296-46f6-b504-1dbf3f70c97a req-16880bb0-f122-474c-8eef-de783421c89f None None] Starting request: 10.222.0.67 "DELETE /placement/allocations/3a660d6f-e305-461e-ae52-5d83fca992cf" {{(pid=105466) __call__ /opt/stack/placement/placement/requestlog.py:55}}
Jul 19 20:39:30.715690 n-d-846466-6 devstack@placement-api.service[105466]: DEBUG placement.handlers.allocation [req-7806a5e0-1296-46f6-b504-1dbf3f70c97a req-16880bb0-f122-474c-8eef-de783421c89f service placement] Successfully deleted allocations [, , ] {{(pid=105466) delete_allocations /opt/stack/placement/placement/handlers/allocation.py:627}}
Jul 19 20:39:30.716973 n-d-846466-6 devstack@placement-api.service[105466]: INFO placement.requestlog [req-7806a5e0-1296-46f6-b504-1dbf3f70c97a req-16880bb0-f122-474c-8eef-de783421c89f service placement] 10.222.0.67 "DELETE /placement/allocations/3a660d6f-e305-461e-ae52-5d83fca992cf" status: 204 len: 0 microversion: 1.0
Jul 19 20:39:30.718365 n-d-846466-6 devstack@placement-api.service[105466]: [pid: 105466|app: 0|req: 475/944] 10.222.0.67 () {60 vars in 1355 bytes} [Tue Jul 19 20:39:30 2022] DELETE /placement/allocations/3a660d6f-e305-461e-ae52-5d83fca992cf => generated 0 bytes in 38 msecs (HTTP/1.1 204) 5 headers in 198 bytes (1 switches on core 0)
Jul 19 20:39:37.742484 n-d-846466-6 devstack@placement-api.service[105467]: DEBUG placement.requestlog [req-883835f6-fc2c-4a1c-b73f-ca9309a2729e req-2e84de69-d12b-4c2e-b450-99e31b1c446a None None] Starting request: 10.222.0.67 "DELETE /placement/allocations/92c813bf-88b5-4c0a-a67a-4bc9615f9341" {{(pid=105467) __call__ /opt/stack/placement/placement/requestlog.py:55}}
Jul 19 20:39:37.791475 n-d-846466-6 devstack@placement-api.service[105467]: DEBUG placement.handlers.allocation [req-883835f6-fc2c-4a1c-b73f-ca9309a2729e req-2e84de69-d12b-4c2e-b450-99e31b1c446a service placement] Successfully deleted allocations [, , ] {{(pid=105467) delete_allocations /opt/stack/placement/placement/handlers/allocation.py:627}}
Jul 19 20:39:37.792902 n-d-846466-6 devstack@placement-api.service[105467]: INFO placement.requestlog [req-883835f6-fc2c-4a1c-b73f-ca9309a2729e req-2e84de69-d12b-4c2e-b450-99e31b1c446a service placement] 10.222.0.67 "DELETE /placement/allocations/92c813bf-88b5-4c0a-a67a-4bc9615f9341" status: 204 len: 0 microversion: 1.0
Jul 19 20:39:37.793291 n-d-846466-6 devstack@placement-api.service[105467]: [pid: 105467|app: 0|req: 470/945] 10.222.0.67 () {60 vars in 1355 bytes} [Tue Jul 19 20:39:37 2022] DELETE /placement/allocations/92c813bf-88b5-4c0a-a67a-4bc9615f9341 => generated 0 bytes in 51 msecs (HTTP/1.1 204) 5 headers in 198 bytes (1 switches on core 0)
Jul 19 20:39:39.985436 n-d-846466-6 devstack@placement-api.service[105466]: DEBUG placement.requestlog [req-1210f9a6-c53b-4a2a-8a75-b883522f02a1 req-89c6cd8d-9073-4174-a0e2-7ddf22cf9511 None None] Starting request: 10.222.0.69 "GET /placement/resource_providers?in_tree=130ec7c8-3860-456a-a2b7-c5c32a370e45" {{(pid=105466) __call__ /opt/stack/placement/placement/requestlog.py:55}}
Jul 19 20:39:40.156253 n-d-846466-6 devstack@placement-api.service[105467]: DEBUG placement.requestlog [req-7f0eebf6-a44b-446e-9035-d66568141aa9 req-abaff2c8-ecdc-4fd3-b7ca-ab551653146a None None] Starting request: 10.222.0.67 "DELETE /placement/allocations/d26727db-93db-4dcf-880e-4e6bf666b5d5" {{(pid=105467) __call__ /opt/stack/placement/placement/requestlog.py:55}}
Jul 19 20:39:40.214115 n-d-846466-6 devstack@placement-api.service[105467]: DEBUG placement.handlers.allocation [req-7f0eebf6-a44b-446e-9035-d66568141aa9 req-abaff2c8-ecdc-4fd3-b7ca-ab551653146a service placement] Successfully deleted allocations [, , ] {{(pid=105467) delete_allocations /opt/stack/placement/placement/handlers/allocation.py:627}}
Jul 19 20:39:40.215003 n-d-846466-6 devstack@placement-api.service[105467]: INFO placement.requestlog [req-7f0eebf6-a44b-446e-9035-d66568141aa9 req-abaff2c8-ecdc-4fd3-b7ca-ab551653146a service placement] 10.222.0.67 "DELETE /placement/allocations/d26727db-93db-4dcf-880e-4e6bf666b5d5" status: 204 len: 0 microversion: 1.0
Jul 19 20:39:40.216065 n-d-846466-6 devstack@placement-api.service[105467]: [pid: 105467|app: 0|req: 471/946] 10.222.0.67 () {60 vars in 1355 bytes} [Tue Jul 19 20:39:40 2022] DELETE /placement/allocations/d26727db-93db-4dcf-880e-4e6bf666b5d5 => generated 0 bytes in 60 msecs (HTTP/1.1 204) 5 headers in 198 bytes (1 switches on core 0)
Jul 19 20:39:40.315487 n-d-846466-6 devstack@placement-api.service[105466]: INFO placement.requestlog [req-1210f9a6-c53b-4a2a-8a75-b883522f02a1 req-89c6cd8d-9073-4174-a0e2-7ddf22cf9511 service placement] 10.222.0.69 "GET /placement/resource_providers?in_tree=130ec7c8-3860-456a-a2b7-c5c32a370e45" status: 200 len: 863 microversion: 1.14
Jul 19 20:39:40.316145 n-d-846466-6 devstack@placement-api.service[105466]: [pid: 105466|app: 0|req: 476/947] 10.222.0.69 () {60 vars in 1376 bytes} [Tue Jul 19 20:39:39 2022] GET /placement/resource_providers?in_tree=130ec7c8-3860-456a-a2b7-c5c32a370e45 => generated 863 bytes in 331 msecs (HTTP/1.1 200) 6 headers in 225 bytes (1 switches on core 0)
Jul 19 20:39:40.330272 n-d-846466-6 devstack@placement-api.service[105467]: DEBUG placement.requestlog [req-1210f9a6-c53b-4a2a-8a75-b883522f02a1 req-c0b581f3-ac24-46a8-be22-d439f8c87824 None None] Starting request: 10.222.0.69 "GET /placement/resource_providers/130ec7c8-3860-456a-a2b7-c5c32a370e45/inventories" {{(pid=105467) __call__ /opt/stack/placement/placement/requestlog.py:55}}
Jul 19 20:39:40.369502 n-d-846466-6 devstack@placement-api.service[105467]: INFO placement.requestlog [req-1210f9a6-c53b-4a2a-8a75-b883522f02a1 req-c0b581f3-ac24-46a8-be22-d439f8c87824 service placement] 10.222.0.69 "GET /placement/resource_providers/130ec7c8-3860-456a-a2b7-c5c32a370e45/inventories" status: 200 len: 398 microversion: 1.0
Jul 19 20:39:40.370872 n-d-846466-6 devstack@placement-api.service[105467]: [pid: 105467|app: 0|req: 472/948] 10.222.0.69 () {58 vars in 1390 bytes} [Tue Jul 19 20:39:40 2022] GET /placement/resource_providers/130ec7c8-3860-456a-a2b7-c5c32a370e45/inventories => generated 398 bytes in 40 msecs (HTTP/1.1 200) 6 headers in 224 bytes (1 switches on core 0)
Jul 19 20:39:40.390099 n-d-846466-6 devstack@placement-api.service[105466]: DEBUG placement.requestlog [req-1210f9a6-c53b-4a2a-8a75-b883522f02a1 req-4ea3fff8-53df-4d3b-ba14-8ac403face17 None None] Starting request: 10.222.0.69 "GET /placement/resource_providers/130ec7c8-3860-456a-a2b7-c5c32a370e45/aggregates" {{(pid=105466) __call__ /opt/stack/placement/placement/requestlog.py:55}}
Jul 19 20:39:40.432286 n-d-846466-6 devstack@placement-api.service[105466]: INFO placement.requestlog [req-1210f9a6-c53b-4a2a-8a75-b883522f02a1 req-4ea3fff8-53df-4d3b-ba14-8ac403face17 service placement] 10.222.0.69 "GET /placement/resource_providers/130ec7c8-3860-456a-a2b7-c5c32a370e45/aggregates" status: 200 len: 54 microversion: 1.19
Jul 19 20:39:40.432940 n-d-846466-6 devstack@placement-api.service[105466]: [pid: 105466|app: 0|req: 477/949] 10.222.0.69 () {60 vars in 1431 bytes} [Tue Jul 19 20:39:40 2022] GET /placement/resource_providers/130ec7c8-3860-456a-a2b7-c5c32a370e45/aggregates => generated 54 bytes in 43 msecs (HTTP/1.1 200) 8 headers in 295 bytes (1 switches on core 0)
Jul 19 20:39:40.447674 n-d-846466-6 devstack@placement-api.service[105467]: DEBUG placement.requestlog [req-1210f9a6-c53b-4a2a-8a75-b883522f02a1 req-c4ec096f-d7fd-4157-b1f7-6ebb18596e93 None None] Starting request: 10.222.0.69 "GET /placement/resource_providers/130ec7c8-3860-456a-a2b7-c5c32a370e45/traits" {{(pid=105467) __call__ /opt/stack/placement/placement/requestlog.py:55}}
Jul 19 20:39:40.501687 n-d-846466-6 devstack@placement-api.service[105467]: INFO placement.requestlog [req-1210f9a6-c53b-4a2a-8a75-b883522f02a1 req-c4ec096f-d7fd-4157-b1f7-6ebb18596e93 service placement] 10.222.0.69 "GET /placement/resource_providers/130ec7c8-3860-456a-a2b7-c5c32a370e45/traits" status: 200 len: 212 microversion: 1.6
Jul 19 20:39:40.502535 n-d-846466-6 devstack@placement-api.service[105467]: [pid: 105467|app: 0|req: 473/950] 10.222.0.69 () {60 vars in 1418 bytes} [Tue Jul 19 20:39:40 2022] GET /placement/resource_providers/130ec7c8-3860-456a-a2b7-c5c32a370e45/traits => generated 212 bytes in 55 msecs (HTTP/1.1 200) 6 headers in 224 bytes (1 switches on core 0)
Jul 19 20:39:40.787669 n-d-846466-6 devstack@placement-api.service[105466]: DEBUG placement.requestlog [req-1210f9a6-c53b-4a2a-8a75-b883522f02a1 req-d970ce4b-e1fa-4656-ba23-f95480de98ee None None] Starting request: 10.222.0.69 "DELETE /placement/allocations/a392f6b8-e447-4005-a7e2-26fc3e45acab" {{(pid=105466) __call__ /opt/stack/placement/placement/requestlog.py:55}}
Jul 19 20:39:40.851023 n-d-846466-6 devstack@placement-api.service[105466]: DEBUG placement.handlers.allocation [req-1210f9a6-c53b-4a2a-8a75-b883522f02a1 req-d970ce4b-e1fa-4656-ba23-f95480de98ee service placement] Successfully deleted allocations [, , ] {{(pid=105466) delete_allocations /opt/stack/placement/placement/handlers/allocation.py:627}}
Jul 19 20:39:40.851672 n-d-846466-6 devstack@placement-api.service[105466]: INFO placement.requestlog [req-1210f9a6-c53b-4a2a-8a75-b883522f02a1 req-d970ce4b-e1fa-4656-ba23-f95480de98ee service placement] 10.222.0.69 "DELETE /placement/allocations/a392f6b8-e447-4005-a7e2-26fc3e45acab" status: 204 len: 0 microversion: 1.0
Jul 19 20:39:40.852603 n-d-846466-6 devstack@placement-api.service[105466]: [pid: 105466|app: 0|req: 478/951] 10.222.0.69 () {60 vars in 1355 bytes} [Tue Jul 19 20:39:40 2022] DELETE /placement/allocations/a392f6b8-e447-4005-a7e2-26fc3e45acab => generated 0 bytes in 65 msecs (HTTP/1.1 204) 5 headers in 198 bytes (1 switches on core 0)
Jul 19 20:39:41.685035 n-d-846466-6 devstack@placement-api.service[105467]: DEBUG placement.requestlog [None req-0c74a948-a73d-4d00-b63e-0a6945ac5a0c None None] Starting request: 10.222.0.58 "GET /placement/resource_providers/b6cb0382-98f0-4d73-af5f-bba1246a3242/aggregates" {{(pid=105467) __call__ /opt/stack/placement/placement/requestlog.py:55}}
Jul 19 20:39:41.745590 n-d-846466-6 devstack@placement-api.service[105467]: INFO placement.requestlog [None req-0c74a948-a73d-4d00-b63e-0a6945ac5a0c service placement] 10.222.0.58 "GET /placement/resource_providers/b6cb0382-98f0-4d73-af5f-bba1246a3242/aggregates" status: 404 len: 235 microversion: 1.1
Jul 19 20:39:41.746022 n-d-846466-6 devstack@placement-api.service[105467]: [pid: 105467|app: 0|req: 474/952] 10.222.0.58 () {58 vars in 1362 bytes} [Tue Jul 19 20:39:41 2022] GET /placement/resource_providers/b6cb0382-98f0-4d73-af5f-bba1246a3242/aggregates => generated 235 bytes in 62 msecs (HTTP/1.1 404) 5 headers in 202 bytes (2 switches on core 0)
Jul 19 20:39:41.754594 n-d-846466-6 devstack@placement-api.service[105466]: DEBUG placement.requestlog [None req-08bbb171-f06b-48ad-af57-3ba762b3720b None None] Starting request: 10.222.0.58 "DELETE /placement/resource_providers/b6cb0382-98f0-4d73-af5f-bba1246a3242" {{(pid=105466) __call__ /opt/stack/placement/placement/requestlog.py:55}}
Jul 19 20:39:41.767112 n-d-846466-6 devstack@placement-api.service[105466]: DEBUG placement.wsgi_wrapper [None req-08bbb171-f06b-48ad-af57-3ba762b3720b service placement] Placement API returning an error response: No resource provider with uuid b6cb0382-98f0-4d73-af5f-bba1246a3242 found for delete {{(pid=105466) call_func /opt/stack/placement/placement/wsgi_wrapper.py:31}}
Jul 19 20:39:41.770865 n-d-846466-6 devstack@placement-api.service[105466]: INFO placement.requestlog [None req-08bbb171-f06b-48ad-af57-3ba762b3720b service placement] 10.222.0.58 "DELETE /placement/resource_providers/b6cb0382-98f0-4d73-af5f-bba1246a3242" status: 404 len: 246 microversion: 1.1
Jul 19 20:39:41.771803 n-d-846466-6 devstack@placement-api.service[105466]: [pid: 105466|app: 0|req: 479/953] 10.222.0.58 () {60 vars in 1351 bytes} [Tue Jul 19 20:39:41 2022] DELETE /placement/resource_providers/b6cb0382-98f0-4d73-af5f-bba1246a3242 => generated 246 bytes in 17 msecs (HTTP/1.1 404) 6 headers in 231 bytes (1 switches on core 0)
Jul 19 20:39:42.722192 n-d-846466-6 devstack@placement-api.service[105467]: DEBUG placement.requestlog [req-d7b679fe-da56-4c9e-9cfc-9879471ef8f1 req-396f765b-eef5-41c8-9e25-f026e1438a34 None None] Starting request: 10.222.0.69 "DELETE /placement/allocations/c433a1cd-6949-4700-a206-d8e3a0f93bc0" {{(pid=105467) __call__ /opt/stack/placement/placement/requestlog.py:55}}
Jul 19 20:39:42.782107 n-d-846466-6 devstack@placement-api.service[105467]: DEBUG placement.handlers.allocation [req-d7b679fe-da56-4c9e-9cfc-9879471ef8f1 req-396f765b-eef5-41c8-9e25-f026e1438a34 service placement] Successfully deleted allocations [, , ] {{(pid=105467) delete_allocations /opt/stack/placement/placement/handlers/allocation.py:627}}
Jul 19 20:39:42.782899 n-d-846466-6 devstack@placement-api.service[105467]: INFO placement.requestlog [req-d7b679fe-da56-4c9e-9cfc-9879471ef8f1 req-396f765b-eef5-41c8-9e25-f026e1438a34 service placement] 10.222.0.69 "DELETE /placement/allocations/c433a1cd-6949-4700-a206-d8e3a0f93bc0" status: 204 len: 0 microversion: 1.0
Jul 19 20:39:42.783821 n-d-846466-6 devstack@placement-api.service[105467]: [pid: 105467|app: 0|req: 475/954] 10.222.0.69 () {60 vars in 1355 bytes} [Tue Jul 19 20:39:42 2022] DELETE /placement/allocations/c433a1cd-6949-4700-a206-d8e3a0f93bc0 => generated 0 bytes in 62 msecs (HTTP/1.1 204) 5 headers in 198 bytes (2 switches on core 0)
Jul 19 20:39:45.641525 n-d-846466-6 devstack@placement-api.service[105466]: DEBUG placement.requestlog [None req-84dd14b8-b6ee-4f96-87a8-192326977334 None None] Starting request: 10.222.0.58 "GET /placement/resource_providers/241a9851-3bde-4b7c-ab65-92ceffabdf2c/aggregates" {{(pid=105466) __call__ /opt/stack/placement/placement/requestlog.py:55}}
Jul 19 20:39:45.672674 n-d-846466-6 devstack@placement-api.service[105466]: INFO placement.requestlog [None req-84dd14b8-b6ee-4f96-87a8-192326977334 service placement] 10.222.0.58 "GET /placement/resource_providers/241a9851-3bde-4b7c-ab65-92ceffabdf2c/aggregates" status: 404 len: 235 microversion: 1.1
Jul 19 20:39:45.676036 n-d-846466-6 devstack@placement-api.service[105466]: [pid: 105466|app: 0|req: 480/955] 10.222.0.58 () {58 vars in 1362 bytes} [Tue Jul 19 20:39:45 2022] GET /placement/resource_providers/241a9851-3bde-4b7c-ab65-92ceffabdf2c/aggregates => generated 235 bytes in 35 msecs (HTTP/1.1 404) 5 headers in 202 bytes (1 switches on core 0)
Jul 19 20:39:45.715087 n-d-846466-6 devstack@placement-api.service[105467]: DEBUG placement.requestlog [None req-cbf21501-b381-4b1c-a38f-2472e550f3a5 None None] Starting request: 10.222.0.58 "DELETE /placement/resource_providers/241a9851-3bde-4b7c-ab65-92ceffabdf2c" {{(pid=105467) __call__ /opt/stack/placement/placement/requestlog.py:55}}
Jul 19 20:39:45.728879 n-d-846466-6 devstack@placement-api.service[105467]: DEBUG placement.wsgi_wrapper [None req-cbf21501-b381-4b1c-a38f-2472e550f3a5 service placement] Placement API returning an error response: No resource provider with uuid 241a9851-3bde-4b7c-ab65-92ceffabdf2c found for delete {{(pid=105467) call_func /opt/stack/placement/placement/wsgi_wrapper.py:31}}
Jul 19 20:39:45.731178 n-d-846466-6 devstack@placement-api.service[105467]: INFO placement.requestlog [None req-cbf21501-b381-4b1c-a38f-2472e550f3a5 service placement] 10.222.0.58 "DELETE /placement/resource_providers/241a9851-3bde-4b7c-ab65-92ceffabdf2c" status: 404 len: 246 microversion: 1.1
Jul 19 20:39:45.731543 n-d-846466-6 devstack@placement-api.service[105467]: [pid: 105467|app: 0|req: 476/956] 10.222.0.58 () {60 vars in 1351 bytes} [Tue Jul 19 20:39:45 2022] DELETE /placement/resource_providers/241a9851-3bde-4b7c-ab65-92ceffabdf2c => generated 246 bytes in 17 msecs (HTTP/1.1 404) 6 headers in 231 bytes (1 switches on core 0)
Jul 19 20:39:49.123589 n-d-846466-6 devstack@placement-api.service[105466]: DEBUG placement.requestlog [None req-a3d2d06f-bd91-4b39-a2cc-a2e796b8b507 None None] Starting request: 10.222.0.58 "GET /placement/resource_providers/72cba7c3-5c36-4e70-89d4-3aebfb781749/aggregates" {{(pid=105466) __call__ /opt/stack/placement/placement/requestlog.py:55}}
Jul 19 20:39:49.140084 n-d-846466-6 devstack@placement-api.service[105466]: INFO placement.requestlog [None req-a3d2d06f-bd91-4b39-a2cc-a2e796b8b507 service placement] 10.222.0.58 "GET /placement/resource_providers/72cba7c3-5c36-4e70-89d4-3aebfb781749/aggregates" status: 404 len: 235 microversion: 1.1
Jul 19 20:39:49.141245 n-d-846466-6 devstack@placement-api.service[105466]: [pid: 105466|app: 0|req: 481/957] 10.222.0.58 () {58 vars in 1362 bytes} [Tue Jul 19 20:39:49 2022] GET /placement/resource_providers/72cba7c3-5c36-4e70-89d4-3aebfb781749/aggregates => generated 235 bytes in 18 msecs (HTTP/1.1 404) 5 headers in 202 bytes (1 switches on core 0)
Jul 19 20:39:49.474304 n-d-846466-6 devstack@placement-api.service[105467]: DEBUG placement.requestlog [None req-91ef0178-b9fc-499e-8825-d2d090a5a1c0 None None] Starting request: 10.222.0.58 "DELETE /placement/resource_providers/72cba7c3-5c36-4e70-89d4-3aebfb781749" {{(pid=105467) __call__ /opt/stack/placement/placement/requestlog.py:55}}
Jul 19 20:39:49.488752 n-d-846466-6 devstack@placement-api.service[105467]: DEBUG placement.wsgi_wrapper [None req-91ef0178-b9fc-499e-8825-d2d090a5a1c0 service placement] Placement API returning an error response: No resource provider with uuid 72cba7c3-5c36-4e70-89d4-3aebfb781749 found for delete {{(pid=105467) call_func /opt/stack/placement/placement/wsgi_wrapper.py:31}}
Jul 19 20:39:49.489520 n-d-846466-6 devstack@placement-api.service[105467]: INFO placement.requestlog [None req-91ef0178-b9fc-499e-8825-d2d090a5a1c0 service placement] 10.222.0.58 "DELETE /placement/resource_providers/72cba7c3-5c36-4e70-89d4-3aebfb781749" status: 404 len: 246 microversion: 1.1
Jul 19 20:39:49.490041 n-d-846466-6 devstack@placement-api.service[105467]: [pid: 105467|app: 0|req: 477/958] 10.222.0.58 () {60 vars in 1351 bytes} [Tue Jul 19 20:39:49 2022] DELETE /placement/resource_providers/72cba7c3-5c36-4e70-89d4-3aebfb781749 => generated 246 bytes in 16 msecs (HTTP/1.1 404) 6 headers in 231 bytes (2 switches on core 0)
Jul 19 20:39:50.786327 n-d-846466-6 devstack@placement-api.service[105466]: DEBUG placement.requestlog [req-b738a483-28e1-409d-83d4-4f7b275a0703 req-a73d20c5-40f2-4954-b433-4c95d20b00e3 None None] Starting request: 10.222.0.67 "GET /placement/resource_providers/702c96d7-b18a-4ff5-894a-1eba48753bbc/allocations" {{(pid=105466) __call__ /opt/stack/placement/placement/requestlog.py:55}}
Jul 19 20:39:50.824413 n-d-846466-6 devstack@placement-api.service[105466]: INFO placement.requestlog [req-b738a483-28e1-409d-83d4-4f7b275a0703 req-a73d20c5-40f2-4954-b433-4c95d20b00e3 service placement] 10.222.0.67 "GET /placement/resource_providers/702c96d7-b18a-4ff5-894a-1eba48753bbc/allocations" status: 200 len: 241 microversion: 1.0
Jul 19 20:39:50.827097 n-d-846466-6 devstack@placement-api.service[105466]: [pid: 105466|app: 0|req: 482/959] 10.222.0.67 () {58 vars in 1390 bytes} [Tue Jul 19 20:39:50 2022] GET /placement/resource_providers/702c96d7-b18a-4ff5-894a-1eba48753bbc/allocations => generated 241 bytes in 41 msecs (HTTP/1.1 200) 6 headers in 224 bytes (1 switches on core 0)
Jul 19 20:39:51.608267 n-d-846466-6 devstack@placement-api.service[105467]: DEBUG placement.requestlog [None req-8480c4f0-7963-4640-a50b-0775adf31c84 None None] Starting request: 10.222.0.58 "GET /placement/resource_providers/3d16d943-ce15-4964-9013-ef47f8d68178/aggregates" {{(pid=105467) __call__ /opt/stack/placement/placement/requestlog.py:55}}
Jul 19 20:39:51.980319 n-d-846466-6 devstack@placement-api.service[105467]: INFO placement.requestlog [None req-8480c4f0-7963-4640-a50b-0775adf31c84 service placement] 10.222.0.58 "GET /placement/resource_providers/3d16d943-ce15-4964-9013-ef47f8d68178/aggregates" status: 404 len: 235 microversion: 1.1
Jul 19 20:39:51.981196 n-d-846466-6 devstack@placement-api.service[105467]: [pid: 105467|app: 0|req: 478/960] 10.222.0.58 () {58 vars in 1362 bytes} [Tue Jul 19 20:39:51 2022] GET /placement/resource_providers/3d16d943-ce15-4964-9013-ef47f8d68178/aggregates => generated 235 bytes in 373 msecs (HTTP/1.1 404) 5 headers in 202 bytes (1 switches on core 0)
Jul 19 20:39:52.021724 n-d-846466-6 devstack@placement-api.service[105466]: DEBUG placement.requestlog [None req-72c53d19-dcf1-4544-9213-754497471523 None None] Starting request: 10.222.0.58 "DELETE /placement/resource_providers/3d16d943-ce15-4964-9013-ef47f8d68178" {{(pid=105466) __call__ /opt/stack/placement/placement/requestlog.py:55}}
Jul 19 20:39:52.043385 n-d-846466-6 devstack@placement-api.service[105466]: DEBUG placement.wsgi_wrapper [None req-72c53d19-dcf1-4544-9213-754497471523 service placement] Placement API returning an error response: No resource provider with uuid 3d16d943-ce15-4964-9013-ef47f8d68178 found for delete {{(pid=105466) call_func /opt/stack/placement/placement/wsgi_wrapper.py:31}}
Jul 19 20:39:52.044139 n-d-846466-6 devstack@placement-api.service[105466]: INFO placement.requestlog [None req-72c53d19-dcf1-4544-9213-754497471523 service placement] 10.222.0.58 "DELETE /placement/resource_providers/3d16d943-ce15-4964-9013-ef47f8d68178" status: 404 len: 246 microversion: 1.1
Jul 19 20:39:52.044756 n-d-846466-6 devstack@placement-api.service[105466]: [pid: 105466|app: 0|req: 483/961] 10.222.0.58 () {60 vars in 1351 bytes} [Tue Jul 19 20:39:52 2022] DELETE /placement/resource_providers/3d16d943-ce15-4964-9013-ef47f8d68178 => generated 246 bytes in 23 msecs (HTTP/1.1 404) 6 headers in 231 bytes (1 switches on core 0)
Jul 19 20:39:52.682561 n-d-846466-6 devstack@placement-api.service[105467]: DEBUG placement.requestlog [req-aad689fa-d361-4647-bb14-33a952d1fb36 req-165e72ab-2f0a-41b8-af5f-6c1df87be955 None None] Starting request: 10.222.0.58 "GET /placement/allocation_candidates?limit=1000&resources=DISK_GB%3A1%2CMEMORY_MB%3A1024%2CVCPU%3A1&root_required=%21COMPUTE_STATUS_DISABLED" {{(pid=105467) __call__ /opt/stack/placement/placement/requestlog.py:55}}
Jul 19 20:39:52.727874 n-d-846466-6 devstack@placement-api.service[105466]: DEBUG placement.requestlog [None req-308c98cd-8207-4753-a5da-e07b4096a0d4 None None] Starting request: 10.222.0.58 "GET /placement/resource_providers/7356bff1-9cc8-426d-8b6d-d65bb431a741/aggregates" {{(pid=105466) __call__ /opt/stack/placement/placement/requestlog.py:55}}
Jul 19 20:39:52.750425 n-d-846466-6 devstack@placement-api.service[105466]: INFO placement.requestlog [None req-308c98cd-8207-4753-a5da-e07b4096a0d4 service placement] 10.222.0.58 "GET /placement/resource_providers/7356bff1-9cc8-426d-8b6d-d65bb431a741/aggregates" status: 404 len: 235 microversion: 1.1
Jul 19 20:39:52.751763 n-d-846466-6 devstack@placement-api.service[105466]: [pid: 105466|app: 0|req: 484/962] 10.222.0.58 () {58 vars in 1362 bytes} [Tue Jul 19 20:39:52 2022] GET /placement/resource_providers/7356bff1-9cc8-426d-8b6d-d65bb431a741/aggregates => generated 235 bytes in 24 msecs (HTTP/1.1 404) 5 headers in 202 bytes (1 switches on core 0)
Jul 19 20:39:52.764278 n-d-846466-6 devstack@placement-api.service[105467]: DEBUG placement.objects.research_context [req-aad689fa-d361-4647-bb14-33a952d1fb36 req-165e72ab-2f0a-41b8-af5f-6c1df87be955 service placement] getting providers with 1 DISK_GB {{(pid=105467) __init__ /opt/stack/placement/placement/objects/research_context.py:136}}
Jul 19 20:39:52.770150 n-d-846466-6 devstack@placement-api.service[105467]: DEBUG placement.objects.research_context [req-aad689fa-d361-4647-bb14-33a952d1fb36 req-165e72ab-2f0a-41b8-af5f-6c1df87be955 service placement] getting providers with 1024 MEMORY_MB {{(pid=105467) __init__ /opt/stack/placement/placement/objects/research_context.py:136}}
Jul 19 20:39:52.779517 n-d-846466-6 devstack@placement-api.service[105467]: DEBUG placement.objects.research_context [req-aad689fa-d361-4647-bb14-33a952d1fb36 req-165e72ab-2f0a-41b8-af5f-6c1df87be955 service placement] getting providers with 1 VCPU {{(pid=105467) __init__ /opt/stack/placement/placement/objects/research_context.py:136}}
Jul 19 20:39:52.785851 n-d-846466-6 devstack@placement-api.service[105467]: DEBUG placement.objects.research_context [req-aad689fa-d361-4647-bb14-33a952d1fb36 req-165e72ab-2f0a-41b8-af5f-6c1df87be955 service placement] found 2 providers with available 1 DISK_GB {{(pid=105467) get_provider_ids_matching /opt/stack/placement/placement/objects/research_context.py:563}}
Jul 19 20:39:52.786629 n-d-846466-6 devstack@placement-api.service[105467]: DEBUG placement.objects.research_context [req-aad689fa-d361-4647-bb14-33a952d1fb36 req-165e72ab-2f0a-41b8-af5f-6c1df87be955 service placement] found 2 providers with available 1024 MEMORY_MB {{(pid=105467) get_provider_ids_matching /opt/stack/placement/placement/objects/research_context.py:563}}
Jul 19 20:39:52.787135 n-d-846466-6 devstack@placement-api.service[105467]: DEBUG placement.objects.research_context [req-aad689fa-d361-4647-bb14-33a952d1fb36 req-165e72ab-2f0a-41b8-af5f-6c1df87be955 service placement] found 2 providers after filtering by previous result {{(pid=105467) get_provider_ids_matching /opt/stack/placement/placement/objects/research_context.py:594}}
Jul 19 20:39:52.787614 n-d-846466-6 devstack@placement-api.service[105467]: DEBUG placement.objects.research_context [req-aad689fa-d361-4647-bb14-33a952d1fb36 req-165e72ab-2f0a-41b8-af5f-6c1df87be955 service placement] found 2 providers with available 1 VCPU {{(pid=105467) get_provider_ids_matching /opt/stack/placement/placement/objects/research_context.py:563}}
Jul 19 20:39:52.788074 n-d-846466-6 devstack@placement-api.service[105467]: DEBUG placement.objects.research_context [req-aad689fa-d361-4647-bb14-33a952d1fb36 req-165e72ab-2f0a-41b8-af5f-6c1df87be955 service placement] found 2 providers after filtering by previous result {{(pid=105467) get_provider_ids_matching /opt/stack/placement/placement/objects/research_context.py:594}}
Jul 19 20:39:52.802225 n-d-846466-6 devstack@placement-api.service[105467]: DEBUG placement.objects.allocation_candidate [req-aad689fa-d361-4647-bb14-33a952d1fb36 req-165e72ab-2f0a-41b8-af5f-6c1df87be955 service placement] RequestGroup(use_same_provider=False, resources={DISK_GB:1, MEMORY_MB:1024, VCPU:1}, traits=(), aggregates=[]) (suffix '') returned 2 matches {{(pid=105467) _get_by_requests /opt/stack/placement/placement/objects/allocation_candidate.py:156}}
Jul 19 20:39:52.803241 n-d-846466-6 devstack@placement-api.service[105467]: DEBUG placement.objects.allocation_candidate [req-aad689fa-d361-4647-bb14-33a952d1fb36 req-165e72ab-2f0a-41b8-af5f-6c1df87be955 service placement] Merging candidates yields 2 allocation requests and 2 provider summaries {{(pid=105467) _merge_candidates /opt/stack/placement/placement/objects/allocation_candidate.py:809}}
Jul 19 20:39:52.805326 n-d-846466-6 devstack@placement-api.service[105467]: INFO placement.requestlog [req-aad689fa-d361-4647-bb14-33a952d1fb36 req-165e72ab-2f0a-41b8-af5f-6c1df87be955 service placement] 10.222.0.58 "GET /placement/allocation_candidates?limit=1000&resources=DISK_GB%3A1%2CMEMORY_MB%3A1024%2CVCPU%3A1&root_required=%21COMPUTE_STATUS_DISABLED" status: 200 len: 1309 microversion: 1.36
Jul 19 20:39:52.805986 n-d-846466-6 devstack@placement-api.service[105467]: [pid: 105467|app: 0|req: 479/963] 10.222.0.58 () {60 vars in 1506 bytes} [Tue Jul 19 20:39:52 2022] GET /placement/allocation_candidates?limit=1000&resources=DISK_GB%3A1%2CMEMORY_MB%3A1024%2CVCPU%3A1&root_required=%21COMPUTE_STATUS_DISABLED => generated 1309 bytes in 124 msecs (HTTP/1.1 200) 8 headers in 297 bytes (1 switches on core 0)
Jul 19 20:39:52.892436 n-d-846466-6 devstack@placement-api.service[105466]: DEBUG placement.requestlog [req-aad689fa-d361-4647-bb14-33a952d1fb36 req-2a10da73-f365-4d5f-ba44-41294750c63b None None] Starting request: 10.222.0.58 "GET /placement/allocations/27de3c8b-3740-40f0-91a4-a179980cb0f4" {{(pid=105466) __call__ /opt/stack/placement/placement/requestlog.py:55}}
Jul 19 20:39:52.897110 n-d-846466-6 devstack@placement-api.service[105467]: DEBUG placement.requestlog [None req-3852eaaf-73ef-4bca-9df7-132d30a58604 None None] Starting request: 10.222.0.58 "DELETE /placement/resource_providers/7356bff1-9cc8-426d-8b6d-d65bb431a741" {{(pid=105467) __call__ /opt/stack/placement/placement/requestlog.py:55}}
Jul 19 20:39:52.919466 n-d-846466-6 devstack@placement-api.service[105467]: DEBUG placement.wsgi_wrapper [None req-3852eaaf-73ef-4bca-9df7-132d30a58604 service placement] Placement API returning an error response: No resource provider with uuid 7356bff1-9cc8-426d-8b6d-d65bb431a741 found for delete {{(pid=105467) call_func /opt/stack/placement/placement/wsgi_wrapper.py:31}}
Jul 19 20:39:52.920244 n-d-846466-6 devstack@placement-api.service[105467]: INFO placement.requestlog [None req-3852eaaf-73ef-4bca-9df7-132d30a58604 service placement] 10.222.0.58 "DELETE /placement/resource_providers/7356bff1-9cc8-426d-8b6d-d65bb431a741" status: 404 len: 246 microversion: 1.1
Jul 19 20:39:52.922065 n-d-846466-6 devstack@placement-api.service[105466]: INFO placement.requestlog [req-aad689fa-d361-4647-bb14-33a952d1fb36 req-2a10da73-f365-4d5f-ba44-41294750c63b service placement] 10.222.0.58 "GET /placement/allocations/27de3c8b-3740-40f0-91a4-a179980cb0f4" status: 200 len: 19 microversion: 1.28
Jul 19 20:39:52.923897 n-d-846466-6 devstack@placement-api.service[105467]: [pid: 105467|app: 0|req: 480/964] 10.222.0.58 () {60 vars in 1351 bytes} [Tue Jul 19 20:39:52 2022] DELETE /placement/resource_providers/7356bff1-9cc8-426d-8b6d-d65bb431a741 => generated 246 bytes in 27 msecs (HTTP/1.1 404) 6 headers in 231 bytes (1 switches on core 0)
Jul 19 20:39:52.930324 n-d-846466-6 devstack@placement-api.service[105466]: [pid: 105466|app: 0|req: 485/965] 10.222.0.58 () {60 vars in 1380 bytes} [Tue Jul 19 20:39:52 2022] GET /placement/allocations/27de3c8b-3740-40f0-91a4-a179980cb0f4 => generated 19 bytes in 39 msecs (HTTP/1.1 200) 8 headers in 295 bytes (1 switches on core 0)
Jul 19 20:39:52.932354 n-d-846466-6 devstack@placement-api.service[105467]: DEBUG placement.requestlog [req-aad689fa-d361-4647-bb14-33a952d1fb36 req-6fc6e0e1-8e00-49e5-9ff4-7758442237ec None None] Starting request: 10.222.0.58 "PUT /placement/allocations/27de3c8b-3740-40f0-91a4-a179980cb0f4" {{(pid=105467) __call__ /opt/stack/placement/placement/requestlog.py:55}}
Jul 19 20:39:53.084051 n-d-846466-6 devstack@placement-api.service[105467]: DEBUG placement.handlers.allocation [req-aad689fa-d361-4647-bb14-33a952d1fb36 req-6fc6e0e1-8e00-49e5-9ff4-7758442237ec service placement] Successfully wrote allocations [, , ] {{(pid=105467) _update_consumers_and_create_allocations /opt/stack/placement/placement/handlers/allocation.py:462}}
Jul 19 20:39:53.093134 n-d-846466-6 devstack@placement-api.service[105467]: INFO placement.requestlog [req-aad689fa-d361-4647-bb14-33a952d1fb36 req-6fc6e0e1-8e00-49e5-9ff4-7758442237ec service placement] 10.222.0.58 "PUT /placement/allocations/27de3c8b-3740-40f0-91a4-a179980cb0f4" status: 204 len: 0 microversion: 1.36
Jul 19 20:39:53.094921 n-d-846466-6 devstack@placement-api.service[105467]: [pid: 105467|app: 0|req: 481/966] 10.222.0.58 () {64 vars in 1433 bytes} [Tue Jul 19 20:39:52 2022] PUT /placement/allocations/27de3c8b-3740-40f0-91a4-a179980cb0f4 => generated 0 bytes in 164 msecs (HTTP/1.1 204) 5 headers in 199 bytes (1 switches on core 0)
Jul 19 20:39:54.031782 n-d-846466-6 devstack@placement-api.service[105466]: DEBUG placement.requestlog [req-aad689fa-d361-4647-bb14-33a952d1fb36 req-f26dab5c-1f94-461f-aa70-7c91f2cdf31a None None] Starting request: 10.222.0.67 "GET /placement/allocations/27de3c8b-3740-40f0-91a4-a179980cb0f4" {{(pid=105466) __call__ /opt/stack/placement/placement/requestlog.py:55}}
Jul 19 20:39:54.033864 n-d-846466-6 devstack@placement-api.service[105467]: DEBUG placement.requestlog [req-b64e33fb-e5b8-4b2b-8ac9-409bd1e8b56c req-ee8c24c1-703f-4176-b66e-2d5e8a387074 None None] Starting request: 10.222.0.67 "DELETE /placement/allocations/2c082f3c-ce1a-4fd1-84ee-4fb4b1c0bdb1" {{(pid=105467) __call__ /opt/stack/placement/placement/requestlog.py:55}}
Jul 19 20:39:54.062490 n-d-846466-6 devstack@placement-api.service[105466]: INFO placement.requestlog [req-aad689fa-d361-4647-bb14-33a952d1fb36 req-f26dab5c-1f94-461f-aa70-7c91f2cdf31a service placement] 10.222.0.67 "GET /placement/allocations/27de3c8b-3740-40f0-91a4-a179980cb0f4" status: 200 len: 259 microversion: 1.28
Jul 19 20:39:54.063339 n-d-846466-6 devstack@placement-api.service[105466]: [pid: 105466|app: 0|req: 486/967] 10.222.0.67 () {60 vars in 1377 bytes} [Tue Jul 19 20:39:54 2022] GET /placement/allocations/27de3c8b-3740-40f0-91a4-a179980cb0f4 => generated 259 bytes in 32 msecs (HTTP/1.1 200) 8 headers in 296 bytes (1 switches on core 0)
Jul 19 20:39:54.161022 n-d-846466-6 devstack@placement-api.service[105467]: DEBUG placement.handlers.allocation [req-b64e33fb-e5b8-4b2b-8ac9-409bd1e8b56c req-ee8c24c1-703f-4176-b66e-2d5e8a387074 service placement] Successfully deleted allocations [, , ] {{(pid=105467) delete_allocations /opt/stack/placement/placement/handlers/allocation.py:627}}
Jul 19 20:39:54.164205 n-d-846466-6 devstack@placement-api.service[105467]: INFO placement.requestlog [req-b64e33fb-e5b8-4b2b-8ac9-409bd1e8b56c req-ee8c24c1-703f-4176-b66e-2d5e8a387074 service placement] 10.222.0.67 "DELETE /placement/allocations/2c082f3c-ce1a-4fd1-84ee-4fb4b1c0bdb1" status: 204 len: 0 microversion: 1.0
Jul 19 20:39:54.165998 n-d-846466-6 devstack@placement-api.service[105467]: [pid: 105467|app: 0|req: 482/968] 10.222.0.67 () {60 vars in 1355 bytes} [Tue Jul 19 20:39:54 2022] DELETE /placement/allocations/2c082f3c-ce1a-4fd1-84ee-4fb4b1c0bdb1 => generated 0 bytes in 134 msecs (HTTP/1.1 204) 5 headers in 198 bytes (1 switches on core 0)
Jul 19 20:39:54.549871 n-d-846466-6 devstack@placement-api.service[105466]: DEBUG placement.requestlog [req-f8ae6ee5-1315-4536-af0f-a6d5f40b3196 req-b9ea9907-cac9-4e9c-9aa9-4d4882d2df49 None None] Starting request: 10.222.0.58 "GET /placement/allocation_candidates?limit=1000&resources=DISK_GB%3A1%2CMEMORY_MB%3A1024%2CVCPU%3A1&root_required=%21COMPUTE_STATUS_DISABLED" {{(pid=105466) __call__ /opt/stack/placement/placement/requestlog.py:55}}
Jul 19 20:39:54.633603 n-d-846466-6 devstack@placement-api.service[105466]: DEBUG placement.objects.research_context [req-f8ae6ee5-1315-4536-af0f-a6d5f40b3196 req-b9ea9907-cac9-4e9c-9aa9-4d4882d2df49 service placement] getting providers with 1 DISK_GB {{(pid=105466) __init__ /opt/stack/placement/placement/objects/research_context.py:136}}
Jul 19 20:39:54.644401 n-d-846466-6 devstack@placement-api.service[105466]: DEBUG placement.objects.research_context [req-f8ae6ee5-1315-4536-af0f-a6d5f40b3196 req-b9ea9907-cac9-4e9c-9aa9-4d4882d2df49 service placement] getting providers with 1024 MEMORY_MB {{(pid=105466) __init__ /opt/stack/placement/placement/objects/research_context.py:136}}
Jul 19 20:39:54.652863 n-d-846466-6 devstack@placement-api.service[105466]: DEBUG placement.objects.research_context [req-f8ae6ee5-1315-4536-af0f-a6d5f40b3196 req-b9ea9907-cac9-4e9c-9aa9-4d4882d2df49 service placement] getting providers with 1 VCPU {{(pid=105466) __init__ /opt/stack/placement/placement/objects/research_context.py:136}}
Jul 19 20:39:54.664922 n-d-846466-6 devstack@placement-api.service[105466]: DEBUG placement.objects.research_context [req-f8ae6ee5-1315-4536-af0f-a6d5f40b3196 req-b9ea9907-cac9-4e9c-9aa9-4d4882d2df49 service placement] found 2 providers with available 1 DISK_GB {{(pid=105466) get_provider_ids_matching /opt/stack/placement/placement/objects/research_context.py:563}}
Jul 19 20:39:54.665231 n-d-846466-6 devstack@placement-api.service[105466]: DEBUG placement.objects.research_context [req-f8ae6ee5-1315-4536-af0f-a6d5f40b3196 req-b9ea9907-cac9-4e9c-9aa9-4d4882d2df49 service placement] found 2 providers with available 1024 MEMORY_MB {{(pid=105466) get_provider_ids_matching /opt/stack/placement/placement/objects/research_context.py:563}}
Jul 19 20:39:54.665504 n-d-846466-6 devstack@placement-api.service[105466]: DEBUG placement.objects.research_context [req-f8ae6ee5-1315-4536-af0f-a6d5f40b3196 req-b9ea9907-cac9-4e9c-9aa9-4d4882d2df49 service placement] found 2 providers after filtering by previous result {{(pid=105466) get_provider_ids_matching /opt/stack/placement/placement/objects/research_context.py:594}}
Jul 19 20:39:54.665761 n-d-846466-6 devstack@placement-api.service[105466]: DEBUG placement.objects.research_context [req-f8ae6ee5-1315-4536-af0f-a6d5f40b3196 req-b9ea9907-cac9-4e9c-9aa9-4d4882d2df49 service placement] found 2 providers with available 1 VCPU {{(pid=105466) get_provider_ids_matching /opt/stack/placement/placement/objects/research_context.py:563}}
Jul 19 20:39:54.666021 n-d-846466-6 devstack@placement-api.service[105466]: DEBUG placement.objects.research_context [req-f8ae6ee5-1315-4536-af0f-a6d5f40b3196 req-b9ea9907-cac9-4e9c-9aa9-4d4882d2df49 service placement] found 2 providers after filtering by previous result {{(pid=105466) get_provider_ids_matching /opt/stack/placement/placement/objects/research_context.py:594}}
Jul 19 20:39:54.692569 n-d-846466-6 devstack@placement-api.service[105466]: DEBUG placement.objects.allocation_candidate [req-f8ae6ee5-1315-4536-af0f-a6d5f40b3196 req-b9ea9907-cac9-4e9c-9aa9-4d4882d2df49 service placement] RequestGroup(use_same_provider=False, resources={DISK_GB:1, MEMORY_MB:1024, VCPU:1}, traits=(), aggregates=[]) (suffix '') returned 2 matches {{(pid=105466) _get_by_requests /opt/stack/placement/placement/objects/allocation_candidate.py:156}}
Jul 19 20:39:54.693214 n-d-846466-6 devstack@placement-api.service[105466]: DEBUG placement.objects.allocation_candidate [req-f8ae6ee5-1315-4536-af0f-a6d5f40b3196 req-b9ea9907-cac9-4e9c-9aa9-4d4882d2df49 service placement] Merging candidates yields 2 allocation requests and 2 provider summaries {{(pid=105466) _merge_candidates /opt/stack/placement/placement/objects/allocation_candidate.py:809}}
Jul 19 20:39:54.698249 n-d-846466-6 devstack@placement-api.service[105466]: INFO placement.requestlog [req-f8ae6ee5-1315-4536-af0f-a6d5f40b3196 req-b9ea9907-cac9-4e9c-9aa9-4d4882d2df49 service placement] 10.222.0.58 "GET /placement/allocation_candidates?limit=1000&resources=DISK_GB%3A1%2CMEMORY_MB%3A1024%2CVCPU%3A1&root_required=%21COMPUTE_STATUS_DISABLED" status: 200 len: 1309 microversion: 1.36
Jul 19 20:39:54.699340 n-d-846466-6 devstack@placement-api.service[105466]: [pid: 105466|app: 0|req: 487/969] 10.222.0.58 () {60 vars in 1506 bytes} [Tue Jul 19 20:39:54 2022] GET /placement/allocation_candidates?limit=1000&resources=DISK_GB%3A1%2CMEMORY_MB%3A1024%2CVCPU%3A1&root_required=%21COMPUTE_STATUS_DISABLED => generated 1309 bytes in 150 msecs (HTTP/1.1 200) 8 headers in 297 bytes (1 switches on core 0)
Jul 19 20:39:54.918311 n-d-846466-6 devstack@placement-api.service[105467]: DEBUG placement.requestlog [req-f8ae6ee5-1315-4536-af0f-a6d5f40b3196 req-b4283353-682b-4f1f-8bd1-3c650e66480e None None] Starting request: 10.222.0.58 "GET /placement/allocations/256a438a-069a-415b-8305-0bf6c905c2da" {{(pid=105467) __call__ /opt/stack/placement/placement/requestlog.py:55}}
Jul 19 20:39:54.940945 n-d-846466-6 devstack@placement-api.service[105466]: DEBUG placement.requestlog [None req-4a92826c-a71a-47aa-9b73-e32fa9b68373 None None] Starting request: 10.222.0.58 "GET /placement/resource_providers/bfd0b768-5fc7-49e1-8079-96fec8041d70/aggregates" {{(pid=105466) __call__ /opt/stack/placement/placement/requestlog.py:55}}
Jul 19 20:39:54.953416 n-d-846466-6 devstack@placement-api.service[105467]: INFO placement.requestlog [req-f8ae6ee5-1315-4536-af0f-a6d5f40b3196 req-b4283353-682b-4f1f-8bd1-3c650e66480e service placement] 10.222.0.58 "GET /placement/allocations/256a438a-069a-415b-8305-0bf6c905c2da" status: 200 len: 19 microversion: 1.28
Jul 19 20:39:54.954130 n-d-846466-6 devstack@placement-api.service[105467]: [pid: 105467|app: 0|req: 483/970] 10.222.0.58 () {60 vars in 1380 bytes} [Tue Jul 19 20:39:54 2022] GET /placement/allocations/256a438a-069a-415b-8305-0bf6c905c2da => generated 19 bytes in 36 msecs (HTTP/1.1 200) 8 headers in 295 bytes (1 switches on core 0)
Jul 19 20:39:54.957295 n-d-846466-6 devstack@placement-api.service[105466]: INFO placement.requestlog [None req-4a92826c-a71a-47aa-9b73-e32fa9b68373 service placement] 10.222.0.58 "GET /placement/resource_providers/bfd0b768-5fc7-49e1-8079-96fec8041d70/aggregates" status: 404 len: 235 microversion: 1.1
Jul 19 20:39:54.960756 n-d-846466-6 devstack@placement-api.service[105467]: DEBUG placement.requestlog [req-f8ae6ee5-1315-4536-af0f-a6d5f40b3196 req-16e0bbbe-0e12-400b-92a3-e6b6ff1ede77 None None] Starting request: 10.222.0.58 "PUT /placement/allocations/256a438a-069a-415b-8305-0bf6c905c2da" {{(pid=105467) __call__ /opt/stack/placement/placement/requestlog.py:55}}
