Jul 19 20:18:47.308600 n-d-846466-6 devstack@placement-api.service[105466]: DEBUG placement.objects.research_context [req-46a6faf9-0344-41c7-9c92-fafd179b512d req-1e872e73-6eb1-4d07-a305-105f2dcf4685 service placement] found 2 providers after filtering by previous result {{(pid=105466) get_provider_ids_matching /opt/stack/placement/placement/objects/research_context.py:594}}
Jul 19 20:18:47.366020 n-d-846466-6 devstack@placement-api.service[105466]: DEBUG placement.objects.allocation_candidate [req-46a6faf9-0344-41c7-9c92-fafd179b512d req-1e872e73-6eb1-4d07-a305-105f2dcf4685 service placement] RequestGroup(use_same_provider=False, resources={DISK_GB:2, MEMORY_MB:1024, VCPU:1}, traits=(), aggregates=[]) (suffix '') returned 2 matches {{(pid=105466) _get_by_requests /opt/stack/placement/placement/objects/allocation_candidate.py:156}}
Jul 19 20:18:47.366736 n-d-846466-6 devstack@placement-api.service[105466]: DEBUG placement.objects.allocation_candidate [req-46a6faf9-0344-41c7-9c92-fafd179b512d req-1e872e73-6eb1-4d07-a305-105f2dcf4685 service placement] Merging candidates yields 2 allocation requests and 2 provider summaries {{(pid=105466) _merge_candidates /opt/stack/placement/placement/objects/allocation_candidate.py:809}}
Jul 19 20:18:47.371360 n-d-846466-6 devstack@placement-api.service[105466]: INFO placement.requestlog [req-46a6faf9-0344-41c7-9c92-fafd179b512d req-1e872e73-6eb1-4d07-a305-105f2dcf4685 service placement] 10.222.0.58 "GET /placement/allocation_candidates?limit=1000&resources=DISK_GB%3A2%2CMEMORY_MB%3A1024%2CVCPU%3A1&root_required=%21COMPUTE_STATUS_DISABLED" status: 200 len: 1309 microversion: 1.36
Jul 19 20:18:47.371742 n-d-846466-6 devstack@placement-api.service[105466]: [pid: 105466|app: 0|req: 92/184] 10.222.0.58 () {60 vars in 1506 bytes} [Tue Jul 19 20:18:47 2022] GET /placement/allocation_candidates?limit=1000&resources=DISK_GB%3A2%2CMEMORY_MB%3A1024%2CVCPU%3A1&root_required=%21COMPUTE_STATUS_DISABLED => generated 1309 bytes in 174 msecs (HTTP/1.1 200) 8 headers in 297 bytes (1 switches on core 0)
Jul 19 20:18:47.541753 n-d-846466-6 devstack@placement-api.service[105467]: DEBUG placement.requestlog [req-0254e893-f663-486e-b309-7057c004ab57 req-b65cd694-f9bb-41af-bd1f-bc097b63ff99 None None] Starting request: 10.222.0.58 "GET /placement/allocation_candidates?limit=1000&resources=DISK_GB%3A1%2CMEMORY_MB%3A1024%2CVCPU%3A1&root_required=%21COMPUTE_STATUS_DISABLED" {{(pid=105467) __call__ /opt/stack/placement/placement/requestlog.py:55}}
Jul 19 20:18:47.547148 n-d-846466-6 devstack@placement-api.service[105466]: DEBUG placement.requestlog [req-46a6faf9-0344-41c7-9c92-fafd179b512d req-5be53310-2871-4dc7-9a1c-0a4e67e7b033 None None] Starting request: 10.222.0.58 "GET /placement/allocations/f2f7f356-591b-44a0-b89a-a5f6ab7c9666" {{(pid=105466) __call__ /opt/stack/placement/placement/requestlog.py:55}}
Jul 19 20:18:47.593203 n-d-846466-6 devstack@placement-api.service[105466]: INFO placement.requestlog [req-46a6faf9-0344-41c7-9c92-fafd179b512d req-5be53310-2871-4dc7-9a1c-0a4e67e7b033 service placement] 10.222.0.58 "GET /placement/allocations/f2f7f356-591b-44a0-b89a-a5f6ab7c9666" status: 200 len: 19 microversion: 1.28
Jul 19 20:18:47.593580 n-d-846466-6 devstack@placement-api.service[105466]: [pid: 105466|app: 0|req: 93/185] 10.222.0.58 () {60 vars in 1380 bytes} [Tue Jul 19 20:18:47 2022] GET /placement/allocations/f2f7f356-591b-44a0-b89a-a5f6ab7c9666 => generated 19 bytes in 47 msecs (HTTP/1.1 200) 8 headers in 295 bytes (1 switches on core 0)
Jul 19 20:18:47.600469 n-d-846466-6 devstack@placement-api.service[105466]: DEBUG placement.requestlog [req-46a6faf9-0344-41c7-9c92-fafd179b512d req-7d456046-043e-4c9c-a2d8-d30a47b43703 None None] Starting request: 10.222.0.58 "PUT /placement/allocations/f2f7f356-591b-44a0-b89a-a5f6ab7c9666" {{(pid=105466) __call__ /opt/stack/placement/placement/requestlog.py:55}}
Jul 19 20:18:47.666775 n-d-846466-6 devstack@placement-api.service[105466]: DEBUG dbcounter [-] [105466] Writing DB stats placement:DELETE=6,placement:SELECT=79,placement:INSERT=11,placement:UPDATE=4 {{(pid=105466) stat_writer /usr/local/lib/python3.8/dist-packages/dbcounter.py:114}}
Jul 19 20:18:47.680022 n-d-846466-6 devstack@placement-api.service[105467]: DEBUG placement.objects.research_context [req-0254e893-f663-486e-b309-7057c004ab57 req-b65cd694-f9bb-41af-bd1f-bc097b63ff99 service placement] getting providers with 1 DISK_GB {{(pid=105467) __init__ /opt/stack/placement/placement/objects/research_context.py:136}}
Jul 19 20:18:47.691245 n-d-846466-6 devstack@placement-api.service[105467]: DEBUG placement.objects.research_context [req-0254e893-f663-486e-b309-7057c004ab57 req-b65cd694-f9bb-41af-bd1f-bc097b63ff99 service placement] getting providers with 1024 MEMORY_MB {{(pid=105467) __init__ /opt/stack/placement/placement/objects/research_context.py:136}}
Jul 19 20:18:47.706138 n-d-846466-6 devstack@placement-api.service[105467]: DEBUG placement.objects.research_context [req-0254e893-f663-486e-b309-7057c004ab57 req-b65cd694-f9bb-41af-bd1f-bc097b63ff99 service placement] getting providers with 1 VCPU {{(pid=105467) __init__ /opt/stack/placement/placement/objects/research_context.py:136}}
Jul 19 20:18:47.727561 n-d-846466-6 devstack@placement-api.service[105466]: DEBUG placement.handlers.allocation [req-46a6faf9-0344-41c7-9c92-fafd179b512d req-7d456046-043e-4c9c-a2d8-d30a47b43703 service placement] Successfully wrote allocations [, , ] {{(pid=105466) _update_consumers_and_create_allocations /opt/stack/placement/placement/handlers/allocation.py:462}}
Jul 19 20:18:47.734746 n-d-846466-6 devstack@placement-api.service[105467]: DEBUG placement.objects.research_context [req-0254e893-f663-486e-b309-7057c004ab57 req-b65cd694-f9bb-41af-bd1f-bc097b63ff99 service placement] found 2 providers with available 1 DISK_GB {{(pid=105467) get_provider_ids_matching /opt/stack/placement/placement/objects/research_context.py:563}}
Jul 19 20:18:47.735579 n-d-846466-6 devstack@placement-api.service[105467]: DEBUG placement.objects.research_context [req-0254e893-f663-486e-b309-7057c004ab57 req-b65cd694-f9bb-41af-bd1f-bc097b63ff99 service placement] found 2 providers with available 1024 MEMORY_MB {{(pid=105467) get_provider_ids_matching /opt/stack/placement/placement/objects/research_context.py:563}}
Jul 19 20:18:47.735838 n-d-846466-6 devstack@placement-api.service[105466]: INFO placement.requestlog [req-46a6faf9-0344-41c7-9c92-fafd179b512d req-7d456046-043e-4c9c-a2d8-d30a47b43703 service placement] 10.222.0.58 "PUT /placement/allocations/f2f7f356-591b-44a0-b89a-a5f6ab7c9666" status: 204 len: 0 microversion: 1.36
Jul 19 20:18:47.736288 n-d-846466-6 devstack@placement-api.service[105467]: DEBUG placement.objects.research_context [req-0254e893-f663-486e-b309-7057c004ab57 req-b65cd694-f9bb-41af-bd1f-bc097b63ff99 service placement] found 2 providers after filtering by previous result {{(pid=105467) get_provider_ids_matching /opt/stack/placement/placement/objects/research_context.py:594}}
Jul 19 20:18:47.737083 n-d-846466-6 devstack@placement-api.service[105467]: DEBUG placement.objects.research_context [req-0254e893-f663-486e-b309-7057c004ab57 req-b65cd694-f9bb-41af-bd1f-bc097b63ff99 service placement] found 2 providers with available 1 VCPU {{(pid=105467) get_provider_ids_matching /opt/stack/placement/placement/objects/research_context.py:563}}
Jul 19 20:18:47.737819 n-d-846466-6 devstack@placement-api.service[105467]: DEBUG placement.objects.research_context [req-0254e893-f663-486e-b309-7057c004ab57 req-b65cd694-f9bb-41af-bd1f-bc097b63ff99 service placement] found 2 providers after filtering by previous result {{(pid=105467) get_provider_ids_matching /opt/stack/placement/placement/objects/research_context.py:594}}
Jul 19 20:18:47.743804 n-d-846466-6 devstack@placement-api.service[105466]: [pid: 105466|app: 0|req: 94/186] 10.222.0.58 () {64 vars in 1433 bytes} [Tue Jul 19 20:18:47 2022] PUT /placement/allocations/f2f7f356-591b-44a0-b89a-a5f6ab7c9666 => generated 0 bytes in 137 msecs (HTTP/1.1 204) 5 headers in 199 bytes (3 switches on core 0)
Jul 19 20:18:47.794986 n-d-846466-6 devstack@placement-api.service[105467]: DEBUG placement.objects.allocation_candidate [req-0254e893-f663-486e-b309-7057c004ab57 req-b65cd694-f9bb-41af-bd1f-bc097b63ff99 service placement] RequestGroup(use_same_provider=False, resources={DISK_GB:1, MEMORY_MB:1024, VCPU:1}, traits=(), aggregates=[]) (suffix '') returned 2 matches {{(pid=105467) _get_by_requests /opt/stack/placement/placement/objects/allocation_candidate.py:156}}
Jul 19 20:18:47.797982 n-d-846466-6 devstack@placement-api.service[105467]: DEBUG placement.objects.allocation_candidate [req-0254e893-f663-486e-b309-7057c004ab57 req-b65cd694-f9bb-41af-bd1f-bc097b63ff99 service placement] Merging candidates yields 2 allocation requests and 2 provider summaries {{(pid=105467) _merge_candidates /opt/stack/placement/placement/objects/allocation_candidate.py:809}}
Jul 19 20:18:47.801170 n-d-846466-6 devstack@placement-api.service[105467]: INFO placement.requestlog [req-0254e893-f663-486e-b309-7057c004ab57 req-b65cd694-f9bb-41af-bd1f-bc097b63ff99 service placement] 10.222.0.58 "GET /placement/allocation_candidates?limit=1000&resources=DISK_GB%3A1%2CMEMORY_MB%3A1024%2CVCPU%3A1&root_required=%21COMPUTE_STATUS_DISABLED" status: 200 len: 1309 microversion: 1.36
Jul 19 20:18:47.804620 n-d-846466-6 devstack@placement-api.service[105467]: [pid: 105467|app: 0|req: 93/187] 10.222.0.58 () {60 vars in 1506 bytes} [Tue Jul 19 20:18:47 2022] GET /placement/allocation_candidates?limit=1000&resources=DISK_GB%3A1%2CMEMORY_MB%3A1024%2CVCPU%3A1&root_required=%21COMPUTE_STATUS_DISABLED => generated 1309 bytes in 264 msecs (HTTP/1.1 200) 8 headers in 297 bytes (1 switches on core 0)
Jul 19 20:18:47.971097 n-d-846466-6 devstack@placement-api.service[105466]: DEBUG placement.requestlog [req-0254e893-f663-486e-b309-7057c004ab57 req-be249fa5-88d3-4203-9ee2-5d02a1207a41 None None] Starting request: 10.222.0.58 "GET /placement/allocations/268f9c9a-b344-4be3-beee-bb6a92aede1b" {{(pid=105466) __call__ /opt/stack/placement/placement/requestlog.py:55}}
Jul 19 20:18:48.004410 n-d-846466-6 devstack@placement-api.service[105466]: INFO placement.requestlog [req-0254e893-f663-486e-b309-7057c004ab57 req-be249fa5-88d3-4203-9ee2-5d02a1207a41 service placement] 10.222.0.58 "GET /placement/allocations/268f9c9a-b344-4be3-beee-bb6a92aede1b" status: 200 len: 19 microversion: 1.28
Jul 19 20:18:48.004812 n-d-846466-6 devstack@placement-api.service[105466]: [pid: 105466|app: 0|req: 95/188] 10.222.0.58 () {60 vars in 1380 bytes} [Tue Jul 19 20:18:47 2022] GET /placement/allocations/268f9c9a-b344-4be3-beee-bb6a92aede1b => generated 19 bytes in 34 msecs (HTTP/1.1 200) 8 headers in 295 bytes (1 switches on core 0)
Jul 19 20:18:48.014524 n-d-846466-6 devstack@placement-api.service[105467]: DEBUG placement.requestlog [req-0254e893-f663-486e-b309-7057c004ab57 req-6650a352-f455-49ba-b6d1-8004a67465bf None None] Starting request: 10.222.0.58 "PUT /placement/allocations/268f9c9a-b344-4be3-beee-bb6a92aede1b" {{(pid=105467) __call__ /opt/stack/placement/placement/requestlog.py:55}}
Jul 19 20:18:48.116791 n-d-846466-6 devstack@placement-api.service[105467]: DEBUG placement.handlers.allocation [req-0254e893-f663-486e-b309-7057c004ab57 req-6650a352-f455-49ba-b6d1-8004a67465bf service placement] Successfully wrote allocations [, , ] {{(pid=105467) _update_consumers_and_create_allocations /opt/stack/placement/placement/handlers/allocation.py:462}}
Jul 19 20:18:48.121666 n-d-846466-6 devstack@placement-api.service[105467]: INFO placement.requestlog [req-0254e893-f663-486e-b309-7057c004ab57 req-6650a352-f455-49ba-b6d1-8004a67465bf service placement] 10.222.0.58 "PUT /placement/allocations/268f9c9a-b344-4be3-beee-bb6a92aede1b" status: 204 len: 0 microversion: 1.36
Jul 19 20:18:48.131982 n-d-846466-6 devstack@placement-api.service[105467]: [pid: 105467|app: 0|req: 94/189] 10.222.0.58 () {64 vars in 1433 bytes} [Tue Jul 19 20:18:48 2022] PUT /placement/allocations/268f9c9a-b344-4be3-beee-bb6a92aede1b => generated 0 bytes in 109 msecs (HTTP/1.1 204) 5 headers in 199 bytes (1 switches on core 0)
Jul 19 20:18:48.370573 n-d-846466-6 devstack@placement-api.service[105466]: DEBUG placement.requestlog [req-46a6faf9-0344-41c7-9c92-fafd179b512d req-1f476e9f-d705-4c64-95f6-5bc1a2aacfb1 None None] Starting request: 10.222.0.67 "GET /placement/allocations/f2f7f356-591b-44a0-b89a-a5f6ab7c9666" {{(pid=105466) __call__ /opt/stack/placement/placement/requestlog.py:55}}
Jul 19 20:18:48.403715 n-d-846466-6 devstack@placement-api.service[105466]: INFO placement.requestlog [req-46a6faf9-0344-41c7-9c92-fafd179b512d req-1f476e9f-d705-4c64-95f6-5bc1a2aacfb1 service placement] 10.222.0.67 "GET /placement/allocations/f2f7f356-591b-44a0-b89a-a5f6ab7c9666" status: 200 len: 259 microversion: 1.28
Jul 19 20:18:48.407339 n-d-846466-6 devstack@placement-api.service[105466]: [pid: 105466|app: 0|req: 96/190] 10.222.0.67 () {60 vars in 1377 bytes} [Tue Jul 19 20:18:48 2022] GET /placement/allocations/f2f7f356-591b-44a0-b89a-a5f6ab7c9666 => generated 259 bytes in 38 msecs (HTTP/1.1 200) 8 headers in 296 bytes (1 switches on core 0)
Jul 19 20:18:48.912782 n-d-846466-6 devstack@placement-api.service[105467]: DEBUG placement.requestlog [req-0254e893-f663-486e-b309-7057c004ab57 req-e858b4d9-0b1e-48a2-a4e2-7eb999d0d464 None None] Starting request: 10.222.0.67 "GET /placement/allocations/268f9c9a-b344-4be3-beee-bb6a92aede1b" {{(pid=105467) __call__ /opt/stack/placement/placement/requestlog.py:55}}
Jul 19 20:18:48.921946 n-d-846466-6 devstack@placement-api.service[105467]: DEBUG dbcounter [-] [105467] Writing DB stats placement:SELECT=82,placement:INSERT=7,placement:UPDATE=6,placement:DELETE=5 {{(pid=105467) stat_writer /usr/local/lib/python3.8/dist-packages/dbcounter.py:114}}
Jul 19 20:18:48.944319 n-d-846466-6 devstack@placement-api.service[105467]: INFO placement.requestlog [req-0254e893-f663-486e-b309-7057c004ab57 req-e858b4d9-0b1e-48a2-a4e2-7eb999d0d464 service placement] 10.222.0.67 "GET /placement/allocations/268f9c9a-b344-4be3-beee-bb6a92aede1b" status: 200 len: 259 microversion: 1.28
Jul 19 20:18:48.945214 n-d-846466-6 devstack@placement-api.service[105467]: [pid: 105467|app: 0|req: 95/191] 10.222.0.67 () {60 vars in 1377 bytes} [Tue Jul 19 20:18:48 2022] GET /placement/allocations/268f9c9a-b344-4be3-beee-bb6a92aede1b => generated 259 bytes in 35 msecs (HTTP/1.1 200) 8 headers in 296 bytes (1 switches on core 0)
Jul 19 20:18:49.731399 n-d-846466-6 devstack@placement-api.service[105466]: DEBUG placement.requestlog [req-13a8ac28-3fe9-424b-8175-934e4d784fd1 req-1e3f5cf8-bd4f-4b64-90ec-89b251c1bc07 None None] Starting request: 10.222.0.69 "GET /placement/resource_providers/130ec7c8-3860-456a-a2b7-c5c32a370e45/allocations" {{(pid=105466) __call__ /opt/stack/placement/placement/requestlog.py:55}}
Jul 19 20:18:49.770748 n-d-846466-6 devstack@placement-api.service[105466]: INFO placement.requestlog [req-13a8ac28-3fe9-424b-8175-934e4d784fd1 req-1e3f5cf8-bd4f-4b64-90ec-89b251c1bc07 service placement] 10.222.0.69 "GET /placement/resource_providers/130ec7c8-3860-456a-a2b7-c5c32a370e45/allocations" status: 200 len: 659 microversion: 1.0
Jul 19 20:18:49.771403 n-d-846466-6 devstack@placement-api.service[105466]: [pid: 105466|app: 0|req: 97/192] 10.222.0.69 () {58 vars in 1390 bytes} [Tue Jul 19 20:18:49 2022] GET /placement/resource_providers/130ec7c8-3860-456a-a2b7-c5c32a370e45/allocations => generated 659 bytes in 40 msecs (HTTP/1.1 200) 6 headers in 224 bytes (2 switches on core 0)
Jul 19 20:18:52.102794 n-d-846466-6 devstack@placement-api.service[105467]: DEBUG placement.requestlog [req-89a0d094-3d5f-486d-a501-0d0f8c72da4e req-57250ca8-4200-4e55-996b-fdca926cbdb2 None None] Starting request: 10.222.0.58 "GET /placement/allocation_candidates?limit=1000&resources=DISK_GB%3A1%2CMEMORY_MB%3A1024%2CVCPU%3A1&root_required=%21COMPUTE_STATUS_DISABLED" {{(pid=105467) __call__ /opt/stack/placement/placement/requestlog.py:55}}
Jul 19 20:18:52.149954 n-d-846466-6 devstack@placement-api.service[105467]: DEBUG placement.objects.research_context [req-89a0d094-3d5f-486d-a501-0d0f8c72da4e req-57250ca8-4200-4e55-996b-fdca926cbdb2 service placement] getting providers with 1 DISK_GB {{(pid=105467) __init__ /opt/stack/placement/placement/objects/research_context.py:136}}
Jul 19 20:18:52.157494 n-d-846466-6 devstack@placement-api.service[105467]: DEBUG placement.objects.research_context [req-89a0d094-3d5f-486d-a501-0d0f8c72da4e req-57250ca8-4200-4e55-996b-fdca926cbdb2 service placement] getting providers with 1024 MEMORY_MB {{(pid=105467) __init__ /opt/stack/placement/placement/objects/research_context.py:136}}
Jul 19 20:18:52.163412 n-d-846466-6 devstack@placement-api.service[105467]: DEBUG placement.objects.research_context [req-89a0d094-3d5f-486d-a501-0d0f8c72da4e req-57250ca8-4200-4e55-996b-fdca926cbdb2 service placement] getting providers with 1 VCPU {{(pid=105467) __init__ /opt/stack/placement/placement/objects/research_context.py:136}}
Jul 19 20:18:52.170668 n-d-846466-6 devstack@placement-api.service[105467]: DEBUG placement.objects.research_context [req-89a0d094-3d5f-486d-a501-0d0f8c72da4e req-57250ca8-4200-4e55-996b-fdca926cbdb2 service placement] found 2 providers with available 1 DISK_GB {{(pid=105467) get_provider_ids_matching /opt/stack/placement/placement/objects/research_context.py:563}}
Jul 19 20:18:52.171182 n-d-846466-6 devstack@placement-api.service[105467]: DEBUG placement.objects.research_context [req-89a0d094-3d5f-486d-a501-0d0f8c72da4e req-57250ca8-4200-4e55-996b-fdca926cbdb2 service placement] found 2 providers with available 1024 MEMORY_MB {{(pid=105467) get_provider_ids_matching /opt/stack/placement/placement/objects/research_context.py:563}}
Jul 19 20:18:52.171607 n-d-846466-6 devstack@placement-api.service[105467]: DEBUG placement.objects.research_context [req-89a0d094-3d5f-486d-a501-0d0f8c72da4e req-57250ca8-4200-4e55-996b-fdca926cbdb2 service placement] found 2 providers after filtering by previous result {{(pid=105467) get_provider_ids_matching /opt/stack/placement/placement/objects/research_context.py:594}}
Jul 19 20:18:52.171861 n-d-846466-6 devstack@placement-api.service[105467]: DEBUG placement.objects.research_context [req-89a0d094-3d5f-486d-a501-0d0f8c72da4e req-57250ca8-4200-4e55-996b-fdca926cbdb2 service placement] found 2 providers with available 1 VCPU {{(pid=105467) get_provider_ids_matching /opt/stack/placement/placement/objects/research_context.py:563}}
Jul 19 20:18:52.172120 n-d-846466-6 devstack@placement-api.service[105467]: DEBUG placement.objects.research_context [req-89a0d094-3d5f-486d-a501-0d0f8c72da4e req-57250ca8-4200-4e55-996b-fdca926cbdb2 service placement] found 2 providers after filtering by previous result {{(pid=105467) get_provider_ids_matching /opt/stack/placement/placement/objects/research_context.py:594}}
Jul 19 20:18:52.185536 n-d-846466-6 devstack@placement-api.service[105467]: DEBUG placement.objects.allocation_candidate [req-89a0d094-3d5f-486d-a501-0d0f8c72da4e req-57250ca8-4200-4e55-996b-fdca926cbdb2 service placement] RequestGroup(use_same_provider=False, resources={DISK_GB:1, MEMORY_MB:1024, VCPU:1}, traits=(), aggregates=[]) (suffix '') returned 2 matches {{(pid=105467) _get_by_requests /opt/stack/placement/placement/objects/allocation_candidate.py:156}}
Jul 19 20:18:52.186431 n-d-846466-6 devstack@placement-api.service[105467]: DEBUG placement.objects.allocation_candidate [req-89a0d094-3d5f-486d-a501-0d0f8c72da4e req-57250ca8-4200-4e55-996b-fdca926cbdb2 service placement] Merging candidates yields 2 allocation requests and 2 provider summaries {{(pid=105467) _merge_candidates /opt/stack/placement/placement/objects/allocation_candidate.py:809}}
Jul 19 20:18:52.189081 n-d-846466-6 devstack@placement-api.service[105467]: INFO placement.requestlog [req-89a0d094-3d5f-486d-a501-0d0f8c72da4e req-57250ca8-4200-4e55-996b-fdca926cbdb2 service placement] 10.222.0.58 "GET /placement/allocation_candidates?limit=1000&resources=DISK_GB%3A1%2CMEMORY_MB%3A1024%2CVCPU%3A1&root_required=%21COMPUTE_STATUS_DISABLED" status: 200 len: 1309 microversion: 1.36
Jul 19 20:18:52.190091 n-d-846466-6 devstack@placement-api.service[105467]: [pid: 105467|app: 0|req: 96/193] 10.222.0.58 () {60 vars in 1506 bytes} [Tue Jul 19 20:18:52 2022] GET /placement/allocation_candidates?limit=1000&resources=DISK_GB%3A1%2CMEMORY_MB%3A1024%2CVCPU%3A1&root_required=%21COMPUTE_STATUS_DISABLED => generated 1309 bytes in 88 msecs (HTTP/1.1 200) 8 headers in 297 bytes (1 switches on core 0)
Jul 19 20:18:52.262583 n-d-846466-6 devstack@placement-api.service[105466]: DEBUG placement.requestlog [req-89a0d094-3d5f-486d-a501-0d0f8c72da4e req-e4997336-b75c-47ff-b11b-d0587f4ae0b5 None None] Starting request: 10.222.0.58 "GET /placement/allocations/b7b10e9e-5af9-4b08-9b9c-f6aa3d4b4dde" {{(pid=105466) __call__ /opt/stack/placement/placement/requestlog.py:55}}
Jul 19 20:18:52.274378 n-d-846466-6 devstack@placement-api.service[105466]: INFO placement.requestlog [req-89a0d094-3d5f-486d-a501-0d0f8c72da4e req-e4997336-b75c-47ff-b11b-d0587f4ae0b5 service placement] 10.222.0.58 "GET /placement/allocations/b7b10e9e-5af9-4b08-9b9c-f6aa3d4b4dde" status: 200 len: 19 microversion: 1.28
Jul 19 20:18:52.274475 n-d-846466-6 devstack@placement-api.service[105466]: [pid: 105466|app: 0|req: 98/194] 10.222.0.58 () {60 vars in 1380 bytes} [Tue Jul 19 20:18:52 2022] GET /placement/allocations/b7b10e9e-5af9-4b08-9b9c-f6aa3d4b4dde => generated 19 bytes in 12 msecs (HTTP/1.1 200) 8 headers in 295 bytes (1 switches on core 0)
Jul 19 20:18:52.281392 n-d-846466-6 devstack@placement-api.service[105467]: DEBUG placement.requestlog [req-89a0d094-3d5f-486d-a501-0d0f8c72da4e req-06f275e5-c0d2-4647-9f75-f2b8e4062c70 None None] Starting request: 10.222.0.58 "PUT /placement/allocations/b7b10e9e-5af9-4b08-9b9c-f6aa3d4b4dde" {{(pid=105467) __call__ /opt/stack/placement/placement/requestlog.py:55}}
Jul 19 20:18:52.364876 n-d-846466-6 devstack@placement-api.service[105467]: DEBUG placement.handlers.allocation [req-89a0d094-3d5f-486d-a501-0d0f8c72da4e req-06f275e5-c0d2-4647-9f75-f2b8e4062c70 service placement] Successfully wrote allocations [, , ] {{(pid=105467) _update_consumers_and_create_allocations /opt/stack/placement/placement/handlers/allocation.py:462}}
Jul 19 20:18:52.376617 n-d-846466-6 devstack@placement-api.service[105467]: INFO placement.requestlog [req-89a0d094-3d5f-486d-a501-0d0f8c72da4e req-06f275e5-c0d2-4647-9f75-f2b8e4062c70 service placement] 10.222.0.58 "PUT /placement/allocations/b7b10e9e-5af9-4b08-9b9c-f6aa3d4b4dde" status: 204 len: 0 microversion: 1.36
Jul 19 20:18:52.377144 n-d-846466-6 devstack@placement-api.service[105467]: [pid: 105467|app: 0|req: 97/195] 10.222.0.58 () {64 vars in 1433 bytes} [Tue Jul 19 20:18:52 2022] PUT /placement/allocations/b7b10e9e-5af9-4b08-9b9c-f6aa3d4b4dde => generated 0 bytes in 96 msecs (HTTP/1.1 204) 5 headers in 199 bytes (1 switches on core 0)
Jul 19 20:18:52.779114 n-d-846466-6 devstack@placement-api.service[105466]: DEBUG placement.requestlog [req-89a0d094-3d5f-486d-a501-0d0f8c72da4e req-7e9436f0-0b6e-4981-bf3d-8048abccb582 None None] Starting request: 10.222.0.69 "GET /placement/allocations/b7b10e9e-5af9-4b08-9b9c-f6aa3d4b4dde" {{(pid=105466) __call__ /opt/stack/placement/placement/requestlog.py:55}}
Jul 19 20:18:52.997439 n-d-846466-6 devstack@placement-api.service[105466]: INFO placement.requestlog [req-89a0d094-3d5f-486d-a501-0d0f8c72da4e req-7e9436f0-0b6e-4981-bf3d-8048abccb582 service placement] 10.222.0.69 "GET /placement/allocations/b7b10e9e-5af9-4b08-9b9c-f6aa3d4b4dde" status: 200 len: 259 microversion: 1.28
Jul 19 20:18:52.998438 n-d-846466-6 devstack@placement-api.service[105466]: [pid: 105466|app: 0|req: 99/196] 10.222.0.69 () {60 vars in 1377 bytes} [Tue Jul 19 20:18:52 2022] GET /placement/allocations/b7b10e9e-5af9-4b08-9b9c-f6aa3d4b4dde => generated 259 bytes in 219 msecs (HTTP/1.1 200) 8 headers in 296 bytes (1 switches on core 0)
Jul 19 20:18:53.273509 n-d-846466-6 devstack@placement-api.service[105467]: DEBUG placement.requestlog [req-89a0d094-3d5f-486d-a501-0d0f8c72da4e req-1ed71d66-d3b3-4cd8-b4b5-9121e3dc24cd None None] Starting request: 10.222.0.69 "GET /placement/resource_providers?in_tree=130ec7c8-3860-456a-a2b7-c5c32a370e45" {{(pid=105467) __call__ /opt/stack/placement/placement/requestlog.py:55}}
Jul 19 20:18:53.295248 n-d-846466-6 devstack@placement-api.service[105467]: INFO placement.requestlog [req-89a0d094-3d5f-486d-a501-0d0f8c72da4e req-1ed71d66-d3b3-4cd8-b4b5-9121e3dc24cd service placement] 10.222.0.69 "GET /placement/resource_providers?in_tree=130ec7c8-3860-456a-a2b7-c5c32a370e45" status: 200 len: 863 microversion: 1.14
Jul 19 20:18:53.296661 n-d-846466-6 devstack@placement-api.service[105467]: [pid: 105467|app: 0|req: 98/197] 10.222.0.69 () {60 vars in 1376 bytes} [Tue Jul 19 20:18:53 2022] GET /placement/resource_providers?in_tree=130ec7c8-3860-456a-a2b7-c5c32a370e45 => generated 863 bytes in 24 msecs (HTTP/1.1 200) 6 headers in 225 bytes (1 switches on core 0)
Jul 19 20:18:53.313300 n-d-846466-6 devstack@placement-api.service[105466]: DEBUG placement.requestlog [req-89a0d094-3d5f-486d-a501-0d0f8c72da4e req-edb99905-4aae-4266-b9c6-874b7b838cf5 None None] Starting request: 10.222.0.69 "GET /placement/resource_providers/130ec7c8-3860-456a-a2b7-c5c32a370e45/inventories" {{(pid=105466) __call__ /opt/stack/placement/placement/requestlog.py:55}}
Jul 19 20:18:53.370081 n-d-846466-6 devstack@placement-api.service[105466]: INFO placement.requestlog [req-89a0d094-3d5f-486d-a501-0d0f8c72da4e req-edb99905-4aae-4266-b9c6-874b7b838cf5 service placement] 10.222.0.69 "GET /placement/resource_providers/130ec7c8-3860-456a-a2b7-c5c32a370e45/inventories" status: 200 len: 398 microversion: 1.0
Jul 19 20:18:53.370493 n-d-846466-6 devstack@placement-api.service[105466]: [pid: 105466|app: 0|req: 100/198] 10.222.0.69 () {58 vars in 1390 bytes} [Tue Jul 19 20:18:53 2022] GET /placement/resource_providers/130ec7c8-3860-456a-a2b7-c5c32a370e45/inventories => generated 398 bytes in 58 msecs (HTTP/1.1 200) 6 headers in 224 bytes (2 switches on core 0)
Jul 19 20:18:53.395612 n-d-846466-6 devstack@placement-api.service[105467]: DEBUG placement.requestlog [req-89a0d094-3d5f-486d-a501-0d0f8c72da4e req-e7f06f4e-88d0-415d-9555-b8edb66531dc None None] Starting request: 10.222.0.69 "GET /placement/resource_providers/130ec7c8-3860-456a-a2b7-c5c32a370e45/aggregates" {{(pid=105467) __call__ /opt/stack/placement/placement/requestlog.py:55}}
Jul 19 20:18:53.456086 n-d-846466-6 devstack@placement-api.service[105467]: INFO placement.requestlog [req-89a0d094-3d5f-486d-a501-0d0f8c72da4e req-e7f06f4e-88d0-415d-9555-b8edb66531dc service placement] 10.222.0.69 "GET /placement/resource_providers/130ec7c8-3860-456a-a2b7-c5c32a370e45/aggregates" status: 200 len: 54 microversion: 1.19
Jul 19 20:18:53.457152 n-d-846466-6 devstack@placement-api.service[105467]: [pid: 105467|app: 0|req: 99/199] 10.222.0.69 () {60 vars in 1431 bytes} [Tue Jul 19 20:18:53 2022] GET /placement/resource_providers/130ec7c8-3860-456a-a2b7-c5c32a370e45/aggregates => generated 54 bytes in 62 msecs (HTTP/1.1 200) 8 headers in 295 bytes (1 switches on core 0)
Jul 19 20:18:53.471953 n-d-846466-6 devstack@placement-api.service[105466]: DEBUG placement.requestlog [req-89a0d094-3d5f-486d-a501-0d0f8c72da4e req-878f3daf-ae54-407e-8fc0-5b7101baf08d None None] Starting request: 10.222.0.69 "GET /placement/resource_providers/130ec7c8-3860-456a-a2b7-c5c32a370e45/traits" {{(pid=105466) __call__ /opt/stack/placement/placement/requestlog.py:55}}
Jul 19 20:18:53.538018 n-d-846466-6 devstack@placement-api.service[105466]: INFO placement.requestlog [req-89a0d094-3d5f-486d-a501-0d0f8c72da4e req-878f3daf-ae54-407e-8fc0-5b7101baf08d service placement] 10.222.0.69 "GET /placement/resource_providers/130ec7c8-3860-456a-a2b7-c5c32a370e45/traits" status: 200 len: 212 microversion: 1.6
Jul 19 20:18:53.543621 n-d-846466-6 devstack@placement-api.service[105466]: [pid: 105466|app: 0|req: 101/200] 10.222.0.69 () {60 vars in 1418 bytes} [Tue Jul 19 20:18:53 2022] GET /placement/resource_providers/130ec7c8-3860-456a-a2b7-c5c32a370e45/traits => generated 212 bytes in 72 msecs (HTTP/1.1 200) 6 headers in 224 bytes (1 switches on core 0)
Jul 19 20:18:54.566758 n-d-846466-6 devstack@placement-api.service[105467]: DEBUG placement.requestlog [req-edc9d24f-3379-4cef-af0c-914c4f636900 req-c08c2920-cf58-4abb-b238-d7cc055baa55 None None] Starting request: 10.222.0.69 "DELETE /placement/allocations/91714a3e-5ee5-4465-ae26-904c4f07b130" {{(pid=105467) __call__ /opt/stack/placement/placement/requestlog.py:55}}
Jul 19 20:18:54.642960 n-d-846466-6 devstack@placement-api.service[105467]: DEBUG placement.handlers.allocation [req-edc9d24f-3379-4cef-af0c-914c4f636900 req-c08c2920-cf58-4abb-b238-d7cc055baa55 service placement] Successfully deleted allocations [, , ] {{(pid=105467) delete_allocations /opt/stack/placement/placement/handlers/allocation.py:627}}
Jul 19 20:18:54.643882 n-d-846466-6 devstack@placement-api.service[105467]: INFO placement.requestlog [req-edc9d24f-3379-4cef-af0c-914c4f636900 req-c08c2920-cf58-4abb-b238-d7cc055baa55 service placement] 10.222.0.69 "DELETE /placement/allocations/91714a3e-5ee5-4465-ae26-904c4f07b130" status: 204 len: 0 microversion: 1.0
Jul 19 20:18:54.647756 n-d-846466-6 devstack@placement-api.service[105467]: [pid: 105467|app: 0|req: 100/201] 10.222.0.69 () {60 vars in 1355 bytes} [Tue Jul 19 20:18:54 2022] DELETE /placement/allocations/91714a3e-5ee5-4465-ae26-904c4f07b130 => generated 0 bytes in 81 msecs (HTTP/1.1 204) 5 headers in 198 bytes (1 switches on core 0)
Jul 19 20:18:56.644076 n-d-846466-6 devstack@placement-api.service[105466]: DEBUG placement.requestlog [req-c3d78a81-b41c-4130-a928-919bd8bc95b9 req-a0acbb1c-f682-4816-a797-e949cce6bcdb None None] Starting request: 10.222.0.69 "DELETE /placement/allocations/1a96530f-c6b9-4e76-be48-fff308e8c2d7" {{(pid=105466) __call__ /opt/stack/placement/placement/requestlog.py:55}}
Jul 19 20:18:56.725069 n-d-846466-6 devstack@placement-api.service[105466]: DEBUG placement.handlers.allocation [req-c3d78a81-b41c-4130-a928-919bd8bc95b9 req-a0acbb1c-f682-4816-a797-e949cce6bcdb service placement] Successfully deleted allocations [, , ] {{(pid=105466) delete_allocations /opt/stack/placement/placement/handlers/allocation.py:627}}
Jul 19 20:18:56.725795 n-d-846466-6 devstack@placement-api.service[105466]: INFO placement.requestlog [req-c3d78a81-b41c-4130-a928-919bd8bc95b9 req-a0acbb1c-f682-4816-a797-e949cce6bcdb service placement] 10.222.0.69 "DELETE /placement/allocations/1a96530f-c6b9-4e76-be48-fff308e8c2d7" status: 204 len: 0 microversion: 1.0
Jul 19 20:18:56.726600 n-d-846466-6 devstack@placement-api.service[105466]: [pid: 105466|app: 0|req: 102/202] 10.222.0.69 () {60 vars in 1355 bytes} [Tue Jul 19 20:18:56 2022] DELETE /placement/allocations/1a96530f-c6b9-4e76-be48-fff308e8c2d7 => generated 0 bytes in 83 msecs (HTTP/1.1 204) 5 headers in 198 bytes (1 switches on core 0)
Jul 19 20:18:59.981027 n-d-846466-6 devstack@placement-api.service[105467]: DEBUG placement.requestlog [req-15a29acb-22e2-405c-a3d5-f57e2b446d81 req-1a628381-49ad-4bf8-bf84-4cfe0dab5eff None None] Starting request: 10.222.0.58 "GET /placement/allocation_candidates?limit=1000&resources=DISK_GB%3A1%2CMEMORY_MB%3A1024%2CVCPU%3A1&root_required=%21COMPUTE_STATUS_DISABLED" {{(pid=105467) __call__ /opt/stack/placement/placement/requestlog.py:55}}
Jul 19 20:19:00.098869 n-d-846466-6 devstack@placement-api.service[105467]: DEBUG placement.objects.research_context [req-15a29acb-22e2-405c-a3d5-f57e2b446d81 req-1a628381-49ad-4bf8-bf84-4cfe0dab5eff service placement] getting providers with 1 DISK_GB {{(pid=105467) __init__ /opt/stack/placement/placement/objects/research_context.py:136}}
Jul 19 20:19:00.112804 n-d-846466-6 devstack@placement-api.service[105467]: DEBUG placement.objects.research_context [req-15a29acb-22e2-405c-a3d5-f57e2b446d81 req-1a628381-49ad-4bf8-bf84-4cfe0dab5eff service placement] getting providers with 1024 MEMORY_MB {{(pid=105467) __init__ /opt/stack/placement/placement/objects/research_context.py:136}}
Jul 19 20:19:00.121517 n-d-846466-6 devstack@placement-api.service[105467]: DEBUG placement.objects.research_context [req-15a29acb-22e2-405c-a3d5-f57e2b446d81 req-1a628381-49ad-4bf8-bf84-4cfe0dab5eff service placement] getting providers with 1 VCPU {{(pid=105467) __init__ /opt/stack/placement/placement/objects/research_context.py:136}}
Jul 19 20:19:00.128806 n-d-846466-6 devstack@placement-api.service[105467]: DEBUG placement.objects.research_context [req-15a29acb-22e2-405c-a3d5-f57e2b446d81 req-1a628381-49ad-4bf8-bf84-4cfe0dab5eff service placement] found 2 providers with available 1 DISK_GB {{(pid=105467) get_provider_ids_matching /opt/stack/placement/placement/objects/research_context.py:563}}
Jul 19 20:19:00.129370 n-d-846466-6 devstack@placement-api.service[105467]: DEBUG placement.objects.research_context [req-15a29acb-22e2-405c-a3d5-f57e2b446d81 req-1a628381-49ad-4bf8-bf84-4cfe0dab5eff service placement] found 2 providers with available 1024 MEMORY_MB {{(pid=105467) get_provider_ids_matching /opt/stack/placement/placement/objects/research_context.py:563}}
Jul 19 20:19:00.130464 n-d-846466-6 devstack@placement-api.service[105467]: DEBUG placement.objects.research_context [req-15a29acb-22e2-405c-a3d5-f57e2b446d81 req-1a628381-49ad-4bf8-bf84-4cfe0dab5eff service placement] found 2 providers after filtering by previous result {{(pid=105467) get_provider_ids_matching /opt/stack/placement/placement/objects/research_context.py:594}}
Jul 19 20:19:00.131522 n-d-846466-6 devstack@placement-api.service[105467]: DEBUG placement.objects.research_context [req-15a29acb-22e2-405c-a3d5-f57e2b446d81 req-1a628381-49ad-4bf8-bf84-4cfe0dab5eff service placement] found 2 providers with available 1 VCPU {{(pid=105467) get_provider_ids_matching /opt/stack/placement/placement/objects/research_context.py:563}}
Jul 19 20:19:00.131968 n-d-846466-6 devstack@placement-api.service[105467]: DEBUG placement.objects.research_context [req-15a29acb-22e2-405c-a3d5-f57e2b446d81 req-1a628381-49ad-4bf8-bf84-4cfe0dab5eff service placement] found 2 providers after filtering by previous result {{(pid=105467) get_provider_ids_matching /opt/stack/placement/placement/objects/research_context.py:594}}
Jul 19 20:19:00.157435 n-d-846466-6 devstack@placement-api.service[105467]: DEBUG placement.objects.allocation_candidate [req-15a29acb-22e2-405c-a3d5-f57e2b446d81 req-1a628381-49ad-4bf8-bf84-4cfe0dab5eff service placement] RequestGroup(use_same_provider=False, resources={DISK_GB:1, MEMORY_MB:1024, VCPU:1}, traits=(), aggregates=[]) (suffix '') returned 2 matches {{(pid=105467) _get_by_requests /opt/stack/placement/placement/objects/allocation_candidate.py:156}}
Jul 19 20:19:00.158104 n-d-846466-6 devstack@placement-api.service[105467]: DEBUG placement.objects.allocation_candidate [req-15a29acb-22e2-405c-a3d5-f57e2b446d81 req-1a628381-49ad-4bf8-bf84-4cfe0dab5eff service placement] Merging candidates yields 2 allocation requests and 2 provider summaries {{(pid=105467) _merge_candidates /opt/stack/placement/placement/objects/allocation_candidate.py:809}}
Jul 19 20:19:00.160734 n-d-846466-6 devstack@placement-api.service[105467]: INFO placement.requestlog [req-15a29acb-22e2-405c-a3d5-f57e2b446d81 req-1a628381-49ad-4bf8-bf84-4cfe0dab5eff service placement] 10.222.0.58 "GET /placement/allocation_candidates?limit=1000&resources=DISK_GB%3A1%2CMEMORY_MB%3A1024%2CVCPU%3A1&root_required=%21COMPUTE_STATUS_DISABLED" status: 200 len: 1309 microversion: 1.36
Jul 19 20:19:00.162113 n-d-846466-6 devstack@placement-api.service[105467]: [pid: 105467|app: 0|req: 101/203] 10.222.0.58 () {60 vars in 1506 bytes} [Tue Jul 19 20:18:59 2022] GET /placement/allocation_candidates?limit=1000&resources=DISK_GB%3A1%2CMEMORY_MB%3A1024%2CVCPU%3A1&root_required=%21COMPUTE_STATUS_DISABLED => generated 1309 bytes in 182 msecs (HTTP/1.1 200) 8 headers in 297 bytes (1 switches on core 0)
Jul 19 20:19:00.267991 n-d-846466-6 devstack@placement-api.service[105466]: DEBUG placement.requestlog [req-15a29acb-22e2-405c-a3d5-f57e2b446d81 req-8e3941b7-fab3-451e-9bfc-faeb0054114e None None] Starting request: 10.222.0.58 "GET /placement/allocations/830eb20b-c72a-413e-857f-077cef231f68" {{(pid=105466) __call__ /opt/stack/placement/placement/requestlog.py:55}}
Jul 19 20:19:00.289947 n-d-846466-6 devstack@placement-api.service[105466]: INFO placement.requestlog [req-15a29acb-22e2-405c-a3d5-f57e2b446d81 req-8e3941b7-fab3-451e-9bfc-faeb0054114e service placement] 10.222.0.58 "GET /placement/allocations/830eb20b-c72a-413e-857f-077cef231f68" status: 200 len: 19 microversion: 1.28
Jul 19 20:19:00.304885 n-d-846466-6 devstack@placement-api.service[105466]: [pid: 105466|app: 0|req: 103/204] 10.222.0.58 () {60 vars in 1380 bytes} [Tue Jul 19 20:19:00 2022] GET /placement/allocations/830eb20b-c72a-413e-857f-077cef231f68 => generated 19 bytes in 38 msecs (HTTP/1.1 200) 8 headers in 295 bytes (1 switches on core 0)
Jul 19 20:19:00.316572 n-d-846466-6 devstack@placement-api.service[105467]: DEBUG placement.requestlog [req-15a29acb-22e2-405c-a3d5-f57e2b446d81 req-fe702ea4-27e1-47c6-8f36-5e2956bcd3b0 None None] Starting request: 10.222.0.58 "PUT /placement/allocations/830eb20b-c72a-413e-857f-077cef231f68" {{(pid=105467) __call__ /opt/stack/placement/placement/requestlog.py:55}}
Jul 19 20:19:00.409045 n-d-846466-6 devstack@placement-api.service[105467]: DEBUG placement.handlers.allocation [req-15a29acb-22e2-405c-a3d5-f57e2b446d81 req-fe702ea4-27e1-47c6-8f36-5e2956bcd3b0 service placement] Successfully wrote allocations [, , ] {{(pid=105467) _update_consumers_and_create_allocations /opt/stack/placement/placement/handlers/allocation.py:462}}
Jul 19 20:19:00.417134 n-d-846466-6 devstack@placement-api.service[105467]: INFO placement.requestlog [req-15a29acb-22e2-405c-a3d5-f57e2b446d81 req-fe702ea4-27e1-47c6-8f36-5e2956bcd3b0 service placement] 10.222.0.58 "PUT /placement/allocations/830eb20b-c72a-413e-857f-077cef231f68" status: 204 len: 0 microversion: 1.36
Jul 19 20:19:00.417764 n-d-846466-6 devstack@placement-api.service[105467]: [pid: 105467|app: 0|req: 102/205] 10.222.0.58 () {64 vars in 1433 bytes} [Tue Jul 19 20:19:00 2022] PUT /placement/allocations/830eb20b-c72a-413e-857f-077cef231f68 => generated 0 bytes in 103 msecs (HTTP/1.1 204) 5 headers in 199 bytes (1 switches on core 0)
Jul 19 20:19:00.907533 n-d-846466-6 devstack@placement-api.service[105466]: DEBUG placement.requestlog [req-15a29acb-22e2-405c-a3d5-f57e2b446d81 req-5e0b2526-87e9-4d26-aaf9-d91b4d4bfe16 None None] Starting request: 10.222.0.69 "GET /placement/allocations/830eb20b-c72a-413e-857f-077cef231f68" {{(pid=105466) __call__ /opt/stack/placement/placement/requestlog.py:55}}
Jul 19 20:19:00.930383 n-d-846466-6 devstack@placement-api.service[105466]: INFO placement.requestlog [req-15a29acb-22e2-405c-a3d5-f57e2b446d81 req-5e0b2526-87e9-4d26-aaf9-d91b4d4bfe16 service placement] 10.222.0.69 "GET /placement/allocations/830eb20b-c72a-413e-857f-077cef231f68" status: 200 len: 259 microversion: 1.28
Jul 19 20:19:00.931227 n-d-846466-6 devstack@placement-api.service[105466]: [pid: 105466|app: 0|req: 104/206] 10.222.0.69 () {60 vars in 1377 bytes} [Tue Jul 19 20:19:00 2022] GET /placement/allocations/830eb20b-c72a-413e-857f-077cef231f68 => generated 259 bytes in 25 msecs (HTTP/1.1 200) 8 headers in 296 bytes (1 switches on core 0)
Jul 19 20:19:04.585319 n-d-846466-6 devstack@placement-api.service[105467]: DEBUG placement.requestlog [req-2f8171a5-513e-4f7b-92fd-bc7fafdfeefd req-7fff25c1-6a0e-4c6b-9aa7-f4289ac19c5b None None] Starting request: 10.222.0.67 "GET /placement/allocations/1c0ab85c-08ee-4311-b134-0d035a682c66" {{(pid=105467) __call__ /opt/stack/placement/placement/requestlog.py:55}}
Jul 19 20:19:04.625150 n-d-846466-6 devstack@placement-api.service[105467]: INFO placement.requestlog [req-2f8171a5-513e-4f7b-92fd-bc7fafdfeefd req-7fff25c1-6a0e-4c6b-9aa7-f4289ac19c5b service placement] 10.222.0.67 "GET /placement/allocations/1c0ab85c-08ee-4311-b134-0d035a682c66" status: 200 len: 259 microversion: 1.28
Jul 19 20:19:04.627945 n-d-846466-6 devstack@placement-api.service[105467]: [pid: 105467|app: 0|req: 103/207] 10.222.0.67 () {60 vars in 1377 bytes} [Tue Jul 19 20:19:04 2022] GET /placement/allocations/1c0ab85c-08ee-4311-b134-0d035a682c66 => generated 259 bytes in 43 msecs (HTTP/1.1 200) 8 headers in 296 bytes (1 switches on core 0)
Jul 19 20:19:10.927664 n-d-846466-6 devstack@placement-api.service[105466]: DEBUG dbcounter [-] [105466] Writing DB stats placement:SELECT=48,placement:DELETE=4,placement:INSERT=3,placement:UPDATE=2 {{(pid=105466) stat_writer /usr/local/lib/python3.8/dist-packages/dbcounter.py:114}}
Jul 19 20:19:13.223250 n-d-846466-6 devstack@placement-api.service[105466]: DEBUG placement.requestlog [req-780a92c8-1dee-4b78-8117-4f75a8d73ba8 req-9f059e37-6da8-4c65-ac67-70b466c69619 None None] Starting request: 10.222.0.69 "GET /placement/allocations/0e3f175a-7018-4dcc-a9a0-0a11407a9ff2" {{(pid=105466) __call__ /opt/stack/placement/placement/requestlog.py:55}}
Jul 19 20:19:13.243156 n-d-846466-6 devstack@placement-api.service[105466]: INFO placement.requestlog [req-780a92c8-1dee-4b78-8117-4f75a8d73ba8 req-9f059e37-6da8-4c65-ac67-70b466c69619 service placement] 10.222.0.69 "GET /placement/allocations/0e3f175a-7018-4dcc-a9a0-0a11407a9ff2" status: 200 len: 259 microversion: 1.28
Jul 19 20:19:13.243957 n-d-846466-6 devstack@placement-api.service[105466]: [pid: 105466|app: 0|req: 105/208] 10.222.0.69 () {60 vars in 1377 bytes} [Tue Jul 19 20:19:13 2022] GET /placement/allocations/0e3f175a-7018-4dcc-a9a0-0a11407a9ff2 => generated 259 bytes in 21 msecs (HTTP/1.1 200) 8 headers in 296 bytes (1 switches on core 0)
Jul 19 20:19:13.251630 n-d-846466-6 devstack@placement-api.service[105467]: DEBUG placement.requestlog [req-780a92c8-1dee-4b78-8117-4f75a8d73ba8 req-9eb907aa-c1ad-44c8-bea5-28f726132d3a None None] Starting request: 10.222.0.69 "PUT /placement/allocations/0e3f175a-7018-4dcc-a9a0-0a11407a9ff2" {{(pid=105467) __call__ /opt/stack/placement/placement/requestlog.py:55}}
Jul 19 20:19:13.297386 n-d-846466-6 devstack@placement-api.service[105467]: DEBUG dbcounter [-] [105467] Writing DB stats placement:SELECT=82,placement:INSERT=8,placement:DELETE=6,placement:UPDATE=4 {{(pid=105467) stat_writer /usr/local/lib/python3.8/dist-packages/dbcounter.py:114}}
Jul 19 20:19:13.318663 n-d-846466-6 devstack@placement-api.service[105467]: DEBUG placement.handlers.allocation [req-780a92c8-1dee-4b78-8117-4f75a8d73ba8 req-9eb907aa-c1ad-44c8-bea5-28f726132d3a service placement] Successfully wrote allocations [, , ] {{(pid=105467) _update_consumers_and_create_allocations /opt/stack/placement/placement/handlers/allocation.py:462}}
Jul 19 20:19:13.334247 n-d-846466-6 devstack@placement-api.service[105467]: INFO placement.requestlog [req-780a92c8-1dee-4b78-8117-4f75a8d73ba8 req-9eb907aa-c1ad-44c8-bea5-28f726132d3a service placement] 10.222.0.69 "PUT /placement/allocations/0e3f175a-7018-4dcc-a9a0-0a11407a9ff2" status: 204 len: 0 microversion: 1.28
Jul 19 20:19:13.335098 n-d-846466-6 devstack@placement-api.service[105467]: [pid: 105467|app: 0|req: 104/209] 10.222.0.69 () {64 vars in 1430 bytes} [Tue Jul 19 20:19:13 2022] PUT /placement/allocations/0e3f175a-7018-4dcc-a9a0-0a11407a9ff2 => generated 0 bytes in 84 msecs (HTTP/1.1 204) 5 headers in 199 bytes (2 switches on core 0)
Jul 19 20:19:15.522039 n-d-846466-6 devstack@placement-api.service[105466]: DEBUG placement.requestlog [req-42e22d09-9561-4f45-99f0-d3060f2ec20f req-f08c4f5f-fcfe-4e15-be9d-a0b30028c69a None None] Starting request: 10.222.0.67 "DELETE /placement/allocations/99e9baf9-6fd0-4df1-81ae-a162778085a9" {{(pid=105466) __call__ /opt/stack/placement/placement/requestlog.py:55}}
Jul 19 20:19:15.572091 n-d-846466-6 devstack@placement-api.service[105466]: DEBUG placement.handlers.allocation [req-42e22d09-9561-4f45-99f0-d3060f2ec20f req-f08c4f5f-fcfe-4e15-be9d-a0b30028c69a service placement] Successfully deleted allocations [, , ] {{(pid=105466) delete_allocations /opt/stack/placement/placement/handlers/allocation.py:627}}
Jul 19 20:19:15.572903 n-d-846466-6 devstack@placement-api.service[105466]: INFO placement.requestlog [req-42e22d09-9561-4f45-99f0-d3060f2ec20f req-f08c4f5f-fcfe-4e15-be9d-a0b30028c69a service placement] 10.222.0.67 "DELETE /placement/allocations/99e9baf9-6fd0-4df1-81ae-a162778085a9" status: 204 len: 0 microversion: 1.0
Jul 19 20:19:15.573306 n-d-846466-6 devstack@placement-api.service[105466]: [pid: 105466|app: 0|req: 106/210] 10.222.0.67 () {60 vars in 1355 bytes} [Tue Jul 19 20:19:15 2022] DELETE /placement/allocations/99e9baf9-6fd0-4df1-81ae-a162778085a9 => generated 0 bytes in 52 msecs (HTTP/1.1 204) 5 headers in 198 bytes (1 switches on core 0)
Jul 19 20:19:18.357898 n-d-846466-6 devstack@placement-api.service[105467]: DEBUG placement.requestlog [req-0621a2d6-2681-49e2-a428-af7c3354105e req-5c216a16-44af-4bd5-9151-0a8447f79424 None None] Starting request: 10.222.0.58 "GET /placement/allocation_candidates?limit=1000&resources=DISK_GB%3A1%2CMEMORY_MB%3A1024%2CVCPU%3A1&root_required=%21COMPUTE_STATUS_DISABLED" {{(pid=105467) __call__ /opt/stack/placement/placement/requestlog.py:55}}
Jul 19 20:19:18.434584 n-d-846466-6 devstack@placement-api.service[105467]: DEBUG placement.objects.research_context [req-0621a2d6-2681-49e2-a428-af7c3354105e req-5c216a16-44af-4bd5-9151-0a8447f79424 service placement] getting providers with 1 DISK_GB {{(pid=105467) __init__ /opt/stack/placement/placement/objects/research_context.py:136}}
Jul 19 20:19:18.441134 n-d-846466-6 devstack@placement-api.service[105467]: DEBUG placement.objects.research_context [req-0621a2d6-2681-49e2-a428-af7c3354105e req-5c216a16-44af-4bd5-9151-0a8447f79424 service placement] getting providers with 1024 MEMORY_MB {{(pid=105467) __init__ /opt/stack/placement/placement/objects/research_context.py:136}}
Jul 19 20:19:18.449230 n-d-846466-6 devstack@placement-api.service[105467]: DEBUG placement.objects.research_context [req-0621a2d6-2681-49e2-a428-af7c3354105e req-5c216a16-44af-4bd5-9151-0a8447f79424 service placement] getting providers with 1 VCPU {{(pid=105467) __init__ /opt/stack/placement/placement/objects/research_context.py:136}}
Jul 19 20:19:18.456304 n-d-846466-6 devstack@placement-api.service[105467]: DEBUG placement.objects.research_context [req-0621a2d6-2681-49e2-a428-af7c3354105e req-5c216a16-44af-4bd5-9151-0a8447f79424 service placement] found 2 providers with available 1 DISK_GB {{(pid=105467) get_provider_ids_matching /opt/stack/placement/placement/objects/research_context.py:563}}
Jul 19 20:19:18.456876 n-d-846466-6 devstack@placement-api.service[105467]: DEBUG placement.objects.research_context [req-0621a2d6-2681-49e2-a428-af7c3354105e req-5c216a16-44af-4bd5-9151-0a8447f79424 service placement] found 2 providers with available 1024 MEMORY_MB {{(pid=105467) get_provider_ids_matching /opt/stack/placement/placement/objects/research_context.py:563}}
Jul 19 20:19:18.457306 n-d-846466-6 devstack@placement-api.service[105467]: DEBUG placement.objects.research_context [req-0621a2d6-2681-49e2-a428-af7c3354105e req-5c216a16-44af-4bd5-9151-0a8447f79424 service placement] found 2 providers after filtering by previous result {{(pid=105467) get_provider_ids_matching /opt/stack/placement/placement/objects/research_context.py:594}}
Jul 19 20:19:18.457720 n-d-846466-6 devstack@placement-api.service[105467]: DEBUG placement.objects.research_context [req-0621a2d6-2681-49e2-a428-af7c3354105e req-5c216a16-44af-4bd5-9151-0a8447f79424 service placement] found 2 providers with available 1 VCPU {{(pid=105467) get_provider_ids_matching /opt/stack/placement/placement/objects/research_context.py:563}}
Jul 19 20:19:18.458123 n-d-846466-6 devstack@placement-api.service[105467]: DEBUG placement.objects.research_context [req-0621a2d6-2681-49e2-a428-af7c3354105e req-5c216a16-44af-4bd5-9151-0a8447f79424 service placement] found 2 providers after filtering by previous result {{(pid=105467) get_provider_ids_matching /opt/stack/placement/placement/objects/research_context.py:594}}
Jul 19 20:19:18.491821 n-d-846466-6 devstack@placement-api.service[105467]: DEBUG placement.objects.allocation_candidate [req-0621a2d6-2681-49e2-a428-af7c3354105e req-5c216a16-44af-4bd5-9151-0a8447f79424 service placement] RequestGroup(use_same_provider=False, resources={DISK_GB:1, MEMORY_MB:1024, VCPU:1}, traits=(), aggregates=[]) (suffix '') returned 2 matches {{(pid=105467) _get_by_requests /opt/stack/placement/placement/objects/allocation_candidate.py:156}}
Jul 19 20:19:18.492445 n-d-846466-6 devstack@placement-api.service[105467]: DEBUG placement.objects.allocation_candidate [req-0621a2d6-2681-49e2-a428-af7c3354105e req-5c216a16-44af-4bd5-9151-0a8447f79424 service placement] Merging candidates yields 2 allocation requests and 2 provider summaries {{(pid=105467) _merge_candidates /opt/stack/placement/placement/objects/allocation_candidate.py:809}}
Jul 19 20:19:18.494476 n-d-846466-6 devstack@placement-api.service[105467]: INFO placement.requestlog [req-0621a2d6-2681-49e2-a428-af7c3354105e req-5c216a16-44af-4bd5-9151-0a8447f79424 service placement] 10.222.0.58 "GET /placement/allocation_candidates?limit=1000&resources=DISK_GB%3A1%2CMEMORY_MB%3A1024%2CVCPU%3A1&root_required=%21COMPUTE_STATUS_DISABLED" status: 200 len: 1309 microversion: 1.36
Jul 19 20:19:18.495026 n-d-846466-6 devstack@placement-api.service[105467]: [pid: 105467|app: 0|req: 105/211] 10.222.0.58 () {60 vars in 1506 bytes} [Tue Jul 19 20:19:18 2022] GET /placement/allocation_candidates?limit=1000&resources=DISK_GB%3A1%2CMEMORY_MB%3A1024%2CVCPU%3A1&root_required=%21COMPUTE_STATUS_DISABLED => generated 1309 bytes in 137 msecs (HTTP/1.1 200) 8 headers in 297 bytes (1 switches on core 0)
