Aug 23 10:10:25.676154 n-d-846466-15 devstack@n-api.service[106358]: DEBUG nova.context [None req-2ae1fdbb-cbe1-405f-947c-d6a98378e379 None None] Found 2 cells: 00000000-0000-0000-0000-000000000000(cell0),e61a79ac-6eee-47b9-8cdd-07d914aabab5(cell1) {{(pid=106358) load_cells /opt/stack/nova/nova/context.py:464}}
Aug 23 10:10:25.678759 n-d-846466-15 devstack@n-api.service[106357]: DEBUG oslo_concurrency.lockutils [None req-0824f393-f6b4-4b80-93d0-864269eeca85 None None] Acquiring lock "00000000-0000-0000-0000-000000000000" by "nova.context.set_target_cell..get_or_set_cached_cell_and_set_connections" {{(pid=106357) inner /usr/local/lib/python3.8/dist-packages/oslo_concurrency/lockutils.py:385}}
Aug 23 10:10:25.679294 n-d-846466-15 devstack@n-api.service[106357]: DEBUG oslo_concurrency.lockutils [None req-0824f393-f6b4-4b80-93d0-864269eeca85 None None] Lock "00000000-0000-0000-0000-000000000000" acquired by "nova.context.set_target_cell..get_or_set_cached_cell_and_set_connections" :: waited 0.001s {{(pid=106357) inner /usr/local/lib/python3.8/dist-packages/oslo_concurrency/lockutils.py:390}}
Aug 23 10:10:25.679966 n-d-846466-15 devstack@n-api.service[106358]: DEBUG oslo_concurrency.lockutils [None req-2ae1fdbb-cbe1-405f-947c-d6a98378e379 None None] Acquiring lock "00000000-0000-0000-0000-000000000000" by "nova.context.set_target_cell..get_or_set_cached_cell_and_set_connections" {{(pid=106358) inner /usr/local/lib/python3.8/dist-packages/oslo_concurrency/lockutils.py:385}}
Aug 23 10:10:25.680432 n-d-846466-15 devstack@n-api.service[106358]: DEBUG oslo_concurrency.lockutils [None req-2ae1fdbb-cbe1-405f-947c-d6a98378e379 None None] Lock "00000000-0000-0000-0000-000000000000" acquired by "nova.context.set_target_cell..get_or_set_cached_cell_and_set_connections" :: waited 0.001s {{(pid=106358) inner /usr/local/lib/python3.8/dist-packages/oslo_concurrency/lockutils.py:390}}
Aug 23 10:10:25.680776 n-d-846466-15 devstack@n-api.service[106357]: DEBUG oslo_concurrency.lockutils [None req-0824f393-f6b4-4b80-93d0-864269eeca85 None None] Lock "00000000-0000-0000-0000-000000000000" "released" by "nova.context.set_target_cell..get_or_set_cached_cell_and_set_connections" :: held 0.002s {{(pid=106357) inner /usr/local/lib/python3.8/dist-packages/oslo_concurrency/lockutils.py:404}}
Aug 23 10:10:25.681503 n-d-846466-15 devstack@n-api.service[106357]: DEBUG oslo_concurrency.lockutils [None req-0824f393-f6b4-4b80-93d0-864269eeca85 None None] Acquiring lock "e61a79ac-6eee-47b9-8cdd-07d914aabab5" by "nova.context.set_target_cell..get_or_set_cached_cell_and_set_connections" {{(pid=106357) inner /usr/local/lib/python3.8/dist-packages/oslo_concurrency/lockutils.py:385}}
Aug 23 10:10:25.681945 n-d-846466-15 devstack@n-api.service[106357]: DEBUG oslo_concurrency.lockutils [None req-0824f393-f6b4-4b80-93d0-864269eeca85 None None] Lock "e61a79ac-6eee-47b9-8cdd-07d914aabab5" acquired by "nova.context.set_target_cell..get_or_set_cached_cell_and_set_connections" :: waited 0.000s {{(pid=106357) inner /usr/local/lib/python3.8/dist-packages/oslo_concurrency/lockutils.py:390}}
Aug 23 10:10:25.682051 n-d-846466-15 devstack@n-api.service[106358]: DEBUG oslo_concurrency.lockutils [None req-2ae1fdbb-cbe1-405f-947c-d6a98378e379 None None] Lock "00000000-0000-0000-0000-000000000000" "released" by "nova.context.set_target_cell..get_or_set_cached_cell_and_set_connections" :: held 0.002s {{(pid=106358) inner /usr/local/lib/python3.8/dist-packages/oslo_concurrency/lockutils.py:404}}
Aug 23 10:10:25.682733 n-d-846466-15 devstack@n-api.service[106358]: DEBUG oslo_concurrency.lockutils [None req-2ae1fdbb-cbe1-405f-947c-d6a98378e379 None None] Acquiring lock "e61a79ac-6eee-47b9-8cdd-07d914aabab5" by "nova.context.set_target_cell..get_or_set_cached_cell_and_set_connections" {{(pid=106358) inner /usr/local/lib/python3.8/dist-packages/oslo_concurrency/lockutils.py:385}}
Aug 23 10:10:25.683180 n-d-846466-15 devstack@n-api.service[106358]: DEBUG oslo_concurrency.lockutils [None req-2ae1fdbb-cbe1-405f-947c-d6a98378e379 None None] Lock "e61a79ac-6eee-47b9-8cdd-07d914aabab5" acquired by "nova.context.set_target_cell..get_or_set_cached_cell_and_set_connections" :: waited 0.000s {{(pid=106358) inner /usr/local/lib/python3.8/dist-packages/oslo_concurrency/lockutils.py:390}}
Aug 23 10:10:25.683940 n-d-846466-15 devstack@n-api.service[106357]: DEBUG oslo_concurrency.lockutils [None req-0824f393-f6b4-4b80-93d0-864269eeca85 None None] Lock "e61a79ac-6eee-47b9-8cdd-07d914aabab5" "released" by "nova.context.set_target_cell..get_or_set_cached_cell_and_set_connections" :: held 0.002s {{(pid=106357) inner /usr/local/lib/python3.8/dist-packages/oslo_concurrency/lockutils.py:404}}
Aug 23 10:10:25.685131 n-d-846466-15 devstack@n-api.service[106358]: DEBUG oslo_concurrency.lockutils [None req-2ae1fdbb-cbe1-405f-947c-d6a98378e379 None None] Lock "e61a79ac-6eee-47b9-8cdd-07d914aabab5" "released" by "nova.context.set_target_cell..get_or_set_cached_cell_and_set_connections" :: held 0.002s {{(pid=106358) inner /usr/local/lib/python3.8/dist-packages/oslo_concurrency/lockutils.py:404}}
Aug 23 10:10:25.685872 n-d-846466-15 devstack@n-api.service[106357]: INFO dbcounter [None req-0824f393-f6b4-4b80-93d0-864269eeca85 None None] Registered counter for database nova_cell0
Aug 23 10:10:25.687086 n-d-846466-15 devstack@n-api.service[106358]: INFO dbcounter [None req-2ae1fdbb-cbe1-405f-947c-d6a98378e379 None None] Registered counter for database nova_cell0
Aug 23 10:10:25.691750 n-d-846466-15 devstack@n-api.service[106357]: INFO dbcounter [None req-0824f393-f6b4-4b80-93d0-864269eeca85 None None] Registered counter for database nova_cell1
Aug 23 10:10:25.692994 n-d-846466-15 devstack@n-api.service[106358]: INFO dbcounter [None req-2ae1fdbb-cbe1-405f-947c-d6a98378e379 None None] Registered counter for database nova_cell1
Aug 23 10:10:25.698982 n-d-846466-15 devstack@n-api.service[106357]: DEBUG oslo_db.sqlalchemy.engines [None req-0824f393-f6b4-4b80-93d0-864269eeca85 None None] MySQL server mode set to STRICT_TRANS_TABLES,STRICT_ALL_TABLES,NO_ZERO_IN_DATE,NO_ZERO_DATE,ERROR_FOR_DIVISION_BY_ZERO,TRADITIONAL,NO_ENGINE_SUBSTITUTION {{(pid=106357) _check_effective_sql_mode /usr/local/lib/python3.8/dist-packages/oslo_db/sqlalchemy/engines.py:314}}
Aug 23 10:10:25.701662 n-d-846466-15 devstack@n-api.service[106357]: DEBUG oslo_db.sqlalchemy.engines [None req-0824f393-f6b4-4b80-93d0-864269eeca85 None None] MySQL server mode set to STRICT_TRANS_TABLES,STRICT_ALL_TABLES,NO_ZERO_IN_DATE,NO_ZERO_DATE,ERROR_FOR_DIVISION_BY_ZERO,TRADITIONAL,NO_ENGINE_SUBSTITUTION {{(pid=106357) _check_effective_sql_mode /usr/local/lib/python3.8/dist-packages/oslo_db/sqlalchemy/engines.py:314}}
Aug 23 10:10:25.702422 n-d-846466-15 devstack@n-api.service[106358]: DEBUG oslo_db.sqlalchemy.engines [None req-2ae1fdbb-cbe1-405f-947c-d6a98378e379 None None] MySQL server mode set to STRICT_TRANS_TABLES,STRICT_ALL_TABLES,NO_ZERO_IN_DATE,NO_ZERO_DATE,ERROR_FOR_DIVISION_BY_ZERO,TRADITIONAL,NO_ENGINE_SUBSTITUTION {{(pid=106358) _check_effective_sql_mode /usr/local/lib/python3.8/dist-packages/oslo_db/sqlalchemy/engines.py:314}}
Aug 23 10:10:25.706165 n-d-846466-15 devstack@n-api.service[106358]: DEBUG oslo_db.sqlalchemy.engines [None req-2ae1fdbb-cbe1-405f-947c-d6a98378e379 None None] MySQL server mode set to STRICT_TRANS_TABLES,STRICT_ALL_TABLES,NO_ZERO_IN_DATE,NO_ZERO_DATE,ERROR_FOR_DIVISION_BY_ZERO,TRADITIONAL,NO_ENGINE_SUBSTITUTION {{(pid=106358) _check_effective_sql_mode /usr/local/lib/python3.8/dist-packages/oslo_db/sqlalchemy/engines.py:314}}
Aug 23 10:10:25.707356 n-d-846466-15 devstack@n-api.service[106357]: DEBUG dbcounter [-] [106357] Writer thread running {{(pid=106357) stat_writer /usr/local/lib/python3.8/dist-packages/dbcounter.py:99}}
Aug 23 10:10:25.708006 n-d-846466-15 devstack@n-api.service[106358]: DEBUG dbcounter [-] [106358] Writer thread running {{(pid=106358) stat_writer /usr/local/lib/python3.8/dist-packages/dbcounter.py:99}}
Aug 23 10:10:25.708929 n-d-846466-15 devstack@n-api.service[106357]: DEBUG dbcounter [-] [106357] Writer thread running {{(pid=106357) stat_writer /usr/local/lib/python3.8/dist-packages/dbcounter.py:99}}
Aug 23 10:10:25.845992 n-d-846466-15 devstack@n-api.service[106358]: DEBUG dbcounter [-] [106358] Writer thread running {{(pid=106358) stat_writer /usr/local/lib/python3.8/dist-packages/dbcounter.py:99}}
Aug 23 10:10:25.854182 n-d-846466-15 devstack@n-api.service[106357]: INFO dbcounter [None req-0824f393-f6b4-4b80-93d0-864269eeca85 None None] Registered counter for database nova_cell0
Aug 23 10:10:25.855206 n-d-846466-15 devstack@n-api.service[106358]: INFO dbcounter [None req-2ae1fdbb-cbe1-405f-947c-d6a98378e379 None None] Registered counter for database nova_cell0
Aug 23 10:10:25.863676 n-d-846466-15 devstack@n-api.service[106357]: DEBUG oslo_db.sqlalchemy.engines [None req-0824f393-f6b4-4b80-93d0-864269eeca85 None None] MySQL server mode set to STRICT_TRANS_TABLES,STRICT_ALL_TABLES,NO_ZERO_IN_DATE,NO_ZERO_DATE,ERROR_FOR_DIVISION_BY_ZERO,TRADITIONAL,NO_ENGINE_SUBSTITUTION {{(pid=106357) _check_effective_sql_mode /usr/local/lib/python3.8/dist-packages/oslo_db/sqlalchemy/engines.py:314}}
Aug 23 10:10:25.867233 n-d-846466-15 devstack@n-api.service[106358]: DEBUG oslo_db.sqlalchemy.engines [None req-2ae1fdbb-cbe1-405f-947c-d6a98378e379 None None] MySQL server mode set to STRICT_TRANS_TABLES,STRICT_ALL_TABLES,NO_ZERO_IN_DATE,NO_ZERO_DATE,ERROR_FOR_DIVISION_BY_ZERO,TRADITIONAL,NO_ENGINE_SUBSTITUTION {{(pid=106358) _check_effective_sql_mode /usr/local/lib/python3.8/dist-packages/oslo_db/sqlalchemy/engines.py:314}}
Aug 23 10:10:25.869196 n-d-846466-15 devstack@n-api.service[106357]: DEBUG dbcounter [-] [106357] Writer thread running {{(pid=106357) stat_writer /usr/local/lib/python3.8/dist-packages/dbcounter.py:99}}
Aug 23 10:10:25.872782 n-d-846466-15 devstack@n-api.service[106358]: DEBUG dbcounter [-] [106358] Writer thread running {{(pid=106358) stat_writer /usr/local/lib/python3.8/dist-packages/dbcounter.py:99}}
Aug 23 10:10:26.203737 n-d-846466-15 devstack@n-api.service[106357]: WARNING keystonemiddleware.auth_token [None req-0824f393-f6b4-4b80-93d0-864269eeca85 None None] AuthToken middleware is set with keystone_authtoken.service_token_roles_required set to False. This is backwards compatible but deprecated behaviour. Please set this to True.
Aug 23 10:10:26.204276 n-d-846466-15 devstack@n-api.service[106358]: WARNING keystonemiddleware.auth_token [None req-2ae1fdbb-cbe1-405f-947c-d6a98378e379 None None] AuthToken middleware is set with keystone_authtoken.service_token_roles_required set to False. This is backwards compatible but deprecated behaviour. Please set this to True.
Aug 23 10:10:26.211567 n-d-846466-15 devstack@n-api.service[106357]: WARNING keystonemiddleware.auth_token [None req-0824f393-f6b4-4b80-93d0-864269eeca85 None None] Configuring www_authenticate_uri to point to the public identity endpoint is required; clients may not be able to authenticate against an admin endpoint
Aug 23 10:10:26.211698 n-d-846466-15 devstack@n-api.service[106358]: WARNING keystonemiddleware.auth_token [None req-2ae1fdbb-cbe1-405f-947c-d6a98378e379 None None] Configuring www_authenticate_uri to point to the public identity endpoint is required; clients may not be able to authenticate against an admin endpoint
Aug 23 10:10:26.552855 n-d-846466-15 devstack@n-api.service[106357]: WARNING keystonemiddleware.auth_token [None req-0824f393-f6b4-4b80-93d0-864269eeca85 None None] AuthToken middleware is set with keystone_authtoken.service_token_roles_required set to False. This is backwards compatible but deprecated behaviour. Please set this to True.
Aug 23 10:10:26.558741 n-d-846466-15 devstack@n-api.service[106357]: WARNING keystonemiddleware.auth_token [None req-0824f393-f6b4-4b80-93d0-864269eeca85 None None] Configuring www_authenticate_uri to point to the public identity endpoint is required; clients may not be able to authenticate against an admin endpoint
Aug 23 10:10:26.560443 n-d-846466-15 devstack@n-api.service[106358]: WARNING keystonemiddleware.auth_token [None req-2ae1fdbb-cbe1-405f-947c-d6a98378e379 None None] AuthToken middleware is set with keystone_authtoken.service_token_roles_required set to False. This is backwards compatible but deprecated behaviour. Please set this to True.
Aug 23 10:10:26.563962 n-d-846466-15 devstack@n-api.service[106357]: WSGI app 0 (mountpoint='') ready in 6 seconds on interpreter 0x5611624549c0 pid: 106357 (default app)
Aug 23 10:10:26.566068 n-d-846466-15 devstack@n-api.service[106357]: DEBUG nova.api.openstack.wsgi [None req-0824f393-f6b4-4b80-93d0-864269eeca85 None None] Calling method '>' {{(pid=106357) _process_stack /opt/stack/nova/nova/api/openstack/wsgi.py:513}}
Aug 23 10:10:26.566365 n-d-846466-15 devstack@n-api.service[106358]: WARNING keystonemiddleware.auth_token [None req-2ae1fdbb-cbe1-405f-947c-d6a98378e379 None None] Configuring www_authenticate_uri to point to the public identity endpoint is required; clients may not be able to authenticate against an admin endpoint
Aug 23 10:10:26.567277 n-d-846466-15 devstack@n-api.service[106357]: INFO nova.api.openstack.requestlog [None req-0824f393-f6b4-4b80-93d0-864269eeca85 None None] 10.222.0.79 "GET /compute/v2.1/" status: 200 len: 388 microversion: 2.1 time: 0.001784
Aug 23 10:10:26.567692 n-d-846466-15 devstack@n-api.service[106357]: [pid: 106357|app: 0|req: 1/1] 10.222.0.79 () {50 vars in 788 bytes} [Tue Aug 23 10:10:26 2022] GET /compute/v2.1/ => generated 388 bytes in 3 msecs (HTTP/1.1 200) 9 headers in 357 bytes (1 switches on core 0)
Aug 23 10:10:26.571616 n-d-846466-15 devstack@n-api.service[106358]: WSGI app 0 (mountpoint='') ready in 6 seconds on interpreter 0x5611624549c0 pid: 106358 (default app)
Aug 23 10:11:43.699410 n-d-846466-15 devstack@n-api.service[106357]: DEBUG nova.api.openstack.wsgi [None req-0824f393-f6b4-4b80-93d0-864269eeca85 None None] Calling method '>' {{(pid=106357) _process_stack /opt/stack/nova/nova/api/openstack/wsgi.py:513}}
Aug 23 10:11:43.700635 n-d-846466-15 devstack@n-api.service[106357]: INFO nova.api.openstack.requestlog [None req-0824f393-f6b4-4b80-93d0-864269eeca85 None None] 10.222.0.79 "GET /compute/v2.1" status: 200 len: 388 microversion: 2.1 time: 0.001670
Aug 23 10:11:43.701137 n-d-846466-15 devstack@n-api.service[106357]: [pid: 106357|app: 0|req: 2/2] 10.222.0.79 () {54 vars in 931 bytes} [Tue Aug 23 10:11:43 2022] GET /compute/v2.1 => generated 388 bytes in 3 msecs (HTTP/1.1 200) 9 headers in 357 bytes (1 switches on core 0)
Aug 23 10:11:43.714234 n-d-846466-15 devstack@n-api.service[106358]: DEBUG dbcounter [-] [106358] Writing DB stats nova_api:SELECT=3 {{(pid=106358) stat_writer /usr/local/lib/python3.8/dist-packages/dbcounter.py:114}}
Aug 23 10:11:43.715370 n-d-846466-15 devstack@n-api.service[106358]: DEBUG dbcounter [-] [106358] Writing DB stats nova_cell0:SELECT=3 {{(pid=106358) stat_writer /usr/local/lib/python3.8/dist-packages/dbcounter.py:114}}
Aug 23 10:11:43.716657 n-d-846466-15 devstack@n-api.service[106358]: DEBUG dbcounter [-] [106358] Writing DB stats nova_cell1:SELECT=3 {{(pid=106358) stat_writer /usr/local/lib/python3.8/dist-packages/dbcounter.py:114}}
Aug 23 10:11:43.717746 n-d-846466-15 devstack@n-api.service[106358]: DEBUG dbcounter [-] [106358] Writing DB stats nova_cell0:SELECT=6,nova_cell0:INSERT=1 {{(pid=106358) stat_writer /usr/local/lib/python3.8/dist-packages/dbcounter.py:114}}
Aug 23 10:11:44.620523 n-d-846466-15 devstack@n-api.service[106358]: DEBUG nova.api.openstack.wsgi [None req-1588760f-d660-4534-adf9-0e4bf326fe25 admin admin] Calling method '>' {{(pid=106358) _process_stack /opt/stack/nova/nova/api/openstack/wsgi.py:513}}
Aug 23 10:11:44.652722 n-d-846466-15 devstack@n-api.service[106358]: INFO nova.api.openstack.requestlog [None req-1588760f-d660-4534-adf9-0e4bf326fe25 admin admin] 10.222.0.79 "GET /compute/v2.1/flavors/detail?is_public=True" status: 200 len: 15 microversion: 2.61 time: 0.943588
Aug 23 10:11:44.653613 n-d-846466-15 devstack@n-api.service[106358]: [pid: 106358|app: 0|req: 1/3] 10.222.0.79 () {60 vars in 1292 bytes} [Tue Aug 23 10:11:43 2022] GET /compute/v2.1/flavors/detail?is_public=True => generated 15 bytes in 946 msecs (HTTP/1.1 200) 9 headers in 358 bytes (1 switches on core 0)
Aug 23 10:11:46.995188 n-d-846466-15 devstack@n-api.service[106357]: DEBUG nova.api.openstack.wsgi [None req-0824f393-f6b4-4b80-93d0-864269eeca85 None None] Calling method '>' {{(pid=106357) _process_stack /opt/stack/nova/nova/api/openstack/wsgi.py:513}}
Aug 23 10:11:46.996223 n-d-846466-15 devstack@n-api.service[106357]: INFO nova.api.openstack.requestlog [None req-0824f393-f6b4-4b80-93d0-864269eeca85 None None] 10.222.0.79 "GET /compute/v2.1" status: 200 len: 388 microversion: 2.1 time: 0.001412
Aug 23 10:11:46.996565 n-d-846466-15 devstack@n-api.service[106357]: [pid: 106357|app: 0|req: 3/4] 10.222.0.79 () {54 vars in 931 bytes} [Tue Aug 23 10:11:46 2022] GET /compute/v2.1 => generated 388 bytes in 2 msecs (HTTP/1.1 200) 9 headers in 357 bytes (1 switches on core 0)
Aug 23 10:11:47.441741 n-d-846466-15 devstack@n-api.service[106358]: DEBUG nova.api.openstack.wsgi [None req-40d5d4c4-3fa5-4b1b-893d-86f9d768d181 admin admin] Action: 'create', calling method: >, body: {"flavor": {"os-flavor-access:is_public": true, "vcpus": 1, "swap": 0, "id": "c1", "OS-FLV-EXT-DATA:ephemeral": 0, "name": "cirros256", "ram": 256, "rxtx_factor": 1.0, "disk": 1}} {{(pid=106358) _process_stack /opt/stack/nova/nova/api/openstack/wsgi.py:511}}
Aug 23 10:11:47.461550 n-d-846466-15 devstack@n-api.service[106358]: /usr/local/lib/python3.8/dist-packages/oslo_policy/policy.py:1129: UserWarning: Policy "os_compute_api:os-flavor-manage:create": "rule:context_is_admin" failed scope check. The token used to make the request was project scoped but the policy requires ['system'] scope. This behavior may change in the future where using the intended scope is required
Aug 23 10:11:47.461550 n-d-846466-15 devstack@n-api.service[106358]: warnings.warn(msg)
Aug 23 10:11:47.489875 n-d-846466-15 devstack@n-api.service[106358]: INFO nova.api.openstack.requestlog [None req-40d5d4c4-3fa5-4b1b-893d-86f9d768d181 admin admin] 10.222.0.79 "POST /compute/v2.1/flavors" status: 200 len: 407 microversion: 2.61 time: 0.483978
Aug 23 10:11:47.490448 n-d-846466-15 devstack@n-api.service[106358]: [pid: 106358|app: 0|req: 2/5] 10.222.0.79 () {64 vars in 1283 bytes} [Tue Aug 23 10:11:47 2022] POST /compute/v2.1/flavors => generated 407 bytes in 488 msecs (HTTP/1.1 200) 9 headers in 359 bytes (1 switches on core 0)
Aug 23 10:11:47.712706 n-d-846466-15 devstack@n-api.service[106357]: DEBUG nova.api.openstack.wsgi [None req-dd3a9c0d-f381-4a3a-827a-f711e8ac3926 admin admin] Action: 'create', calling method: >, body: {"extra_specs": {"hw_rng:allowed": "True"}} {{(pid=106357) _process_stack /opt/stack/nova/nova/api/openstack/wsgi.py:511}}
Aug 23 10:11:47.717038 n-d-846466-15 devstack@n-api.service[106357]: /usr/local/lib/python3.8/dist-packages/oslo_policy/policy.py:1129: UserWarning: Policy "os_compute_api:os-flavor-extra-specs:create": "rule:context_is_admin" failed scope check. The token used to make the request was project scoped but the policy requires ['system'] scope. This behavior may change in the future where using the intended scope is required
Aug 23 10:11:47.717038 n-d-846466-15 devstack@n-api.service[106357]: warnings.warn(msg)
Aug 23 10:11:47.720354 n-d-846466-15 devstack@n-api.service[106357]: DEBUG dbcounter [-] [106357] Writing DB stats nova_api:SELECT=3 {{(pid=106357) stat_writer /usr/local/lib/python3.8/dist-packages/dbcounter.py:114}}
Aug 23 10:11:47.721305 n-d-846466-15 devstack@n-api.service[106357]: DEBUG dbcounter [-] [106357] Writing DB stats nova_cell0:SELECT=3 {{(pid=106357) stat_writer /usr/local/lib/python3.8/dist-packages/dbcounter.py:114}}
Aug 23 10:11:47.722043 n-d-846466-15 devstack@n-api.service[106357]: DEBUG dbcounter [-] [106357] Writing DB stats nova_cell1:SELECT=3 {{(pid=106357) stat_writer /usr/local/lib/python3.8/dist-packages/dbcounter.py:114}}
Aug 23 10:11:47.722721 n-d-846466-15 devstack@n-api.service[106357]: DEBUG dbcounter [-] [106357] Writing DB stats nova_cell0:SELECT=6,nova_cell0:INSERT=1 {{(pid=106357) stat_writer /usr/local/lib/python3.8/dist-packages/dbcounter.py:114}}
Aug 23 10:11:47.783588 n-d-846466-15 devstack@n-api.service[106357]: INFO nova.api.openstack.requestlog [None req-dd3a9c0d-f381-4a3a-827a-f711e8ac3926 admin admin] 10.222.0.79 "POST /compute/v2.1/flavors/c1/os-extra_specs" status: 200 len: 43 microversion: 2.61 time: 0.283337
Aug 23 10:11:47.785378 n-d-846466-15 devstack@n-api.service[106357]: [pid: 106357|app: 0|req: 4/6] 10.222.0.79 () {64 vars in 1336 bytes} [Tue Aug 23 10:11:47 2022] POST /compute/v2.1/flavors/c1/os-extra_specs => generated 43 bytes in 286 msecs (HTTP/1.1 200) 9 headers in 358 bytes (1 switches on core 0)
Aug 23 10:11:50.162909 n-d-846466-15 devstack@n-api.service[106358]: DEBUG nova.api.openstack.wsgi [None req-40d5d4c4-3fa5-4b1b-893d-86f9d768d181 admin admin] Calling method '>' {{(pid=106358) _process_stack /opt/stack/nova/nova/api/openstack/wsgi.py:513}}
Aug 23 10:11:50.163985 n-d-846466-15 devstack@n-api.service[106358]: INFO nova.api.openstack.requestlog [None req-40d5d4c4-3fa5-4b1b-893d-86f9d768d181 admin admin] 10.222.0.79 "GET /compute/v2.1" status: 200 len: 388 microversion: 2.1 time: 0.001537
Aug 23 10:11:50.164339 n-d-846466-15 devstack@n-api.service[106358]: [pid: 106358|app: 0|req: 3/7] 10.222.0.79 () {54 vars in 931 bytes} [Tue Aug 23 10:11:50 2022] GET /compute/v2.1 => generated 388 bytes in 2 msecs (HTTP/1.1 200) 9 headers in 357 bytes (1 switches on core 0)
Aug 23 10:11:50.923257 n-d-846466-15 devstack@n-api.service[106357]: DEBUG nova.api.openstack.wsgi [None req-d9174649-1bc5-495e-b26b-b2c0cc5b621b admin admin] Action: 'create', calling method: >, body: {"flavor": {"rxtx_factor": 1.0, "OS-FLV-EXT-DATA:ephemeral": 0, "os-flavor-access:is_public": true, "id": "d1", "vcpus": 1, "swap": 0, "ram": 512, "disk": 5, "name": "ds512M"}} {{(pid=106357) _process_stack /opt/stack/nova/nova/api/openstack/wsgi.py:511}}
Aug 23 10:11:50.943061 n-d-846466-15 devstack@n-api.service[106357]: /usr/local/lib/python3.8/dist-packages/oslo_policy/policy.py:1129: UserWarning: Policy "os_compute_api:os-flavor-manage:create": "rule:context_is_admin" failed scope check. The token used to make the request was project scoped but the policy requires ['system'] scope. This behavior may change in the future where using the intended scope is required
Aug 23 10:11:50.943061 n-d-846466-15 devstack@n-api.service[106357]: warnings.warn(msg)
Aug 23 10:11:50.963935 n-d-846466-15 devstack@n-api.service[106357]: INFO nova.api.openstack.requestlog [None req-d9174649-1bc5-495e-b26b-b2c0cc5b621b admin admin] 10.222.0.79 "POST /compute/v2.1/flavors" status: 200 len: 404 microversion: 2.61 time: 0.792591
Aug 23 10:11:50.972123 n-d-846466-15 devstack@n-api.service[106357]: [pid: 106357|app: 0|req: 5/8] 10.222.0.79 () {64 vars in 1283 bytes} [Tue Aug 23 10:11:50 2022] POST /compute/v2.1/flavors => generated 404 bytes in 801 msecs (HTTP/1.1 200) 9 headers in 359 bytes (2 switches on core 0)
Aug 23 10:11:50.979735 n-d-846466-15 devstack@n-api.service[106358]: DEBUG nova.api.openstack.wsgi [None req-4eeae34a-eaad-48ef-ba93-46e4cfaf6554 admin admin] Action: 'create', calling method: >, body: {"extra_specs": {"hw_rng:allowed": "True"}} {{(pid=106358) _process_stack /opt/stack/nova/nova/api/openstack/wsgi.py:511}}
Aug 23 10:11:50.982662 n-d-846466-15 devstack@n-api.service[106358]: /usr/local/lib/python3.8/dist-packages/oslo_policy/policy.py:1129: UserWarning: Policy "os_compute_api:os-flavor-extra-specs:create": "rule:context_is_admin" failed scope check. The token used to make the request was project scoped but the policy requires ['system'] scope. This behavior may change in the future where using the intended scope is required
Aug 23 10:11:50.982662 n-d-846466-15 devstack@n-api.service[106358]: warnings.warn(msg)
Aug 23 10:11:51.015575 n-d-846466-15 devstack@n-api.service[106358]: INFO nova.api.openstack.requestlog [None req-4eeae34a-eaad-48ef-ba93-46e4cfaf6554 admin admin] 10.222.0.79 "POST /compute/v2.1/flavors/d1/os-extra_specs" status: 200 len: 43 microversion: 2.61 time: 0.039701
Aug 23 10:11:51.016806 n-d-846466-15 devstack@n-api.service[106358]: [pid: 106358|app: 0|req: 4/9] 10.222.0.79 () {64 vars in 1336 bytes} [Tue Aug 23 10:11:50 2022] POST /compute/v2.1/flavors/d1/os-extra_specs => generated 43 bytes in 41 msecs (HTTP/1.1 200) 9 headers in 358 bytes (1 switches on core 0)
Aug 23 10:11:53.687630 n-d-846466-15 devstack@n-api.service[106357]: DEBUG nova.api.openstack.wsgi [None req-d9174649-1bc5-495e-b26b-b2c0cc5b621b admin admin] Calling method '>' {{(pid=106357) _process_stack /opt/stack/nova/nova/api/openstack/wsgi.py:513}}
Aug 23 10:11:53.689379 n-d-846466-15 devstack@n-api.service[106357]: INFO nova.api.openstack.requestlog [None req-d9174649-1bc5-495e-b26b-b2c0cc5b621b admin admin] 10.222.0.79 "GET /compute/v2.1" status: 200 len: 388 microversion: 2.1 time: 0.002328
Aug 23 10:11:53.690295 n-d-846466-15 devstack@n-api.service[106357]: [pid: 106357|app: 0|req: 6/10] 10.222.0.79 () {54 vars in 931 bytes} [Tue Aug 23 10:11:53 2022] GET /compute/v2.1 => generated 388 bytes in 4 msecs (HTTP/1.1 200) 9 headers in 357 bytes (1 switches on core 0)
Aug 23 10:11:54.127710 n-d-846466-15 devstack@n-api.service[106358]: DEBUG nova.api.openstack.wsgi [None req-1bc2caba-b962-45c4-89f6-b603f647f729 admin admin] Action: 'create', calling method: >, body: {"flavor": {"name": "ds1G", "rxtx_factor": 1.0, "vcpus": 1, "ram": 1024, "OS-FLV-EXT-DATA:ephemeral": 0, "swap": 0, "os-flavor-access:is_public": true, "id": "d2", "disk": 10}} {{(pid=106358) _process_stack /opt/stack/nova/nova/api/openstack/wsgi.py:511}}
Aug 23 10:11:54.151461 n-d-846466-15 devstack@n-api.service[106358]: INFO nova.api.openstack.requestlog [None req-1bc2caba-b962-45c4-89f6-b603f647f729 admin admin] 10.222.0.79 "POST /compute/v2.1/flavors" status: 200 len: 404 microversion: 2.61 time: 0.455316
Aug 23 10:11:54.160150 n-d-846466-15 devstack@n-api.service[106358]: [pid: 106358|app: 0|req: 5/11] 10.222.0.79 () {64 vars in 1283 bytes} [Tue Aug 23 10:11:53 2022] POST /compute/v2.1/flavors => generated 404 bytes in 464 msecs (HTTP/1.1 200) 9 headers in 359 bytes (1 switches on core 0)
Aug 23 10:11:54.166042 n-d-846466-15 devstack@n-api.service[106357]: DEBUG nova.api.openstack.wsgi [None req-74b4cf97-63d0-4d58-9f5b-e845b91ef1a4 admin admin] Action: 'create', calling method: >, body: {"extra_specs": {"hw_rng:allowed": "True"}} {{(pid=106357) _process_stack /opt/stack/nova/nova/api/openstack/wsgi.py:511}}
Aug 23 10:11:54.199154 n-d-846466-15 devstack@n-api.service[106357]: INFO nova.api.openstack.requestlog [None req-74b4cf97-63d0-4d58-9f5b-e845b91ef1a4 admin admin] 10.222.0.79 "POST /compute/v2.1/flavors/d2/os-extra_specs" status: 200 len: 43 microversion: 2.61 time: 0.037170
Aug 23 10:11:54.210650 n-d-846466-15 devstack@n-api.service[106357]: [pid: 106357|app: 0|req: 7/12] 10.222.0.79 () {64 vars in 1336 bytes} [Tue Aug 23 10:11:54 2022] POST /compute/v2.1/flavors/d2/os-extra_specs => generated 43 bytes in 49 msecs (HTTP/1.1 200) 9 headers in 358 bytes (2 switches on core 0)
Aug 23 10:11:56.757764 n-d-846466-15 devstack@n-api.service[106358]: DEBUG nova.api.openstack.wsgi [None req-1bc2caba-b962-45c4-89f6-b603f647f729 admin admin] Calling method '>' {{(pid=106358) _process_stack /opt/stack/nova/nova/api/openstack/wsgi.py:513}}
Aug 23 10:11:56.758863 n-d-846466-15 devstack@n-api.service[106358]: INFO nova.api.openstack.requestlog [None req-1bc2caba-b962-45c4-89f6-b603f647f729 admin admin] 10.222.0.79 "GET /compute/v2.1" status: 200 len: 388 microversion: 2.1 time: 0.001469
Aug 23 10:11:56.759261 n-d-846466-15 devstack@n-api.service[106358]: [pid: 106358|app: 0|req: 6/13] 10.222.0.79 () {54 vars in 931 bytes} [Tue Aug 23 10:11:56 2022] GET /compute/v2.1 => generated 388 bytes in 2 msecs (HTTP/1.1 200) 9 headers in 357 bytes (1 switches on core 0)
Aug 23 10:11:57.208182 n-d-846466-15 devstack@n-api.service[106357]: DEBUG nova.api.openstack.wsgi [None req-3815b58a-63c7-4101-a3e8-22934d6d07b1 admin admin] Action: 'create', calling method: >, body: {"flavor": {"os-flavor-access:is_public": true, "name": "ds2G", "ram": 2048, "disk": 10, "id": "d3", "swap": 0, "vcpus": 2, "OS-FLV-EXT-DATA:ephemeral": 0, "rxtx_factor": 1.0}} {{(pid=106357) _process_stack /opt/stack/nova/nova/api/openstack/wsgi.py:511}}
Aug 23 10:11:57.228142 n-d-846466-15 devstack@n-api.service[106357]: INFO nova.api.openstack.requestlog [None req-3815b58a-63c7-4101-a3e8-22934d6d07b1 admin admin] 10.222.0.79 "POST /compute/v2.1/flavors" status: 200 len: 404 microversion: 2.61 time: 0.462961
Aug 23 10:11:57.228688 n-d-846466-15 devstack@n-api.service[106357]: [pid: 106357|app: 0|req: 8/14] 10.222.0.79 () {64 vars in 1283 bytes} [Tue Aug 23 10:11:56 2022] POST /compute/v2.1/flavors => generated 404 bytes in 464 msecs (HTTP/1.1 200) 9 headers in 359 bytes (2 switches on core 0)
Aug 23 10:11:57.241922 n-d-846466-15 devstack@n-api.service[106358]: DEBUG nova.api.openstack.wsgi [None req-484388b1-36cc-4a0e-a972-40a8a6324383 admin admin] Action: 'create', calling method: >, body: {"extra_specs": {"hw_rng:allowed": "True"}} {{(pid=106358) _process_stack /opt/stack/nova/nova/api/openstack/wsgi.py:511}}
Aug 23 10:11:57.268609 n-d-846466-15 devstack@n-api.service[106358]: INFO nova.api.openstack.requestlog [None req-484388b1-36cc-4a0e-a972-40a8a6324383 admin admin] 10.222.0.79 "POST /compute/v2.1/flavors/d3/os-extra_specs" status: 200 len: 43 microversion: 2.61 time: 0.030788
Aug 23 10:11:57.269508 n-d-846466-15 devstack@n-api.service[106358]: [pid: 106358|app: 0|req: 7/15] 10.222.0.79 () {64 vars in 1336 bytes} [Tue Aug 23 10:11:57 2022] POST /compute/v2.1/flavors/d3/os-extra_specs => generated 43 bytes in 32 msecs (HTTP/1.1 200) 9 headers in 358 bytes (2 switches on core 0)
Aug 23 10:11:59.661919 n-d-846466-15 devstack@n-api.service[106357]: DEBUG nova.api.openstack.wsgi [None req-3815b58a-63c7-4101-a3e8-22934d6d07b1 admin admin] Calling method '>' {{(pid=106357) _process_stack /opt/stack/nova/nova/api/openstack/wsgi.py:513}}
Aug 23 10:11:59.670078 n-d-846466-15 devstack@n-api.service[106357]: INFO nova.api.openstack.requestlog [None req-3815b58a-63c7-4101-a3e8-22934d6d07b1 admin admin] 10.222.0.79 "GET /compute/v2.1" status: 200 len: 388 microversion: 2.1 time: 0.003545
Aug 23 10:11:59.682877 n-d-846466-15 devstack@n-api.service[106357]: [pid: 106357|app: 0|req: 9/16] 10.222.0.79 () {54 vars in 931 bytes} [Tue Aug 23 10:11:59 2022] GET /compute/v2.1 => generated 388 bytes in 22 msecs (HTTP/1.1 200) 9 headers in 357 bytes (1 switches on core 0)
Aug 23 10:12:00.143866 n-d-846466-15 devstack@n-api.service[106358]: DEBUG nova.api.openstack.wsgi [None req-c2ebc313-74bf-491a-af05-9f62fb307e77 admin admin] Action: 'create', calling method: >, body: {"flavor": {"OS-FLV-EXT-DATA:ephemeral": 0, "id": "d4", "ram": 4096, "os-flavor-access:is_public": true, "rxtx_factor": 1.0, "swap": 0, "disk": 20, "vcpus": 4, "name": "ds4G"}} {{(pid=106358) _process_stack /opt/stack/nova/nova/api/openstack/wsgi.py:511}}
Aug 23 10:12:00.168036 n-d-846466-15 devstack@n-api.service[106358]: INFO nova.api.openstack.requestlog [None req-c2ebc313-74bf-491a-af05-9f62fb307e77 admin admin] 10.222.0.79 "POST /compute/v2.1/flavors" status: 200 len: 404 microversion: 2.61 time: 0.490229
Aug 23 10:12:00.170767 n-d-846466-15 devstack@n-api.service[106358]: [pid: 106358|app: 0|req: 8/17] 10.222.0.79 () {64 vars in 1283 bytes} [Tue Aug 23 10:11:59 2022] POST /compute/v2.1/flavors => generated 404 bytes in 492 msecs (HTTP/1.1 200) 9 headers in 359 bytes (1 switches on core 0)
Aug 23 10:12:00.183127 n-d-846466-15 devstack@n-api.service[106357]: DEBUG nova.api.openstack.wsgi [None req-61ff377d-4f43-4d60-b37f-48ab8239d025 admin admin] Action: 'create', calling method: >, body: {"extra_specs": {"hw_rng:allowed": "True"}} {{(pid=106357) _process_stack /opt/stack/nova/nova/api/openstack/wsgi.py:511}}
Aug 23 10:12:00.215338 n-d-846466-15 devstack@n-api.service[106357]: INFO nova.api.openstack.requestlog [None req-61ff377d-4f43-4d60-b37f-48ab8239d025 admin admin] 10.222.0.79 "POST /compute/v2.1/flavors/d4/os-extra_specs" status: 200 len: 43 microversion: 2.61 time: 0.035849
Aug 23 10:12:00.216296 n-d-846466-15 devstack@n-api.service[106357]: [pid: 106357|app: 0|req: 10/18] 10.222.0.79 () {64 vars in 1336 bytes} [Tue Aug 23 10:12:00 2022] POST /compute/v2.1/flavors/d4/os-extra_specs => generated 43 bytes in 38 msecs (HTTP/1.1 200) 9 headers in 358 bytes (2 switches on core 0)
Aug 23 10:12:02.654150 n-d-846466-15 devstack@n-api.service[106358]: DEBUG nova.api.openstack.wsgi [None req-c2ebc313-74bf-491a-af05-9f62fb307e77 admin admin] Calling method '>' {{(pid=106358) _process_stack /opt/stack/nova/nova/api/openstack/wsgi.py:513}}
Aug 23 10:12:02.655673 n-d-846466-15 devstack@n-api.service[106358]: INFO nova.api.openstack.requestlog [None req-c2ebc313-74bf-491a-af05-9f62fb307e77 admin admin] 10.222.0.79 "GET /compute/v2.1" status: 200 len: 388 microversion: 2.1 time: 0.003299
Aug 23 10:12:02.657188 n-d-846466-15 devstack@n-api.service[106358]: [pid: 106358|app: 0|req: 9/19] 10.222.0.79 () {54 vars in 931 bytes} [Tue Aug 23 10:12:02 2022] GET /compute/v2.1 => generated 388 bytes in 5 msecs (HTTP/1.1 200) 9 headers in 357 bytes (1 switches on core 0)
Aug 23 10:12:03.117172 n-d-846466-15 devstack@n-api.service[106357]: DEBUG nova.api.openstack.wsgi [None req-e73e0e96-7cf9-4e5d-9a85-b8e2f6845041 admin admin] Calling method '>' {{(pid=106357) _process_stack /opt/stack/nova/nova/api/openstack/wsgi.py:513}}
Aug 23 10:12:03.143599 n-d-846466-15 devstack@n-api.service[106357]: INFO nova.api.openstack.requestlog [None req-e73e0e96-7cf9-4e5d-9a85-b8e2f6845041 admin admin] 10.222.0.79 "GET /compute/v2.1/flavors/detail?is_public=True" status: 200 len: 2106 microversion: 2.61 time: 0.481208
Aug 23 10:12:03.144281 n-d-846466-15 devstack@n-api.service[106357]: [pid: 106357|app: 0|req: 11/20] 10.222.0.79 () {60 vars in 1292 bytes} [Tue Aug 23 10:12:02 2022] GET /compute/v2.1/flavors/detail?is_public=True => generated 2106 bytes in 483 msecs (HTTP/1.1 200) 9 headers in 360 bytes (1 switches on core 0)
Aug 23 10:12:05.517709 n-d-846466-15 devstack@n-api.service[106358]: DEBUG nova.api.openstack.wsgi [None req-c2ebc313-74bf-491a-af05-9f62fb307e77 admin admin] Calling method '>' {{(pid=106358) _process_stack /opt/stack/nova/nova/api/openstack/wsgi.py:513}}
Aug 23 10:12:05.518962 n-d-846466-15 devstack@n-api.service[106358]: INFO nova.api.openstack.requestlog [None req-c2ebc313-74bf-491a-af05-9f62fb307e77 admin admin] 10.222.0.79 "GET /compute/v2.1" status: 200 len: 388 microversion: 2.1 time: 0.001837
Aug 23 10:12:05.520029 n-d-846466-15 devstack@n-api.service[106358]: [pid: 106358|app: 0|req: 10/21] 10.222.0.79 () {54 vars in 931 bytes} [Tue Aug 23 10:12:05 2022] GET /compute/v2.1 => generated 388 bytes in 4 msecs (HTTP/1.1 200) 9 headers in 357 bytes (1 switches on core 0)
Aug 23 10:12:05.971585 n-d-846466-15 devstack@n-api.service[106357]: DEBUG nova.api.openstack.wsgi [None req-9ae6797c-abd0-4f07-a728-25270f3e242a admin admin] Action: 'create', calling method: >, body: {"flavor": {"swap": 0, "rxtx_factor": 1.0, "vcpus": 1, "id": "1", "disk": 1, "ram": 512, "name": "m1.tiny", "OS-FLV-EXT-DATA:ephemeral": 0, "os-flavor-access:is_public": true}} {{(pid=106357) _process_stack /opt/stack/nova/nova/api/openstack/wsgi.py:511}}
Aug 23 10:12:05.991639 n-d-846466-15 devstack@n-api.service[106357]: INFO nova.api.openstack.requestlog [None req-9ae6797c-abd0-4f07-a728-25270f3e242a admin admin] 10.222.0.79 "POST /compute/v2.1/flavors" status: 200 len: 402 microversion: 2.61 time: 0.465559
Aug 23 10:12:05.992221 n-d-846466-15 devstack@n-api.service[106357]: [pid: 106357|app: 0|req: 12/22] 10.222.0.79 () {64 vars in 1283 bytes} [Tue Aug 23 10:12:05 2022] POST /compute/v2.1/flavors => generated 402 bytes in 467 msecs (HTTP/1.1 200) 9 headers in 359 bytes (1 switches on core 0)
Aug 23 10:12:06.004631 n-d-846466-15 devstack@n-api.service[106358]: DEBUG nova.api.openstack.wsgi [None req-9cb818b3-0884-471a-a6e5-fcd017c47a85 admin admin] Action: 'create', calling method: >, body: {"extra_specs": {"hw_rng:allowed": "True"}} {{(pid=106358) _process_stack /opt/stack/nova/nova/api/openstack/wsgi.py:511}}
Aug 23 10:12:06.029244 n-d-846466-15 devstack@n-api.service[106358]: INFO nova.api.openstack.requestlog [None req-9cb818b3-0884-471a-a6e5-fcd017c47a85 admin admin] 10.222.0.79 "POST /compute/v2.1/flavors/1/os-extra_specs" status: 200 len: 43 microversion: 2.61 time: 0.028157
Aug 23 10:12:06.030303 n-d-846466-15 devstack@n-api.service[106358]: [pid: 106358|app: 0|req: 11/23] 10.222.0.79 () {64 vars in 1333 bytes} [Tue Aug 23 10:12:05 2022] POST /compute/v2.1/flavors/1/os-extra_specs => generated 43 bytes in 30 msecs (HTTP/1.1 200) 9 headers in 358 bytes (2 switches on core 0)
Aug 23 10:12:08.385539 n-d-846466-15 devstack@n-api.service[106357]: DEBUG nova.api.openstack.wsgi [None req-9ae6797c-abd0-4f07-a728-25270f3e242a admin admin] Calling method '>' {{(pid=106357) _process_stack /opt/stack/nova/nova/api/openstack/wsgi.py:513}}
Aug 23 10:12:08.386562 n-d-846466-15 devstack@n-api.service[106357]: INFO nova.api.openstack.requestlog [None req-9ae6797c-abd0-4f07-a728-25270f3e242a admin admin] 10.222.0.79 "GET /compute/v2.1" status: 200 len: 388 microversion: 2.1 time: 0.001475
Aug 23 10:12:08.387026 n-d-846466-15 devstack@n-api.service[106357]: [pid: 106357|app: 0|req: 13/24] 10.222.0.79 () {54 vars in 931 bytes} [Tue Aug 23 10:12:08 2022] GET /compute/v2.1 => generated 388 bytes in 2 msecs (HTTP/1.1 200) 9 headers in 357 bytes (1 switches on core 0)
Aug 23 10:12:08.815904 n-d-846466-15 devstack@n-api.service[106358]: DEBUG nova.api.openstack.wsgi [None req-e6cb66be-14f0-48f3-928b-ba17a25d4daa admin admin] Action: 'create', calling method: >, body: {"flavor": {"rxtx_factor": 1.0, "swap": 0, "name": "m1.small", "ram": 2048, "disk": 20, "OS-FLV-EXT-DATA:ephemeral": 0, "vcpus": 1, "os-flavor-access:is_public": true, "id": "2"}} {{(pid=106358) _process_stack /opt/stack/nova/nova/api/openstack/wsgi.py:511}}
Aug 23 10:12:08.834664 n-d-846466-15 devstack@n-api.service[106358]: INFO nova.api.openstack.requestlog [None req-e6cb66be-14f0-48f3-928b-ba17a25d4daa admin admin] 10.222.0.79 "POST /compute/v2.1/flavors" status: 200 len: 405 microversion: 2.61 time: 0.441062
Aug 23 10:12:08.835264 n-d-846466-15 devstack@n-api.service[106358]: [pid: 106358|app: 0|req: 12/25] 10.222.0.79 () {64 vars in 1283 bytes} [Tue Aug 23 10:12:08 2022] POST /compute/v2.1/flavors => generated 405 bytes in 442 msecs (HTTP/1.1 200) 9 headers in 359 bytes (1 switches on core 0)
Aug 23 10:12:08.847623 n-d-846466-15 devstack@n-api.service[106357]: DEBUG nova.api.openstack.wsgi [None req-7b3771c3-bdaf-460d-bca6-2f993fa7ec68 admin admin] Action: 'create', calling method: >, body: {"extra_specs": {"hw_rng:allowed": "True"}} {{(pid=106357) _process_stack /opt/stack/nova/nova/api/openstack/wsgi.py:511}}
Aug 23 10:12:08.871968 n-d-846466-15 devstack@n-api.service[106357]: INFO nova.api.openstack.requestlog [None req-7b3771c3-bdaf-460d-bca6-2f993fa7ec68 admin admin] 10.222.0.79 "POST /compute/v2.1/flavors/2/os-extra_specs" status: 200 len: 43 microversion: 2.61 time: 0.027961
Aug 23 10:12:08.872569 n-d-846466-15 devstack@n-api.service[106357]: [pid: 106357|app: 0|req: 14/26] 10.222.0.79 () {64 vars in 1333 bytes} [Tue Aug 23 10:12:08 2022] POST /compute/v2.1/flavors/2/os-extra_specs => generated 43 bytes in 29 msecs (HTTP/1.1 200) 9 headers in 358 bytes (1 switches on core 0)
Aug 23 10:12:11.263637 n-d-846466-15 devstack@n-api.service[106358]: DEBUG nova.api.openstack.wsgi [None req-e6cb66be-14f0-48f3-928b-ba17a25d4daa admin admin] Calling method '>' {{(pid=106358) _process_stack /opt/stack/nova/nova/api/openstack/wsgi.py:513}}
Aug 23 10:12:11.264670 n-d-846466-15 devstack@n-api.service[106358]: INFO nova.api.openstack.requestlog [None req-e6cb66be-14f0-48f3-928b-ba17a25d4daa admin admin] 10.222.0.79 "GET /compute/v2.1" status: 200 len: 388 microversion: 2.1 time: 0.001485
Aug 23 10:12:11.265605 n-d-846466-15 devstack@n-api.service[106358]: [pid: 106358|app: 0|req: 13/27] 10.222.0.79 () {54 vars in 931 bytes} [Tue Aug 23 10:12:11 2022] GET /compute/v2.1 => generated 388 bytes in 3 msecs (HTTP/1.1 200) 9 headers in 357 bytes (1 switches on core 0)
Aug 23 10:12:11.682716 n-d-846466-15 devstack@n-api.service[106357]: DEBUG nova.api.openstack.wsgi [None req-700e0f87-f190-4a37-9caa-f6484bc23b69 admin admin] Action: 'create', calling method: >, body: {"flavor": {"ram": 4096, "id": "3", "name": "m1.medium", "swap": 0, "OS-FLV-EXT-DATA:ephemeral": 0, "vcpus": 2, "os-flavor-access:is_public": true, "rxtx_factor": 1.0, "disk": 40}} {{(pid=106357) _process_stack /opt/stack/nova/nova/api/openstack/wsgi.py:511}}
Aug 23 10:12:11.723997 n-d-846466-15 devstack@n-api.service[106357]: INFO nova.api.openstack.requestlog [None req-700e0f87-f190-4a37-9caa-f6484bc23b69 admin admin] 10.222.0.79 "POST /compute/v2.1/flavors" status: 200 len: 406 microversion: 2.61 time: 0.452179
Aug 23 10:12:11.724607 n-d-846466-15 devstack@n-api.service[106357]: [pid: 106357|app: 0|req: 15/28] 10.222.0.79 () {64 vars in 1283 bytes} [Tue Aug 23 10:12:11 2022] POST /compute/v2.1/flavors => generated 406 bytes in 453 msecs (HTTP/1.1 200) 9 headers in 359 bytes (1 switches on core 0)
Aug 23 10:12:11.738373 n-d-846466-15 devstack@n-api.service[106358]: DEBUG nova.api.openstack.wsgi [None req-675eaff4-a4ad-47dd-9654-4eea5b3f65c5 admin admin] Action: 'create', calling method: >, body: {"extra_specs": {"hw_rng:allowed": "True"}} {{(pid=106358) _process_stack /opt/stack/nova/nova/api/openstack/wsgi.py:511}}
Aug 23 10:12:11.766910 n-d-846466-15 devstack@n-api.service[106358]: INFO nova.api.openstack.requestlog [None req-675eaff4-a4ad-47dd-9654-4eea5b3f65c5 admin admin] 10.222.0.79 "POST /compute/v2.1/flavors/3/os-extra_specs" status: 200 len: 43 microversion: 2.61 time: 0.033442
Aug 23 10:12:11.767667 n-d-846466-15 devstack@n-api.service[106358]: [pid: 106358|app: 0|req: 14/29] 10.222.0.79 () {64 vars in 1333 bytes} [Tue Aug 23 10:12:11 2022] POST /compute/v2.1/flavors/3/os-extra_specs => generated 43 bytes in 35 msecs (HTTP/1.1 200) 9 headers in 358 bytes (1 switches on core 0)
Aug 23 10:12:14.149533 n-d-846466-15 devstack@n-api.service[106357]: DEBUG nova.api.openstack.wsgi [None req-700e0f87-f190-4a37-9caa-f6484bc23b69 admin admin] Calling method '>' {{(pid=106357) _process_stack /opt/stack/nova/nova/api/openstack/wsgi.py:513}}
Aug 23 10:12:14.150536 n-d-846466-15 devstack@n-api.service[106357]: INFO nova.api.openstack.requestlog [None req-700e0f87-f190-4a37-9caa-f6484bc23b69 admin admin] 10.222.0.79 "GET /compute/v2.1" status: 200 len: 388 microversion: 2.1 time: 0.001422
Aug 23 10:12:14.150976 n-d-846466-15 devstack@n-api.service[106357]: [pid: 106357|app: 0|req: 16/30] 10.222.0.79 () {54 vars in 931 bytes} [Tue Aug 23 10:12:14 2022] GET /compute/v2.1 => generated 388 bytes in 2 msecs (HTTP/1.1 200) 9 headers in 357 bytes (1 switches on core 0)
Aug 23 10:12:14.521685 n-d-846466-15 devstack@n-api.service[106358]: DEBUG nova.api.openstack.wsgi [None req-bc8c6b4e-4ebb-4bfe-81a7-2516f728d65d admin admin] Action: 'create', calling method: >, body: {"flavor": {"swap": 0, "disk": 80, "vcpus": 4, "name": "m1.large", "OS-FLV-EXT-DATA:ephemeral": 0, "id": "4", "ram": 8192, "rxtx_factor": 1.0, "os-flavor-access:is_public": true}} {{(pid=106358) _process_stack /opt/stack/nova/nova/api/openstack/wsgi.py:511}}
Aug 23 10:12:14.525308 n-d-846466-15 devstack@n-api.service[106358]: DEBUG dbcounter [-] [106358] Writing DB stats nova_api:SELECT=39,nova_api:INSERT=8,nova_api:SAVEPOINT=4,nova_api:RELEASE=4 {{(pid=106358) stat_writer /usr/local/lib/python3.8/dist-packages/dbcounter.py:114}}
Aug 23 10:12:14.539693 n-d-846466-15 devstack@n-api.service[106358]: INFO nova.api.openstack.requestlog [None req-bc8c6b4e-4ebb-4bfe-81a7-2516f728d65d admin admin] 10.222.0.79 "POST /compute/v2.1/flavors" status: 200 len: 405 microversion: 2.61 time: 0.382754
Aug 23 10:12:14.540248 n-d-846466-15 devstack@n-api.service[106358]: [pid: 106358|app: 0|req: 15/31] 10.222.0.79 () {64 vars in 1283 bytes} [Tue Aug 23 10:12:14 2022] POST /compute/v2.1/flavors => generated 405 bytes in 384 msecs (HTTP/1.1 200) 9 headers in 359 bytes (1 switches on core 0)
Aug 23 10:12:14.555131 n-d-846466-15 devstack@n-api.service[106357]: DEBUG nova.api.openstack.wsgi [None req-9b6fbedc-a75d-4d49-ad81-8f8aaf4d448b admin admin] Action: 'create', calling method: >, body: {"extra_specs": {"hw_rng:allowed": "True"}} {{(pid=106357) _process_stack /opt/stack/nova/nova/api/openstack/wsgi.py:511}}
Aug 23 10:12:14.601313 n-d-846466-15 devstack@n-api.service[106357]: INFO nova.api.openstack.requestlog [None req-9b6fbedc-a75d-4d49-ad81-8f8aaf4d448b admin admin] 10.222.0.79 "POST /compute/v2.1/flavors/4/os-extra_specs" status: 200 len: 43 microversion: 2.61 time: 0.052206
Aug 23 10:12:14.606019 n-d-846466-15 devstack@n-api.service[106357]: [pid: 106357|app: 0|req: 17/32] 10.222.0.79 () {64 vars in 1333 bytes} [Tue Aug 23 10:12:14 2022] POST /compute/v2.1/flavors/4/os-extra_specs => generated 43 bytes in 58 msecs (HTTP/1.1 200) 9 headers in 358 bytes (2 switches on core 0)
Aug 23 10:12:17.019669 n-d-846466-15 devstack@n-api.service[106358]: DEBUG nova.api.openstack.wsgi [None req-bc8c6b4e-4ebb-4bfe-81a7-2516f728d65d admin admin] Calling method '>' {{(pid=106358) _process_stack /opt/stack/nova/nova/api/openstack/wsgi.py:513}}
Aug 23 10:12:17.020606 n-d-846466-15 devstack@n-api.service[106358]: INFO nova.api.openstack.requestlog [None req-bc8c6b4e-4ebb-4bfe-81a7-2516f728d65d admin admin] 10.222.0.79 "GET /compute/v2.1" status: 200 len: 388 microversion: 2.1 time: 0.001515
Aug 23 10:12:17.021010 n-d-846466-15 devstack@n-api.service[106358]: [pid: 106358|app: 0|req: 16/33] 10.222.0.79 () {54 vars in 931 bytes} [Tue Aug 23 10:12:17 2022] GET /compute/v2.1 => generated 388 bytes in 2 msecs (HTTP/1.1 200) 9 headers in 357 bytes (1 switches on core 0)
Aug 23 10:12:17.480211 n-d-846466-15 devstack@n-api.service[106357]: DEBUG nova.api.openstack.wsgi [None req-ddc9fe78-06e7-47bd-b22a-4c2630028130 admin admin] Action: 'create', calling method: >, body: {"flavor": {"disk": 160, "name": "m1.xlarge", "id": "5", "vcpus": 8, "ram": 16384, "rxtx_factor": 1.0, "swap": 0, "OS-FLV-EXT-DATA:ephemeral": 0, "os-flavor-access:is_public": true}} {{(pid=106357) _process_stack /opt/stack/nova/nova/api/openstack/wsgi.py:511}}
Aug 23 10:12:17.500329 n-d-846466-15 devstack@n-api.service[106357]: INFO nova.api.openstack.requestlog [None req-ddc9fe78-06e7-47bd-b22a-4c2630028130 admin admin] 10.222.0.79 "POST /compute/v2.1/flavors" status: 200 len: 408 microversion: 2.61 time: 0.473201
Aug 23 10:12:17.501187 n-d-846466-15 devstack@n-api.service[106357]: [pid: 106357|app: 0|req: 18/34] 10.222.0.79 () {64 vars in 1283 bytes} [Tue Aug 23 10:12:17 2022] POST /compute/v2.1/flavors => generated 408 bytes in 475 msecs (HTTP/1.1 200) 9 headers in 359 bytes (2 switches on core 0)
Aug 23 10:12:17.513049 n-d-846466-15 devstack@n-api.service[106358]: DEBUG nova.api.openstack.wsgi [None req-1b07abee-15c1-4758-95f9-b725a4c58486 admin admin] Action: 'create', calling method: >, body: {"extra_specs": {"hw_rng:allowed": "True"}} {{(pid=106358) _process_stack /opt/stack/nova/nova/api/openstack/wsgi.py:511}}
Aug 23 10:12:17.538322 n-d-846466-15 devstack@n-api.service[106358]: INFO nova.api.openstack.requestlog [None req-1b07abee-15c1-4758-95f9-b725a4c58486 admin admin] 10.222.0.79 "POST /compute/v2.1/flavors/5/os-extra_specs" status: 200 len: 43 microversion: 2.61 time: 0.028796
Aug 23 10:12:17.555609 n-d-846466-15 devstack@n-api.service[106358]: [pid: 106358|app: 0|req: 17/35] 10.222.0.79 () {64 vars in 1333 bytes} [Tue Aug 23 10:12:17 2022] POST /compute/v2.1/flavors/5/os-extra_specs => generated 43 bytes in 46 msecs (HTTP/1.1 200) 9 headers in 358 bytes (2 switches on core 0)
Aug 23 10:12:40.433732 n-d-846466-15 devstack@n-api.service[106357]: DEBUG nova.api.openstack.wsgi [None req-ddc9fe78-06e7-47bd-b22a-4c2630028130 admin admin] Calling method '>' {{(pid=106357) _process_stack /opt/stack/nova/nova/api/openstack/wsgi.py:513}}
Aug 23 10:12:40.434781 n-d-846466-15 devstack@n-api.service[106357]: INFO nova.api.openstack.requestlog [None req-ddc9fe78-06e7-47bd-b22a-4c2630028130 admin admin] 10.222.0.79 "GET /compute/v2.1" status: 200 len: 388 microversion: 2.1 time: 0.001460
Aug 23 10:12:40.435189 n-d-846466-15 devstack@n-api.service[106357]: [pid: 106357|app: 0|req: 19/36] 10.222.0.79 () {54 vars in 931 bytes} [Tue Aug 23 10:12:40 2022] GET /compute/v2.1 => generated 388 bytes in 2 msecs (HTTP/1.1 200) 9 headers in 357 bytes (1 switches on core 0)
Aug 23 10:12:40.446496 n-d-846466-15 devstack@n-api.service[106358]: DEBUG dbcounter [-] [106358] Writing DB stats nova_api:INSERT=2,nova_api:SELECT=8,nova_api:SAVEPOINT=1,nova_api:RELEASE=1 {{(pid=106358) stat_writer /usr/local/lib/python3.8/dist-packages/dbcounter.py:114}}
Aug 23 10:12:40.825149 n-d-846466-15 devstack@n-api.service[106358]: DEBUG nova.api.openstack.wsgi [None req-58abf5cf-fbf9-4f7a-839f-552bd1f9dfdd admin admin] Calling method '>' {{(pid=106358) _process_stack /opt/stack/nova/nova/api/openstack/wsgi.py:513}}
Aug 23 10:12:40.842811 n-d-846466-15 devstack@n-api.service[106358]: INFO nova.api.openstack.requestlog [None req-58abf5cf-fbf9-4f7a-839f-552bd1f9dfdd admin admin] 10.222.0.79 "GET /compute/v2.1/flavors/detail?is_public=True" status: 200 len: 4202 microversion: 2.61 time: 0.400806
