Aug 10 20:18:36.807991 n-d-846466-14 devstack@placement-api.service[107912]: INFO placement.requestlog [req-29d2bdaa-6ec8-4ea6-b7d4-8ef53abfc7e8 req-6f902b2e-e11a-4654-a52d-a984f273fefa service placement] 10.222.0.66 "GET /placement/allocation_candidates?limit=1000&resources=DISK_GB%3A1%2CMEMORY_MB%3A1024%2CVCPU%3A1&root_required=%21COMPUTE_STATUS_DISABLED" status: 200 len: 1309 microversion: 1.36
Aug 10 20:18:36.814725 n-d-846466-14 devstack@placement-api.service[107912]: [pid: 107912|app: 0|req: 109/215] 10.222.0.66 () {60 vars in 1506 bytes} [Wed Aug 10 20:18:36 2022] GET /placement/allocation_candidates?limit=1000&resources=DISK_GB%3A1%2CMEMORY_MB%3A1024%2CVCPU%3A1&root_required=%21COMPUTE_STATUS_DISABLED => generated 1309 bytes in 176 msecs (HTTP/1.1 200) 8 headers in 297 bytes (1 switches on core 0)
Aug 10 20:18:36.914268 n-d-846466-14 devstack@placement-api.service[107911]: DEBUG placement.requestlog [req-29d2bdaa-6ec8-4ea6-b7d4-8ef53abfc7e8 req-4389befd-9b7c-48fc-82f6-dd5aab36fdcd None None] Starting request: 10.222.0.66 "GET /placement/allocations/04925d18-a691-48d4-948f-1970fe1ca008" {{(pid=107911) __call__ /opt/stack/placement/placement/requestlog.py:55}}
Aug 10 20:18:36.928085 n-d-846466-14 devstack@placement-api.service[107911]: INFO placement.requestlog [req-29d2bdaa-6ec8-4ea6-b7d4-8ef53abfc7e8 req-4389befd-9b7c-48fc-82f6-dd5aab36fdcd service placement] 10.222.0.66 "GET /placement/allocations/04925d18-a691-48d4-948f-1970fe1ca008" status: 200 len: 19 microversion: 1.28
Aug 10 20:18:36.933075 n-d-846466-14 devstack@placement-api.service[107911]: [pid: 107911|app: 0|req: 107/216] 10.222.0.66 () {60 vars in 1380 bytes} [Wed Aug 10 20:18:36 2022] GET /placement/allocations/04925d18-a691-48d4-948f-1970fe1ca008 => generated 19 bytes in 19 msecs (HTTP/1.1 200) 8 headers in 295 bytes (1 switches on core 0)
Aug 10 20:18:36.937090 n-d-846466-14 devstack@placement-api.service[107912]: DEBUG placement.requestlog [req-29d2bdaa-6ec8-4ea6-b7d4-8ef53abfc7e8 req-2a85ca64-8f55-43b2-9fda-eabe4cb31b96 None None] Starting request: 10.222.0.66 "PUT /placement/allocations/04925d18-a691-48d4-948f-1970fe1ca008" {{(pid=107912) __call__ /opt/stack/placement/placement/requestlog.py:55}}
Aug 10 20:18:37.074548 n-d-846466-14 devstack@placement-api.service[107912]: DEBUG placement.handlers.allocation [req-29d2bdaa-6ec8-4ea6-b7d4-8ef53abfc7e8 req-2a85ca64-8f55-43b2-9fda-eabe4cb31b96 service placement] Successfully wrote allocations [, , ] {{(pid=107912) _update_consumers_and_create_allocations /opt/stack/placement/placement/handlers/allocation.py:462}}
Aug 10 20:18:37.083555 n-d-846466-14 devstack@placement-api.service[107912]: INFO placement.requestlog [req-29d2bdaa-6ec8-4ea6-b7d4-8ef53abfc7e8 req-2a85ca64-8f55-43b2-9fda-eabe4cb31b96 service placement] 10.222.0.66 "PUT /placement/allocations/04925d18-a691-48d4-948f-1970fe1ca008" status: 204 len: 0 microversion: 1.36
Aug 10 20:18:37.084229 n-d-846466-14 devstack@placement-api.service[107912]: [pid: 107912|app: 0|req: 110/217] 10.222.0.66 () {64 vars in 1433 bytes} [Wed Aug 10 20:18:36 2022] PUT /placement/allocations/04925d18-a691-48d4-948f-1970fe1ca008 => generated 0 bytes in 148 msecs (HTTP/1.1 204) 5 headers in 199 bytes (2 switches on core 0)
Aug 10 20:18:37.719063 n-d-846466-14 devstack@placement-api.service[107911]: DEBUG placement.requestlog [req-29d2bdaa-6ec8-4ea6-b7d4-8ef53abfc7e8 req-51f75792-4f76-4a5f-8206-5f7bd3d09fff None None] Starting request: 10.222.0.44 "GET /placement/allocations/04925d18-a691-48d4-948f-1970fe1ca008" {{(pid=107911) __call__ /opt/stack/placement/placement/requestlog.py:55}}
Aug 10 20:18:37.774246 n-d-846466-14 devstack@placement-api.service[107911]: INFO placement.requestlog [req-29d2bdaa-6ec8-4ea6-b7d4-8ef53abfc7e8 req-51f75792-4f76-4a5f-8206-5f7bd3d09fff service placement] 10.222.0.44 "GET /placement/allocations/04925d18-a691-48d4-948f-1970fe1ca008" status: 200 len: 259 microversion: 1.28
Aug 10 20:18:37.774868 n-d-846466-14 devstack@placement-api.service[107911]: [pid: 107911|app: 0|req: 108/218] 10.222.0.44 () {60 vars in 1377 bytes} [Wed Aug 10 20:18:37 2022] GET /placement/allocations/04925d18-a691-48d4-948f-1970fe1ca008 => generated 259 bytes in 56 msecs (HTTP/1.1 200) 8 headers in 296 bytes (1 switches on core 0)
Aug 10 20:18:43.975544 n-d-846466-14 devstack@placement-api.service[107912]: DEBUG placement.requestlog [req-c6671677-9baa-4e39-b388-9d24b06d26fc req-a450baaa-a6c7-4c43-bb7f-e6fd930d89bf None None] Starting request: 10.222.0.66 "GET /placement/allocation_candidates?limit=1000&resources=DISK_GB%3A1%2CMEMORY_MB%3A1024%2CVCPU%3A1&root_required=%21COMPUTE_STATUS_DISABLED" {{(pid=107912) __call__ /opt/stack/placement/placement/requestlog.py:55}}
Aug 10 20:18:44.028112 n-d-846466-14 devstack@placement-api.service[107912]: DEBUG placement.objects.research_context [req-c6671677-9baa-4e39-b388-9d24b06d26fc req-a450baaa-a6c7-4c43-bb7f-e6fd930d89bf service placement] getting providers with 1 DISK_GB {{(pid=107912) __init__ /opt/stack/placement/placement/objects/research_context.py:136}}
Aug 10 20:18:44.035286 n-d-846466-14 devstack@placement-api.service[107912]: DEBUG placement.objects.research_context [req-c6671677-9baa-4e39-b388-9d24b06d26fc req-a450baaa-a6c7-4c43-bb7f-e6fd930d89bf service placement] getting providers with 1024 MEMORY_MB {{(pid=107912) __init__ /opt/stack/placement/placement/objects/research_context.py:136}}
Aug 10 20:18:44.046072 n-d-846466-14 devstack@placement-api.service[107912]: DEBUG placement.objects.research_context [req-c6671677-9baa-4e39-b388-9d24b06d26fc req-a450baaa-a6c7-4c43-bb7f-e6fd930d89bf service placement] getting providers with 1 VCPU {{(pid=107912) __init__ /opt/stack/placement/placement/objects/research_context.py:136}}
Aug 10 20:18:44.052931 n-d-846466-14 devstack@placement-api.service[107912]: DEBUG placement.objects.research_context [req-c6671677-9baa-4e39-b388-9d24b06d26fc req-a450baaa-a6c7-4c43-bb7f-e6fd930d89bf service placement] found 2 providers with available 1 DISK_GB {{(pid=107912) get_provider_ids_matching /opt/stack/placement/placement/objects/research_context.py:563}}
Aug 10 20:18:44.053241 n-d-846466-14 devstack@placement-api.service[107912]: DEBUG placement.objects.research_context [req-c6671677-9baa-4e39-b388-9d24b06d26fc req-a450baaa-a6c7-4c43-bb7f-e6fd930d89bf service placement] found 2 providers with available 1024 MEMORY_MB {{(pid=107912) get_provider_ids_matching /opt/stack/placement/placement/objects/research_context.py:563}}
Aug 10 20:18:44.053677 n-d-846466-14 devstack@placement-api.service[107912]: DEBUG placement.objects.research_context [req-c6671677-9baa-4e39-b388-9d24b06d26fc req-a450baaa-a6c7-4c43-bb7f-e6fd930d89bf service placement] found 2 providers after filtering by previous result {{(pid=107912) get_provider_ids_matching /opt/stack/placement/placement/objects/research_context.py:594}}
Aug 10 20:18:44.054027 n-d-846466-14 devstack@placement-api.service[107912]: DEBUG placement.objects.research_context [req-c6671677-9baa-4e39-b388-9d24b06d26fc req-a450baaa-a6c7-4c43-bb7f-e6fd930d89bf service placement] found 2 providers with available 1 VCPU {{(pid=107912) get_provider_ids_matching /opt/stack/placement/placement/objects/research_context.py:563}}
Aug 10 20:18:44.054398 n-d-846466-14 devstack@placement-api.service[107912]: DEBUG placement.objects.research_context [req-c6671677-9baa-4e39-b388-9d24b06d26fc req-a450baaa-a6c7-4c43-bb7f-e6fd930d89bf service placement] found 2 providers after filtering by previous result {{(pid=107912) get_provider_ids_matching /opt/stack/placement/placement/objects/research_context.py:594}}
Aug 10 20:18:44.069408 n-d-846466-14 devstack@placement-api.service[107912]: DEBUG placement.objects.allocation_candidate [req-c6671677-9baa-4e39-b388-9d24b06d26fc req-a450baaa-a6c7-4c43-bb7f-e6fd930d89bf service placement] RequestGroup(use_same_provider=False, resources={DISK_GB:1, MEMORY_MB:1024, VCPU:1}, traits=(), aggregates=[]) (suffix '') returned 2 matches {{(pid=107912) _get_by_requests /opt/stack/placement/placement/objects/allocation_candidate.py:156}}
Aug 10 20:18:44.070087 n-d-846466-14 devstack@placement-api.service[107912]: DEBUG placement.objects.allocation_candidate [req-c6671677-9baa-4e39-b388-9d24b06d26fc req-a450baaa-a6c7-4c43-bb7f-e6fd930d89bf service placement] Merging candidates yields 2 allocation requests and 2 provider summaries {{(pid=107912) _merge_candidates /opt/stack/placement/placement/objects/allocation_candidate.py:809}}
Aug 10 20:18:44.071899 n-d-846466-14 devstack@placement-api.service[107912]: INFO placement.requestlog [req-c6671677-9baa-4e39-b388-9d24b06d26fc req-a450baaa-a6c7-4c43-bb7f-e6fd930d89bf service placement] 10.222.0.66 "GET /placement/allocation_candidates?limit=1000&resources=DISK_GB%3A1%2CMEMORY_MB%3A1024%2CVCPU%3A1&root_required=%21COMPUTE_STATUS_DISABLED" status: 200 len: 1309 microversion: 1.36
Aug 10 20:18:44.073529 n-d-846466-14 devstack@placement-api.service[107912]: [pid: 107912|app: 0|req: 111/219] 10.222.0.66 () {60 vars in 1506 bytes} [Wed Aug 10 20:18:43 2022] GET /placement/allocation_candidates?limit=1000&resources=DISK_GB%3A1%2CMEMORY_MB%3A1024%2CVCPU%3A1&root_required=%21COMPUTE_STATUS_DISABLED => generated 1309 bytes in 98 msecs (HTTP/1.1 200) 8 headers in 297 bytes (1 switches on core 0)
Aug 10 20:18:44.167965 n-d-846466-14 devstack@placement-api.service[107911]: DEBUG placement.requestlog [req-c6671677-9baa-4e39-b388-9d24b06d26fc req-9af3df35-4557-47ae-8441-f805c26b3172 None None] Starting request: 10.222.0.66 "GET /placement/allocations/d0bf7a1d-4a23-424b-9419-c61a9137e515" {{(pid=107911) __call__ /opt/stack/placement/placement/requestlog.py:55}}
Aug 10 20:18:44.179386 n-d-846466-14 devstack@placement-api.service[107911]: INFO placement.requestlog [req-c6671677-9baa-4e39-b388-9d24b06d26fc req-9af3df35-4557-47ae-8441-f805c26b3172 service placement] 10.222.0.66 "GET /placement/allocations/d0bf7a1d-4a23-424b-9419-c61a9137e515" status: 200 len: 19 microversion: 1.28
Aug 10 20:18:44.179801 n-d-846466-14 devstack@placement-api.service[107911]: [pid: 107911|app: 0|req: 109/220] 10.222.0.66 () {60 vars in 1380 bytes} [Wed Aug 10 20:18:44 2022] GET /placement/allocations/d0bf7a1d-4a23-424b-9419-c61a9137e515 => generated 19 bytes in 12 msecs (HTTP/1.1 200) 8 headers in 295 bytes (1 switches on core 0)
Aug 10 20:18:44.186918 n-d-846466-14 devstack@placement-api.service[107912]: DEBUG placement.requestlog [req-c6671677-9baa-4e39-b388-9d24b06d26fc req-b72018ac-597a-4385-9b46-a106d5a0bdbd None None] Starting request: 10.222.0.66 "PUT /placement/allocations/d0bf7a1d-4a23-424b-9419-c61a9137e515" {{(pid=107912) __call__ /opt/stack/placement/placement/requestlog.py:55}}
Aug 10 20:18:44.270812 n-d-846466-14 devstack@placement-api.service[107912]: DEBUG dbcounter [-] [107912] Writing DB stats placement:SELECT=88,placement:INSERT=7,placement:DELETE=3,placement:UPDATE=2 {{(pid=107912) stat_writer /usr/local/lib/python3.8/dist-packages/dbcounter.py:114}}
Aug 10 20:18:44.300506 n-d-846466-14 devstack@placement-api.service[107912]: DEBUG placement.handlers.allocation [req-c6671677-9baa-4e39-b388-9d24b06d26fc req-b72018ac-597a-4385-9b46-a106d5a0bdbd service placement] Successfully wrote allocations [, , ] {{(pid=107912) _update_consumers_and_create_allocations /opt/stack/placement/placement/handlers/allocation.py:462}}
Aug 10 20:18:44.307005 n-d-846466-14 devstack@placement-api.service[107912]: INFO placement.requestlog [req-c6671677-9baa-4e39-b388-9d24b06d26fc req-b72018ac-597a-4385-9b46-a106d5a0bdbd service placement] 10.222.0.66 "PUT /placement/allocations/d0bf7a1d-4a23-424b-9419-c61a9137e515" status: 204 len: 0 microversion: 1.36
Aug 10 20:18:44.308509 n-d-846466-14 devstack@placement-api.service[107912]: [pid: 107912|app: 0|req: 112/221] 10.222.0.66 () {64 vars in 1433 bytes} [Wed Aug 10 20:18:44 2022] PUT /placement/allocations/d0bf7a1d-4a23-424b-9419-c61a9137e515 => generated 0 bytes in 122 msecs (HTTP/1.1 204) 5 headers in 199 bytes (1 switches on core 0)
Aug 10 20:18:44.872746 n-d-846466-14 devstack@placement-api.service[107911]: DEBUG placement.requestlog [req-92c58952-b1d3-4465-bb9e-7e0b5150e387 req-98287cf5-5df2-448c-acc3-af13b51ddae6 None None] Starting request: 10.222.0.61 "GET /placement/allocations/87af071e-a706-42d5-8c92-3cacbab042ab" {{(pid=107911) __call__ /opt/stack/placement/placement/requestlog.py:55}}
Aug 10 20:18:44.899116 n-d-846466-14 devstack@placement-api.service[107911]: INFO placement.requestlog [req-92c58952-b1d3-4465-bb9e-7e0b5150e387 req-98287cf5-5df2-448c-acc3-af13b51ddae6 service placement] 10.222.0.61 "GET /placement/allocations/87af071e-a706-42d5-8c92-3cacbab042ab" status: 200 len: 259 microversion: 1.28
Aug 10 20:18:44.900197 n-d-846466-14 devstack@placement-api.service[107911]: [pid: 107911|app: 0|req: 110/222] 10.222.0.61 () {60 vars in 1377 bytes} [Wed Aug 10 20:18:44 2022] GET /placement/allocations/87af071e-a706-42d5-8c92-3cacbab042ab => generated 259 bytes in 28 msecs (HTTP/1.1 200) 8 headers in 296 bytes (1 switches on core 0)
Aug 10 20:18:45.147286 n-d-846466-14 devstack@placement-api.service[107912]: DEBUG placement.requestlog [req-c6671677-9baa-4e39-b388-9d24b06d26fc req-82a507f4-8fc6-4ef2-a6cb-473f9602a50b None None] Starting request: 10.222.0.44 "GET /placement/allocations/d0bf7a1d-4a23-424b-9419-c61a9137e515" {{(pid=107912) __call__ /opt/stack/placement/placement/requestlog.py:55}}
Aug 10 20:18:45.157479 n-d-846466-14 devstack@placement-api.service[107912]: INFO placement.requestlog [req-c6671677-9baa-4e39-b388-9d24b06d26fc req-82a507f4-8fc6-4ef2-a6cb-473f9602a50b service placement] 10.222.0.44 "GET /placement/allocations/d0bf7a1d-4a23-424b-9419-c61a9137e515" status: 200 len: 259 microversion: 1.28
Aug 10 20:18:45.157939 n-d-846466-14 devstack@placement-api.service[107912]: [pid: 107912|app: 0|req: 113/223] 10.222.0.44 () {60 vars in 1377 bytes} [Wed Aug 10 20:18:45 2022] GET /placement/allocations/d0bf7a1d-4a23-424b-9419-c61a9137e515 => generated 259 bytes in 20 msecs (HTTP/1.1 200) 8 headers in 296 bytes (1 switches on core 0)
Aug 10 20:18:45.622706 n-d-846466-14 devstack@placement-api.service[107911]: DEBUG placement.requestlog [req-936e3faf-753e-415e-ae24-a7a45ecb7466 req-bc1d0bf8-3f6e-4f82-b069-975a042e14a1 None None] Starting request: 10.222.0.66 "GET /placement/allocation_candidates?resources=DISK_GB%3A1%2CMEMORY_MB%3A1024%2CVCPU%3A1&root_required=%21COMPUTE_STATUS_DISABLED" {{(pid=107911) __call__ /opt/stack/placement/placement/requestlog.py:55}}
Aug 10 20:18:45.687250 n-d-846466-14 devstack@placement-api.service[107911]: DEBUG placement.objects.research_context [req-936e3faf-753e-415e-ae24-a7a45ecb7466 req-bc1d0bf8-3f6e-4f82-b069-975a042e14a1 service placement] getting providers with 1 DISK_GB {{(pid=107911) __init__ /opt/stack/placement/placement/objects/research_context.py:136}}
Aug 10 20:18:45.694381 n-d-846466-14 devstack@placement-api.service[107911]: DEBUG placement.objects.research_context [req-936e3faf-753e-415e-ae24-a7a45ecb7466 req-bc1d0bf8-3f6e-4f82-b069-975a042e14a1 service placement] getting providers with 1024 MEMORY_MB {{(pid=107911) __init__ /opt/stack/placement/placement/objects/research_context.py:136}}
Aug 10 20:18:45.700726 n-d-846466-14 devstack@placement-api.service[107911]: DEBUG placement.objects.research_context [req-936e3faf-753e-415e-ae24-a7a45ecb7466 req-bc1d0bf8-3f6e-4f82-b069-975a042e14a1 service placement] getting providers with 1 VCPU {{(pid=107911) __init__ /opt/stack/placement/placement/objects/research_context.py:136}}
Aug 10 20:18:45.710683 n-d-846466-14 devstack@placement-api.service[107911]: DEBUG placement.objects.research_context [req-936e3faf-753e-415e-ae24-a7a45ecb7466 req-bc1d0bf8-3f6e-4f82-b069-975a042e14a1 service placement] found 2 providers with available 1 DISK_GB {{(pid=107911) get_provider_ids_matching /opt/stack/placement/placement/objects/research_context.py:563}}
Aug 10 20:18:45.711170 n-d-846466-14 devstack@placement-api.service[107911]: DEBUG placement.objects.research_context [req-936e3faf-753e-415e-ae24-a7a45ecb7466 req-bc1d0bf8-3f6e-4f82-b069-975a042e14a1 service placement] found 2 providers with available 1024 MEMORY_MB {{(pid=107911) get_provider_ids_matching /opt/stack/placement/placement/objects/research_context.py:563}}
Aug 10 20:18:45.712115 n-d-846466-14 devstack@placement-api.service[107911]: DEBUG placement.objects.research_context [req-936e3faf-753e-415e-ae24-a7a45ecb7466 req-bc1d0bf8-3f6e-4f82-b069-975a042e14a1 service placement] found 2 providers after filtering by previous result {{(pid=107911) get_provider_ids_matching /opt/stack/placement/placement/objects/research_context.py:594}}
Aug 10 20:18:45.712556 n-d-846466-14 devstack@placement-api.service[107911]: DEBUG placement.objects.research_context [req-936e3faf-753e-415e-ae24-a7a45ecb7466 req-bc1d0bf8-3f6e-4f82-b069-975a042e14a1 service placement] found 2 providers with available 1 VCPU {{(pid=107911) get_provider_ids_matching /opt/stack/placement/placement/objects/research_context.py:563}}
Aug 10 20:18:45.712977 n-d-846466-14 devstack@placement-api.service[107911]: DEBUG placement.objects.research_context [req-936e3faf-753e-415e-ae24-a7a45ecb7466 req-bc1d0bf8-3f6e-4f82-b069-975a042e14a1 service placement] found 2 providers after filtering by previous result {{(pid=107911) get_provider_ids_matching /opt/stack/placement/placement/objects/research_context.py:594}}
Aug 10 20:18:45.728761 n-d-846466-14 devstack@placement-api.service[107911]: DEBUG placement.objects.allocation_candidate [req-936e3faf-753e-415e-ae24-a7a45ecb7466 req-bc1d0bf8-3f6e-4f82-b069-975a042e14a1 service placement] RequestGroup(use_same_provider=False, resources={DISK_GB:1, MEMORY_MB:1024, VCPU:1}, traits=(), aggregates=[]) (suffix '') returned 2 matches {{(pid=107911) _get_by_requests /opt/stack/placement/placement/objects/allocation_candidate.py:156}}
Aug 10 20:18:45.730202 n-d-846466-14 devstack@placement-api.service[107911]: DEBUG placement.objects.allocation_candidate [req-936e3faf-753e-415e-ae24-a7a45ecb7466 req-bc1d0bf8-3f6e-4f82-b069-975a042e14a1 service placement] Merging candidates yields 2 allocation requests and 2 provider summaries {{(pid=107911) _merge_candidates /opt/stack/placement/placement/objects/allocation_candidate.py:809}}
Aug 10 20:18:45.731994 n-d-846466-14 devstack@placement-api.service[107911]: INFO placement.requestlog [req-936e3faf-753e-415e-ae24-a7a45ecb7466 req-bc1d0bf8-3f6e-4f82-b069-975a042e14a1 service placement] 10.222.0.66 "GET /placement/allocation_candidates?resources=DISK_GB%3A1%2CMEMORY_MB%3A1024%2CVCPU%3A1&root_required=%21COMPUTE_STATUS_DISABLED" status: 200 len: 1309 microversion: 1.36
Aug 10 20:18:45.732698 n-d-846466-14 devstack@placement-api.service[107911]: [pid: 107911|app: 0|req: 111/224] 10.222.0.66 () {60 vars in 1484 bytes} [Wed Aug 10 20:18:45 2022] GET /placement/allocation_candidates?resources=DISK_GB%3A1%2CMEMORY_MB%3A1024%2CVCPU%3A1&root_required=%21COMPUTE_STATUS_DISABLED => generated 1309 bytes in 110 msecs (HTTP/1.1 200) 8 headers in 297 bytes (1 switches on core 0)
Aug 10 20:18:45.817622 n-d-846466-14 devstack@placement-api.service[107912]: DEBUG placement.requestlog [req-936e3faf-753e-415e-ae24-a7a45ecb7466 req-ecdcfd7d-9d26-4e9d-8108-fecafea4262e None None] Starting request: 10.222.0.66 "GET /placement/allocations/c045fce6-149b-48f6-a260-47c6f8a19887" {{(pid=107912) __call__ /opt/stack/placement/placement/requestlog.py:55}}
Aug 10 20:18:45.843612 n-d-846466-14 devstack@placement-api.service[107912]: INFO placement.requestlog [req-936e3faf-753e-415e-ae24-a7a45ecb7466 req-ecdcfd7d-9d26-4e9d-8108-fecafea4262e service placement] 10.222.0.66 "GET /placement/allocations/c045fce6-149b-48f6-a260-47c6f8a19887" status: 200 len: 19 microversion: 1.28
Aug 10 20:18:45.844331 n-d-846466-14 devstack@placement-api.service[107912]: [pid: 107912|app: 0|req: 114/225] 10.222.0.66 () {60 vars in 1380 bytes} [Wed Aug 10 20:18:45 2022] GET /placement/allocations/c045fce6-149b-48f6-a260-47c6f8a19887 => generated 19 bytes in 27 msecs (HTTP/1.1 200) 8 headers in 295 bytes (1 switches on core 0)
Aug 10 20:18:45.850962 n-d-846466-14 devstack@placement-api.service[107911]: DEBUG placement.requestlog [req-936e3faf-753e-415e-ae24-a7a45ecb7466 req-2f32ff05-f391-4a02-a003-b4098d76f625 None None] Starting request: 10.222.0.66 "PUT /placement/allocations/c045fce6-149b-48f6-a260-47c6f8a19887" {{(pid=107911) __call__ /opt/stack/placement/placement/requestlog.py:55}}
Aug 10 20:18:45.953412 n-d-846466-14 devstack@placement-api.service[107911]: DEBUG placement.handlers.allocation [req-936e3faf-753e-415e-ae24-a7a45ecb7466 req-2f32ff05-f391-4a02-a003-b4098d76f625 service placement] Successfully wrote allocations [, , ] {{(pid=107911) _update_consumers_and_create_allocations /opt/stack/placement/placement/handlers/allocation.py:462}}
Aug 10 20:18:45.958691 n-d-846466-14 devstack@placement-api.service[107911]: INFO placement.requestlog [req-936e3faf-753e-415e-ae24-a7a45ecb7466 req-2f32ff05-f391-4a02-a003-b4098d76f625 service placement] 10.222.0.66 "PUT /placement/allocations/c045fce6-149b-48f6-a260-47c6f8a19887" status: 204 len: 0 microversion: 1.36
Aug 10 20:18:45.959228 n-d-846466-14 devstack@placement-api.service[107911]: [pid: 107911|app: 0|req: 112/226] 10.222.0.66 () {64 vars in 1433 bytes} [Wed Aug 10 20:18:45 2022] PUT /placement/allocations/c045fce6-149b-48f6-a260-47c6f8a19887 => generated 0 bytes in 109 msecs (HTTP/1.1 204) 5 headers in 199 bytes (1 switches on core 0)
Aug 10 20:18:46.369115 n-d-846466-14 devstack@placement-api.service[107912]: DEBUG placement.requestlog [req-936e3faf-753e-415e-ae24-a7a45ecb7466 req-8db23be5-5f0a-41a9-9c08-9a518fc05f94 None None] Starting request: 10.222.0.44 "GET /placement/allocations/c045fce6-149b-48f6-a260-47c6f8a19887" {{(pid=107912) __call__ /opt/stack/placement/placement/requestlog.py:55}}
Aug 10 20:18:46.387631 n-d-846466-14 devstack@placement-api.service[107912]: INFO placement.requestlog [req-936e3faf-753e-415e-ae24-a7a45ecb7466 req-8db23be5-5f0a-41a9-9c08-9a518fc05f94 service placement] 10.222.0.44 "GET /placement/allocations/c045fce6-149b-48f6-a260-47c6f8a19887" status: 200 len: 259 microversion: 1.28
Aug 10 20:18:46.388171 n-d-846466-14 devstack@placement-api.service[107912]: [pid: 107912|app: 0|req: 115/227] 10.222.0.44 () {60 vars in 1377 bytes} [Wed Aug 10 20:18:46 2022] GET /placement/allocations/c045fce6-149b-48f6-a260-47c6f8a19887 => generated 259 bytes in 20 msecs (HTTP/1.1 200) 8 headers in 296 bytes (2 switches on core 0)
Aug 10 20:18:47.750708 n-d-846466-14 devstack@placement-api.service[107911]: DEBUG placement.requestlog [req-54f66fe2-ef83-486d-9501-b699a3f9089c req-782df824-f5f3-46a8-bf56-9072c9105194 None None] Starting request: 10.222.0.61 "GET /placement/resource_providers/ac3368cc-198b-4fb9-8810-bf1fa82d294e/allocations" {{(pid=107911) __call__ /opt/stack/placement/placement/requestlog.py:55}}
Aug 10 20:18:47.853167 n-d-846466-14 devstack@placement-api.service[107911]: INFO placement.requestlog [req-54f66fe2-ef83-486d-9501-b699a3f9089c req-782df824-f5f3-46a8-bf56-9072c9105194 service placement] 10.222.0.61 "GET /placement/resource_providers/ac3368cc-198b-4fb9-8810-bf1fa82d294e/allocations" status: 200 len: 962 microversion: 1.0
Aug 10 20:18:47.854215 n-d-846466-14 devstack@placement-api.service[107911]: [pid: 107911|app: 0|req: 113/228] 10.222.0.61 () {58 vars in 1390 bytes} [Wed Aug 10 20:18:47 2022] GET /placement/resource_providers/ac3368cc-198b-4fb9-8810-bf1fa82d294e/allocations => generated 962 bytes in 104 msecs (HTTP/1.1 200) 6 headers in 224 bytes (1 switches on core 0)
Aug 10 20:18:47.934075 n-d-846466-14 devstack@placement-api.service[107912]: DEBUG placement.requestlog [req-54f66fe2-ef83-486d-9501-b699a3f9089c req-ff38f449-4cf7-4562-af4b-e1bc24a52fcf None None] Starting request: 10.222.0.61 "GET /placement/resource_providers?in_tree=ac3368cc-198b-4fb9-8810-bf1fa82d294e" {{(pid=107912) __call__ /opt/stack/placement/placement/requestlog.py:55}}
Aug 10 20:18:47.956915 n-d-846466-14 devstack@placement-api.service[107912]: INFO placement.requestlog [req-54f66fe2-ef83-486d-9501-b699a3f9089c req-ff38f449-4cf7-4562-af4b-e1bc24a52fcf service placement] 10.222.0.61 "GET /placement/resource_providers?in_tree=ac3368cc-198b-4fb9-8810-bf1fa82d294e" status: 200 len: 864 microversion: 1.14
Aug 10 20:18:47.957770 n-d-846466-14 devstack@placement-api.service[107912]: [pid: 107912|app: 0|req: 116/229] 10.222.0.61 () {60 vars in 1376 bytes} [Wed Aug 10 20:18:47 2022] GET /placement/resource_providers?in_tree=ac3368cc-198b-4fb9-8810-bf1fa82d294e => generated 864 bytes in 24 msecs (HTTP/1.1 200) 6 headers in 225 bytes (1 switches on core 0)
Aug 10 20:18:48.198690 n-d-846466-14 devstack@placement-api.service[107911]: DEBUG placement.requestlog [req-54f66fe2-ef83-486d-9501-b699a3f9089c req-9e73a76b-fb01-4ada-9cc9-b08a6ddc6d0c None None] Starting request: 10.222.0.61 "GET /placement/resource_providers/ac3368cc-198b-4fb9-8810-bf1fa82d294e/inventories" {{(pid=107911) __call__ /opt/stack/placement/placement/requestlog.py:55}}
Aug 10 20:18:48.249210 n-d-846466-14 devstack@placement-api.service[107911]: INFO placement.requestlog [req-54f66fe2-ef83-486d-9501-b699a3f9089c req-9e73a76b-fb01-4ada-9cc9-b08a6ddc6d0c service placement] 10.222.0.61 "GET /placement/resource_providers/ac3368cc-198b-4fb9-8810-bf1fa82d294e/inventories" status: 200 len: 398 microversion: 1.0
Aug 10 20:18:48.250194 n-d-846466-14 devstack@placement-api.service[107911]: [pid: 107911|app: 0|req: 114/230] 10.222.0.61 () {58 vars in 1390 bytes} [Wed Aug 10 20:18:48 2022] GET /placement/resource_providers/ac3368cc-198b-4fb9-8810-bf1fa82d294e/inventories => generated 398 bytes in 53 msecs (HTTP/1.1 200) 6 headers in 224 bytes (1 switches on core 0)
Aug 10 20:18:48.267861 n-d-846466-14 devstack@placement-api.service[107912]: DEBUG placement.requestlog [req-54f66fe2-ef83-486d-9501-b699a3f9089c req-2765889a-787d-4bb0-996c-5fd1e321567e None None] Starting request: 10.222.0.61 "GET /placement/resource_providers/ac3368cc-198b-4fb9-8810-bf1fa82d294e/aggregates" {{(pid=107912) __call__ /opt/stack/placement/placement/requestlog.py:55}}
Aug 10 20:18:48.288824 n-d-846466-14 devstack@placement-api.service[107912]: INFO placement.requestlog [req-54f66fe2-ef83-486d-9501-b699a3f9089c req-2765889a-787d-4bb0-996c-5fd1e321567e service placement] 10.222.0.61 "GET /placement/resource_providers/ac3368cc-198b-4fb9-8810-bf1fa82d294e/aggregates" status: 200 len: 54 microversion: 1.19
Aug 10 20:18:48.289221 n-d-846466-14 devstack@placement-api.service[107912]: [pid: 107912|app: 0|req: 117/231] 10.222.0.61 () {60 vars in 1431 bytes} [Wed Aug 10 20:18:48 2022] GET /placement/resource_providers/ac3368cc-198b-4fb9-8810-bf1fa82d294e/aggregates => generated 54 bytes in 22 msecs (HTTP/1.1 200) 8 headers in 295 bytes (1 switches on core 0)
Aug 10 20:18:48.300526 n-d-846466-14 devstack@placement-api.service[107911]: DEBUG placement.requestlog [req-54f66fe2-ef83-486d-9501-b699a3f9089c req-31446a25-851b-4416-b15a-908e3aa14842 None None] Starting request: 10.222.0.61 "GET /placement/resource_providers/ac3368cc-198b-4fb9-8810-bf1fa82d294e/traits" {{(pid=107911) __call__ /opt/stack/placement/placement/requestlog.py:55}}
Aug 10 20:18:48.324436 n-d-846466-14 devstack@placement-api.service[107911]: DEBUG dbcounter [-] [107911] Writing DB stats placement:SELECT=80,placement:INSERT=8,placement:DELETE=6,placement:UPDATE=6 {{(pid=107911) stat_writer /usr/local/lib/python3.8/dist-packages/dbcounter.py:114}}
Aug 10 20:18:48.373201 n-d-846466-14 devstack@placement-api.service[107911]: INFO placement.requestlog [req-54f66fe2-ef83-486d-9501-b699a3f9089c req-31446a25-851b-4416-b15a-908e3aa14842 service placement] 10.222.0.61 "GET /placement/resource_providers/ac3368cc-198b-4fb9-8810-bf1fa82d294e/traits" status: 200 len: 212 microversion: 1.6
Aug 10 20:18:48.374096 n-d-846466-14 devstack@placement-api.service[107911]: [pid: 107911|app: 0|req: 115/232] 10.222.0.61 () {60 vars in 1418 bytes} [Wed Aug 10 20:18:48 2022] GET /placement/resource_providers/ac3368cc-198b-4fb9-8810-bf1fa82d294e/traits => generated 212 bytes in 74 msecs (HTTP/1.1 200) 6 headers in 224 bytes (2 switches on core 0)
Aug 10 20:18:50.073891 n-d-846466-14 devstack@placement-api.service[107912]: DEBUG placement.requestlog [req-7e0d13a2-3a80-4669-bab2-4177425af130 req-1860397b-0a4e-477d-bc9e-02bf88727ac7 None None] Starting request: 10.222.0.44 "GET /placement/resource_providers/2ab798bb-4bdb-4547-be58-10e9e947c0ba/allocations" {{(pid=107912) __call__ /opt/stack/placement/placement/requestlog.py:55}}
Aug 10 20:18:50.101137 n-d-846466-14 devstack@placement-api.service[107912]: INFO placement.requestlog [req-7e0d13a2-3a80-4669-bab2-4177425af130 req-1860397b-0a4e-477d-bc9e-02bf88727ac7 service placement] 10.222.0.44 "GET /placement/resource_providers/2ab798bb-4bdb-4547-be58-10e9e947c0ba/allocations" status: 200 len: 861 microversion: 1.0
Aug 10 20:18:50.102300 n-d-846466-14 devstack@placement-api.service[107912]: [pid: 107912|app: 0|req: 118/233] 10.222.0.44 () {58 vars in 1390 bytes} [Wed Aug 10 20:18:50 2022] GET /placement/resource_providers/2ab798bb-4bdb-4547-be58-10e9e947c0ba/allocations => generated 861 bytes in 28 msecs (HTTP/1.1 200) 6 headers in 224 bytes (1 switches on core 0)
Aug 10 20:18:53.541154 n-d-846466-14 devstack@placement-api.service[107911]: DEBUG placement.requestlog [None req-ca9cbb5f-3293-40f7-99b1-b3e26dab6636 None None] Starting request: 10.222.0.66 "GET /placement/resource_providers/56096ab8-0657-4fc4-b36b-bcd4dcb8e1ca/aggregates" {{(pid=107911) __call__ /opt/stack/placement/placement/requestlog.py:55}}
Aug 10 20:18:53.560258 n-d-846466-14 devstack@placement-api.service[107911]: INFO placement.requestlog [None req-ca9cbb5f-3293-40f7-99b1-b3e26dab6636 service placement] 10.222.0.66 "GET /placement/resource_providers/56096ab8-0657-4fc4-b36b-bcd4dcb8e1ca/aggregates" status: 404 len: 235 microversion: 1.1
Aug 10 20:18:53.560628 n-d-846466-14 devstack@placement-api.service[107911]: [pid: 107911|app: 0|req: 116/234] 10.222.0.66 () {58 vars in 1362 bytes} [Wed Aug 10 20:18:53 2022] GET /placement/resource_providers/56096ab8-0657-4fc4-b36b-bcd4dcb8e1ca/aggregates => generated 235 bytes in 20 msecs (HTTP/1.1 404) 5 headers in 202 bytes (1 switches on core 0)
Aug 10 20:18:53.609014 n-d-846466-14 devstack@placement-api.service[107912]: DEBUG placement.requestlog [None req-3f19f799-2066-4ae5-81b2-1f7b19513dd6 None None] Starting request: 10.222.0.66 "DELETE /placement/resource_providers/56096ab8-0657-4fc4-b36b-bcd4dcb8e1ca" {{(pid=107912) __call__ /opt/stack/placement/placement/requestlog.py:55}}
Aug 10 20:18:53.621013 n-d-846466-14 devstack@placement-api.service[107912]: DEBUG placement.wsgi_wrapper [None req-3f19f799-2066-4ae5-81b2-1f7b19513dd6 service placement] Placement API returning an error response: No resource provider with uuid 56096ab8-0657-4fc4-b36b-bcd4dcb8e1ca found for delete {{(pid=107912) call_func /opt/stack/placement/placement/wsgi_wrapper.py:31}}
Aug 10 20:18:53.622063 n-d-846466-14 devstack@placement-api.service[107912]: INFO placement.requestlog [None req-3f19f799-2066-4ae5-81b2-1f7b19513dd6 service placement] 10.222.0.66 "DELETE /placement/resource_providers/56096ab8-0657-4fc4-b36b-bcd4dcb8e1ca" status: 404 len: 246 microversion: 1.1
Aug 10 20:18:53.624205 n-d-846466-14 devstack@placement-api.service[107912]: [pid: 107912|app: 0|req: 119/235] 10.222.0.66 () {60 vars in 1351 bytes} [Wed Aug 10 20:18:53 2022] DELETE /placement/resource_providers/56096ab8-0657-4fc4-b36b-bcd4dcb8e1ca => generated 246 bytes in 16 msecs (HTTP/1.1 404) 6 headers in 231 bytes (1 switches on core 0)
Aug 10 20:18:54.220253 n-d-846466-14 devstack@placement-api.service[107911]: DEBUG placement.requestlog [req-77b61cdd-5eaf-43e8-87fb-ce3be351bf19 req-5c0c9566-7d7b-4c09-b157-68a3134e0fbb None None] Starting request: 10.222.0.44 "GET /placement/allocations/85037b40-8187-4969-acf4-0312d6e212ba" {{(pid=107911) __call__ /opt/stack/placement/placement/requestlog.py:55}}
Aug 10 20:18:54.266837 n-d-846466-14 devstack@placement-api.service[107911]: INFO placement.requestlog [req-77b61cdd-5eaf-43e8-87fb-ce3be351bf19 req-5c0c9566-7d7b-4c09-b157-68a3134e0fbb service placement] 10.222.0.44 "GET /placement/allocations/85037b40-8187-4969-acf4-0312d6e212ba" status: 200 len: 259 microversion: 1.28
Aug 10 20:18:54.267219 n-d-846466-14 devstack@placement-api.service[107911]: [pid: 107911|app: 0|req: 117/236] 10.222.0.44 () {60 vars in 1377 bytes} [Wed Aug 10 20:18:54 2022] GET /placement/allocations/85037b40-8187-4969-acf4-0312d6e212ba => generated 259 bytes in 47 msecs (HTTP/1.1 200) 8 headers in 296 bytes (1 switches on core 0)
Aug 10 20:18:54.318479 n-d-846466-14 devstack@placement-api.service[107912]: DEBUG placement.requestlog [req-77b61cdd-5eaf-43e8-87fb-ce3be351bf19 req-bbb7237a-2735-4f50-9b68-aba95a0e0738 None None] Starting request: 10.222.0.44 "PUT /placement/allocations/85037b40-8187-4969-acf4-0312d6e212ba" {{(pid=107912) __call__ /opt/stack/placement/placement/requestlog.py:55}}
Aug 10 20:18:54.407979 n-d-846466-14 devstack@placement-api.service[107912]: DEBUG placement.handlers.allocation [req-77b61cdd-5eaf-43e8-87fb-ce3be351bf19 req-bbb7237a-2735-4f50-9b68-aba95a0e0738 service placement] Successfully wrote allocations [, , ] {{(pid=107912) _update_consumers_and_create_allocations /opt/stack/placement/placement/handlers/allocation.py:462}}
Aug 10 20:18:54.414573 n-d-846466-14 devstack@placement-api.service[107912]: INFO placement.requestlog [req-77b61cdd-5eaf-43e8-87fb-ce3be351bf19 req-bbb7237a-2735-4f50-9b68-aba95a0e0738 service placement] 10.222.0.44 "PUT /placement/allocations/85037b40-8187-4969-acf4-0312d6e212ba" status: 204 len: 0 microversion: 1.28
Aug 10 20:18:54.415905 n-d-846466-14 devstack@placement-api.service[107912]: [pid: 107912|app: 0|req: 120/237] 10.222.0.44 () {64 vars in 1430 bytes} [Wed Aug 10 20:18:54 2022] PUT /placement/allocations/85037b40-8187-4969-acf4-0312d6e212ba => generated 0 bytes in 97 msecs (HTTP/1.1 204) 5 headers in 199 bytes (1 switches on core 0)
Aug 10 20:18:55.353056 n-d-846466-14 devstack@placement-api.service[107911]: DEBUG placement.requestlog [req-24956fb4-ed1a-4c28-aae7-d8ada17f8233 req-81d7eb15-6adc-46b7-bef7-f14281cca745 None None] Starting request: 10.222.0.61 "GET /placement/resource_providers/ac3368cc-198b-4fb9-8810-bf1fa82d294e/allocations" {{(pid=107911) __call__ /opt/stack/placement/placement/requestlog.py:55}}
Aug 10 20:18:55.379092 n-d-846466-14 devstack@placement-api.service[107911]: INFO placement.requestlog [req-24956fb4-ed1a-4c28-aae7-d8ada17f8233 req-81d7eb15-6adc-46b7-bef7-f14281cca745 service placement] 10.222.0.61 "GET /placement/resource_providers/ac3368cc-198b-4fb9-8810-bf1fa82d294e/allocations" status: 200 len: 962 microversion: 1.0
Aug 10 20:18:55.380242 n-d-846466-14 devstack@placement-api.service[107911]: [pid: 107911|app: 0|req: 118/238] 10.222.0.61 () {58 vars in 1390 bytes} [Wed Aug 10 20:18:55 2022] GET /placement/resource_providers/ac3368cc-198b-4fb9-8810-bf1fa82d294e/allocations => generated 962 bytes in 28 msecs (HTTP/1.1 200) 6 headers in 224 bytes (1 switches on core 0)
Aug 10 20:18:55.650227 n-d-846466-14 devstack@placement-api.service[107912]: DEBUG placement.requestlog [req-5dcba91d-7dad-4fab-96c9-86e9cd8250a3 req-96dce456-dc13-4cf1-8f2a-4ccf6a7f31fa None None] Starting request: 10.222.0.66 "GET /placement/allocation_candidates?limit=1000&resources=DISK_GB%3A1%2CMEMORY_MB%3A1024%2CVCPU%3A1&root_required=%21COMPUTE_STATUS_DISABLED" {{(pid=107912) __call__ /opt/stack/placement/placement/requestlog.py:55}}
Aug 10 20:18:55.729819 n-d-846466-14 devstack@placement-api.service[107912]: DEBUG placement.objects.research_context [req-5dcba91d-7dad-4fab-96c9-86e9cd8250a3 req-96dce456-dc13-4cf1-8f2a-4ccf6a7f31fa service placement] getting providers with 1 DISK_GB {{(pid=107912) __init__ /opt/stack/placement/placement/objects/research_context.py:136}}
Aug 10 20:18:55.740301 n-d-846466-14 devstack@placement-api.service[107912]: DEBUG placement.objects.research_context [req-5dcba91d-7dad-4fab-96c9-86e9cd8250a3 req-96dce456-dc13-4cf1-8f2a-4ccf6a7f31fa service placement] getting providers with 1024 MEMORY_MB {{(pid=107912) __init__ /opt/stack/placement/placement/objects/research_context.py:136}}
Aug 10 20:18:55.749132 n-d-846466-14 devstack@placement-api.service[107912]: DEBUG placement.objects.research_context [req-5dcba91d-7dad-4fab-96c9-86e9cd8250a3 req-96dce456-dc13-4cf1-8f2a-4ccf6a7f31fa service placement] getting providers with 1 VCPU {{(pid=107912) __init__ /opt/stack/placement/placement/objects/research_context.py:136}}
Aug 10 20:18:55.755595 n-d-846466-14 devstack@placement-api.service[107912]: DEBUG placement.objects.research_context [req-5dcba91d-7dad-4fab-96c9-86e9cd8250a3 req-96dce456-dc13-4cf1-8f2a-4ccf6a7f31fa service placement] found 2 providers with available 1 DISK_GB {{(pid=107912) get_provider_ids_matching /opt/stack/placement/placement/objects/research_context.py:563}}
Aug 10 20:18:55.755761 n-d-846466-14 devstack@placement-api.service[107912]: DEBUG placement.objects.research_context [req-5dcba91d-7dad-4fab-96c9-86e9cd8250a3 req-96dce456-dc13-4cf1-8f2a-4ccf6a7f31fa service placement] found 2 providers with available 1024 MEMORY_MB {{(pid=107912) get_provider_ids_matching /opt/stack/placement/placement/objects/research_context.py:563}}
Aug 10 20:18:55.755936 n-d-846466-14 devstack@placement-api.service[107912]: DEBUG placement.objects.research_context [req-5dcba91d-7dad-4fab-96c9-86e9cd8250a3 req-96dce456-dc13-4cf1-8f2a-4ccf6a7f31fa service placement] found 2 providers after filtering by previous result {{(pid=107912) get_provider_ids_matching /opt/stack/placement/placement/objects/research_context.py:594}}
Aug 10 20:18:55.756371 n-d-846466-14 devstack@placement-api.service[107912]: DEBUG placement.objects.research_context [req-5dcba91d-7dad-4fab-96c9-86e9cd8250a3 req-96dce456-dc13-4cf1-8f2a-4ccf6a7f31fa service placement] found 2 providers with available 1 VCPU {{(pid=107912) get_provider_ids_matching /opt/stack/placement/placement/objects/research_context.py:563}}
Aug 10 20:18:55.756793 n-d-846466-14 devstack@placement-api.service[107912]: DEBUG placement.objects.research_context [req-5dcba91d-7dad-4fab-96c9-86e9cd8250a3 req-96dce456-dc13-4cf1-8f2a-4ccf6a7f31fa service placement] found 2 providers after filtering by previous result {{(pid=107912) get_provider_ids_matching /opt/stack/placement/placement/objects/research_context.py:594}}
Aug 10 20:18:55.770243 n-d-846466-14 devstack@placement-api.service[107912]: DEBUG placement.objects.allocation_candidate [req-5dcba91d-7dad-4fab-96c9-86e9cd8250a3 req-96dce456-dc13-4cf1-8f2a-4ccf6a7f31fa service placement] RequestGroup(use_same_provider=False, resources={DISK_GB:1, MEMORY_MB:1024, VCPU:1}, traits=(), aggregates=[]) (suffix '') returned 2 matches {{(pid=107912) _get_by_requests /opt/stack/placement/placement/objects/allocation_candidate.py:156}}
Aug 10 20:18:55.770675 n-d-846466-14 devstack@placement-api.service[107912]: DEBUG placement.objects.allocation_candidate [req-5dcba91d-7dad-4fab-96c9-86e9cd8250a3 req-96dce456-dc13-4cf1-8f2a-4ccf6a7f31fa service placement] Merging candidates yields 2 allocation requests and 2 provider summaries {{(pid=107912) _merge_candidates /opt/stack/placement/placement/objects/allocation_candidate.py:809}}
Aug 10 20:18:55.772463 n-d-846466-14 devstack@placement-api.service[107912]: INFO placement.requestlog [req-5dcba91d-7dad-4fab-96c9-86e9cd8250a3 req-96dce456-dc13-4cf1-8f2a-4ccf6a7f31fa service placement] 10.222.0.66 "GET /placement/allocation_candidates?limit=1000&resources=DISK_GB%3A1%2CMEMORY_MB%3A1024%2CVCPU%3A1&root_required=%21COMPUTE_STATUS_DISABLED" status: 200 len: 1309 microversion: 1.36
Aug 10 20:18:55.777297 n-d-846466-14 devstack@placement-api.service[107912]: [pid: 107912|app: 0|req: 121/239] 10.222.0.66 () {60 vars in 1506 bytes} [Wed Aug 10 20:18:55 2022] GET /placement/allocation_candidates?limit=1000&resources=DISK_GB%3A1%2CMEMORY_MB%3A1024%2CVCPU%3A1&root_required=%21COMPUTE_STATUS_DISABLED => generated 1309 bytes in 127 msecs (HTTP/1.1 200) 8 headers in 297 bytes (2 switches on core 0)
Aug 10 20:18:55.789579 n-d-846466-14 devstack@placement-api.service[107911]: DEBUG placement.requestlog [req-24956fb4-ed1a-4c28-aae7-d8ada17f8233 req-bf1be1be-ef2a-46d1-b6f0-10e6c62ca5c7 None None] Starting request: 10.222.0.61 "GET /placement/allocations/de7c62e4-9f80-4c65-9e2c-cc95a3a2393c" {{(pid=107911) __call__ /opt/stack/placement/placement/requestlog.py:55}}
Aug 10 20:18:55.832865 n-d-846466-14 devstack@placement-api.service[107911]: INFO placement.requestlog [req-24956fb4-ed1a-4c28-aae7-d8ada17f8233 req-bf1be1be-ef2a-46d1-b6f0-10e6c62ca5c7 service placement] 10.222.0.61 "GET /placement/allocations/de7c62e4-9f80-4c65-9e2c-cc95a3a2393c" status: 200 len: 259 microversion: 1.28
Aug 10 20:18:55.833902 n-d-846466-14 devstack@placement-api.service[107911]: [pid: 107911|app: 0|req: 119/240] 10.222.0.61 () {60 vars in 1377 bytes} [Wed Aug 10 20:18:55 2022] GET /placement/allocations/de7c62e4-9f80-4c65-9e2c-cc95a3a2393c => generated 259 bytes in 45 msecs (HTTP/1.1 200) 8 headers in 296 bytes (1 switches on core 0)
Aug 10 20:18:55.844916 n-d-846466-14 devstack@placement-api.service[107912]: DEBUG placement.requestlog [req-24956fb4-ed1a-4c28-aae7-d8ada17f8233 req-0cd6ec7b-566a-41a5-acea-5d4848c29d72 None None] Starting request: 10.222.0.61 "PUT /placement/allocations/de7c62e4-9f80-4c65-9e2c-cc95a3a2393c" {{(pid=107912) __call__ /opt/stack/placement/placement/requestlog.py:55}}
Aug 10 20:18:55.858710 n-d-846466-14 devstack@placement-api.service[107911]: DEBUG placement.requestlog [req-5dcba91d-7dad-4fab-96c9-86e9cd8250a3 req-2548a6d9-b860-4903-adae-23f9602b6833 None None] Starting request: 10.222.0.66 "GET /placement/allocations/bf8fd8af-2990-4b25-b86d-b372034a3b9a" {{(pid=107911) __call__ /opt/stack/placement/placement/requestlog.py:55}}
Aug 10 20:18:55.872012 n-d-846466-14 devstack@placement-api.service[107911]: INFO placement.requestlog [req-5dcba91d-7dad-4fab-96c9-86e9cd8250a3 req-2548a6d9-b860-4903-adae-23f9602b6833 service placement] 10.222.0.66 "GET /placement/allocations/bf8fd8af-2990-4b25-b86d-b372034a3b9a" status: 200 len: 19 microversion: 1.28
Aug 10 20:18:55.873083 n-d-846466-14 devstack@placement-api.service[107911]: [pid: 107911|app: 0|req: 120/241] 10.222.0.66 () {60 vars in 1380 bytes} [Wed Aug 10 20:18:55 2022] GET /placement/allocations/bf8fd8af-2990-4b25-b86d-b372034a3b9a => generated 19 bytes in 14 msecs (HTTP/1.1 200) 8 headers in 295 bytes (1 switches on core 0)
Aug 10 20:18:55.884136 n-d-846466-14 devstack@placement-api.service[107911]: DEBUG placement.requestlog [req-5dcba91d-7dad-4fab-96c9-86e9cd8250a3 req-e78127f7-52cd-4cd0-ab46-15e2c991c147 None None] Starting request: 10.222.0.66 "PUT /placement/allocations/bf8fd8af-2990-4b25-b86d-b372034a3b9a" {{(pid=107911) __call__ /opt/stack/placement/placement/requestlog.py:55}}
Aug 10 20:18:55.949061 n-d-846466-14 devstack@placement-api.service[107912]: DEBUG placement.handlers.allocation [req-24956fb4-ed1a-4c28-aae7-d8ada17f8233 req-0cd6ec7b-566a-41a5-acea-5d4848c29d72 service placement] Successfully wrote allocations [, , ] {{(pid=107912) _update_consumers_and_create_allocations /opt/stack/placement/placement/handlers/allocation.py:462}}
Aug 10 20:18:55.959691 n-d-846466-14 devstack@placement-api.service[107912]: INFO placement.requestlog [req-24956fb4-ed1a-4c28-aae7-d8ada17f8233 req-0cd6ec7b-566a-41a5-acea-5d4848c29d72 service placement] 10.222.0.61 "PUT /placement/allocations/de7c62e4-9f80-4c65-9e2c-cc95a3a2393c" status: 204 len: 0 microversion: 1.28
Aug 10 20:18:55.960503 n-d-846466-14 devstack@placement-api.service[107912]: [pid: 107912|app: 0|req: 122/242] 10.222.0.61 () {64 vars in 1430 bytes} [Wed Aug 10 20:18:55 2022] PUT /placement/allocations/de7c62e4-9f80-4c65-9e2c-cc95a3a2393c => generated 0 bytes in 116 msecs (HTTP/1.1 204) 5 headers in 199 bytes (1 switches on core 0)
Aug 10 20:18:56.016136 n-d-846466-14 devstack@placement-api.service[107911]: DEBUG placement.handlers.allocation [req-5dcba91d-7dad-4fab-96c9-86e9cd8250a3 req-e78127f7-52cd-4cd0-ab46-15e2c991c147 service placement] Successfully wrote allocations [, , ] {{(pid=107911) _update_consumers_and_create_allocations /opt/stack/placement/placement/handlers/allocation.py:462}}
Aug 10 20:18:56.021266 n-d-846466-14 devstack@placement-api.service[107911]: INFO placement.requestlog [req-5dcba91d-7dad-4fab-96c9-86e9cd8250a3 req-e78127f7-52cd-4cd0-ab46-15e2c991c147 service placement] 10.222.0.66 "PUT /placement/allocations/bf8fd8af-2990-4b25-b86d-b372034a3b9a" status: 204 len: 0 microversion: 1.36
Aug 10 20:18:56.024072 n-d-846466-14 devstack@placement-api.service[107911]: [pid: 107911|app: 0|req: 121/243] 10.222.0.66 () {64 vars in 1433 bytes} [Wed Aug 10 20:18:55 2022] PUT /placement/allocations/bf8fd8af-2990-4b25-b86d-b372034a3b9a => generated 0 bytes in 142 msecs (HTTP/1.1 204) 5 headers in 199 bytes (2 switches on core 0)
Aug 10 20:18:56.377513 n-d-846466-14 devstack@placement-api.service[107912]: DEBUG placement.requestlog [req-fdc24664-193d-44a7-997f-0b4130f9b567 req-d464d3b7-d473-4176-a1fb-1c607c1a7d25 None None] Starting request: 10.222.0.66 "GET /placement/allocation_candidates?limit=1000&resources=DISK_GB%3A1%2CMEMORY_MB%3A1024%2CVCPU%3A1&root_required=%21COMPUTE_STATUS_DISABLED" {{(pid=107912) __call__ /opt/stack/placement/placement/requestlog.py:55}}
Aug 10 20:18:56.481551 n-d-846466-14 devstack@placement-api.service[107912]: DEBUG placement.objects.research_context [req-fdc24664-193d-44a7-997f-0b4130f9b567 req-d464d3b7-d473-4176-a1fb-1c607c1a7d25 service placement] getting providers with 1 DISK_GB {{(pid=107912) __init__ /opt/stack/placement/placement/objects/research_context.py:136}}
Aug 10 20:18:56.494889 n-d-846466-14 devstack@placement-api.service[107912]: DEBUG placement.objects.research_context [req-fdc24664-193d-44a7-997f-0b4130f9b567 req-d464d3b7-d473-4176-a1fb-1c607c1a7d25 service placement] getting providers with 1024 MEMORY_MB {{(pid=107912) __init__ /opt/stack/placement/placement/objects/research_context.py:136}}
Aug 10 20:18:56.503707 n-d-846466-14 devstack@placement-api.service[107911]: DEBUG placement.requestlog [req-5dcba91d-7dad-4fab-96c9-86e9cd8250a3 req-cd9f69cb-9a01-47b7-aaa2-a21aaf751438 None None] Starting request: 10.222.0.61 "GET /placement/allocations/bf8fd8af-2990-4b25-b86d-b372034a3b9a" {{(pid=107911) __call__ /opt/stack/placement/placement/requestlog.py:55}}
Aug 10 20:18:56.508244 n-d-846466-14 devstack@placement-api.service[107912]: DEBUG placement.objects.research_context [req-fdc24664-193d-44a7-997f-0b4130f9b567 req-d464d3b7-d473-4176-a1fb-1c607c1a7d25 service placement] getting providers with 1 VCPU {{(pid=107912) __init__ /opt/stack/placement/placement/objects/research_context.py:136}}
Aug 10 20:18:56.523680 n-d-846466-14 devstack@placement-api.service[107912]: DEBUG placement.objects.research_context [req-fdc24664-193d-44a7-997f-0b4130f9b567 req-d464d3b7-d473-4176-a1fb-1c607c1a7d25 service placement] found 2 providers with available 1 DISK_GB {{(pid=107912) get_provider_ids_matching /opt/stack/placement/placement/objects/research_context.py:563}}
Aug 10 20:18:56.524768 n-d-846466-14 devstack@placement-api.service[107912]: DEBUG placement.objects.research_context [req-fdc24664-193d-44a7-997f-0b4130f9b567 req-d464d3b7-d473-4176-a1fb-1c607c1a7d25 service placement] found 2 providers with available 1024 MEMORY_MB {{(pid=107912) get_provider_ids_matching /opt/stack/placement/placement/objects/research_context.py:563}}
Aug 10 20:18:56.526181 n-d-846466-14 devstack@placement-api.service[107912]: DEBUG placement.objects.research_context [req-fdc24664-193d-44a7-997f-0b4130f9b567 req-d464d3b7-d473-4176-a1fb-1c607c1a7d25 service placement] found 2 providers after filtering by previous result {{(pid=107912) get_provider_ids_matching /opt/stack/placement/placement/objects/research_context.py:594}}
Aug 10 20:18:56.527992 n-d-846466-14 devstack@placement-api.service[107912]: DEBUG placement.objects.research_context [req-fdc24664-193d-44a7-997f-0b4130f9b567 req-d464d3b7-d473-4176-a1fb-1c607c1a7d25 service placement] found 2 providers with available 1 VCPU {{(pid=107912) get_provider_ids_matching /opt/stack/placement/placement/objects/research_context.py:563}}
Aug 10 20:18:56.529106 n-d-846466-14 devstack@placement-api.service[107912]: DEBUG placement.objects.research_context [req-fdc24664-193d-44a7-997f-0b4130f9b567 req-d464d3b7-d473-4176-a1fb-1c607c1a7d25 service placement] found 2 providers after filtering by previous result {{(pid=107912) get_provider_ids_matching /opt/stack/placement/placement/objects/research_context.py:594}}
Aug 10 20:18:56.529615 n-d-846466-14 devstack@placement-api.service[107911]: INFO placement.requestlog [req-5dcba91d-7dad-4fab-96c9-86e9cd8250a3 req-cd9f69cb-9a01-47b7-aaa2-a21aaf751438 service placement] 10.222.0.61 "GET /placement/allocations/bf8fd8af-2990-4b25-b86d-b372034a3b9a" status: 200 len: 259 microversion: 1.28
Aug 10 20:18:56.530569 n-d-846466-14 devstack@placement-api.service[107911]: [pid: 107911|app: 0|req: 122/244] 10.222.0.61 () {60 vars in 1377 bytes} [Wed Aug 10 20:18:56 2022] GET /placement/allocations/bf8fd8af-2990-4b25-b86d-b372034a3b9a => generated 259 bytes in 27 msecs (HTTP/1.1 200) 8 headers in 296 bytes (1 switches on core 0)
Aug 10 20:18:56.564635 n-d-846466-14 devstack@placement-api.service[107912]: DEBUG placement.objects.allocation_candidate [req-fdc24664-193d-44a7-997f-0b4130f9b567 req-d464d3b7-d473-4176-a1fb-1c607c1a7d25 service placement] RequestGroup(use_same_provider=False, resources={DISK_GB:1, MEMORY_MB:1024, VCPU:1}, traits=(), aggregates=[]) (suffix '') returned 2 matches {{(pid=107912) _get_by_requests /opt/stack/placement/placement/objects/allocation_candidate.py:156}}
