Aug 03 17:22:34.042929 n-d-846466-11 devstack@placement-api.service[105438]: DEBUG placement.handlers.allocation [req-fe93c824-8bbf-4e3b-81a2-ba3119b69b49 req-7553756d-ae6b-4512-835c-881b98910605 service placement] Successfully deleted allocations [, , ] {{(pid=105438) delete_allocations /opt/stack/placement/placement/handlers/allocation.py:627}}
Aug 03 17:22:34.043716 n-d-846466-11 devstack@placement-api.service[105438]: INFO placement.requestlog [req-fe93c824-8bbf-4e3b-81a2-ba3119b69b49 req-7553756d-ae6b-4512-835c-881b98910605 service placement] 10.222.0.107 "DELETE /placement/allocations/501c4d1d-7545-4869-8bb5-363f00e5dfc8" status: 204 len: 0 microversion: 1.0
Aug 03 17:22:34.044413 n-d-846466-11 devstack@placement-api.service[105438]: [pid: 105438|app: 0|req: 182/367] 10.222.0.107 () {60 vars in 1356 bytes} [Wed Aug 3 17:22:33 2022] DELETE /placement/allocations/501c4d1d-7545-4869-8bb5-363f00e5dfc8 => generated 0 bytes in 98 msecs (HTTP/1.1 204) 5 headers in 198 bytes (1 switches on core 0)
Aug 03 17:22:34.371975 n-d-846466-11 devstack@placement-api.service[105439]: DEBUG placement.requestlog [req-4d1c4055-2747-4b68-9268-7735d6cd5eb6 req-0dc6b778-46d9-40e1-99c8-722e7ab98631 None None] Starting request: 10.222.0.107 "GET /placement/resource_providers/fa7fb6fd-4973-4785-aa14-a54a7a733805/allocations" {{(pid=105439) __call__ /opt/stack/placement/placement/requestlog.py:55}}
Aug 03 17:22:34.440344 n-d-846466-11 devstack@placement-api.service[105439]: INFO placement.requestlog [req-4d1c4055-2747-4b68-9268-7735d6cd5eb6 req-0dc6b778-46d9-40e1-99c8-722e7ab98631 service placement] 10.222.0.107 "GET /placement/resource_providers/fa7fb6fd-4973-4785-aa14-a54a7a733805/allocations" status: 200 len: 558 microversion: 1.0
Aug 03 17:22:34.441138 n-d-846466-11 devstack@placement-api.service[105439]: [pid: 105439|app: 0|req: 186/368] 10.222.0.107 () {58 vars in 1391 bytes} [Wed Aug 3 17:22:34 2022] GET /placement/resource_providers/fa7fb6fd-4973-4785-aa14-a54a7a733805/allocations => generated 558 bytes in 69 msecs (HTTP/1.1 200) 6 headers in 224 bytes (1 switches on core 0)
Aug 03 17:22:36.101641 n-d-846466-11 devstack@placement-api.service[105438]: DEBUG placement.requestlog [req-75a9d6eb-7b1d-4ee3-9c16-cbc94b923f5e req-624b7a0c-49b5-42dc-8311-a2ea20bedc6f None None] Starting request: 10.222.0.45 "GET /placement/allocation_candidates?limit=1000&resources=MEMORY_MB%3A1024%2CVCPU%3A1&root_required=%21COMPUTE_STATUS_DISABLED" {{(pid=105438) __call__ /opt/stack/placement/placement/requestlog.py:55}}
Aug 03 17:22:36.244807 n-d-846466-11 devstack@placement-api.service[105438]: DEBUG placement.objects.research_context [req-75a9d6eb-7b1d-4ee3-9c16-cbc94b923f5e req-624b7a0c-49b5-42dc-8311-a2ea20bedc6f service placement] getting providers with 1024 MEMORY_MB {{(pid=105438) __init__ /opt/stack/placement/placement/objects/research_context.py:136}}
Aug 03 17:22:36.263661 n-d-846466-11 devstack@placement-api.service[105438]: DEBUG placement.objects.research_context [req-75a9d6eb-7b1d-4ee3-9c16-cbc94b923f5e req-624b7a0c-49b5-42dc-8311-a2ea20bedc6f service placement] getting providers with 1 VCPU {{(pid=105438) __init__ /opt/stack/placement/placement/objects/research_context.py:136}}
Aug 03 17:22:36.272309 n-d-846466-11 devstack@placement-api.service[105438]: DEBUG placement.objects.research_context [req-75a9d6eb-7b1d-4ee3-9c16-cbc94b923f5e req-624b7a0c-49b5-42dc-8311-a2ea20bedc6f service placement] found 2 providers with available 1024 MEMORY_MB {{(pid=105438) get_provider_ids_matching /opt/stack/placement/placement/objects/research_context.py:563}}
Aug 03 17:22:36.273110 n-d-846466-11 devstack@placement-api.service[105438]: DEBUG placement.objects.research_context [req-75a9d6eb-7b1d-4ee3-9c16-cbc94b923f5e req-624b7a0c-49b5-42dc-8311-a2ea20bedc6f service placement] found 2 providers with available 1 VCPU {{(pid=105438) get_provider_ids_matching /opt/stack/placement/placement/objects/research_context.py:563}}
Aug 03 17:22:36.273616 n-d-846466-11 devstack@placement-api.service[105438]: DEBUG placement.objects.research_context [req-75a9d6eb-7b1d-4ee3-9c16-cbc94b923f5e req-624b7a0c-49b5-42dc-8311-a2ea20bedc6f service placement] found 2 providers after filtering by previous result {{(pid=105438) get_provider_ids_matching /opt/stack/placement/placement/objects/research_context.py:594}}
Aug 03 17:22:36.289978 n-d-846466-11 devstack@placement-api.service[105438]: DEBUG placement.objects.allocation_candidate [req-75a9d6eb-7b1d-4ee3-9c16-cbc94b923f5e req-624b7a0c-49b5-42dc-8311-a2ea20bedc6f service placement] RequestGroup(use_same_provider=False, resources={MEMORY_MB:1024, VCPU:1}, traits=(), aggregates=[]) (suffix '') returned 2 matches {{(pid=105438) _get_by_requests /opt/stack/placement/placement/objects/allocation_candidate.py:156}}
Aug 03 17:22:36.291311 n-d-846466-11 devstack@placement-api.service[105438]: DEBUG placement.objects.allocation_candidate [req-75a9d6eb-7b1d-4ee3-9c16-cbc94b923f5e req-624b7a0c-49b5-42dc-8311-a2ea20bedc6f service placement] Merging candidates yields 2 allocation requests and 2 provider summaries {{(pid=105438) _merge_candidates /opt/stack/placement/placement/objects/allocation_candidate.py:809}}
Aug 03 17:22:36.293828 n-d-846466-11 devstack@placement-api.service[105438]: INFO placement.requestlog [req-75a9d6eb-7b1d-4ee3-9c16-cbc94b923f5e req-624b7a0c-49b5-42dc-8311-a2ea20bedc6f service placement] 10.222.0.45 "GET /placement/allocation_candidates?limit=1000&resources=MEMORY_MB%3A1024%2CVCPU%3A1&root_required=%21COMPUTE_STATUS_DISABLED" status: 200 len: 1281 microversion: 1.36
Aug 03 17:22:36.294777 n-d-846466-11 devstack@placement-api.service[105438]: [pid: 105438|app: 0|req: 183/369] 10.222.0.45 () {60 vars in 1478 bytes} [Wed Aug 3 17:22:36 2022] GET /placement/allocation_candidates?limit=1000&resources=MEMORY_MB%3A1024%2CVCPU%3A1&root_required=%21COMPUTE_STATUS_DISABLED => generated 1281 bytes in 194 msecs (HTTP/1.1 200) 8 headers in 297 bytes (1 switches on core 0)
Aug 03 17:22:36.474611 n-d-846466-11 devstack@placement-api.service[105439]: DEBUG placement.requestlog [req-75a9d6eb-7b1d-4ee3-9c16-cbc94b923f5e req-77f870ed-805e-4e03-8f86-69f59e92aa73 None None] Starting request: 10.222.0.45 "GET /placement/allocations/f11a18f6-5446-4605-aa76-8bc3ad38ac0d" {{(pid=105439) __call__ /opt/stack/placement/placement/requestlog.py:55}}
Aug 03 17:22:36.508798 n-d-846466-11 devstack@placement-api.service[105439]: INFO placement.requestlog [req-75a9d6eb-7b1d-4ee3-9c16-cbc94b923f5e req-77f870ed-805e-4e03-8f86-69f59e92aa73 service placement] 10.222.0.45 "GET /placement/allocations/f11a18f6-5446-4605-aa76-8bc3ad38ac0d" status: 200 len: 19 microversion: 1.28
Aug 03 17:22:36.511677 n-d-846466-11 devstack@placement-api.service[105439]: [pid: 105439|app: 0|req: 187/370] 10.222.0.45 () {60 vars in 1380 bytes} [Wed Aug 3 17:22:36 2022] GET /placement/allocations/f11a18f6-5446-4605-aa76-8bc3ad38ac0d => generated 19 bytes in 37 msecs (HTTP/1.1 200) 8 headers in 295 bytes (1 switches on core 0)
Aug 03 17:22:36.520429 n-d-846466-11 devstack@placement-api.service[105438]: DEBUG placement.requestlog [req-75a9d6eb-7b1d-4ee3-9c16-cbc94b923f5e req-152a97a0-8c2b-41d8-ab68-b65644c19bb6 None None] Starting request: 10.222.0.45 "PUT /placement/allocations/f11a18f6-5446-4605-aa76-8bc3ad38ac0d" {{(pid=105438) __call__ /opt/stack/placement/placement/requestlog.py:55}}
Aug 03 17:22:36.660207 n-d-846466-11 devstack@placement-api.service[105438]: DEBUG placement.handlers.allocation [req-75a9d6eb-7b1d-4ee3-9c16-cbc94b923f5e req-152a97a0-8c2b-41d8-ab68-b65644c19bb6 service placement] Successfully wrote allocations [, ] {{(pid=105438) _update_consumers_and_create_allocations /opt/stack/placement/placement/handlers/allocation.py:462}}
Aug 03 17:22:36.675637 n-d-846466-11 devstack@placement-api.service[105438]: INFO placement.requestlog [req-75a9d6eb-7b1d-4ee3-9c16-cbc94b923f5e req-152a97a0-8c2b-41d8-ab68-b65644c19bb6 service placement] 10.222.0.45 "PUT /placement/allocations/f11a18f6-5446-4605-aa76-8bc3ad38ac0d" status: 204 len: 0 microversion: 1.36
Aug 03 17:22:36.676341 n-d-846466-11 devstack@placement-api.service[105438]: [pid: 105438|app: 0|req: 184/371] 10.222.0.45 () {64 vars in 1433 bytes} [Wed Aug 3 17:22:36 2022] PUT /placement/allocations/f11a18f6-5446-4605-aa76-8bc3ad38ac0d => generated 0 bytes in 156 msecs (HTTP/1.1 204) 5 headers in 199 bytes (1 switches on core 0)
Aug 03 17:22:37.473865 n-d-846466-11 devstack@placement-api.service[105439]: DEBUG placement.requestlog [req-75a9d6eb-7b1d-4ee3-9c16-cbc94b923f5e req-c4e65981-1a0b-4a6c-83f1-992893c8200a None None] Starting request: 10.222.0.107 "GET /placement/allocations/f11a18f6-5446-4605-aa76-8bc3ad38ac0d" {{(pid=105439) __call__ /opt/stack/placement/placement/requestlog.py:55}}
Aug 03 17:22:37.508456 n-d-846466-11 devstack@placement-api.service[105439]: INFO placement.requestlog [req-75a9d6eb-7b1d-4ee3-9c16-cbc94b923f5e req-c4e65981-1a0b-4a6c-83f1-992893c8200a service placement] 10.222.0.107 "GET /placement/allocations/f11a18f6-5446-4605-aa76-8bc3ad38ac0d" status: 200 len: 245 microversion: 1.28
Aug 03 17:22:37.509758 n-d-846466-11 devstack@placement-api.service[105439]: [pid: 105439|app: 0|req: 188/372] 10.222.0.107 () {60 vars in 1378 bytes} [Wed Aug 3 17:22:37 2022] GET /placement/allocations/f11a18f6-5446-4605-aa76-8bc3ad38ac0d => generated 245 bytes in 36 msecs (HTTP/1.1 200) 8 headers in 296 bytes (1 switches on core 0)
Aug 03 17:22:38.917014 n-d-846466-11 devstack@placement-api.service[105438]: DEBUG placement.requestlog [req-ac047666-2fdd-4843-ad15-35cab521f1dd req-32e65ffc-8d6d-4a48-becf-328d6675cc7e None None] Starting request: 10.222.0.45 "GET /placement/allocation_candidates?limit=1000&resources=DISK_GB%3A1%2CMEMORY_MB%3A1024%2CVCPU%3A1&root_required=%21COMPUTE_STATUS_DISABLED" {{(pid=105438) __call__ /opt/stack/placement/placement/requestlog.py:55}}
Aug 03 17:22:39.055300 n-d-846466-11 devstack@placement-api.service[105438]: DEBUG placement.objects.research_context [req-ac047666-2fdd-4843-ad15-35cab521f1dd req-32e65ffc-8d6d-4a48-becf-328d6675cc7e service placement] getting providers with 1 DISK_GB {{(pid=105438) __init__ /opt/stack/placement/placement/objects/research_context.py:136}}
Aug 03 17:22:39.071324 n-d-846466-11 devstack@placement-api.service[105438]: DEBUG placement.objects.research_context [req-ac047666-2fdd-4843-ad15-35cab521f1dd req-32e65ffc-8d6d-4a48-becf-328d6675cc7e service placement] getting providers with 1024 MEMORY_MB {{(pid=105438) __init__ /opt/stack/placement/placement/objects/research_context.py:136}}
Aug 03 17:22:39.093940 n-d-846466-11 devstack@placement-api.service[105438]: DEBUG placement.objects.research_context [req-ac047666-2fdd-4843-ad15-35cab521f1dd req-32e65ffc-8d6d-4a48-becf-328d6675cc7e service placement] getting providers with 1 VCPU {{(pid=105438) __init__ /opt/stack/placement/placement/objects/research_context.py:136}}
Aug 03 17:22:39.120893 n-d-846466-11 devstack@placement-api.service[105438]: DEBUG placement.objects.research_context [req-ac047666-2fdd-4843-ad15-35cab521f1dd req-32e65ffc-8d6d-4a48-becf-328d6675cc7e service placement] found 2 providers with available 1 DISK_GB {{(pid=105438) get_provider_ids_matching /opt/stack/placement/placement/objects/research_context.py:563}}
Aug 03 17:22:39.121171 n-d-846466-11 devstack@placement-api.service[105438]: DEBUG placement.objects.research_context [req-ac047666-2fdd-4843-ad15-35cab521f1dd req-32e65ffc-8d6d-4a48-becf-328d6675cc7e service placement] found 2 providers with available 1024 MEMORY_MB {{(pid=105438) get_provider_ids_matching /opt/stack/placement/placement/objects/research_context.py:563}}
Aug 03 17:22:39.121448 n-d-846466-11 devstack@placement-api.service[105438]: DEBUG placement.objects.research_context [req-ac047666-2fdd-4843-ad15-35cab521f1dd req-32e65ffc-8d6d-4a48-becf-328d6675cc7e service placement] found 2 providers after filtering by previous result {{(pid=105438) get_provider_ids_matching /opt/stack/placement/placement/objects/research_context.py:594}}
Aug 03 17:22:39.121709 n-d-846466-11 devstack@placement-api.service[105438]: DEBUG placement.objects.research_context [req-ac047666-2fdd-4843-ad15-35cab521f1dd req-32e65ffc-8d6d-4a48-becf-328d6675cc7e service placement] found 2 providers with available 1 VCPU {{(pid=105438) get_provider_ids_matching /opt/stack/placement/placement/objects/research_context.py:563}}
Aug 03 17:22:39.121975 n-d-846466-11 devstack@placement-api.service[105438]: DEBUG placement.objects.research_context [req-ac047666-2fdd-4843-ad15-35cab521f1dd req-32e65ffc-8d6d-4a48-becf-328d6675cc7e service placement] found 2 providers after filtering by previous result {{(pid=105438) get_provider_ids_matching /opt/stack/placement/placement/objects/research_context.py:594}}
Aug 03 17:22:39.175570 n-d-846466-11 devstack@placement-api.service[105438]: DEBUG placement.objects.allocation_candidate [req-ac047666-2fdd-4843-ad15-35cab521f1dd req-32e65ffc-8d6d-4a48-becf-328d6675cc7e service placement] RequestGroup(use_same_provider=False, resources={DISK_GB:1, MEMORY_MB:1024, VCPU:1}, traits=(), aggregates=[]) (suffix '') returned 2 matches {{(pid=105438) _get_by_requests /opt/stack/placement/placement/objects/allocation_candidate.py:156}}
Aug 03 17:22:39.181731 n-d-846466-11 devstack@placement-api.service[105438]: DEBUG placement.objects.allocation_candidate [req-ac047666-2fdd-4843-ad15-35cab521f1dd req-32e65ffc-8d6d-4a48-becf-328d6675cc7e service placement] Merging candidates yields 2 allocation requests and 2 provider summaries {{(pid=105438) _merge_candidates /opt/stack/placement/placement/objects/allocation_candidate.py:809}}
Aug 03 17:22:39.184911 n-d-846466-11 devstack@placement-api.service[105438]: INFO placement.requestlog [req-ac047666-2fdd-4843-ad15-35cab521f1dd req-32e65ffc-8d6d-4a48-becf-328d6675cc7e service placement] 10.222.0.45 "GET /placement/allocation_candidates?limit=1000&resources=DISK_GB%3A1%2CMEMORY_MB%3A1024%2CVCPU%3A1&root_required=%21COMPUTE_STATUS_DISABLED" status: 200 len: 1309 microversion: 1.36
Aug 03 17:22:39.187743 n-d-846466-11 devstack@placement-api.service[105438]: [pid: 105438|app: 0|req: 185/373] 10.222.0.45 () {60 vars in 1506 bytes} [Wed Aug 3 17:22:38 2022] GET /placement/allocation_candidates?limit=1000&resources=DISK_GB%3A1%2CMEMORY_MB%3A1024%2CVCPU%3A1&root_required=%21COMPUTE_STATUS_DISABLED => generated 1309 bytes in 270 msecs (HTTP/1.1 200) 8 headers in 297 bytes (1 switches on core 0)
Aug 03 17:22:39.379358 n-d-846466-11 devstack@placement-api.service[105439]: DEBUG placement.requestlog [req-ac047666-2fdd-4843-ad15-35cab521f1dd req-7fe04e8e-3631-488e-b370-dae3ec919753 None None] Starting request: 10.222.0.45 "GET /placement/allocations/ffd06ee4-bd62-44ac-b206-cb4deb57e628" {{(pid=105439) __call__ /opt/stack/placement/placement/requestlog.py:55}}
Aug 03 17:22:39.394477 n-d-846466-11 devstack@placement-api.service[105439]: INFO placement.requestlog [req-ac047666-2fdd-4843-ad15-35cab521f1dd req-7fe04e8e-3631-488e-b370-dae3ec919753 service placement] 10.222.0.45 "GET /placement/allocations/ffd06ee4-bd62-44ac-b206-cb4deb57e628" status: 200 len: 19 microversion: 1.28
Aug 03 17:22:39.402584 n-d-846466-11 devstack@placement-api.service[105439]: [pid: 105439|app: 0|req: 189/374] 10.222.0.45 () {60 vars in 1380 bytes} [Wed Aug 3 17:22:39 2022] GET /placement/allocations/ffd06ee4-bd62-44ac-b206-cb4deb57e628 => generated 19 bytes in 24 msecs (HTTP/1.1 200) 8 headers in 295 bytes (1 switches on core 0)
Aug 03 17:22:39.410213 n-d-846466-11 devstack@placement-api.service[105438]: DEBUG placement.requestlog [req-ac047666-2fdd-4843-ad15-35cab521f1dd req-1c636529-884d-491c-89db-54afd340e56e None None] Starting request: 10.222.0.45 "PUT /placement/allocations/ffd06ee4-bd62-44ac-b206-cb4deb57e628" {{(pid=105438) __call__ /opt/stack/placement/placement/requestlog.py:55}}
Aug 03 17:22:39.596374 n-d-846466-11 devstack@placement-api.service[105438]: DEBUG placement.handlers.allocation [req-ac047666-2fdd-4843-ad15-35cab521f1dd req-1c636529-884d-491c-89db-54afd340e56e service placement] Successfully wrote allocations [, , ] {{(pid=105438) _update_consumers_and_create_allocations /opt/stack/placement/placement/handlers/allocation.py:462}}
Aug 03 17:22:39.611835 n-d-846466-11 devstack@placement-api.service[105438]: INFO placement.requestlog [req-ac047666-2fdd-4843-ad15-35cab521f1dd req-1c636529-884d-491c-89db-54afd340e56e service placement] 10.222.0.45 "PUT /placement/allocations/ffd06ee4-bd62-44ac-b206-cb4deb57e628" status: 204 len: 0 microversion: 1.36
Aug 03 17:22:39.612541 n-d-846466-11 devstack@placement-api.service[105438]: [pid: 105438|app: 0|req: 186/375] 10.222.0.45 () {64 vars in 1433 bytes} [Wed Aug 3 17:22:39 2022] PUT /placement/allocations/ffd06ee4-bd62-44ac-b206-cb4deb57e628 => generated 0 bytes in 202 msecs (HTTP/1.1 204) 5 headers in 199 bytes (1 switches on core 0)
Aug 03 17:22:40.498075 n-d-846466-11 devstack@placement-api.service[105439]: DEBUG placement.requestlog [req-ac047666-2fdd-4843-ad15-35cab521f1dd req-9115322d-cf9c-46f8-9dba-6d1c2021a3a2 None None] Starting request: 10.222.0.47 "GET /placement/allocations/ffd06ee4-bd62-44ac-b206-cb4deb57e628" {{(pid=105439) __call__ /opt/stack/placement/placement/requestlog.py:55}}
Aug 03 17:22:40.521016 n-d-846466-11 devstack@placement-api.service[105439]: INFO placement.requestlog [req-ac047666-2fdd-4843-ad15-35cab521f1dd req-9115322d-cf9c-46f8-9dba-6d1c2021a3a2 service placement] 10.222.0.47 "GET /placement/allocations/ffd06ee4-bd62-44ac-b206-cb4deb57e628" status: 200 len: 259 microversion: 1.28
Aug 03 17:22:40.521941 n-d-846466-11 devstack@placement-api.service[105439]: [pid: 105439|app: 0|req: 190/376] 10.222.0.47 () {60 vars in 1377 bytes} [Wed Aug 3 17:22:40 2022] GET /placement/allocations/ffd06ee4-bd62-44ac-b206-cb4deb57e628 => generated 259 bytes in 24 msecs (HTTP/1.1 200) 8 headers in 296 bytes (1 switches on core 0)
Aug 03 17:22:43.952488 n-d-846466-11 devstack@placement-api.service[105438]: DEBUG placement.requestlog [req-d7278cd9-05f3-41da-b631-6c8209c9c673 req-aff3572d-b22f-4bd7-bf7b-90eaac61f852 None None] Starting request: 10.222.0.45 "GET /placement/allocation_candidates?limit=1000&resources=DISK_GB%3A1%2CMEMORY_MB%3A1024%2CVCPU%3A1&root_required=%21COMPUTE_STATUS_DISABLED" {{(pid=105438) __call__ /opt/stack/placement/placement/requestlog.py:55}}
Aug 03 17:22:44.038228 n-d-846466-11 devstack@placement-api.service[105438]: DEBUG placement.objects.research_context [req-d7278cd9-05f3-41da-b631-6c8209c9c673 req-aff3572d-b22f-4bd7-bf7b-90eaac61f852 service placement] getting providers with 1 DISK_GB {{(pid=105438) __init__ /opt/stack/placement/placement/objects/research_context.py:136}}
Aug 03 17:22:44.049256 n-d-846466-11 devstack@placement-api.service[105438]: DEBUG placement.objects.research_context [req-d7278cd9-05f3-41da-b631-6c8209c9c673 req-aff3572d-b22f-4bd7-bf7b-90eaac61f852 service placement] getting providers with 1024 MEMORY_MB {{(pid=105438) __init__ /opt/stack/placement/placement/objects/research_context.py:136}}
Aug 03 17:22:44.058996 n-d-846466-11 devstack@placement-api.service[105438]: DEBUG placement.objects.research_context [req-d7278cd9-05f3-41da-b631-6c8209c9c673 req-aff3572d-b22f-4bd7-bf7b-90eaac61f852 service placement] getting providers with 1 VCPU {{(pid=105438) __init__ /opt/stack/placement/placement/objects/research_context.py:136}}
Aug 03 17:22:44.070781 n-d-846466-11 devstack@placement-api.service[105438]: DEBUG placement.objects.research_context [req-d7278cd9-05f3-41da-b631-6c8209c9c673 req-aff3572d-b22f-4bd7-bf7b-90eaac61f852 service placement] found 2 providers with available 1 DISK_GB {{(pid=105438) get_provider_ids_matching /opt/stack/placement/placement/objects/research_context.py:563}}
Aug 03 17:22:44.071519 n-d-846466-11 devstack@placement-api.service[105438]: DEBUG placement.objects.research_context [req-d7278cd9-05f3-41da-b631-6c8209c9c673 req-aff3572d-b22f-4bd7-bf7b-90eaac61f852 service placement] found 2 providers with available 1024 MEMORY_MB {{(pid=105438) get_provider_ids_matching /opt/stack/placement/placement/objects/research_context.py:563}}
Aug 03 17:22:44.072042 n-d-846466-11 devstack@placement-api.service[105438]: DEBUG placement.objects.research_context [req-d7278cd9-05f3-41da-b631-6c8209c9c673 req-aff3572d-b22f-4bd7-bf7b-90eaac61f852 service placement] found 2 providers after filtering by previous result {{(pid=105438) get_provider_ids_matching /opt/stack/placement/placement/objects/research_context.py:594}}
Aug 03 17:22:44.072530 n-d-846466-11 devstack@placement-api.service[105438]: DEBUG placement.objects.research_context [req-d7278cd9-05f3-41da-b631-6c8209c9c673 req-aff3572d-b22f-4bd7-bf7b-90eaac61f852 service placement] found 2 providers with available 1 VCPU {{(pid=105438) get_provider_ids_matching /opt/stack/placement/placement/objects/research_context.py:563}}
Aug 03 17:22:44.073017 n-d-846466-11 devstack@placement-api.service[105438]: DEBUG placement.objects.research_context [req-d7278cd9-05f3-41da-b631-6c8209c9c673 req-aff3572d-b22f-4bd7-bf7b-90eaac61f852 service placement] found 2 providers after filtering by previous result {{(pid=105438) get_provider_ids_matching /opt/stack/placement/placement/objects/research_context.py:594}}
Aug 03 17:22:44.126868 n-d-846466-11 devstack@placement-api.service[105438]: DEBUG placement.objects.allocation_candidate [req-d7278cd9-05f3-41da-b631-6c8209c9c673 req-aff3572d-b22f-4bd7-bf7b-90eaac61f852 service placement] RequestGroup(use_same_provider=False, resources={DISK_GB:1, MEMORY_MB:1024, VCPU:1}, traits=(), aggregates=[]) (suffix '') returned 2 matches {{(pid=105438) _get_by_requests /opt/stack/placement/placement/objects/allocation_candidate.py:156}}
Aug 03 17:22:44.127240 n-d-846466-11 devstack@placement-api.service[105438]: DEBUG placement.objects.allocation_candidate [req-d7278cd9-05f3-41da-b631-6c8209c9c673 req-aff3572d-b22f-4bd7-bf7b-90eaac61f852 service placement] Merging candidates yields 2 allocation requests and 2 provider summaries {{(pid=105438) _merge_candidates /opt/stack/placement/placement/objects/allocation_candidate.py:809}}
Aug 03 17:22:44.137581 n-d-846466-11 devstack@placement-api.service[105438]: INFO placement.requestlog [req-d7278cd9-05f3-41da-b631-6c8209c9c673 req-aff3572d-b22f-4bd7-bf7b-90eaac61f852 service placement] 10.222.0.45 "GET /placement/allocation_candidates?limit=1000&resources=DISK_GB%3A1%2CMEMORY_MB%3A1024%2CVCPU%3A1&root_required=%21COMPUTE_STATUS_DISABLED" status: 200 len: 1309 microversion: 1.36
Aug 03 17:22:44.143799 n-d-846466-11 devstack@placement-api.service[105438]: [pid: 105438|app: 0|req: 187/377] 10.222.0.45 () {60 vars in 1506 bytes} [Wed Aug 3 17:22:43 2022] GET /placement/allocation_candidates?limit=1000&resources=DISK_GB%3A1%2CMEMORY_MB%3A1024%2CVCPU%3A1&root_required=%21COMPUTE_STATUS_DISABLED => generated 1309 bytes in 191 msecs (HTTP/1.1 200) 8 headers in 297 bytes (1 switches on core 0)
Aug 03 17:22:44.267981 n-d-846466-11 devstack@placement-api.service[105439]: DEBUG placement.requestlog [req-d7278cd9-05f3-41da-b631-6c8209c9c673 req-c84aeea8-ac6c-49a1-bfba-687af2b9f5e8 None None] Starting request: 10.222.0.45 "GET /placement/allocations/36b9c9bf-8f15-48f9-a72e-cbd0350d1453" {{(pid=105439) __call__ /opt/stack/placement/placement/requestlog.py:55}}
Aug 03 17:22:44.291505 n-d-846466-11 devstack@placement-api.service[105439]: INFO placement.requestlog [req-d7278cd9-05f3-41da-b631-6c8209c9c673 req-c84aeea8-ac6c-49a1-bfba-687af2b9f5e8 service placement] 10.222.0.45 "GET /placement/allocations/36b9c9bf-8f15-48f9-a72e-cbd0350d1453" status: 200 len: 19 microversion: 1.28
Aug 03 17:22:44.296157 n-d-846466-11 devstack@placement-api.service[105439]: [pid: 105439|app: 0|req: 191/378] 10.222.0.45 () {60 vars in 1380 bytes} [Wed Aug 3 17:22:44 2022] GET /placement/allocations/36b9c9bf-8f15-48f9-a72e-cbd0350d1453 => generated 19 bytes in 28 msecs (HTTP/1.1 200) 8 headers in 295 bytes (1 switches on core 0)
Aug 03 17:22:44.303016 n-d-846466-11 devstack@placement-api.service[105438]: DEBUG placement.requestlog [req-d7278cd9-05f3-41da-b631-6c8209c9c673 req-ab75a7f8-77c2-4a53-8d85-311dd7d2272b None None] Starting request: 10.222.0.45 "PUT /placement/allocations/36b9c9bf-8f15-48f9-a72e-cbd0350d1453" {{(pid=105438) __call__ /opt/stack/placement/placement/requestlog.py:55}}
Aug 03 17:22:44.482834 n-d-846466-11 devstack@placement-api.service[105438]: DEBUG dbcounter [-] [105438] Writing DB stats placement:SELECT=76,placement:INSERT=13,placement:DELETE=5,placement:UPDATE=6 {{(pid=105438) stat_writer /usr/local/lib/python3.8/dist-packages/dbcounter.py:114}}
Aug 03 17:22:44.485829 n-d-846466-11 devstack@placement-api.service[105438]: DEBUG placement.handlers.allocation [req-d7278cd9-05f3-41da-b631-6c8209c9c673 req-ab75a7f8-77c2-4a53-8d85-311dd7d2272b service placement] Successfully wrote allocations [, , ] {{(pid=105438) _update_consumers_and_create_allocations /opt/stack/placement/placement/handlers/allocation.py:462}}
Aug 03 17:22:44.501781 n-d-846466-11 devstack@placement-api.service[105438]: INFO placement.requestlog [req-d7278cd9-05f3-41da-b631-6c8209c9c673 req-ab75a7f8-77c2-4a53-8d85-311dd7d2272b service placement] 10.222.0.45 "PUT /placement/allocations/36b9c9bf-8f15-48f9-a72e-cbd0350d1453" status: 204 len: 0 microversion: 1.36
Aug 03 17:22:44.505060 n-d-846466-11 devstack@placement-api.service[105438]: [pid: 105438|app: 0|req: 188/379] 10.222.0.45 () {64 vars in 1433 bytes} [Wed Aug 3 17:22:44 2022] PUT /placement/allocations/36b9c9bf-8f15-48f9-a72e-cbd0350d1453 => generated 0 bytes in 200 msecs (HTTP/1.1 204) 5 headers in 199 bytes (1 switches on core 0)
Aug 03 17:22:45.089936 n-d-846466-11 devstack@placement-api.service[105439]: DEBUG placement.requestlog [req-d7278cd9-05f3-41da-b631-6c8209c9c673 req-ced2f072-b044-401c-8d1c-04cb5f19435d None None] Starting request: 10.222.0.107 "GET /placement/allocations/36b9c9bf-8f15-48f9-a72e-cbd0350d1453" {{(pid=105439) __call__ /opt/stack/placement/placement/requestlog.py:55}}
Aug 03 17:22:45.145199 n-d-846466-11 devstack@placement-api.service[105439]: INFO placement.requestlog [req-d7278cd9-05f3-41da-b631-6c8209c9c673 req-ced2f072-b044-401c-8d1c-04cb5f19435d service placement] 10.222.0.107 "GET /placement/allocations/36b9c9bf-8f15-48f9-a72e-cbd0350d1453" status: 200 len: 259 microversion: 1.28
Aug 03 17:22:45.145699 n-d-846466-11 devstack@placement-api.service[105439]: [pid: 105439|app: 0|req: 192/380] 10.222.0.107 () {60 vars in 1378 bytes} [Wed Aug 3 17:22:45 2022] GET /placement/allocations/36b9c9bf-8f15-48f9-a72e-cbd0350d1453 => generated 259 bytes in 56 msecs (HTTP/1.1 200) 8 headers in 296 bytes (1 switches on core 0)
Aug 03 17:22:48.871836 n-d-846466-11 devstack@placement-api.service[105438]: DEBUG placement.requestlog [req-0cdfb1bb-2692-4e6f-a048-1894575319c4 req-3fca6ad6-c64b-4a92-8794-a947b7414656 None None] Starting request: 10.222.0.45 "GET /placement/allocation_candidates?limit=1000&resources=DISK_GB%3A1%2CMEMORY_MB%3A1024%2CVCPU%3A1&root_required=%21COMPUTE_STATUS_DISABLED" {{(pid=105438) __call__ /opt/stack/placement/placement/requestlog.py:55}}
Aug 03 17:22:49.003585 n-d-846466-11 devstack@placement-api.service[105438]: DEBUG placement.objects.research_context [req-0cdfb1bb-2692-4e6f-a048-1894575319c4 req-3fca6ad6-c64b-4a92-8794-a947b7414656 service placement] getting providers with 1 DISK_GB {{(pid=105438) __init__ /opt/stack/placement/placement/objects/research_context.py:136}}
Aug 03 17:22:49.023752 n-d-846466-11 devstack@placement-api.service[105438]: DEBUG placement.objects.research_context [req-0cdfb1bb-2692-4e6f-a048-1894575319c4 req-3fca6ad6-c64b-4a92-8794-a947b7414656 service placement] getting providers with 1024 MEMORY_MB {{(pid=105438) __init__ /opt/stack/placement/placement/objects/research_context.py:136}}
Aug 03 17:22:49.045511 n-d-846466-11 devstack@placement-api.service[105438]: DEBUG placement.objects.research_context [req-0cdfb1bb-2692-4e6f-a048-1894575319c4 req-3fca6ad6-c64b-4a92-8794-a947b7414656 service placement] getting providers with 1 VCPU {{(pid=105438) __init__ /opt/stack/placement/placement/objects/research_context.py:136}}
Aug 03 17:22:49.059746 n-d-846466-11 devstack@placement-api.service[105438]: DEBUG placement.objects.research_context [req-0cdfb1bb-2692-4e6f-a048-1894575319c4 req-3fca6ad6-c64b-4a92-8794-a947b7414656 service placement] found 2 providers with available 1 DISK_GB {{(pid=105438) get_provider_ids_matching /opt/stack/placement/placement/objects/research_context.py:563}}
Aug 03 17:22:49.060027 n-d-846466-11 devstack@placement-api.service[105438]: DEBUG placement.objects.research_context [req-0cdfb1bb-2692-4e6f-a048-1894575319c4 req-3fca6ad6-c64b-4a92-8794-a947b7414656 service placement] found 2 providers with available 1024 MEMORY_MB {{(pid=105438) get_provider_ids_matching /opt/stack/placement/placement/objects/research_context.py:563}}
Aug 03 17:22:49.060301 n-d-846466-11 devstack@placement-api.service[105438]: DEBUG placement.objects.research_context [req-0cdfb1bb-2692-4e6f-a048-1894575319c4 req-3fca6ad6-c64b-4a92-8794-a947b7414656 service placement] found 2 providers after filtering by previous result {{(pid=105438) get_provider_ids_matching /opt/stack/placement/placement/objects/research_context.py:594}}
Aug 03 17:22:49.061598 n-d-846466-11 devstack@placement-api.service[105438]: DEBUG placement.objects.research_context [req-0cdfb1bb-2692-4e6f-a048-1894575319c4 req-3fca6ad6-c64b-4a92-8794-a947b7414656 service placement] found 2 providers with available 1 VCPU {{(pid=105438) get_provider_ids_matching /opt/stack/placement/placement/objects/research_context.py:563}}
Aug 03 17:22:49.062039 n-d-846466-11 devstack@placement-api.service[105438]: DEBUG placement.objects.research_context [req-0cdfb1bb-2692-4e6f-a048-1894575319c4 req-3fca6ad6-c64b-4a92-8794-a947b7414656 service placement] found 2 providers after filtering by previous result {{(pid=105438) get_provider_ids_matching /opt/stack/placement/placement/objects/research_context.py:594}}
Aug 03 17:22:49.104049 n-d-846466-11 devstack@placement-api.service[105438]: DEBUG placement.objects.allocation_candidate [req-0cdfb1bb-2692-4e6f-a048-1894575319c4 req-3fca6ad6-c64b-4a92-8794-a947b7414656 service placement] RequestGroup(use_same_provider=False, resources={DISK_GB:1, MEMORY_MB:1024, VCPU:1}, traits=(), aggregates=[]) (suffix '') returned 2 matches {{(pid=105438) _get_by_requests /opt/stack/placement/placement/objects/allocation_candidate.py:156}}
Aug 03 17:22:49.104424 n-d-846466-11 devstack@placement-api.service[105438]: DEBUG placement.objects.allocation_candidate [req-0cdfb1bb-2692-4e6f-a048-1894575319c4 req-3fca6ad6-c64b-4a92-8794-a947b7414656 service placement] Merging candidates yields 2 allocation requests and 2 provider summaries {{(pid=105438) _merge_candidates /opt/stack/placement/placement/objects/allocation_candidate.py:809}}
Aug 03 17:22:49.113592 n-d-846466-11 devstack@placement-api.service[105438]: INFO placement.requestlog [req-0cdfb1bb-2692-4e6f-a048-1894575319c4 req-3fca6ad6-c64b-4a92-8794-a947b7414656 service placement] 10.222.0.45 "GET /placement/allocation_candidates?limit=1000&resources=DISK_GB%3A1%2CMEMORY_MB%3A1024%2CVCPU%3A1&root_required=%21COMPUTE_STATUS_DISABLED" status: 200 len: 1309 microversion: 1.36
Aug 03 17:22:49.115358 n-d-846466-11 devstack@placement-api.service[105438]: [pid: 105438|app: 0|req: 189/381] 10.222.0.45 () {60 vars in 1506 bytes} [Wed Aug 3 17:22:48 2022] GET /placement/allocation_candidates?limit=1000&resources=DISK_GB%3A1%2CMEMORY_MB%3A1024%2CVCPU%3A1&root_required=%21COMPUTE_STATUS_DISABLED => generated 1309 bytes in 244 msecs (HTTP/1.1 200) 8 headers in 297 bytes (1 switches on core 0)
Aug 03 17:22:49.274333 n-d-846466-11 devstack@placement-api.service[105439]: DEBUG placement.requestlog [req-0cdfb1bb-2692-4e6f-a048-1894575319c4 req-9f9c5d5b-39c9-468f-bb19-009e04c924f0 None None] Starting request: 10.222.0.45 "GET /placement/allocations/05834c34-dff0-43ff-8f1c-6aa22152cf9e" {{(pid=105439) __call__ /opt/stack/placement/placement/requestlog.py:55}}
Aug 03 17:22:49.282239 n-d-846466-11 devstack@placement-api.service[105439]: DEBUG dbcounter [-] [105439] Writing DB stats placement:SELECT=38 {{(pid=105439) stat_writer /usr/local/lib/python3.8/dist-packages/dbcounter.py:114}}
Aug 03 17:22:49.292858 n-d-846466-11 devstack@placement-api.service[105439]: INFO placement.requestlog [req-0cdfb1bb-2692-4e6f-a048-1894575319c4 req-9f9c5d5b-39c9-468f-bb19-009e04c924f0 service placement] 10.222.0.45 "GET /placement/allocations/05834c34-dff0-43ff-8f1c-6aa22152cf9e" status: 200 len: 19 microversion: 1.28
Aug 03 17:22:49.293825 n-d-846466-11 devstack@placement-api.service[105439]: [pid: 105439|app: 0|req: 193/382] 10.222.0.45 () {60 vars in 1380 bytes} [Wed Aug 3 17:22:49 2022] GET /placement/allocations/05834c34-dff0-43ff-8f1c-6aa22152cf9e => generated 19 bytes in 20 msecs (HTTP/1.1 200) 8 headers in 295 bytes (1 switches on core 0)
Aug 03 17:22:49.302660 n-d-846466-11 devstack@placement-api.service[105438]: DEBUG placement.requestlog [req-0cdfb1bb-2692-4e6f-a048-1894575319c4 req-a242f0ed-c786-4389-8be0-b3dfbe796e31 None None] Starting request: 10.222.0.45 "PUT /placement/allocations/05834c34-dff0-43ff-8f1c-6aa22152cf9e" {{(pid=105438) __call__ /opt/stack/placement/placement/requestlog.py:55}}
Aug 03 17:22:49.487690 n-d-846466-11 devstack@placement-api.service[105438]: DEBUG placement.handlers.allocation [req-0cdfb1bb-2692-4e6f-a048-1894575319c4 req-a242f0ed-c786-4389-8be0-b3dfbe796e31 service placement] Successfully wrote allocations [, , ] {{(pid=105438) _update_consumers_and_create_allocations /opt/stack/placement/placement/handlers/allocation.py:462}}
Aug 03 17:22:49.498595 n-d-846466-11 devstack@placement-api.service[105438]: INFO placement.requestlog [req-0cdfb1bb-2692-4e6f-a048-1894575319c4 req-a242f0ed-c786-4389-8be0-b3dfbe796e31 service placement] 10.222.0.45 "PUT /placement/allocations/05834c34-dff0-43ff-8f1c-6aa22152cf9e" status: 204 len: 0 microversion: 1.36
Aug 03 17:22:49.499138 n-d-846466-11 devstack@placement-api.service[105438]: [pid: 105438|app: 0|req: 190/383] 10.222.0.45 () {64 vars in 1433 bytes} [Wed Aug 3 17:22:49 2022] PUT /placement/allocations/05834c34-dff0-43ff-8f1c-6aa22152cf9e => generated 0 bytes in 197 msecs (HTTP/1.1 204) 5 headers in 199 bytes (1 switches on core 0)
Aug 03 17:22:50.002676 n-d-846466-11 devstack@placement-api.service[105439]: DEBUG placement.requestlog [req-0cdfb1bb-2692-4e6f-a048-1894575319c4 req-e61239f0-df09-48ff-9890-154f4d8647b9 None None] Starting request: 10.222.0.47 "GET /placement/allocations/05834c34-dff0-43ff-8f1c-6aa22152cf9e" {{(pid=105439) __call__ /opt/stack/placement/placement/requestlog.py:55}}
Aug 03 17:22:50.019872 n-d-846466-11 devstack@placement-api.service[105439]: INFO placement.requestlog [req-0cdfb1bb-2692-4e6f-a048-1894575319c4 req-e61239f0-df09-48ff-9890-154f4d8647b9 service placement] 10.222.0.47 "GET /placement/allocations/05834c34-dff0-43ff-8f1c-6aa22152cf9e" status: 200 len: 259 microversion: 1.28
Aug 03 17:22:50.021623 n-d-846466-11 devstack@placement-api.service[105439]: [pid: 105439|app: 0|req: 194/384] 10.222.0.47 () {60 vars in 1377 bytes} [Wed Aug 3 17:22:50 2022] GET /placement/allocations/05834c34-dff0-43ff-8f1c-6aa22152cf9e => generated 259 bytes in 19 msecs (HTTP/1.1 200) 8 headers in 296 bytes (1 switches on core 0)
Aug 03 17:22:59.487156 n-d-846466-11 devstack@placement-api.service[105438]: DEBUG dbcounter [-] [105438] Writing DB stats placement:DELETE=3,placement:SELECT=25,placement:INSERT=4,placement:UPDATE=2 {{(pid=105438) stat_writer /usr/local/lib/python3.8/dist-packages/dbcounter.py:114}}
Aug 03 17:23:00.018184 n-d-846466-11 devstack@placement-api.service[105439]: DEBUG dbcounter [-] [105439] Writing DB stats placement:SELECT=5 {{(pid=105439) stat_writer /usr/local/lib/python3.8/dist-packages/dbcounter.py:114}}
Aug 03 17:23:13.231634 n-d-846466-11 devstack@placement-api.service[105438]: DEBUG placement.requestlog [None req-0c3c3f21-1392-490e-9fdb-b9965d626df1 None None] Starting request: 10.222.0.45 "GET /placement/" {{(pid=105438) __call__ /opt/stack/placement/placement/requestlog.py:55}}
Aug 03 17:23:13.233527 n-d-846466-11 devstack@placement-api.service[105438]: INFO placement.requestlog [None req-0c3c3f21-1392-490e-9fdb-b9965d626df1 None None] 10.222.0.45 "GET /placement/" status: 200 len: 136 microversion: 1.0
Aug 03 17:23:13.234035 n-d-846466-11 devstack@placement-api.service[105438]: [pid: 105438|app: 0|req: 191/385] 10.222.0.45 () {54 vars in 916 bytes} [Wed Aug 3 17:23:13 2022] GET /placement => generated 136 bytes in 3 msecs (HTTP/1.1 200) 6 headers in 224 bytes (1 switches on core 0)
Aug 03 17:23:13.250764 n-d-846466-11 devstack@placement-api.service[105439]: DEBUG placement.requestlog [req-4be2cf1d-80d8-4754-b529-e47f0e5cbc30 req-28b15edc-8aae-4c8f-b567-a7a4c2a3d689 None None] Starting request: 10.222.0.45 "GET /placement/allocations/f11a18f6-5446-4605-aa76-8bc3ad38ac0d" {{(pid=105439) __call__ /opt/stack/placement/placement/requestlog.py:55}}
Aug 03 17:23:13.557636 n-d-846466-11 devstack@placement-api.service[105439]: INFO placement.requestlog [req-4be2cf1d-80d8-4754-b529-e47f0e5cbc30 req-28b15edc-8aae-4c8f-b567-a7a4c2a3d689 service placement] 10.222.0.45 "GET /placement/allocations/f11a18f6-5446-4605-aa76-8bc3ad38ac0d" status: 200 len: 245 microversion: 1.28
Aug 03 17:23:13.558418 n-d-846466-11 devstack@placement-api.service[105439]: [pid: 105439|app: 0|req: 195/386] 10.222.0.45 () {60 vars in 1380 bytes} [Wed Aug 3 17:23:13 2022] GET /placement/allocations/f11a18f6-5446-4605-aa76-8bc3ad38ac0d => generated 245 bytes in 308 msecs (HTTP/1.1 200) 8 headers in 296 bytes (1 switches on core 0)
Aug 03 17:23:13.567865 n-d-846466-11 devstack@placement-api.service[105438]: DEBUG placement.requestlog [req-4be2cf1d-80d8-4754-b529-e47f0e5cbc30 req-6de6d84e-641e-479c-b2d8-3fb25fcac606 None None] Starting request: 10.222.0.45 "GET /placement/allocations/f11a18f6-5446-4605-aa76-8bc3ad38ac0d" {{(pid=105438) __call__ /opt/stack/placement/placement/requestlog.py:55}}
Aug 03 17:23:13.609171 n-d-846466-11 devstack@placement-api.service[105438]: INFO placement.requestlog [req-4be2cf1d-80d8-4754-b529-e47f0e5cbc30 req-6de6d84e-641e-479c-b2d8-3fb25fcac606 service placement] 10.222.0.45 "GET /placement/allocations/f11a18f6-5446-4605-aa76-8bc3ad38ac0d" status: 200 len: 245 microversion: 1.28
Aug 03 17:23:13.609584 n-d-846466-11 devstack@placement-api.service[105438]: [pid: 105438|app: 0|req: 192/387] 10.222.0.45 () {60 vars in 1380 bytes} [Wed Aug 3 17:23:13 2022] GET /placement/allocations/f11a18f6-5446-4605-aa76-8bc3ad38ac0d => generated 245 bytes in 42 msecs (HTTP/1.1 200) 8 headers in 296 bytes (1 switches on core 0)
Aug 03 17:23:13.617232 n-d-846466-11 devstack@placement-api.service[105439]: DEBUG placement.requestlog [req-4be2cf1d-80d8-4754-b529-e47f0e5cbc30 req-973bccc0-cf15-47b7-9237-11cfa875bb5a None None] Starting request: 10.222.0.45 "GET /placement/allocations/6d86a329-496e-4a44-a62f-6255b5867fc8" {{(pid=105439) __call__ /opt/stack/placement/placement/requestlog.py:55}}
Aug 03 17:23:13.638486 n-d-846466-11 devstack@placement-api.service[105439]: INFO placement.requestlog [req-4be2cf1d-80d8-4754-b529-e47f0e5cbc30 req-973bccc0-cf15-47b7-9237-11cfa875bb5a service placement] 10.222.0.45 "GET /placement/allocations/6d86a329-496e-4a44-a62f-6255b5867fc8" status: 200 len: 19 microversion: 1.28
Aug 03 17:23:13.641083 n-d-846466-11 devstack@placement-api.service[105439]: [pid: 105439|app: 0|req: 196/388] 10.222.0.45 () {60 vars in 1380 bytes} [Wed Aug 3 17:23:13 2022] GET /placement/allocations/6d86a329-496e-4a44-a62f-6255b5867fc8 => generated 19 bytes in 25 msecs (HTTP/1.1 200) 8 headers in 295 bytes (1 switches on core 0)
Aug 03 17:23:13.650355 n-d-846466-11 devstack@placement-api.service[105438]: DEBUG placement.requestlog [req-4be2cf1d-80d8-4754-b529-e47f0e5cbc30 req-8a7b0949-7638-44b3-9b2d-58d1a1a7f0a3 None None] Starting request: 10.222.0.45 "POST /placement/allocations" {{(pid=105438) __call__ /opt/stack/placement/placement/requestlog.py:55}}
Aug 03 17:23:13.828606 n-d-846466-11 devstack@placement-api.service[105438]: DEBUG placement.handlers.allocation [req-4be2cf1d-80d8-4754-b529-e47f0e5cbc30 req-8a7b0949-7638-44b3-9b2d-58d1a1a7f0a3 service placement] Successfully wrote allocations [, , , ] {{(pid=105438) _update_consumers_and_create_allocations /opt/stack/placement/placement/handlers/allocation.py:572}}
Aug 03 17:23:13.838381 n-d-846466-11 devstack@placement-api.service[105438]: INFO placement.requestlog [req-4be2cf1d-80d8-4754-b529-e47f0e5cbc30 req-8a7b0949-7638-44b3-9b2d-58d1a1a7f0a3 service placement] 10.222.0.45 "POST /placement/allocations" status: 204 len: 0 microversion: 1.28
Aug 03 17:23:13.839361 n-d-846466-11 devstack@placement-api.service[105438]: [pid: 105438|app: 0|req: 193/389] 10.222.0.45 () {64 vars in 1323 bytes} [Wed Aug 3 17:23:13 2022] POST /placement/allocations => generated 0 bytes in 189 msecs (HTTP/1.1 204) 5 headers in 199 bytes (1 switches on core 0)
Aug 03 17:23:13.923406 n-d-846466-11 devstack@placement-api.service[105439]: DEBUG placement.requestlog [req-4be2cf1d-80d8-4754-b529-e47f0e5cbc30 req-f206a99d-ef45-4845-bf2e-a2e74ec3cdcf None None] Starting request: 10.222.0.45 "GET /placement/allocations/f11a18f6-5446-4605-aa76-8bc3ad38ac0d" {{(pid=105439) __call__ /opt/stack/placement/placement/requestlog.py:55}}
Aug 03 17:23:14.181860 n-d-846466-11 devstack@placement-api.service[105439]: INFO placement.requestlog [req-4be2cf1d-80d8-4754-b529-e47f0e5cbc30 req-f206a99d-ef45-4845-bf2e-a2e74ec3cdcf service placement] 10.222.0.45 "GET /placement/allocations/f11a18f6-5446-4605-aa76-8bc3ad38ac0d" status: 200 len: 19 microversion: 1.28
Aug 03 17:23:14.193286 n-d-846466-11 devstack@placement-api.service[105438]: DEBUG placement.requestlog [req-4be2cf1d-80d8-4754-b529-e47f0e5cbc30 req-932c889a-49cd-4ff4-824d-8d8bd6cad351 None None] Starting request: 10.222.0.45 "PUT /placement/allocations/f11a18f6-5446-4605-aa76-8bc3ad38ac0d" {{(pid=105438) __call__ /opt/stack/placement/placement/requestlog.py:55}}
Aug 03 17:23:14.199294 n-d-846466-11 devstack@placement-api.service[105439]: [pid: 105439|app: 0|req: 197/390] 10.222.0.45 () {60 vars in 1380 bytes} [Wed Aug 3 17:23:13 2022] GET /placement/allocations/f11a18f6-5446-4605-aa76-8bc3ad38ac0d => generated 19 bytes in 276 msecs (HTTP/1.1 200) 8 headers in 295 bytes (1 switches on core 0)
Aug 03 17:23:14.362230 n-d-846466-11 devstack@placement-api.service[105438]: DEBUG placement.handlers.allocation [req-4be2cf1d-80d8-4754-b529-e47f0e5cbc30 req-932c889a-49cd-4ff4-824d-8d8bd6cad351 service placement] Successfully wrote allocations [, ] {{(pid=105438) _update_consumers_and_create_allocations /opt/stack/placement/placement/handlers/allocation.py:462}}
Aug 03 17:23:14.368005 n-d-846466-11 devstack@placement-api.service[105438]: INFO placement.requestlog [req-4be2cf1d-80d8-4754-b529-e47f0e5cbc30 req-932c889a-49cd-4ff4-824d-8d8bd6cad351 service placement] 10.222.0.45 "PUT /placement/allocations/f11a18f6-5446-4605-aa76-8bc3ad38ac0d" status: 204 len: 0 microversion: 1.28
Aug 03 17:23:14.369623 n-d-846466-11 devstack@placement-api.service[105438]: [pid: 105438|app: 0|req: 194/391] 10.222.0.45 () {64 vars in 1433 bytes} [Wed Aug 3 17:23:14 2022] PUT /placement/allocations/f11a18f6-5446-4605-aa76-8bc3ad38ac0d => generated 0 bytes in 176 msecs (HTTP/1.1 204) 5 headers in 199 bytes (2 switches on core 0)
Aug 03 17:23:14.565480 n-d-846466-11 devstack@placement-api.service[105439]: DEBUG placement.requestlog [req-4be2cf1d-80d8-4754-b529-e47f0e5cbc30 req-48003a57-11e5-41ef-9cbf-e76e5356d320 None None] Starting request: 10.222.0.47 "GET /placement/allocations/f11a18f6-5446-4605-aa76-8bc3ad38ac0d" {{(pid=105439) __call__ /opt/stack/placement/placement/requestlog.py:55}}
Aug 03 17:23:14.576732 n-d-846466-11 devstack@placement-api.service[105438]: DEBUG placement.requestlog [None req-c29970e6-4b78-4007-a7db-d8cb76355fd7 None None] Starting request: 10.222.0.45 "GET /placement/resource_providers/16e48db9-6a4f-4bbd-8026-14c454926588/aggregates" {{(pid=105438) __call__ /opt/stack/placement/placement/requestlog.py:55}}
Aug 03 17:23:14.590785 n-d-846466-11 devstack@placement-api.service[105439]: INFO placement.requestlog [req-4be2cf1d-80d8-4754-b529-e47f0e5cbc30 req-48003a57-11e5-41ef-9cbf-e76e5356d320 service placement] 10.222.0.47 "GET /placement/allocations/f11a18f6-5446-4605-aa76-8bc3ad38ac0d" status: 200 len: 245 microversion: 1.28
Aug 03 17:23:14.591435 n-d-846466-11 devstack@placement-api.service[105439]: [pid: 105439|app: 0|req: 198/392] 10.222.0.47 () {60 vars in 1377 bytes} [Wed Aug 3 17:23:14 2022] GET /placement/allocations/f11a18f6-5446-4605-aa76-8bc3ad38ac0d => generated 245 bytes in 27 msecs (HTTP/1.1 200) 8 headers in 296 bytes (1 switches on core 0)
Aug 03 17:23:14.594864 n-d-846466-11 devstack@placement-api.service[105438]: INFO placement.requestlog [None req-c29970e6-4b78-4007-a7db-d8cb76355fd7 service placement] 10.222.0.45 "GET /placement/resource_providers/16e48db9-6a4f-4bbd-8026-14c454926588/aggregates" status: 404 len: 235 microversion: 1.1
Aug 03 17:23:14.595772 n-d-846466-11 devstack@placement-api.service[105438]: [pid: 105438|app: 0|req: 195/393] 10.222.0.45 () {58 vars in 1362 bytes} [Wed Aug 3 17:23:14 2022] GET /placement/resource_providers/16e48db9-6a4f-4bbd-8026-14c454926588/aggregates => generated 235 bytes in 19 msecs (HTTP/1.1 404) 5 headers in 202 bytes (1 switches on core 0)
Aug 03 17:23:14.950980 n-d-846466-11 devstack@placement-api.service[105439]: DEBUG placement.requestlog [None req-e4c77d4b-f66a-4adc-9a72-82a234259e47 None None] Starting request: 10.222.0.45 "DELETE /placement/resource_providers/16e48db9-6a4f-4bbd-8026-14c454926588" {{(pid=105439) __call__ /opt/stack/placement/placement/requestlog.py:55}}
Aug 03 17:23:14.971090 n-d-846466-11 devstack@placement-api.service[105439]: DEBUG placement.wsgi_wrapper [None req-e4c77d4b-f66a-4adc-9a72-82a234259e47 service placement] Placement API returning an error response: No resource provider with uuid 16e48db9-6a4f-4bbd-8026-14c454926588 found for delete {{(pid=105439) call_func /opt/stack/placement/placement/wsgi_wrapper.py:31}}
Aug 03 17:23:14.974970 n-d-846466-11 devstack@placement-api.service[105439]: INFO placement.requestlog [None req-e4c77d4b-f66a-4adc-9a72-82a234259e47 service placement] 10.222.0.45 "DELETE /placement/resource_providers/16e48db9-6a4f-4bbd-8026-14c454926588" status: 404 len: 246 microversion: 1.1
Aug 03 17:23:14.977848 n-d-846466-11 devstack@placement-api.service[105439]: [pid: 105439|app: 0|req: 199/394] 10.222.0.45 () {60 vars in 1351 bytes} [Wed Aug 3 17:23:14 2022] DELETE /placement/resource_providers/16e48db9-6a4f-4bbd-8026-14c454926588 => generated 246 bytes in 27 msecs (HTTP/1.1 404) 6 headers in 231 bytes (1 switches on core 0)
Aug 03 17:23:24.589883 n-d-846466-11 devstack@placement-api.service[105438]: DEBUG dbcounter [-] [105438] Writing DB stats placement:SELECT=41,placement:INSERT=6,placement:DELETE=5,placement:UPDATE=5 {{(pid=105438) stat_writer /usr/local/lib/python3.8/dist-packages/dbcounter.py:114}}
Aug 03 17:23:24.967267 n-d-846466-11 devstack@placement-api.service[105439]: DEBUG dbcounter [-] [105439] Writing DB stats placement:SELECT=14 {{(pid=105439) stat_writer /usr/local/lib/python3.8/dist-packages/dbcounter.py:114}}
Aug 03 17:23:25.252639 n-d-846466-11 devstack@placement-api.service[105438]: DEBUG placement.requestlog [None req-5f88c2f4-7971-4705-b80a-d8fa2e26e54b None None] Starting request: 10.222.0.45 "GET /placement/resource_providers/27357da4-5d7f-4c71-8512-d247021073e6/aggregates" {{(pid=105438) __call__ /opt/stack/placement/placement/requestlog.py:55}}
Aug 03 17:23:25.548911 n-d-846466-11 devstack@placement-api.service[105438]: INFO placement.requestlog [None req-5f88c2f4-7971-4705-b80a-d8fa2e26e54b service placement] 10.222.0.45 "GET /placement/resource_providers/27357da4-5d7f-4c71-8512-d247021073e6/aggregates" status: 404 len: 235 microversion: 1.1
Aug 03 17:23:25.550593 n-d-846466-11 devstack@placement-api.service[105438]: [pid: 105438|app: 0|req: 196/395] 10.222.0.45 () {58 vars in 1362 bytes} [Wed Aug 3 17:23:25 2022] GET /placement/resource_providers/27357da4-5d7f-4c71-8512-d247021073e6/aggregates => generated 235 bytes in 298 msecs (HTTP/1.1 404) 5 headers in 202 bytes (2 switches on core 0)
Aug 03 17:23:25.558389 n-d-846466-11 devstack@placement-api.service[105439]: DEBUG placement.requestlog [None req-3049852e-77e0-419a-8090-d52dd07f514c None None] Starting request: 10.222.0.45 "DELETE /placement/resource_providers/27357da4-5d7f-4c71-8512-d247021073e6" {{(pid=105439) __call__ /opt/stack/placement/placement/requestlog.py:55}}
Aug 03 17:23:25.573755 n-d-846466-11 devstack@placement-api.service[105439]: DEBUG placement.wsgi_wrapper [None req-3049852e-77e0-419a-8090-d52dd07f514c service placement] Placement API returning an error response: No resource provider with uuid 27357da4-5d7f-4c71-8512-d247021073e6 found for delete {{(pid=105439) call_func /opt/stack/placement/placement/wsgi_wrapper.py:31}}
Aug 03 17:23:25.574827 n-d-846466-11 devstack@placement-api.service[105439]: INFO placement.requestlog [None req-3049852e-77e0-419a-8090-d52dd07f514c service placement] 10.222.0.45 "DELETE /placement/resource_providers/27357da4-5d7f-4c71-8512-d247021073e6" status: 404 len: 246 microversion: 1.1
Aug 03 17:23:25.577474 n-d-846466-11 devstack@placement-api.service[105439]: [pid: 105439|app: 0|req: 200/396] 10.222.0.45 () {60 vars in 1351 bytes} [Wed Aug 3 17:23:25 2022] DELETE /placement/resource_providers/27357da4-5d7f-4c71-8512-d247021073e6 => generated 246 bytes in 19 msecs (HTTP/1.1 404) 6 headers in 231 bytes (1 switches on core 0)
