Sep 23 04:31:31.190229 n-d-846463-3 devstack@placement-api.service[107924]: DEBUG placement.requestlog [req-f0ecec7e-76b7-4663-b68b-0f78b1125b3f req-41ca8a60-f9ec-4766-abec-30cb322c0d6d None None] Starting request: 10.222.0.48 "GET /placement/allocations/43aee7fc-54b8-4499-998b-92054bfd82b4" {{(pid=107924) __call__ /opt/stack/placement/placement/requestlog.py:55}}
Sep 23 04:31:31.240004 n-d-846463-3 devstack@placement-api.service[107924]: INFO placement.requestlog [req-f0ecec7e-76b7-4663-b68b-0f78b1125b3f req-41ca8a60-f9ec-4766-abec-30cb322c0d6d service placement] 10.222.0.48 "GET /placement/allocations/43aee7fc-54b8-4499-998b-92054bfd82b4" status: 200 len: 258 microversion: 1.28
Sep 23 04:31:31.240399 n-d-846463-3 devstack@placement-api.service[107924]: [pid: 107924|app: 0|req: 30/63] 10.222.0.48 () {60 vars in 1377 bytes} [Fri Sep 23 04:31:31 2022] GET /placement/allocations/43aee7fc-54b8-4499-998b-92054bfd82b4 => generated 258 bytes in 51 msecs (HTTP/1.1 200) 8 headers in 296 bytes (1 switches on core 0)
Sep 23 04:31:31.455698 n-d-846463-3 devstack@placement-api.service[107923]: DEBUG placement.requestlog [req-f0ecec7e-76b7-4663-b68b-0f78b1125b3f req-82738618-9464-4997-8a48-fad48c2b6569 None None] Starting request: 10.222.0.48 "DELETE /placement/allocations/43aee7fc-54b8-4499-998b-92054bfd82b4" {{(pid=107923) __call__ /opt/stack/placement/placement/requestlog.py:55}}
Sep 23 04:31:31.723930 n-d-846463-3 devstack@placement-api.service[107923]: DEBUG placement.handlers.allocation [req-f0ecec7e-76b7-4663-b68b-0f78b1125b3f req-82738618-9464-4997-8a48-fad48c2b6569 service placement] Successfully deleted allocations [, , ] {{(pid=107923) delete_allocations /opt/stack/placement/placement/handlers/allocation.py:627}}
Sep 23 04:31:31.724439 n-d-846463-3 devstack@placement-api.service[107923]: INFO placement.requestlog [req-f0ecec7e-76b7-4663-b68b-0f78b1125b3f req-82738618-9464-4997-8a48-fad48c2b6569 service placement] 10.222.0.48 "DELETE /placement/allocations/43aee7fc-54b8-4499-998b-92054bfd82b4" status: 204 len: 0 microversion: 1.0
Sep 23 04:31:31.724969 n-d-846463-3 devstack@placement-api.service[107923]: [pid: 107923|app: 0|req: 34/64] 10.222.0.48 () {60 vars in 1355 bytes} [Fri Sep 23 04:31:31 2022] DELETE /placement/allocations/43aee7fc-54b8-4499-998b-92054bfd82b4 => generated 0 bytes in 269 msecs (HTTP/1.1 204) 5 headers in 198 bytes (1 switches on core 0)
Sep 23 04:31:31.927097 n-d-846463-3 devstack@placement-api.service[107924]: DEBUG placement.requestlog [req-2a643129-a644-4786-a0ab-2ca9e6534878 req-a0850112-6f1c-42e9-a323-c51f0b24748a None None] Starting request: 10.222.0.48 "GET /placement/resource_providers/aa8c60d8-7122-44e6-8d0a-5cea3693ca01/allocations" {{(pid=107924) __call__ /opt/stack/placement/placement/requestlog.py:55}}
Sep 23 04:31:31.966578 n-d-846463-3 devstack@placement-api.service[107924]: INFO placement.requestlog [req-2a643129-a644-4786-a0ab-2ca9e6534878 req-a0850112-6f1c-42e9-a323-c51f0b24748a service placement] 10.222.0.48 "GET /placement/resource_providers/aa8c60d8-7122-44e6-8d0a-5cea3693ca01/allocations" status: 200 len: 153 microversion: 1.0
Sep 23 04:31:31.966578 n-d-846463-3 devstack@placement-api.service[107924]: [pid: 107924|app: 0|req: 31/65] 10.222.0.48 () {58 vars in 1390 bytes} [Fri Sep 23 04:31:31 2022] GET /placement/resource_providers/aa8c60d8-7122-44e6-8d0a-5cea3693ca01/allocations => generated 153 bytes in 40 msecs (HTTP/1.1 200) 6 headers in 224 bytes (1 switches on core 0)
Sep 23 04:31:31.974275 n-d-846463-3 devstack@placement-api.service[107923]: DEBUG placement.requestlog [req-2a643129-a644-4786-a0ab-2ca9e6534878 req-b1a0c12d-9dfa-4159-93f1-c0d17badf66f None None] Starting request: 10.222.0.48 "GET /placement/allocations/e18459f8-cd71-4feb-8764-c3b4cc3d89be" {{(pid=107923) __call__ /opt/stack/placement/placement/requestlog.py:55}}
Sep 23 04:31:32.001118 n-d-846463-3 devstack@placement-api.service[107923]: INFO placement.requestlog [req-2a643129-a644-4786-a0ab-2ca9e6534878 req-b1a0c12d-9dfa-4159-93f1-c0d17badf66f service placement] 10.222.0.48 "GET /placement/allocations/e18459f8-cd71-4feb-8764-c3b4cc3d89be" status: 200 len: 258 microversion: 1.28
Sep 23 04:31:32.004658 n-d-846463-3 devstack@placement-api.service[107923]: [pid: 107923|app: 0|req: 35/66] 10.222.0.48 () {60 vars in 1377 bytes} [Fri Sep 23 04:31:31 2022] GET /placement/allocations/e18459f8-cd71-4feb-8764-c3b4cc3d89be => generated 258 bytes in 31 msecs (HTTP/1.1 200) 8 headers in 296 bytes (1 switches on core 0)
Sep 23 04:31:32.219128 n-d-846463-3 devstack@placement-api.service[107924]: DEBUG placement.requestlog [req-2a643129-a644-4786-a0ab-2ca9e6534878 req-e3d3333b-a643-47cf-a263-92cbf1a17abe None None] Starting request: 10.222.0.48 "DELETE /placement/allocations/e18459f8-cd71-4feb-8764-c3b4cc3d89be" {{(pid=107924) __call__ /opt/stack/placement/placement/requestlog.py:55}}
Sep 23 04:31:32.438751 n-d-846463-3 devstack@placement-api.service[107924]: DEBUG placement.handlers.allocation [req-2a643129-a644-4786-a0ab-2ca9e6534878 req-e3d3333b-a643-47cf-a263-92cbf1a17abe service placement] Successfully deleted allocations [, , ] {{(pid=107924) delete_allocations /opt/stack/placement/placement/handlers/allocation.py:627}}
Sep 23 04:31:32.439387 n-d-846463-3 devstack@placement-api.service[107924]: INFO placement.requestlog [req-2a643129-a644-4786-a0ab-2ca9e6534878 req-e3d3333b-a643-47cf-a263-92cbf1a17abe service placement] 10.222.0.48 "DELETE /placement/allocations/e18459f8-cd71-4feb-8764-c3b4cc3d89be" status: 204 len: 0 microversion: 1.0
Sep 23 04:31:32.440497 n-d-846463-3 devstack@placement-api.service[107924]: [pid: 107924|app: 0|req: 32/67] 10.222.0.48 () {60 vars in 1355 bytes} [Fri Sep 23 04:31:32 2022] DELETE /placement/allocations/e18459f8-cd71-4feb-8764-c3b4cc3d89be => generated 0 bytes in 222 msecs (HTTP/1.1 204) 5 headers in 198 bytes (1 switches on core 0)
Sep 23 04:31:32.597078 n-d-846463-3 devstack@placement-api.service[107923]: DEBUG placement.requestlog [req-a2449fc7-37a0-43a3-b9b6-5a47f26e7ee1 req-1c563d14-550c-4f86-bdfe-5c0992627a85 None None] Starting request: 10.222.0.33 "GET /placement/allocation_candidates?limit=1000&resources=DISK_GB%3A1%2CMEMORY_MB%3A1024%2CVCPU%3A1&root_required=%21COMPUTE_STATUS_DISABLED" {{(pid=107923) __call__ /opt/stack/placement/placement/requestlog.py:55}}
Sep 23 04:31:32.736391 n-d-846463-3 devstack@placement-api.service[107924]: DEBUG placement.requestlog [req-1be5c06a-49f7-4b8c-8153-d2465901a561 req-03ed48fd-7214-45df-8445-a50fca1bd9f3 None None] Starting request: 10.222.0.33 "GET /placement/resource_providers?name=n-h2-846463-3" {{(pid=107924) __call__ /opt/stack/placement/placement/requestlog.py:55}}
Sep 23 04:31:32.747967 n-d-846463-3 devstack@placement-api.service[107923]: DEBUG placement.objects.research_context [req-a2449fc7-37a0-43a3-b9b6-5a47f26e7ee1 req-1c563d14-550c-4f86-bdfe-5c0992627a85 service placement] getting providers with 1 DISK_GB {{(pid=107923) __init__ /opt/stack/placement/placement/objects/research_context.py:136}}
Sep 23 04:31:32.755302 n-d-846463-3 devstack@placement-api.service[107923]: DEBUG placement.objects.research_context [req-a2449fc7-37a0-43a3-b9b6-5a47f26e7ee1 req-1c563d14-550c-4f86-bdfe-5c0992627a85 service placement] getting providers with 1024 MEMORY_MB {{(pid=107923) __init__ /opt/stack/placement/placement/objects/research_context.py:136}}
Sep 23 04:31:32.766002 n-d-846463-3 devstack@placement-api.service[107924]: INFO placement.requestlog [req-1be5c06a-49f7-4b8c-8153-d2465901a561 req-03ed48fd-7214-45df-8445-a50fca1bd9f3 service placement] 10.222.0.33 "GET /placement/resource_providers?name=n-h2-846463-3" status: 200 len: 440 microversion: 1.0
Sep 23 04:31:32.766002 n-d-846463-3 devstack@placement-api.service[107924]: [pid: 107924|app: 0|req: 33/68] 10.222.0.33 () {58 vars in 1274 bytes} [Fri Sep 23 04:31:32 2022] GET /placement/resource_providers?name=n-h2-846463-3 => generated 440 bytes in 25 msecs (HTTP/1.1 200) 6 headers in 224 bytes (2 switches on core 0)
Sep 23 04:31:32.766374 n-d-846463-3 devstack@placement-api.service[107923]: DEBUG placement.objects.research_context [req-a2449fc7-37a0-43a3-b9b6-5a47f26e7ee1 req-1c563d14-550c-4f86-bdfe-5c0992627a85 service placement] getting providers with 1 VCPU {{(pid=107923) __init__ /opt/stack/placement/placement/objects/research_context.py:136}}
Sep 23 04:31:32.769708 n-d-846463-3 devstack@placement-api.service[107923]: DEBUG placement.objects.research_context [req-a2449fc7-37a0-43a3-b9b6-5a47f26e7ee1 req-1c563d14-550c-4f86-bdfe-5c0992627a85 service placement] found 2 providers with available 1 DISK_GB {{(pid=107923) get_provider_ids_matching /opt/stack/placement/placement/objects/research_context.py:563}}
Sep 23 04:31:32.770020 n-d-846463-3 devstack@placement-api.service[107923]: DEBUG placement.objects.research_context [req-a2449fc7-37a0-43a3-b9b6-5a47f26e7ee1 req-1c563d14-550c-4f86-bdfe-5c0992627a85 service placement] found 2 providers with available 1024 MEMORY_MB {{(pid=107923) get_provider_ids_matching /opt/stack/placement/placement/objects/research_context.py:563}}
Sep 23 04:31:32.770460 n-d-846463-3 devstack@placement-api.service[107923]: DEBUG placement.objects.research_context [req-a2449fc7-37a0-43a3-b9b6-5a47f26e7ee1 req-1c563d14-550c-4f86-bdfe-5c0992627a85 service placement] found 2 providers after filtering by previous result {{(pid=107923) get_provider_ids_matching /opt/stack/placement/placement/objects/research_context.py:594}}
Sep 23 04:31:32.770726 n-d-846463-3 devstack@placement-api.service[107923]: DEBUG placement.objects.research_context [req-a2449fc7-37a0-43a3-b9b6-5a47f26e7ee1 req-1c563d14-550c-4f86-bdfe-5c0992627a85 service placement] found 2 providers with available 1 VCPU {{(pid=107923) get_provider_ids_matching /opt/stack/placement/placement/objects/research_context.py:563}}
Sep 23 04:31:32.771164 n-d-846463-3 devstack@placement-api.service[107923]: DEBUG placement.objects.research_context [req-a2449fc7-37a0-43a3-b9b6-5a47f26e7ee1 req-1c563d14-550c-4f86-bdfe-5c0992627a85 service placement] found 2 providers after filtering by previous result {{(pid=107923) get_provider_ids_matching /opt/stack/placement/placement/objects/research_context.py:594}}
Sep 23 04:31:32.782119 n-d-846463-3 devstack@placement-api.service[107924]: DEBUG placement.requestlog [req-1be5c06a-49f7-4b8c-8153-d2465901a561 req-33f55cfe-c842-402a-8d01-d05a137c404f None None] Starting request: 10.222.0.33 "GET /placement/resource_providers/aa8c60d8-7122-44e6-8d0a-5cea3693ca01/aggregates" {{(pid=107924) __call__ /opt/stack/placement/placement/requestlog.py:55}}
Sep 23 04:31:32.785460 n-d-846463-3 devstack@placement-api.service[107923]: DEBUG placement.objects.allocation_candidate [req-a2449fc7-37a0-43a3-b9b6-5a47f26e7ee1 req-1c563d14-550c-4f86-bdfe-5c0992627a85 service placement] RequestGroup(use_same_provider=False, resources={DISK_GB:1, MEMORY_MB:1024, VCPU:1}, traits=(), aggregates=[]) (suffix '') returned 2 matches {{(pid=107923) _get_by_requests /opt/stack/placement/placement/objects/allocation_candidate.py:156}}
Sep 23 04:31:32.786381 n-d-846463-3 devstack@placement-api.service[107923]: DEBUG placement.objects.allocation_candidate [req-a2449fc7-37a0-43a3-b9b6-5a47f26e7ee1 req-1c563d14-550c-4f86-bdfe-5c0992627a85 service placement] Merging candidates yields 2 allocation requests and 2 provider summaries {{(pid=107923) _merge_candidates /opt/stack/placement/placement/objects/allocation_candidate.py:809}}
Sep 23 04:31:32.789310 n-d-846463-3 devstack@placement-api.service[107923]: INFO placement.requestlog [req-a2449fc7-37a0-43a3-b9b6-5a47f26e7ee1 req-1c563d14-550c-4f86-bdfe-5c0992627a85 service placement] 10.222.0.33 "GET /placement/allocation_candidates?limit=1000&resources=DISK_GB%3A1%2CMEMORY_MB%3A1024%2CVCPU%3A1&root_required=%21COMPUTE_STATUS_DISABLED" status: 200 len: 1306 microversion: 1.36
Sep 23 04:31:32.789859 n-d-846463-3 devstack@placement-api.service[107923]: [pid: 107923|app: 0|req: 36/69] 10.222.0.33 () {60 vars in 1506 bytes} [Fri Sep 23 04:31:32 2022] GET /placement/allocation_candidates?limit=1000&resources=DISK_GB%3A1%2CMEMORY_MB%3A1024%2CVCPU%3A1&root_required=%21COMPUTE_STATUS_DISABLED => generated 1306 bytes in 194 msecs (HTTP/1.1 200) 8 headers in 297 bytes (1 switches on core 0)
Sep 23 04:31:32.807594 n-d-846463-3 devstack@placement-api.service[107924]: INFO placement.requestlog [req-1be5c06a-49f7-4b8c-8153-d2465901a561 req-33f55cfe-c842-402a-8d01-d05a137c404f service placement] 10.222.0.33 "GET /placement/resource_providers/aa8c60d8-7122-44e6-8d0a-5cea3693ca01/aggregates" status: 200 len: 91 microversion: 1.19
Sep 23 04:31:32.807986 n-d-846463-3 devstack@placement-api.service[107924]: [pid: 107924|app: 0|req: 34/70] 10.222.0.33 () {60 vars in 1425 bytes} [Fri Sep 23 04:31:32 2022] GET /placement/resource_providers/aa8c60d8-7122-44e6-8d0a-5cea3693ca01/aggregates => generated 91 bytes in 26 msecs (HTTP/1.1 200) 8 headers in 295 bytes (2 switches on core 0)
Sep 23 04:31:32.816943 n-d-846463-3 devstack@placement-api.service[107923]: DEBUG placement.requestlog [req-1be5c06a-49f7-4b8c-8153-d2465901a561 req-8dc70ea7-dccd-4812-a5f5-d148bbf3457c None None] Starting request: 10.222.0.33 "PUT /placement/resource_providers/aa8c60d8-7122-44e6-8d0a-5cea3693ca01/aggregates" {{(pid=107923) __call__ /opt/stack/placement/placement/requestlog.py:55}}
Sep 23 04:31:32.854660 n-d-846463-3 devstack@placement-api.service[107923]: DEBUG placement.objects.resource_provider [req-1be5c06a-49f7-4b8c-8153-d2465901a561 req-8dc70ea7-dccd-4812-a5f5-d148bbf3457c service placement] Setting aggregates for provider aa8c60d8-7122-44e6-8d0a-5cea3693ca01. Successfully disassociated aggregate 69ef616d-fd51-46f1-a99a-4acc68cee48e. {{(pid=107923) _set_aggregates /opt/stack/placement/placement/objects/resource_provider.py:404}}
Sep 23 04:31:32.890799 n-d-846463-3 devstack@placement-api.service[107924]: DEBUG placement.requestlog [req-a2449fc7-37a0-43a3-b9b6-5a47f26e7ee1 req-e1ca715e-6dbc-465a-8a84-9c33e244a7a3 None None] Starting request: 10.222.0.33 "GET /placement/allocations/bbf05a2b-af42-4f14-8956-4f6249c46974" {{(pid=107924) __call__ /opt/stack/placement/placement/requestlog.py:55}}
Sep 23 04:31:32.914396 n-d-846463-3 devstack@placement-api.service[107924]: INFO placement.requestlog [req-a2449fc7-37a0-43a3-b9b6-5a47f26e7ee1 req-e1ca715e-6dbc-465a-8a84-9c33e244a7a3 service placement] 10.222.0.33 "GET /placement/allocations/bbf05a2b-af42-4f14-8956-4f6249c46974" status: 200 len: 19 microversion: 1.28
Sep 23 04:31:32.915270 n-d-846463-3 devstack@placement-api.service[107924]: [pid: 107924|app: 0|req: 35/71] 10.222.0.33 () {60 vars in 1380 bytes} [Fri Sep 23 04:31:32 2022] GET /placement/allocations/bbf05a2b-af42-4f14-8956-4f6249c46974 => generated 19 bytes in 25 msecs (HTTP/1.1 200) 8 headers in 295 bytes (2 switches on core 0)
Sep 23 04:31:32.922027 n-d-846463-3 devstack@placement-api.service[107924]: DEBUG placement.requestlog [req-a2449fc7-37a0-43a3-b9b6-5a47f26e7ee1 req-0a16602d-3700-4ca2-bd13-e26355712b46 None None] Starting request: 10.222.0.33 "PUT /placement/allocations/bbf05a2b-af42-4f14-8956-4f6249c46974" {{(pid=107924) __call__ /opt/stack/placement/placement/requestlog.py:55}}
Sep 23 04:31:32.962632 n-d-846463-3 devstack@placement-api.service[107923]: INFO placement.requestlog [req-1be5c06a-49f7-4b8c-8153-d2465901a561 req-8dc70ea7-dccd-4812-a5f5-d148bbf3457c service placement] 10.222.0.33 "PUT /placement/resource_providers/aa8c60d8-7122-44e6-8d0a-5cea3693ca01/aggregates" status: 200 len: 53 microversion: 1.19
Sep 23 04:31:32.963286 n-d-846463-3 devstack@placement-api.service[107923]: [pid: 107923|app: 0|req: 37/72] 10.222.0.33 () {64 vars in 1477 bytes} [Fri Sep 23 04:31:32 2022] PUT /placement/resource_providers/aa8c60d8-7122-44e6-8d0a-5cea3693ca01/aggregates => generated 53 bytes in 146 msecs (HTTP/1.1 200) 8 headers in 295 bytes (1 switches on core 0)
Sep 23 04:31:33.310160 n-d-846463-3 devstack@placement-api.service[107924]: DEBUG dbcounter [-] [107924] Writing DB stats placement:SELECT=79,placement:INSERT=12,placement:DELETE=5,placement:UPDATE=4 {{(pid=107924) stat_writer /usr/local/lib/python3.8/dist-packages/dbcounter.py:114}}
Sep 23 04:31:33.313774 n-d-846463-3 devstack@placement-api.service[107924]: DEBUG placement.handlers.allocation [req-a2449fc7-37a0-43a3-b9b6-5a47f26e7ee1 req-0a16602d-3700-4ca2-bd13-e26355712b46 service placement] Successfully wrote allocations [, , ] {{(pid=107924) _update_consumers_and_create_allocations /opt/stack/placement/placement/handlers/allocation.py:462}}
Sep 23 04:31:33.415130 n-d-846463-3 devstack@placement-api.service[107924]: INFO placement.requestlog [req-a2449fc7-37a0-43a3-b9b6-5a47f26e7ee1 req-0a16602d-3700-4ca2-bd13-e26355712b46 service placement] 10.222.0.33 "PUT /placement/allocations/bbf05a2b-af42-4f14-8956-4f6249c46974" status: 204 len: 0 microversion: 1.36
Sep 23 04:31:33.415607 n-d-846463-3 devstack@placement-api.service[107924]: [pid: 107924|app: 0|req: 36/73] 10.222.0.33 () {64 vars in 1433 bytes} [Fri Sep 23 04:31:32 2022] PUT /placement/allocations/bbf05a2b-af42-4f14-8956-4f6249c46974 => generated 0 bytes in 494 msecs (HTTP/1.1 204) 5 headers in 199 bytes (2 switches on core 0)
Sep 23 04:31:33.764208 n-d-846463-3 devstack@placement-api.service[107923]: DEBUG placement.requestlog [req-81e6158f-e7cb-415d-9f5c-a7194b92451a req-1142c365-c3b4-426f-ba96-9249dfee9298 None None] Starting request: 10.222.0.33 "GET /placement/resource_providers?name=n-h2-846463-3" {{(pid=107923) __call__ /opt/stack/placement/placement/requestlog.py:55}}
Sep 23 04:31:33.822829 n-d-846463-3 devstack@placement-api.service[107923]: INFO placement.requestlog [req-81e6158f-e7cb-415d-9f5c-a7194b92451a req-1142c365-c3b4-426f-ba96-9249dfee9298 service placement] 10.222.0.33 "GET /placement/resource_providers?name=n-h2-846463-3" status: 200 len: 440 microversion: 1.0
Sep 23 04:31:33.823865 n-d-846463-3 devstack@placement-api.service[107923]: [pid: 107923|app: 0|req: 38/74] 10.222.0.33 () {58 vars in 1274 bytes} [Fri Sep 23 04:31:33 2022] GET /placement/resource_providers?name=n-h2-846463-3 => generated 440 bytes in 60 msecs (HTTP/1.1 200) 6 headers in 224 bytes (1 switches on core 0)
Sep 23 04:31:33.832431 n-d-846463-3 devstack@placement-api.service[107924]: DEBUG placement.requestlog [req-81e6158f-e7cb-415d-9f5c-a7194b92451a req-754a80bd-891c-4ae4-83df-35b98da44a47 None None] Starting request: 10.222.0.33 "GET /placement/resource_providers/aa8c60d8-7122-44e6-8d0a-5cea3693ca01/aggregates" {{(pid=107924) __call__ /opt/stack/placement/placement/requestlog.py:55}}
Sep 23 04:31:33.848713 n-d-846463-3 devstack@placement-api.service[107924]: INFO placement.requestlog [req-81e6158f-e7cb-415d-9f5c-a7194b92451a req-754a80bd-891c-4ae4-83df-35b98da44a47 service placement] 10.222.0.33 "GET /placement/resource_providers/aa8c60d8-7122-44e6-8d0a-5cea3693ca01/aggregates" status: 200 len: 53 microversion: 1.19
Sep 23 04:31:33.859066 n-d-846463-3 devstack@placement-api.service[107923]: DEBUG placement.requestlog [req-81e6158f-e7cb-415d-9f5c-a7194b92451a req-b3329d5e-33d8-4934-b80a-ee3fae2154b4 None None] Starting request: 10.222.0.33 "PUT /placement/resource_providers/aa8c60d8-7122-44e6-8d0a-5cea3693ca01/aggregates" {{(pid=107923) __call__ /opt/stack/placement/placement/requestlog.py:55}}
Sep 23 04:31:33.867149 n-d-846463-3 devstack@placement-api.service[107924]: [pid: 107924|app: 0|req: 37/75] 10.222.0.33 () {60 vars in 1425 bytes} [Fri Sep 23 04:31:33 2022] GET /placement/resource_providers/aa8c60d8-7122-44e6-8d0a-5cea3693ca01/aggregates => generated 53 bytes in 36 msecs (HTTP/1.1 200) 8 headers in 295 bytes (1 switches on core 0)
Sep 23 04:31:33.889726 n-d-846463-3 devstack@placement-api.service[107923]: DEBUG placement.objects.resource_provider [req-81e6158f-e7cb-415d-9f5c-a7194b92451a req-b3329d5e-33d8-4934-b80a-ee3fae2154b4 service placement] _ensure_aggregate() did not find aggregate a010af1e-ae23-4f5d-994a-6af29869bf50. Attempting to create it. {{(pid=107923) _ensure_aggregate /opt/stack/placement/placement/objects/resource_provider.py:321}}
Sep 23 04:31:33.891256 n-d-846463-3 devstack@placement-api.service[107923]: DEBUG placement.objects.resource_provider [req-81e6158f-e7cb-415d-9f5c-a7194b92451a req-b3329d5e-33d8-4934-b80a-ee3fae2154b4 service placement] _ensure_aggregate() created new aggregate a010af1e-ae23-4f5d-994a-6af29869bf50 (id=4). {{(pid=107923) _ensure_aggregate /opt/stack/placement/placement/objects/resource_provider.py:327}}
Sep 23 04:31:33.893234 n-d-846463-3 devstack@placement-api.service[107923]: DEBUG placement.objects.resource_provider [req-81e6158f-e7cb-415d-9f5c-a7194b92451a req-b3329d5e-33d8-4934-b80a-ee3fae2154b4 service placement] Setting aggregates for provider aa8c60d8-7122-44e6-8d0a-5cea3693ca01. Successfully associated aggregate a010af1e-ae23-4f5d-994a-6af29869bf50. {{(pid=107923) _set_aggregates /opt/stack/placement/placement/objects/resource_provider.py:389}}
Sep 23 04:31:33.987538 n-d-846463-3 devstack@placement-api.service[107923]: INFO placement.requestlog [req-81e6158f-e7cb-415d-9f5c-a7194b92451a req-b3329d5e-33d8-4934-b80a-ee3fae2154b4 service placement] 10.222.0.33 "PUT /placement/resource_providers/aa8c60d8-7122-44e6-8d0a-5cea3693ca01/aggregates" status: 200 len: 92 microversion: 1.19
Sep 23 04:31:33.988974 n-d-846463-3 devstack@placement-api.service[107923]: [pid: 107923|app: 0|req: 39/76] 10.222.0.33 () {64 vars in 1477 bytes} [Fri Sep 23 04:31:33 2022] PUT /placement/resource_providers/aa8c60d8-7122-44e6-8d0a-5cea3693ca01/aggregates => generated 92 bytes in 130 msecs (HTTP/1.1 200) 8 headers in 295 bytes (2 switches on core 0)
Sep 23 04:31:34.650570 n-d-846463-3 devstack@placement-api.service[107924]: DEBUG placement.requestlog [req-a2449fc7-37a0-43a3-b9b6-5a47f26e7ee1 req-e5d967aa-4f45-47ca-bd85-ac53b1331445 None None] Starting request: 10.222.0.48 "GET /placement/allocations/bbf05a2b-af42-4f14-8956-4f6249c46974" {{(pid=107924) __call__ /opt/stack/placement/placement/requestlog.py:55}}
Sep 23 04:31:34.681462 n-d-846463-3 devstack@placement-api.service[107924]: INFO placement.requestlog [req-a2449fc7-37a0-43a3-b9b6-5a47f26e7ee1 req-e5d967aa-4f45-47ca-bd85-ac53b1331445 service placement] 10.222.0.48 "GET /placement/allocations/bbf05a2b-af42-4f14-8956-4f6249c46974" status: 200 len: 259 microversion: 1.28
Sep 23 04:31:34.681843 n-d-846463-3 devstack@placement-api.service[107924]: [pid: 107924|app: 0|req: 38/77] 10.222.0.48 () {60 vars in 1377 bytes} [Fri Sep 23 04:31:34 2022] GET /placement/allocations/bbf05a2b-af42-4f14-8956-4f6249c46974 => generated 259 bytes in 32 msecs (HTTP/1.1 200) 8 headers in 296 bytes (1 switches on core 0)
Sep 23 04:31:34.855628 n-d-846463-3 devstack@placement-api.service[107923]: DEBUG placement.requestlog [req-93e5e4c7-4cf5-450a-ae44-e57ea0ec3966 req-45bf9fbb-9ec1-46ba-bd44-a9a475e0141c None None] Starting request: 10.222.0.33 "GET /placement/allocation_candidates?limit=1000&resources=DISK_GB%3A1%2CMEMORY_MB%3A1024%2CVCPU%3A1&root_required=%21COMPUTE_STATUS_DISABLED" {{(pid=107923) __call__ /opt/stack/placement/placement/requestlog.py:55}}
Sep 23 04:31:34.890162 n-d-846463-3 devstack@placement-api.service[107924]: DEBUG placement.requestlog [req-71099f08-9341-4c81-a4ed-53785db99cc6 req-21a1ce83-b5b3-42bf-9fe2-1ee9b875b6ce None None] Starting request: 10.222.0.33 "GET /placement/resource_providers?name=n-h2-846463-3" {{(pid=107924) __call__ /opt/stack/placement/placement/requestlog.py:55}}
Sep 23 04:31:34.929736 n-d-846463-3 devstack@placement-api.service[107924]: INFO placement.requestlog [req-71099f08-9341-4c81-a4ed-53785db99cc6 req-21a1ce83-b5b3-42bf-9fe2-1ee9b875b6ce service placement] 10.222.0.33 "GET /placement/resource_providers?name=n-h2-846463-3" status: 200 len: 441 microversion: 1.0
Sep 23 04:31:34.939912 n-d-846463-3 devstack@placement-api.service[107924]: [pid: 107924|app: 0|req: 39/78] 10.222.0.33 () {58 vars in 1274 bytes} [Fri Sep 23 04:31:34 2022] GET /placement/resource_providers?name=n-h2-846463-3 => generated 441 bytes in 49 msecs (HTTP/1.1 200) 6 headers in 224 bytes (2 switches on core 0)
Sep 23 04:31:34.941410 n-d-846463-3 devstack@placement-api.service[107924]: DEBUG placement.requestlog [req-71099f08-9341-4c81-a4ed-53785db99cc6 req-9ddba9fd-27f4-4dd4-9119-4d460c533f79 None None] Starting request: 10.222.0.33 "GET /placement/resource_providers/aa8c60d8-7122-44e6-8d0a-5cea3693ca01/aggregates" {{(pid=107924) __call__ /opt/stack/placement/placement/requestlog.py:55}}
Sep 23 04:31:34.994120 n-d-846463-3 devstack@placement-api.service[107924]: INFO placement.requestlog [req-71099f08-9341-4c81-a4ed-53785db99cc6 req-9ddba9fd-27f4-4dd4-9119-4d460c533f79 service placement] 10.222.0.33 "GET /placement/resource_providers/aa8c60d8-7122-44e6-8d0a-5cea3693ca01/aggregates" status: 200 len: 92 microversion: 1.19
Sep 23 04:31:34.997583 n-d-846463-3 devstack@placement-api.service[107924]: [pid: 107924|app: 0|req: 40/79] 10.222.0.33 () {60 vars in 1425 bytes} [Fri Sep 23 04:31:34 2022] GET /placement/resource_providers/aa8c60d8-7122-44e6-8d0a-5cea3693ca01/aggregates => generated 92 bytes in 57 msecs (HTTP/1.1 200) 8 headers in 295 bytes (1 switches on core 0)
Sep 23 04:31:34.998364 n-d-846463-3 devstack@placement-api.service[107924]: DEBUG placement.requestlog [req-71099f08-9341-4c81-a4ed-53785db99cc6 req-c07d6d23-3456-4835-b8f7-4237b9505e82 None None] Starting request: 10.222.0.33 "PUT /placement/resource_providers/aa8c60d8-7122-44e6-8d0a-5cea3693ca01/aggregates" {{(pid=107924) __call__ /opt/stack/placement/placement/requestlog.py:55}}
Sep 23 04:31:35.015824 n-d-846463-3 devstack@placement-api.service[107923]: DEBUG placement.objects.research_context [req-93e5e4c7-4cf5-450a-ae44-e57ea0ec3966 req-45bf9fbb-9ec1-46ba-bd44-a9a475e0141c service placement] getting providers with 1 DISK_GB {{(pid=107923) __init__ /opt/stack/placement/placement/objects/research_context.py:136}}
Sep 23 04:31:35.032549 n-d-846463-3 devstack@placement-api.service[107923]: DEBUG placement.objects.research_context [req-93e5e4c7-4cf5-450a-ae44-e57ea0ec3966 req-45bf9fbb-9ec1-46ba-bd44-a9a475e0141c service placement] getting providers with 1024 MEMORY_MB {{(pid=107923) __init__ /opt/stack/placement/placement/objects/research_context.py:136}}
Sep 23 04:31:35.032635 n-d-846463-3 devstack@placement-api.service[107924]: DEBUG placement.objects.resource_provider [req-71099f08-9341-4c81-a4ed-53785db99cc6 req-c07d6d23-3456-4835-b8f7-4237b9505e82 service placement] Setting aggregates for provider aa8c60d8-7122-44e6-8d0a-5cea3693ca01. Successfully disassociated aggregate a010af1e-ae23-4f5d-994a-6af29869bf50. {{(pid=107924) _set_aggregates /opt/stack/placement/placement/objects/resource_provider.py:404}}
Sep 23 04:31:35.033800 n-d-846463-3 devstack@placement-api.service[107923]: DEBUG placement.objects.research_context [req-93e5e4c7-4cf5-450a-ae44-e57ea0ec3966 req-45bf9fbb-9ec1-46ba-bd44-a9a475e0141c service placement] getting providers with 1 VCPU {{(pid=107923) __init__ /opt/stack/placement/placement/objects/research_context.py:136}}
Sep 23 04:31:35.045114 n-d-846463-3 devstack@placement-api.service[107923]: DEBUG placement.objects.research_context [req-93e5e4c7-4cf5-450a-ae44-e57ea0ec3966 req-45bf9fbb-9ec1-46ba-bd44-a9a475e0141c service placement] found 2 providers with available 1 DISK_GB {{(pid=107923) get_provider_ids_matching /opt/stack/placement/placement/objects/research_context.py:563}}
Sep 23 04:31:35.045407 n-d-846463-3 devstack@placement-api.service[107923]: DEBUG placement.objects.research_context [req-93e5e4c7-4cf5-450a-ae44-e57ea0ec3966 req-45bf9fbb-9ec1-46ba-bd44-a9a475e0141c service placement] found 2 providers with available 1024 MEMORY_MB {{(pid=107923) get_provider_ids_matching /opt/stack/placement/placement/objects/research_context.py:563}}
Sep 23 04:31:35.045691 n-d-846463-3 devstack@placement-api.service[107923]: DEBUG placement.objects.research_context [req-93e5e4c7-4cf5-450a-ae44-e57ea0ec3966 req-45bf9fbb-9ec1-46ba-bd44-a9a475e0141c service placement] found 2 providers after filtering by previous result {{(pid=107923) get_provider_ids_matching /opt/stack/placement/placement/objects/research_context.py:594}}
Sep 23 04:31:35.045979 n-d-846463-3 devstack@placement-api.service[107923]: DEBUG placement.objects.research_context [req-93e5e4c7-4cf5-450a-ae44-e57ea0ec3966 req-45bf9fbb-9ec1-46ba-bd44-a9a475e0141c service placement] found 2 providers with available 1 VCPU {{(pid=107923) get_provider_ids_matching /opt/stack/placement/placement/objects/research_context.py:563}}
Sep 23 04:31:35.048994 n-d-846463-3 devstack@placement-api.service[107923]: DEBUG placement.objects.research_context [req-93e5e4c7-4cf5-450a-ae44-e57ea0ec3966 req-45bf9fbb-9ec1-46ba-bd44-a9a475e0141c service placement] found 2 providers after filtering by previous result {{(pid=107923) get_provider_ids_matching /opt/stack/placement/placement/objects/research_context.py:594}}
Sep 23 04:31:35.062830 n-d-846463-3 devstack@placement-api.service[107923]: DEBUG placement.objects.allocation_candidate [req-93e5e4c7-4cf5-450a-ae44-e57ea0ec3966 req-45bf9fbb-9ec1-46ba-bd44-a9a475e0141c service placement] RequestGroup(use_same_provider=False, resources={DISK_GB:1, MEMORY_MB:1024, VCPU:1}, traits=(), aggregates=[]) (suffix '') returned 2 matches {{(pid=107923) _get_by_requests /opt/stack/placement/placement/objects/allocation_candidate.py:156}}
Sep 23 04:31:35.063216 n-d-846463-3 devstack@placement-api.service[107923]: DEBUG placement.objects.allocation_candidate [req-93e5e4c7-4cf5-450a-ae44-e57ea0ec3966 req-45bf9fbb-9ec1-46ba-bd44-a9a475e0141c service placement] Merging candidates yields 2 allocation requests and 2 provider summaries {{(pid=107923) _merge_candidates /opt/stack/placement/placement/objects/allocation_candidate.py:809}}
Sep 23 04:31:35.065270 n-d-846463-3 devstack@placement-api.service[107923]: INFO placement.requestlog [req-93e5e4c7-4cf5-450a-ae44-e57ea0ec3966 req-45bf9fbb-9ec1-46ba-bd44-a9a475e0141c service placement] 10.222.0.33 "GET /placement/allocation_candidates?limit=1000&resources=DISK_GB%3A1%2CMEMORY_MB%3A1024%2CVCPU%3A1&root_required=%21COMPUTE_STATUS_DISABLED" status: 200 len: 1309 microversion: 1.36
Sep 23 04:31:35.065663 n-d-846463-3 devstack@placement-api.service[107923]: [pid: 107923|app: 0|req: 40/80] 10.222.0.33 () {60 vars in 1506 bytes} [Fri Sep 23 04:31:34 2022] GET /placement/allocation_candidates?limit=1000&resources=DISK_GB%3A1%2CMEMORY_MB%3A1024%2CVCPU%3A1&root_required=%21COMPUTE_STATUS_DISABLED => generated 1309 bytes in 210 msecs (HTTP/1.1 200) 8 headers in 297 bytes (1 switches on core 0)
Sep 23 04:31:35.110389 n-d-846463-3 devstack@placement-api.service[107923]: DEBUG placement.requestlog [req-a2449fc7-37a0-43a3-b9b6-5a47f26e7ee1 req-334578b9-4489-4b0b-b4c6-4a8a0c7a6d23 None None] Starting request: 10.222.0.48 "GET /placement/resource_providers/aa8c60d8-7122-44e6-8d0a-5cea3693ca01/allocations" {{(pid=107923) __call__ /opt/stack/placement/placement/requestlog.py:55}}
Sep 23 04:31:35.131262 n-d-846463-3 devstack@placement-api.service[107924]: INFO placement.requestlog [req-71099f08-9341-4c81-a4ed-53785db99cc6 req-c07d6d23-3456-4835-b8f7-4237b9505e82 service placement] 10.222.0.33 "PUT /placement/resource_providers/aa8c60d8-7122-44e6-8d0a-5cea3693ca01/aggregates" status: 200 len: 54 microversion: 1.19
Sep 23 04:31:35.136770 n-d-846463-3 devstack@placement-api.service[107924]: [pid: 107924|app: 0|req: 41/81] 10.222.0.33 () {64 vars in 1477 bytes} [Fri Sep 23 04:31:34 2022] PUT /placement/resource_providers/aa8c60d8-7122-44e6-8d0a-5cea3693ca01/aggregates => generated 54 bytes in 137 msecs (HTTP/1.1 200) 8 headers in 295 bytes (1 switches on core 0)
Sep 23 04:31:35.158541 n-d-846463-3 devstack@placement-api.service[107924]: DEBUG placement.requestlog [req-93e5e4c7-4cf5-450a-ae44-e57ea0ec3966 req-0528b716-eb18-42ed-a5f8-281dc01d013a None None] Starting request: 10.222.0.33 "GET /placement/allocations/24b8436f-97ba-49c5-ad91-8aea43f0e755" {{(pid=107924) __call__ /opt/stack/placement/placement/requestlog.py:55}}
Sep 23 04:31:35.166514 n-d-846463-3 devstack@placement-api.service[107923]: INFO placement.requestlog [req-a2449fc7-37a0-43a3-b9b6-5a47f26e7ee1 req-334578b9-4489-4b0b-b4c6-4a8a0c7a6d23 service placement] 10.222.0.48 "GET /placement/resource_providers/aa8c60d8-7122-44e6-8d0a-5cea3693ca01/allocations" status: 200 len: 154 microversion: 1.0
Sep 23 04:31:35.171074 n-d-846463-3 devstack@placement-api.service[107923]: [pid: 107923|app: 0|req: 41/82] 10.222.0.48 () {58 vars in 1390 bytes} [Fri Sep 23 04:31:35 2022] GET /placement/resource_providers/aa8c60d8-7122-44e6-8d0a-5cea3693ca01/allocations => generated 154 bytes in 57 msecs (HTTP/1.1 200) 6 headers in 224 bytes (1 switches on core 0)
Sep 23 04:31:35.174504 n-d-846463-3 devstack@placement-api.service[107924]: INFO placement.requestlog [req-93e5e4c7-4cf5-450a-ae44-e57ea0ec3966 req-0528b716-eb18-42ed-a5f8-281dc01d013a service placement] 10.222.0.33 "GET /placement/allocations/24b8436f-97ba-49c5-ad91-8aea43f0e755" status: 200 len: 19 microversion: 1.28
Sep 23 04:31:35.174858 n-d-846463-3 devstack@placement-api.service[107923]: DEBUG placement.requestlog [req-a2449fc7-37a0-43a3-b9b6-5a47f26e7ee1 req-17e325e2-94e9-43f9-9155-2d571864000d None None] Starting request: 10.222.0.48 "GET /placement/allocations/bbf05a2b-af42-4f14-8956-4f6249c46974" {{(pid=107923) __call__ /opt/stack/placement/placement/requestlog.py:55}}
Sep 23 04:31:35.176668 n-d-846463-3 devstack@placement-api.service[107924]: [pid: 107924|app: 0|req: 42/83] 10.222.0.33 () {60 vars in 1380 bytes} [Fri Sep 23 04:31:35 2022] GET /placement/allocations/24b8436f-97ba-49c5-ad91-8aea43f0e755 => generated 19 bytes in 19 msecs (HTTP/1.1 200) 8 headers in 295 bytes (2 switches on core 0)
Sep 23 04:31:35.188579 n-d-846463-3 devstack@placement-api.service[107924]: DEBUG placement.requestlog [req-93e5e4c7-4cf5-450a-ae44-e57ea0ec3966 req-147071b3-3b21-4992-ae46-7b5f5ed2c975 None None] Starting request: 10.222.0.33 "PUT /placement/allocations/24b8436f-97ba-49c5-ad91-8aea43f0e755" {{(pid=107924) __call__ /opt/stack/placement/placement/requestlog.py:55}}
Sep 23 04:31:35.200370 n-d-846463-3 devstack@placement-api.service[107923]: INFO placement.requestlog [req-a2449fc7-37a0-43a3-b9b6-5a47f26e7ee1 req-17e325e2-94e9-43f9-9155-2d571864000d service placement] 10.222.0.48 "GET /placement/allocations/bbf05a2b-af42-4f14-8956-4f6249c46974" status: 200 len: 259 microversion: 1.28
Sep 23 04:31:35.201270 n-d-846463-3 devstack@placement-api.service[107923]: [pid: 107923|app: 0|req: 42/84] 10.222.0.48 () {60 vars in 1377 bytes} [Fri Sep 23 04:31:35 2022] GET /placement/allocations/bbf05a2b-af42-4f14-8956-4f6249c46974 => generated 259 bytes in 27 msecs (HTTP/1.1 200) 8 headers in 296 bytes (1 switches on core 0)
Sep 23 04:31:35.362282 n-d-846463-3 devstack@placement-api.service[107924]: DEBUG placement.handlers.allocation [req-93e5e4c7-4cf5-450a-ae44-e57ea0ec3966 req-147071b3-3b21-4992-ae46-7b5f5ed2c975 service placement] Successfully wrote allocations [, , ] {{(pid=107924) _update_consumers_and_create_allocations /opt/stack/placement/placement/handlers/allocation.py:462}}
Sep 23 04:31:35.495762 n-d-846463-3 devstack@placement-api.service[107924]: INFO placement.requestlog [req-93e5e4c7-4cf5-450a-ae44-e57ea0ec3966 req-147071b3-3b21-4992-ae46-7b5f5ed2c975 service placement] 10.222.0.33 "PUT /placement/allocations/24b8436f-97ba-49c5-ad91-8aea43f0e755" status: 204 len: 0 microversion: 1.36
Sep 23 04:31:35.496949 n-d-846463-3 devstack@placement-api.service[107924]: [pid: 107924|app: 0|req: 43/85] 10.222.0.33 () {64 vars in 1433 bytes} [Fri Sep 23 04:31:35 2022] PUT /placement/allocations/24b8436f-97ba-49c5-ad91-8aea43f0e755 => generated 0 bytes in 308 msecs (HTTP/1.1 204) 5 headers in 199 bytes (2 switches on core 0)
Sep 23 04:31:35.737829 n-d-846463-3 devstack@placement-api.service[107923]: DEBUG placement.requestlog [req-f3369d06-8881-4898-899f-ad9281b4f069 req-0e4dd766-67ac-4cf5-8434-d3e50c43f1d9 None None] Starting request: 10.222.0.33 "GET /placement/resource_providers?name=n-h2-846463-3" {{(pid=107923) __call__ /opt/stack/placement/placement/requestlog.py:55}}
Sep 23 04:31:35.755646 n-d-846463-3 devstack@placement-api.service[107923]: INFO placement.requestlog [req-f3369d06-8881-4898-899f-ad9281b4f069 req-0e4dd766-67ac-4cf5-8434-d3e50c43f1d9 service placement] 10.222.0.33 "GET /placement/resource_providers?name=n-h2-846463-3" status: 200 len: 441 microversion: 1.0
Sep 23 04:31:35.756083 n-d-846463-3 devstack@placement-api.service[107923]: [pid: 107923|app: 0|req: 43/86] 10.222.0.33 () {58 vars in 1274 bytes} [Fri Sep 23 04:31:35 2022] GET /placement/resource_providers?name=n-h2-846463-3 => generated 441 bytes in 19 msecs (HTTP/1.1 200) 6 headers in 224 bytes (1 switches on core 0)
Sep 23 04:31:35.763031 n-d-846463-3 devstack@placement-api.service[107924]: DEBUG placement.requestlog [req-f3369d06-8881-4898-899f-ad9281b4f069 req-aa057421-4d33-4747-a7a6-771a7bb8a9fd None None] Starting request: 10.222.0.33 "GET /placement/resource_providers/aa8c60d8-7122-44e6-8d0a-5cea3693ca01/aggregates" {{(pid=107924) __call__ /opt/stack/placement/placement/requestlog.py:55}}
Sep 23 04:31:35.778229 n-d-846463-3 devstack@placement-api.service[107924]: INFO placement.requestlog [req-f3369d06-8881-4898-899f-ad9281b4f069 req-aa057421-4d33-4747-a7a6-771a7bb8a9fd service placement] 10.222.0.33 "GET /placement/resource_providers/aa8c60d8-7122-44e6-8d0a-5cea3693ca01/aggregates" status: 200 len: 54 microversion: 1.19
Sep 23 04:31:35.778603 n-d-846463-3 devstack@placement-api.service[107924]: [pid: 107924|app: 0|req: 44/87] 10.222.0.33 () {60 vars in 1425 bytes} [Fri Sep 23 04:31:35 2022] GET /placement/resource_providers/aa8c60d8-7122-44e6-8d0a-5cea3693ca01/aggregates => generated 54 bytes in 16 msecs (HTTP/1.1 200) 8 headers in 295 bytes (1 switches on core 0)
Sep 23 04:31:35.786915 n-d-846463-3 devstack@placement-api.service[107923]: DEBUG placement.requestlog [req-f3369d06-8881-4898-899f-ad9281b4f069 req-98789d52-a22b-4788-8f7b-f93f11e08902 None None] Starting request: 10.222.0.33 "PUT /placement/resource_providers/aa8c60d8-7122-44e6-8d0a-5cea3693ca01/aggregates" {{(pid=107923) __call__ /opt/stack/placement/placement/requestlog.py:55}}
Sep 23 04:31:35.809307 n-d-846463-3 devstack@placement-api.service[107923]: DEBUG placement.objects.resource_provider [req-f3369d06-8881-4898-899f-ad9281b4f069 req-98789d52-a22b-4788-8f7b-f93f11e08902 service placement] _ensure_aggregate() did not find aggregate 4681f231-650c-47c2-b51e-d34605ff7b1c. Attempting to create it. {{(pid=107923) _ensure_aggregate /opt/stack/placement/placement/objects/resource_provider.py:321}}
Sep 23 04:31:35.811547 n-d-846463-3 devstack@placement-api.service[107923]: DEBUG placement.objects.resource_provider [req-f3369d06-8881-4898-899f-ad9281b4f069 req-98789d52-a22b-4788-8f7b-f93f11e08902 service placement] _ensure_aggregate() created new aggregate 4681f231-650c-47c2-b51e-d34605ff7b1c (id=5). {{(pid=107923) _ensure_aggregate /opt/stack/placement/placement/objects/resource_provider.py:327}}
Sep 23 04:31:35.813061 n-d-846463-3 devstack@placement-api.service[107923]: DEBUG placement.objects.resource_provider [req-f3369d06-8881-4898-899f-ad9281b4f069 req-98789d52-a22b-4788-8f7b-f93f11e08902 service placement] Setting aggregates for provider aa8c60d8-7122-44e6-8d0a-5cea3693ca01. Successfully associated aggregate 4681f231-650c-47c2-b51e-d34605ff7b1c. {{(pid=107923) _set_aggregates /opt/stack/placement/placement/objects/resource_provider.py:389}}
Sep 23 04:31:35.941061 n-d-846463-3 devstack@placement-api.service[107923]: INFO placement.requestlog [req-f3369d06-8881-4898-899f-ad9281b4f069 req-98789d52-a22b-4788-8f7b-f93f11e08902 service placement] 10.222.0.33 "PUT /placement/resource_providers/aa8c60d8-7122-44e6-8d0a-5cea3693ca01/aggregates" status: 200 len: 92 microversion: 1.19
Sep 23 04:31:35.941618 n-d-846463-3 devstack@placement-api.service[107923]: [pid: 107923|app: 0|req: 44/88] 10.222.0.33 () {64 vars in 1477 bytes} [Fri Sep 23 04:31:35 2022] PUT /placement/resource_providers/aa8c60d8-7122-44e6-8d0a-5cea3693ca01/aggregates => generated 92 bytes in 155 msecs (HTTP/1.1 200) 8 headers in 295 bytes (2 switches on core 0)
Sep 23 04:31:36.053857 n-d-846463-3 devstack@placement-api.service[107924]: DEBUG placement.requestlog [req-3de099a9-1772-41d0-8d24-754decc5c51f req-0d2e0b22-d5c1-4549-9586-11dc6e21fa04 None None] Starting request: 10.222.0.33 "GET /placement/resource_providers?name=n-h2-846463-3" {{(pid=107924) __call__ /opt/stack/placement/placement/requestlog.py:55}}
Sep 23 04:31:36.090936 n-d-846463-3 devstack@placement-api.service[107924]: INFO placement.requestlog [req-3de099a9-1772-41d0-8d24-754decc5c51f req-0d2e0b22-d5c1-4549-9586-11dc6e21fa04 service placement] 10.222.0.33 "GET /placement/resource_providers?name=n-h2-846463-3" status: 200 len: 441 microversion: 1.0
Sep 23 04:31:36.098003 n-d-846463-3 devstack@placement-api.service[107924]: [pid: 107924|app: 0|req: 45/89] 10.222.0.33 () {58 vars in 1274 bytes} [Fri Sep 23 04:31:36 2022] GET /placement/resource_providers?name=n-h2-846463-3 => generated 441 bytes in 38 msecs (HTTP/1.1 200) 6 headers in 224 bytes (1 switches on core 0)
Sep 23 04:31:36.107350 n-d-846463-3 devstack@placement-api.service[107923]: DEBUG placement.requestlog [req-3de099a9-1772-41d0-8d24-754decc5c51f req-c1199e34-3d7f-4efa-9807-14fef57cd852 None None] Starting request: 10.222.0.33 "GET /placement/resource_providers/aa8c60d8-7122-44e6-8d0a-5cea3693ca01/aggregates" {{(pid=107923) __call__ /opt/stack/placement/placement/requestlog.py:55}}
Sep 23 04:31:36.126857 n-d-846463-3 devstack@placement-api.service[107923]: INFO placement.requestlog [req-3de099a9-1772-41d0-8d24-754decc5c51f req-c1199e34-3d7f-4efa-9807-14fef57cd852 service placement] 10.222.0.33 "GET /placement/resource_providers/aa8c60d8-7122-44e6-8d0a-5cea3693ca01/aggregates" status: 200 len: 92 microversion: 1.19
Sep 23 04:31:36.127614 n-d-846463-3 devstack@placement-api.service[107923]: [pid: 107923|app: 0|req: 45/90] 10.222.0.33 () {60 vars in 1425 bytes} [Fri Sep 23 04:31:36 2022] GET /placement/resource_providers/aa8c60d8-7122-44e6-8d0a-5cea3693ca01/aggregates => generated 92 bytes in 21 msecs (HTTP/1.1 200) 8 headers in 295 bytes (1 switches on core 0)
Sep 23 04:31:36.135021 n-d-846463-3 devstack@placement-api.service[107924]: DEBUG placement.requestlog [req-3de099a9-1772-41d0-8d24-754decc5c51f req-45a8db8a-4eed-4e92-9c3d-c89842bb8158 None None] Starting request: 10.222.0.33 "PUT /placement/resource_providers/aa8c60d8-7122-44e6-8d0a-5cea3693ca01/aggregates" {{(pid=107924) __call__ /opt/stack/placement/placement/requestlog.py:55}}
Sep 23 04:31:36.184585 n-d-846463-3 devstack@placement-api.service[107924]: DEBUG placement.objects.resource_provider [req-3de099a9-1772-41d0-8d24-754decc5c51f req-45a8db8a-4eed-4e92-9c3d-c89842bb8158 service placement] Setting aggregates for provider aa8c60d8-7122-44e6-8d0a-5cea3693ca01. Successfully disassociated aggregate 4681f231-650c-47c2-b51e-d34605ff7b1c. {{(pid=107924) _set_aggregates /opt/stack/placement/placement/objects/resource_provider.py:404}}
Sep 23 04:31:36.296783 n-d-846463-3 devstack@placement-api.service[107924]: INFO placement.requestlog [req-3de099a9-1772-41d0-8d24-754decc5c51f req-45a8db8a-4eed-4e92-9c3d-c89842bb8158 service placement] 10.222.0.33 "PUT /placement/resource_providers/aa8c60d8-7122-44e6-8d0a-5cea3693ca01/aggregates" status: 200 len: 54 microversion: 1.19
Sep 23 04:31:36.298755 n-d-846463-3 devstack@placement-api.service[107924]: [pid: 107924|app: 0|req: 46/91] 10.222.0.33 () {64 vars in 1477 bytes} [Fri Sep 23 04:31:36 2022] PUT /placement/resource_providers/aa8c60d8-7122-44e6-8d0a-5cea3693ca01/aggregates => generated 54 bytes in 164 msecs (HTTP/1.1 200) 8 headers in 295 bytes (1 switches on core 0)
Sep 23 04:31:36.841865 n-d-846463-3 devstack@placement-api.service[107923]: DEBUG placement.requestlog [req-93e5e4c7-4cf5-450a-ae44-e57ea0ec3966 req-4ebc6e1f-9b8d-48df-bd81-6072c5242105 None None] Starting request: 10.222.0.48 "GET /placement/allocations/24b8436f-97ba-49c5-ad91-8aea43f0e755" {{(pid=107923) __call__ /opt/stack/placement/placement/requestlog.py:55}}
Sep 23 04:31:36.867541 n-d-846463-3 devstack@placement-api.service[107923]: INFO placement.requestlog [req-93e5e4c7-4cf5-450a-ae44-e57ea0ec3966 req-4ebc6e1f-9b8d-48df-bd81-6072c5242105 service placement] 10.222.0.48 "GET /placement/allocations/24b8436f-97ba-49c5-ad91-8aea43f0e755" status: 200 len: 259 microversion: 1.28
Sep 23 04:31:36.868266 n-d-846463-3 devstack@placement-api.service[107923]: [pid: 107923|app: 0|req: 46/92] 10.222.0.48 () {60 vars in 1377 bytes} [Fri Sep 23 04:31:36 2022] GET /placement/allocations/24b8436f-97ba-49c5-ad91-8aea43f0e755 => generated 259 bytes in 27 msecs (HTTP/1.1 200) 8 headers in 296 bytes (1 switches on core 0)
Sep 23 04:31:37.203304 n-d-846463-3 devstack@placement-api.service[107924]: DEBUG placement.requestlog [req-93e5e4c7-4cf5-450a-ae44-e57ea0ec3966 req-79cdc89f-a31b-4425-b072-e5b1cf47ef83 None None] Starting request: 10.222.0.48 "GET /placement/resource_providers/aa8c60d8-7122-44e6-8d0a-5cea3693ca01/allocations" {{(pid=107924) __call__ /opt/stack/placement/placement/requestlog.py:55}}
Sep 23 04:31:37.235164 n-d-846463-3 devstack@placement-api.service[107924]: INFO placement.requestlog [req-93e5e4c7-4cf5-450a-ae44-e57ea0ec3966 req-79cdc89f-a31b-4425-b072-e5b1cf47ef83 service placement] 10.222.0.48 "GET /placement/resource_providers/aa8c60d8-7122-44e6-8d0a-5cea3693ca01/allocations" status: 200 len: 255 microversion: 1.0
Sep 23 04:31:37.235883 n-d-846463-3 devstack@placement-api.service[107924]: [pid: 107924|app: 0|req: 47/93] 10.222.0.48 () {58 vars in 1390 bytes} [Fri Sep 23 04:31:37 2022] GET /placement/resource_providers/aa8c60d8-7122-44e6-8d0a-5cea3693ca01/allocations => generated 255 bytes in 33 msecs (HTTP/1.1 200) 6 headers in 224 bytes (1 switches on core 0)
Sep 23 04:31:37.245039 n-d-846463-3 devstack@placement-api.service[107923]: DEBUG placement.requestlog [req-93e5e4c7-4cf5-450a-ae44-e57ea0ec3966 req-d05f08ff-ce80-4358-ba03-8ed078562e15 None None] Starting request: 10.222.0.48 "GET /placement/allocations/bbf05a2b-af42-4f14-8956-4f6249c46974" {{(pid=107923) __call__ /opt/stack/placement/placement/requestlog.py:55}}
Sep 23 04:31:37.269618 n-d-846463-3 devstack@placement-api.service[107923]: INFO placement.requestlog [req-93e5e4c7-4cf5-450a-ae44-e57ea0ec3966 req-d05f08ff-ce80-4358-ba03-8ed078562e15 service placement] 10.222.0.48 "GET /placement/allocations/bbf05a2b-af42-4f14-8956-4f6249c46974" status: 200 len: 259 microversion: 1.28
Sep 23 04:31:37.270729 n-d-846463-3 devstack@placement-api.service[107923]: [pid: 107923|app: 0|req: 47/94] 10.222.0.48 () {60 vars in 1377 bytes} [Fri Sep 23 04:31:37 2022] GET /placement/allocations/bbf05a2b-af42-4f14-8956-4f6249c46974 => generated 259 bytes in 27 msecs (HTTP/1.1 200) 8 headers in 296 bytes (1 switches on core 0)
Sep 23 04:31:37.278031 n-d-846463-3 devstack@placement-api.service[107924]: DEBUG placement.requestlog [req-93e5e4c7-4cf5-450a-ae44-e57ea0ec3966 req-a4c2dc35-eb91-4e62-ae30-84a86082ccea None None] Starting request: 10.222.0.48 "GET /placement/allocations/24b8436f-97ba-49c5-ad91-8aea43f0e755" {{(pid=107924) __call__ /opt/stack/placement/placement/requestlog.py:55}}
Sep 23 04:31:37.304446 n-d-846463-3 devstack@placement-api.service[107924]: INFO placement.requestlog [req-93e5e4c7-4cf5-450a-ae44-e57ea0ec3966 req-a4c2dc35-eb91-4e62-ae30-84a86082ccea service placement] 10.222.0.48 "GET /placement/allocations/24b8436f-97ba-49c5-ad91-8aea43f0e755" status: 200 len: 259 microversion: 1.28
Sep 23 04:31:37.304970 n-d-846463-3 devstack@placement-api.service[107924]: [pid: 107924|app: 0|req: 48/95] 10.222.0.48 () {60 vars in 1377 bytes} [Fri Sep 23 04:31:37 2022] GET /placement/allocations/24b8436f-97ba-49c5-ad91-8aea43f0e755 => generated 259 bytes in 27 msecs (HTTP/1.1 200) 8 headers in 296 bytes (1 switches on core 0)
Sep 23 04:31:37.350769 n-d-846463-3 devstack@placement-api.service[107923]: DEBUG placement.requestlog [None req-29f4a78d-f462-4a25-9283-420afb24a50a None None] Starting request: 10.222.0.33 "GET /placement/" {{(pid=107923) __call__ /opt/stack/placement/placement/requestlog.py:55}}
Sep 23 04:31:37.352011 n-d-846463-3 devstack@placement-api.service[107923]: INFO placement.requestlog [None req-29f4a78d-f462-4a25-9283-420afb24a50a None None] 10.222.0.33 "GET /placement/" status: 200 len: 136 microversion: 1.0
Sep 23 04:31:37.357699 n-d-846463-3 devstack@placement-api.service[107923]: [pid: 107923|app: 0|req: 48/96] 10.222.0.33 () {54 vars in 907 bytes} [Fri Sep 23 04:31:37 2022] GET /placement => generated 136 bytes in 8 msecs (HTTP/1.1 200) 6 headers in 224 bytes (1 switches on core 0)
Sep 23 04:31:37.398063 n-d-846463-3 devstack@placement-api.service[107924]: DEBUG placement.requestlog [req-cd1b832e-d7c7-4ea6-b86e-33f8c53974d3 req-0e9a5686-6bf9-4d35-9be0-b23d819d83a7 None None] Starting request: 10.222.0.33 "GET /placement/resource_providers?name=n-h2-846463-3" {{(pid=107924) __call__ /opt/stack/placement/placement/requestlog.py:55}}
Sep 23 04:31:37.921370 n-d-846463-3 devstack@placement-api.service[107924]: INFO placement.requestlog [req-cd1b832e-d7c7-4ea6-b86e-33f8c53974d3 req-0e9a5686-6bf9-4d35-9be0-b23d819d83a7 service placement] 10.222.0.33 "GET /placement/resource_providers?name=n-h2-846463-3" status: 200 len: 441 microversion: 1.0
Sep 23 04:31:37.922335 n-d-846463-3 devstack@placement-api.service[107924]: [pid: 107924|app: 0|req: 49/97] 10.222.0.33 () {58 vars in 1274 bytes} [Fri Sep 23 04:31:37 2022] GET /placement/resource_providers?name=n-h2-846463-3 => generated 441 bytes in 524 msecs (HTTP/1.1 200) 6 headers in 224 bytes (1 switches on core 0)
