Aug 04 15:24:09.147173 n-d-846436-16 devstack@n-api.service[119900]: /usr/local/lib/python3.8/dist-packages/oslo_policy/policy.py:1129: UserWarning: Policy "os_compute_api:os-flavor-manage:create": "rule:context_is_admin" failed scope check. The token used to make the request was project scoped but the policy requires ['system'] scope. This behavior may change in the future where using the intended scope is required
Aug 04 15:24:09.147173 n-d-846436-16 devstack@n-api.service[119900]: warnings.warn(msg)
Aug 04 15:24:09.236244 n-d-846436-16 devstack@n-api.service[119900]: INFO nova.api.openstack.requestlog [None req-8da6d7de-25d6-4234-90f1-c454cb2b325e tempest-ServersWithSpecificFlavorTestJSON-676560298 tempest-ServersWithSpecificFlavorTestJSON-676560298-project-admin] 10.222.0.26 "POST /compute/v2.1/flavors" status: 200 len: 425 microversion: 2.1 time: 0.768178
Aug 04 15:24:09.237777 n-d-846436-16 devstack@n-api.service[119900]: [pid: 119900|app: 0|req: 70/155] 10.222.0.26 () {60 vars in 1147 bytes} [Thu Aug 4 15:24:08 2022] POST /compute/v2.1/flavors => generated 425 bytes in 770 msecs (HTTP/1.1 200) 9 headers in 357 bytes (1 switches on core 0)
Aug 04 15:24:09.268600 n-d-846436-16 devstack@n-api.service[119900]: DEBUG nova.api.openstack.wsgi [None req-f20a946f-f431-4318-a5cc-3147e866cdf5 tempest-AggregatesAdminTestJSON-1423559652 tempest-AggregatesAdminTestJSON-1423559652-project] Calling method '>' {{(pid=119900) _process_stack /opt/stack/nova/nova/api/openstack/wsgi.py:513}}
Aug 04 15:24:09.270548 n-d-846436-16 devstack@n-api.service[119900]: DEBUG nova.compute.api [None req-f20a946f-f431-4318-a5cc-3147e866cdf5 tempest-AggregatesAdminTestJSON-1423559652 tempest-AggregatesAdminTestJSON-1423559652-project] [instance: c677b5ef-5aba-4ace-97f1-c93478304c10] Fetching instance by UUID {{(pid=119900) get /opt/stack/nova/nova/compute/api.py:2922}}
Aug 04 15:24:09.284854 n-d-846436-16 devstack@n-api.service[119900]: DEBUG oslo_concurrency.lockutils [None req-f20a946f-f431-4318-a5cc-3147e866cdf5 tempest-AggregatesAdminTestJSON-1423559652 tempest-AggregatesAdminTestJSON-1423559652-project] Lock "b6cef87a-68c8-424f-a2a0-21f930cbb76f" acquired by "nova.context.set_target_cell..get_or_set_cached_cell_and_set_connections" :: waited 0.000s {{(pid=119900) inner /usr/local/lib/python3.8/dist-packages/oslo_concurrency/lockutils.py:386}}
Aug 04 15:24:09.285303 n-d-846436-16 devstack@n-api.service[119900]: DEBUG oslo_concurrency.lockutils [None req-f20a946f-f431-4318-a5cc-3147e866cdf5 tempest-AggregatesAdminTestJSON-1423559652 tempest-AggregatesAdminTestJSON-1423559652-project] Lock "b6cef87a-68c8-424f-a2a0-21f930cbb76f" "released" by "nova.context.set_target_cell..get_or_set_cached_cell_and_set_connections" :: held 0.001s {{(pid=119900) inner /usr/local/lib/python3.8/dist-packages/oslo_concurrency/lockutils.py:400}}
Aug 04 15:24:09.290501 n-d-846436-16 devstack@n-api.service[119900]: DEBUG oslo_concurrency.lockutils [None req-f20a946f-f431-4318-a5cc-3147e866cdf5 tempest-AggregatesAdminTestJSON-1423559652 tempest-AggregatesAdminTestJSON-1423559652-project] Lock "b6cef87a-68c8-424f-a2a0-21f930cbb76f" acquired by "nova.context.set_target_cell..get_or_set_cached_cell_and_set_connections" :: waited 0.000s {{(pid=119900) inner /usr/local/lib/python3.8/dist-packages/oslo_concurrency/lockutils.py:386}}
Aug 04 15:24:09.290501 n-d-846436-16 devstack@n-api.service[119900]: DEBUG oslo_concurrency.lockutils [None req-f20a946f-f431-4318-a5cc-3147e866cdf5 tempest-AggregatesAdminTestJSON-1423559652 tempest-AggregatesAdminTestJSON-1423559652-project] Lock "b6cef87a-68c8-424f-a2a0-21f930cbb76f" "released" by "nova.context.set_target_cell..get_or_set_cached_cell_and_set_connections" :: held 0.000s {{(pid=119900) inner /usr/local/lib/python3.8/dist-packages/oslo_concurrency/lockutils.py:400}}
Aug 04 15:24:09.321345 n-d-846436-16 devstack@n-api.service[119899]: DEBUG nova.policy [None req-d1e19b0a-17a7-43d0-8251-d6f2f8773853 tempest-DeleteServersAdminTestJSON-1382690919 tempest-DeleteServersAdminTestJSON-1382690919-project] Policy check for os_compute_api:os-extended-server-attributes failed with credentials {'is_admin': False, 'user_id': '10990a402b75443aba10ae65eeb56815', 'user_domain_id': 'default', 'system_scope': None, 'domain_id': None, 'project_id': '150bf5bb33844ad3a0c4cb2756bc29ff', 'project_domain_id': 'default', 'roles': ['member', 'reader'], 'is_admin_project': True, 'service_user_id': None, 'service_user_domain_id': None, 'service_project_id': None, 'service_project_domain_id': None, 'service_roles': []} {{(pid=119899) authorize /opt/stack/nova/nova/policy.py:199}}
Aug 04 15:24:09.338280 n-d-846436-16 devstack@n-api.service[119899]: INFO nova.api.openstack.requestlog [None req-d1e19b0a-17a7-43d0-8251-d6f2f8773853 tempest-DeleteServersAdminTestJSON-1382690919 tempest-DeleteServersAdminTestJSON-1382690919-project] 10.222.0.26 "GET /compute/v2.1/servers/71b8457e-574e-41f3-814e-bb1ae0fc0617" status: 200 len: 1454 microversion: 2.1 time: 0.277137
Aug 04 15:24:09.342576 n-d-846436-16 devstack@n-api.service[119899]: [pid: 119899|app: 0|req: 86/156] 10.222.0.26 () {58 vars in 1236 bytes} [Thu Aug 4 15:24:09 2022] GET /compute/v2.1/servers/71b8457e-574e-41f3-814e-bb1ae0fc0617 => generated 1454 bytes in 282 msecs (HTTP/1.1 200) 9 headers in 358 bytes (1 switches on core 0)
Aug 04 15:24:09.353652 n-d-846436-16 devstack@n-api.service[119900]: DEBUG nova.compute.api [None req-f20a946f-f431-4318-a5cc-3147e866cdf5 tempest-AggregatesAdminTestJSON-1423559652 tempest-AggregatesAdminTestJSON-1423559652-project] [instance: c677b5ef-5aba-4ace-97f1-c93478304c10] Going to try to terminate instance {{(pid=119900) delete /opt/stack/nova/nova/compute/api.py:2666}}
Aug 04 15:24:09.375404 n-d-846436-16 devstack@n-api.service[119899]: DEBUG nova.api.openstack.wsgi [None req-e57d4094-7bf9-4af4-b2e1-46990db5d363 tempest-KeyPairsV22TestJSON-789893665 tempest-KeyPairsV22TestJSON-789893665-project] Action: 'create', calling method: .version_select at 0x7f9235fd6d30>, body: {"keypair": {"name": "tempest-keypair-868556594", "public_key": "ecdsa-sha2-nistp384 AAAAE2VjZHNhLXNoYTItbmlzdHAzODQAAAAIbmlzdHAzODQAAABhBAKUoeRBr0XlaXOWMNLOM9murkHUeCpodQMXyPEIGrVoq9WYqjVgPbe9i+sNKFU5uSwcowGyq7dqDbOTI8R4ikoQH1CPDQjgWMU3oK7rFN8olvOqrPscu0PpSLYIVYjy/Q=="}} {{(pid=119899) _process_stack /opt/stack/nova/nova/api/openstack/wsgi.py:511}}
Aug 04 15:24:09.398086 n-d-846436-16 devstack@n-api.service[119899]: DEBUG nova.quota [None req-e57d4094-7bf9-4af4-b2e1-46990db5d363 tempest-KeyPairsV22TestJSON-789893665 tempest-KeyPairsV22TestJSON-789893665-project] Getting quotas for project 4646755547494246af0d2d7d83679b26. Resources: {'key_pairs'} {{(pid=119899) _get_quotas /opt/stack/nova/nova/quota.py:393}}
Aug 04 15:24:09.406699 n-d-846436-16 devstack@n-api.service[119899]: DEBUG nova.quota [None req-e57d4094-7bf9-4af4-b2e1-46990db5d363 tempest-KeyPairsV22TestJSON-789893665 tempest-KeyPairsV22TestJSON-789893665-project] Getting quotas for user 9b547da6e76a43d5a2222478086c5342 and project 4646755547494246af0d2d7d83679b26. Resources: {'key_pairs'} {{(pid=119899) _get_quotas /opt/stack/nova/nova/quota.py:383}}
Aug 04 15:24:09.528238 n-d-846436-16 devstack@n-api.service[119900]: DEBUG dbcounter [-] [119900] Writing DB stats nova_cell1:SELECT=97,nova_cell1:UPDATE=2,nova_cell1:INSERT=1 {{(pid=119900) stat_writer /usr/local/lib/python3.8/dist-packages/dbcounter.py:114}}
Aug 04 15:24:09.536801 n-d-846436-16 devstack@n-api.service[119899]: INFO nova.api.openstack.requestlog [None req-e57d4094-7bf9-4af4-b2e1-46990db5d363 tempest-KeyPairsV22TestJSON-789893665 tempest-KeyPairsV22TestJSON-789893665-project] 10.222.0.26 "POST /compute/v2.1/os-keypairs" status: 201 len: 400 microversion: 2.2 time: 0.188689
Aug 04 15:24:09.537783 n-d-846436-16 devstack@n-api.service[119899]: [pid: 119899|app: 0|req: 87/157] 10.222.0.26 () {62 vars in 1199 bytes} [Thu Aug 4 15:24:09 2022] POST /compute/v2.1/os-keypairs => generated 400 bytes in 190 msecs (HTTP/1.1 201) 9 headers in 362 bytes (1 switches on core 0)
Aug 04 15:24:09.543568 n-d-846436-16 devstack@n-api.service[119899]: DEBUG nova.api.openstack.wsgi [None req-d14ffe33-ca99-4dde-9ed9-95616aead42f tempest-ServersWithSpecificFlavorTestJSON-676560298 tempest-ServersWithSpecificFlavorTestJSON-676560298-project-admin] Calling method '>' {{(pid=119899) _process_stack /opt/stack/nova/nova/api/openstack/wsgi.py:513}}
Aug 04 15:24:09.552660 n-d-846436-16 devstack@n-api.service[119899]: INFO nova.api.openstack.requestlog [None req-d14ffe33-ca99-4dde-9ed9-95616aead42f tempest-ServersWithSpecificFlavorTestJSON-676560298 tempest-ServersWithSpecificFlavorTestJSON-676560298-project-admin] 10.222.0.26 "GET /compute/v2.1/flavors/452/os-extra_specs" status: 200 len: 19 microversion: 2.1 time: 0.012946
Aug 04 15:24:09.553283 n-d-846436-16 devstack@n-api.service[119899]: [pid: 119899|app: 0|req: 88/158] 10.222.0.26 () {58 vars in 1182 bytes} [Thu Aug 4 15:24:09 2022] GET /compute/v2.1/flavors/452/os-extra_specs => generated 19 bytes in 15 msecs (HTTP/1.1 200) 9 headers in 356 bytes (1 switches on core 0)
Aug 04 15:24:09.558965 n-d-846436-16 devstack@n-api.service[119899]: DEBUG nova.api.openstack.wsgi [req-17fb96cc-1a5f-4360-a6ec-c5f9f003d620 req-e7e1036e-6431-44d4-8858-c3379644dfe7 service nova] Action: 'create', calling method: >, body: {"events": [{"server_uuid": "71b8457e-574e-41f3-814e-bb1ae0fc0617", "name": "network-vif-deleted", "tag": "d7b7d612-a12a-4011-95f5-1727e809ab5d"}]} {{(pid=119899) _process_stack /opt/stack/nova/nova/api/openstack/wsgi.py:511}}
Aug 04 15:24:09.811838 n-d-846436-16 devstack@n-api.service[119899]: DEBUG oslo_concurrency.lockutils [req-17fb96cc-1a5f-4360-a6ec-c5f9f003d620 req-e7e1036e-6431-44d4-8858-c3379644dfe7 service nova] Lock "b6cef87a-68c8-424f-a2a0-21f930cbb76f" acquired by "nova.context.set_target_cell..get_or_set_cached_cell_and_set_connections" :: waited 0.000s {{(pid=119899) inner /usr/local/lib/python3.8/dist-packages/oslo_concurrency/lockutils.py:386}}
Aug 04 15:24:09.812567 n-d-846436-16 devstack@n-api.service[119899]: DEBUG oslo_concurrency.lockutils [req-17fb96cc-1a5f-4360-a6ec-c5f9f003d620 req-e7e1036e-6431-44d4-8858-c3379644dfe7 service nova] Lock "b6cef87a-68c8-424f-a2a0-21f930cbb76f" "released" by "nova.context.set_target_cell..get_or_set_cached_cell_and_set_connections" :: held 0.001s {{(pid=119899) inner /usr/local/lib/python3.8/dist-packages/oslo_concurrency/lockutils.py:400}}
Aug 04 15:24:09.824658 n-d-846436-16 devstack@n-api.service[119899]: INFO nova.api.openstack.compute.server_external_events [req-17fb96cc-1a5f-4360-a6ec-c5f9f003d620 req-e7e1036e-6431-44d4-8858-c3379644dfe7 service nova] Creating event network-vif-deleted:d7b7d612-a12a-4011-95f5-1727e809ab5d for instance 71b8457e-574e-41f3-814e-bb1ae0fc0617 on n-h2-846436-16
Aug 04 15:24:09.830662 n-d-846436-16 devstack@n-api.service[119899]: INFO nova.api.openstack.requestlog [req-17fb96cc-1a5f-4360-a6ec-c5f9f003d620 req-e7e1036e-6431-44d4-8858-c3379644dfe7 service nova] 10.222.0.26 "POST /compute/v2.1/os-server-external-events" status: 200 len: 183 microversion: 2.1 time: 0.275262
Aug 04 15:24:09.831995 n-d-846436-16 devstack@n-api.service[119899]: [pid: 119899|app: 0|req: 89/159] 10.222.0.26 () {64 vars in 1317 bytes} [Thu Aug 4 15:24:09 2022] POST /compute/v2.1/os-server-external-events => generated 183 bytes in 278 msecs (HTTP/1.1 200) 9 headers in 357 bytes (1 switches on core 0)
Aug 04 15:24:09.838520 n-d-846436-16 devstack@n-api.service[119899]: DEBUG nova.api.openstack.wsgi [None req-d799e963-0e1a-4793-8b25-0945fd9f5fec tempest-KeyPairsV22TestJSON-789893665 tempest-KeyPairsV22TestJSON-789893665-project] Calling method '.version_select at 0x7f9235ee0940>' {{(pid=119899) _process_stack /opt/stack/nova/nova/api/openstack/wsgi.py:513}}
Aug 04 15:24:09.875787 n-d-846436-16 devstack@n-api.service[119900]: INFO nova.api.openstack.requestlog [None req-f20a946f-f431-4318-a5cc-3147e866cdf5 tempest-AggregatesAdminTestJSON-1423559652 tempest-AggregatesAdminTestJSON-1423559652-project] 10.222.0.26 "DELETE /compute/v2.1/servers/c677b5ef-5aba-4ace-97f1-c93478304c10" status: 204 len: 0 microversion: 2.1 time: 0.635312
Aug 04 15:24:09.877010 n-d-846436-16 devstack@n-api.service[119900]: [pid: 119900|app: 0|req: 71/160] 10.222.0.26 () {58 vars in 1239 bytes} [Thu Aug 4 15:24:09 2022] DELETE /compute/v2.1/servers/c677b5ef-5aba-4ace-97f1-c93478304c10 => generated 0 bytes in 638 msecs (HTTP/1.1 204) 9 headers in 363 bytes (1 switches on core 0)
Aug 04 15:24:09.889377 n-d-846436-16 devstack@n-api.service[119900]: DEBUG nova.api.openstack.wsgi [None req-72a6ddd1-9fd4-4766-bf71-0c607324b1f6 tempest-ServersWithSpecificFlavorTestJSON-676560298 tempest-ServersWithSpecificFlavorTestJSON-676560298-project-admin] Action: 'create', calling method: >, body: {"flavor": {"ram": 1024, "vcpus": 1, "disk": 1, "name": "tempest-flavor_with_ephemeral_0-1243146583", "id": 997483151, "OS-FLV-EXT-DATA:ephemeral": 0, "os-flavor-access:is_public": "True"}} {{(pid=119900) _process_stack /opt/stack/nova/nova/api/openstack/wsgi.py:511}}
Aug 04 15:24:09.899399 n-d-846436-16 devstack@n-api.service[119900]: /usr/local/lib/python3.8/dist-packages/oslo_policy/policy.py:1129: UserWarning: Policy "os_compute_api:os-flavor-manage:create": "rule:context_is_admin" failed scope check. The token used to make the request was project scoped but the policy requires ['system'] scope. This behavior may change in the future where using the intended scope is required
Aug 04 15:24:09.899399 n-d-846436-16 devstack@n-api.service[119900]: warnings.warn(msg)
Aug 04 15:24:09.921030 n-d-846436-16 devstack@n-api.service[119899]: INFO nova.api.openstack.requestlog [None req-d799e963-0e1a-4793-8b25-0945fd9f5fec tempest-KeyPairsV22TestJSON-789893665 tempest-KeyPairsV22TestJSON-789893665-project] 10.222.0.26 "DELETE /compute/v2.1/os-keypairs/tempest-keypair-868556594" status: 204 len: 0 microversion: 2.2 time: 0.087620
Aug 04 15:24:09.921614 n-d-846436-16 devstack@n-api.service[119899]: [pid: 119899|app: 0|req: 90/161] 10.222.0.26 () {60 vars in 1258 bytes} [Thu Aug 4 15:24:09 2022] DELETE /compute/v2.1/os-keypairs/tempest-keypair-868556594 => generated 0 bytes in 89 msecs (HTTP/1.1 204) 9 headers in 363 bytes (1 switches on core 0)
Aug 04 15:24:09.926334 n-d-846436-16 devstack@n-api.service[119899]: DEBUG nova.api.openstack.wsgi [None req-179bfe39-bca0-4468-9fc5-757bae1ecc1f tempest-AggregatesAdminTestJSON-1423559652 tempest-AggregatesAdminTestJSON-1423559652-project] Calling method '>' {{(pid=119899) _process_stack /opt/stack/nova/nova/api/openstack/wsgi.py:513}}
Aug 04 15:24:09.927286 n-d-846436-16 devstack@n-api.service[119899]: DEBUG nova.compute.api [None req-179bfe39-bca0-4468-9fc5-757bae1ecc1f tempest-AggregatesAdminTestJSON-1423559652 tempest-AggregatesAdminTestJSON-1423559652-project] [instance: c677b5ef-5aba-4ace-97f1-c93478304c10] Fetching instance by UUID {{(pid=119899) get /opt/stack/nova/nova/compute/api.py:2922}}
Aug 04 15:24:09.933492 n-d-846436-16 devstack@n-api.service[119899]: DEBUG oslo_concurrency.lockutils [None req-179bfe39-bca0-4468-9fc5-757bae1ecc1f tempest-AggregatesAdminTestJSON-1423559652 tempest-AggregatesAdminTestJSON-1423559652-project] Lock "b6cef87a-68c8-424f-a2a0-21f930cbb76f" acquired by "nova.context.set_target_cell..get_or_set_cached_cell_and_set_connections" :: waited 0.000s {{(pid=119899) inner /usr/local/lib/python3.8/dist-packages/oslo_concurrency/lockutils.py:386}}
Aug 04 15:24:09.943901 n-d-846436-16 devstack@n-api.service[119899]: DEBUG oslo_concurrency.lockutils [None req-179bfe39-bca0-4468-9fc5-757bae1ecc1f tempest-AggregatesAdminTestJSON-1423559652 tempest-AggregatesAdminTestJSON-1423559652-project] Lock "b6cef87a-68c8-424f-a2a0-21f930cbb76f" "released" by "nova.context.set_target_cell..get_or_set_cached_cell_and_set_connections" :: held 0.000s {{(pid=119899) inner /usr/local/lib/python3.8/dist-packages/oslo_concurrency/lockutils.py:400}}
Aug 04 15:24:09.943901 n-d-846436-16 devstack@n-api.service[119899]: DEBUG oslo_concurrency.lockutils [None req-179bfe39-bca0-4468-9fc5-757bae1ecc1f tempest-AggregatesAdminTestJSON-1423559652 tempest-AggregatesAdminTestJSON-1423559652-project] Lock "b6cef87a-68c8-424f-a2a0-21f930cbb76f" acquired by "nova.context.set_target_cell..get_or_set_cached_cell_and_set_connections" :: waited 0.000s {{(pid=119899) inner /usr/local/lib/python3.8/dist-packages/oslo_concurrency/lockutils.py:386}}
Aug 04 15:24:09.943901 n-d-846436-16 devstack@n-api.service[119899]: DEBUG oslo_concurrency.lockutils [None req-179bfe39-bca0-4468-9fc5-757bae1ecc1f tempest-AggregatesAdminTestJSON-1423559652 tempest-AggregatesAdminTestJSON-1423559652-project] Lock "b6cef87a-68c8-424f-a2a0-21f930cbb76f" "released" by "nova.context.set_target_cell..get_or_set_cached_cell_and_set_connections" :: held 0.000s {{(pid=119899) inner /usr/local/lib/python3.8/dist-packages/oslo_concurrency/lockutils.py:400}}
Aug 04 15:24:10.033946 n-d-846436-16 devstack@n-api.service[119900]: INFO nova.api.openstack.requestlog [None req-72a6ddd1-9fd4-4766-bf71-0c607324b1f6 tempest-ServersWithSpecificFlavorTestJSON-676560298 tempest-ServersWithSpecificFlavorTestJSON-676560298-project-admin] 10.222.0.26 "POST /compute/v2.1/flavors" status: 200 len: 422 microversion: 2.1 time: 0.154365
Aug 04 15:24:10.034910 n-d-846436-16 devstack@n-api.service[119900]: [pid: 119900|app: 0|req: 72/162] 10.222.0.26 () {60 vars in 1147 bytes} [Thu Aug 4 15:24:09 2022] POST /compute/v2.1/flavors => generated 422 bytes in 157 msecs (HTTP/1.1 200) 9 headers in 357 bytes (1 switches on core 0)
Aug 04 15:24:10.039827 n-d-846436-16 devstack@n-api.service[119900]: DEBUG nova.api.openstack.wsgi [None req-dafb8313-5e2c-4563-864d-368679491a45 tempest-KeyPairsV22TestJSON-789893665 tempest-KeyPairsV22TestJSON-789893665-project] Action: 'create', calling method: .version_select at 0x7f9235ab54c0>, body: {"keypair": {"name": "tempest-keypair-820934068", "public_key": "ssh-rsa AAAAB3NzaC1yc2EAAAADAQABAAABAQCsNe3/1ILNCqFyfYWDeTKLD6jEXC2OQHLmietMWW+/vdaZq7KZEwO0jhglaFjU1mpqq4Gz5RX156sCTNM9vRbwKAxfsdF9laBYVsex3m3Wmui3uYrKyumsoJn2g9GNnG1PI1mrVjZ61i0GY3khna+wzlTpCCmy5HNlrmbj3XLqBUpipTOXmsnr4sChzC53KCd8LXuwc1i/CZPvF+3XipvAgFSE53pCtLOeB1kYMOBaiUPLQTWXR3JpckqFIQwhIH0zoHlJvZE8hh90XcPojYN56tI0OlrGqojbediJYD0rUsJu4weZpbn8vilb3JuDY+jwssnSA8wzBx3A/8y9Pp1B nova@ubuntu"}} {{(pid=119900) _process_stack /opt/stack/nova/nova/api/openstack/wsgi.py:511}}
Aug 04 15:24:10.062864 n-d-846436-16 devstack@n-api.service[119900]: DEBUG nova.quota [None req-dafb8313-5e2c-4563-864d-368679491a45 tempest-KeyPairsV22TestJSON-789893665 tempest-KeyPairsV22TestJSON-789893665-project] Getting quotas for project 4646755547494246af0d2d7d83679b26. Resources: {'key_pairs'} {{(pid=119900) _get_quotas /opt/stack/nova/nova/quota.py:393}}
Aug 04 15:24:10.064353 n-d-846436-16 devstack@n-api.service[119900]: DEBUG nova.quota [None req-dafb8313-5e2c-4563-864d-368679491a45 tempest-KeyPairsV22TestJSON-789893665 tempest-KeyPairsV22TestJSON-789893665-project] Getting quotas for user 9b547da6e76a43d5a2222478086c5342 and project 4646755547494246af0d2d7d83679b26. Resources: {'key_pairs'} {{(pid=119900) _get_quotas /opt/stack/nova/nova/quota.py:383}}
Aug 04 15:24:10.173530 n-d-846436-16 devstack@n-api.service[119899]: DEBUG nova.policy [None req-179bfe39-bca0-4468-9fc5-757bae1ecc1f tempest-AggregatesAdminTestJSON-1423559652 tempest-AggregatesAdminTestJSON-1423559652-project] Policy check for os_compute_api:os-extended-server-attributes failed with credentials {'is_admin': False, 'user_id': '20ddc45d55f747589f46651a103591b1', 'user_domain_id': 'default', 'system_scope': None, 'domain_id': None, 'project_id': '5975e3723e4d40ca83003f5959b03464', 'project_domain_id': 'default', 'roles': ['member', 'reader'], 'is_admin_project': True, 'service_user_id': None, 'service_user_domain_id': None, 'service_project_id': None, 'service_project_domain_id': None, 'service_roles': []} {{(pid=119899) authorize /opt/stack/nova/nova/policy.py:199}}
Aug 04 15:24:10.186053 n-d-846436-16 devstack@n-api.service[119900]: INFO nova.api.openstack.requestlog [None req-dafb8313-5e2c-4563-864d-368679491a45 tempest-KeyPairsV22TestJSON-789893665 tempest-KeyPairsV22TestJSON-789893665-project] 10.222.0.26 "POST /compute/v2.1/os-keypairs" status: 201 len: 588 microversion: 2.2 time: 0.149206
Aug 04 15:24:10.187370 n-d-846436-16 devstack@n-api.service[119900]: [pid: 119900|app: 0|req: 73/163] 10.222.0.26 () {62 vars in 1199 bytes} [Thu Aug 4 15:24:10 2022] POST /compute/v2.1/os-keypairs => generated 588 bytes in 152 msecs (HTTP/1.1 201) 9 headers in 362 bytes (1 switches on core 0)
Aug 04 15:24:10.193173 n-d-846436-16 devstack@n-api.service[119900]: DEBUG nova.api.openstack.wsgi [None req-3bea52b6-7509-4854-9813-6cae6850fc6f tempest-ServersWithSpecificFlavorTestJSON-676560298 tempest-ServersWithSpecificFlavorTestJSON-676560298-project-admin] Calling method '>' {{(pid=119900) _process_stack /opt/stack/nova/nova/api/openstack/wsgi.py:513}}
Aug 04 15:24:10.197046 n-d-846436-16 devstack@n-api.service[119899]: INFO nova.api.openstack.requestlog [None req-179bfe39-bca0-4468-9fc5-757bae1ecc1f tempest-AggregatesAdminTestJSON-1423559652 tempest-AggregatesAdminTestJSON-1423559652-project] 10.222.0.26 "GET /compute/v2.1/servers/c677b5ef-5aba-4ace-97f1-c93478304c10" status: 200 len: 1493 microversion: 2.1 time: 0.274374
Aug 04 15:24:10.203006 n-d-846436-16 devstack@n-api.service[119900]: INFO nova.api.openstack.requestlog [None req-3bea52b6-7509-4854-9813-6cae6850fc6f tempest-ServersWithSpecificFlavorTestJSON-676560298 tempest-ServersWithSpecificFlavorTestJSON-676560298-project-admin] 10.222.0.26 "GET /compute/v2.1/flavors/452/os-extra_specs" status: 200 len: 19 microversion: 2.1 time: 0.013939
Aug 04 15:24:10.204031 n-d-846436-16 devstack@n-api.service[119900]: [pid: 119900|app: 0|req: 74/164] 10.222.0.26 () {58 vars in 1182 bytes} [Thu Aug 4 15:24:10 2022] GET /compute/v2.1/flavors/452/os-extra_specs => generated 19 bytes in 16 msecs (HTTP/1.1 200) 9 headers in 356 bytes (1 switches on core 0)
Aug 04 15:24:10.215380 n-d-846436-16 devstack@n-api.service[119899]: [pid: 119899|app: 0|req: 91/165] 10.222.0.26 () {58 vars in 1236 bytes} [Thu Aug 4 15:24:09 2022] GET /compute/v2.1/servers/c677b5ef-5aba-4ace-97f1-c93478304c10 => generated 1493 bytes in 293 msecs (HTTP/1.1 200) 9 headers in 358 bytes (1 switches on core 0)
Aug 04 15:24:10.218160 n-d-846436-16 devstack@n-api.service[119900]: DEBUG nova.api.openstack.wsgi [None req-a9811f3b-27bf-4b0b-bcb8-abab7b9ccc01 tempest-KeyPairsV22TestJSON-789893665 tempest-KeyPairsV22TestJSON-789893665-project] Calling method '.version_select at 0x7f9235a5a670>' {{(pid=119900) _process_stack /opt/stack/nova/nova/api/openstack/wsgi.py:513}}
Aug 04 15:24:10.228092 n-d-846436-16 devstack@n-api.service[119899]: DEBUG nova.api.openstack.wsgi [None req-a87a3941-9ebd-4171-9b41-396f3339a9e8 tempest-ServersWithSpecificFlavorTestJSON-1422193532 tempest-ServersWithSpecificFlavorTestJSON-1422193532-project] Action: 'create', calling method: .version_select at 0x7f9235ee0430>, body: {"keypair": {"name": "tempest-keypair-120830353", "public_key": "ecdsa-sha2-nistp384 AAAAE2VjZHNhLXNoYTItbmlzdHAzODQAAAAIbmlzdHAzODQAAABhBK7c/+sot5+0lfwkhSIRIPvDSuuHu2edQyob9wvIzEuWfXos2CeVbwYwY0GEMDmNOEZaVqcdlYZXvvU3w0YGW0C/XPGjnVms292XVSPbYvTf/NJmXoo9/Q75tciwbF0bEQ=="}} {{(pid=119899) _process_stack /opt/stack/nova/nova/api/openstack/wsgi.py:511}}
Aug 04 15:24:10.287188 n-d-846436-16 devstack@n-api.service[119899]: DEBUG nova.quota [None req-a87a3941-9ebd-4171-9b41-396f3339a9e8 tempest-ServersWithSpecificFlavorTestJSON-1422193532 tempest-ServersWithSpecificFlavorTestJSON-1422193532-project] Getting quotas for project 863d412b8a0642c8ad71d0562572a47a. Resources: {'key_pairs'} {{(pid=119899) _get_quotas /opt/stack/nova/nova/quota.py:393}}
Aug 04 15:24:10.302605 n-d-846436-16 devstack@n-api.service[119899]: DEBUG nova.quota [None req-a87a3941-9ebd-4171-9b41-396f3339a9e8 tempest-ServersWithSpecificFlavorTestJSON-1422193532 tempest-ServersWithSpecificFlavorTestJSON-1422193532-project] Getting quotas for user 331834b9d85f4f04a515555e15653f39 and project 863d412b8a0642c8ad71d0562572a47a. Resources: {'key_pairs'} {{(pid=119899) _get_quotas /opt/stack/nova/nova/quota.py:383}}
Aug 04 15:24:10.361802 n-d-846436-16 devstack@n-api.service[119900]: INFO nova.api.openstack.requestlog [None req-a9811f3b-27bf-4b0b-bcb8-abab7b9ccc01 tempest-KeyPairsV22TestJSON-789893665 tempest-KeyPairsV22TestJSON-789893665-project] 10.222.0.26 "DELETE /compute/v2.1/os-keypairs/tempest-keypair-820934068" status: 204 len: 0 microversion: 2.2 time: 0.156390
Aug 04 15:24:10.363133 n-d-846436-16 devstack@n-api.service[119900]: [pid: 119900|app: 0|req: 75/166] 10.222.0.26 () {60 vars in 1258 bytes} [Thu Aug 4 15:24:10 2022] DELETE /compute/v2.1/os-keypairs/tempest-keypair-820934068 => generated 0 bytes in 158 msecs (HTTP/1.1 204) 9 headers in 363 bytes (1 switches on core 0)
Aug 04 15:24:10.371305 n-d-846436-16 devstack@n-api.service[119900]: DEBUG nova.api.openstack.wsgi [None req-bc030954-3a5e-494b-b20e-d5ead8b4ea53 tempest-DeleteServersAdminTestJSON-1382690919 tempest-DeleteServersAdminTestJSON-1382690919-project] Calling method '>' {{(pid=119900) _process_stack /opt/stack/nova/nova/api/openstack/wsgi.py:513}}
Aug 04 15:24:10.372367 n-d-846436-16 devstack@n-api.service[119900]: DEBUG nova.compute.api [None req-bc030954-3a5e-494b-b20e-d5ead8b4ea53 tempest-DeleteServersAdminTestJSON-1382690919 tempest-DeleteServersAdminTestJSON-1382690919-project] [instance: 71b8457e-574e-41f3-814e-bb1ae0fc0617] Fetching instance by UUID {{(pid=119900) get /opt/stack/nova/nova/compute/api.py:2922}}
Aug 04 15:24:10.383552 n-d-846436-16 devstack@n-api.service[119900]: DEBUG oslo_concurrency.lockutils [None req-bc030954-3a5e-494b-b20e-d5ead8b4ea53 tempest-DeleteServersAdminTestJSON-1382690919 tempest-DeleteServersAdminTestJSON-1382690919-project] Lock "b6cef87a-68c8-424f-a2a0-21f930cbb76f" acquired by "nova.context.set_target_cell..get_or_set_cached_cell_and_set_connections" :: waited 0.000s {{(pid=119900) inner /usr/local/lib/python3.8/dist-packages/oslo_concurrency/lockutils.py:386}}
Aug 04 15:24:10.384263 n-d-846436-16 devstack@n-api.service[119900]: DEBUG oslo_concurrency.lockutils [None req-bc030954-3a5e-494b-b20e-d5ead8b4ea53 tempest-DeleteServersAdminTestJSON-1382690919 tempest-DeleteServersAdminTestJSON-1382690919-project] Lock "b6cef87a-68c8-424f-a2a0-21f930cbb76f" "released" by "nova.context.set_target_cell..get_or_set_cached_cell_and_set_connections" :: held 0.001s {{(pid=119900) inner /usr/local/lib/python3.8/dist-packages/oslo_concurrency/lockutils.py:400}}
Aug 04 15:24:10.385322 n-d-846436-16 devstack@n-api.service[119900]: DEBUG oslo_concurrency.lockutils [None req-bc030954-3a5e-494b-b20e-d5ead8b4ea53 tempest-DeleteServersAdminTestJSON-1382690919 tempest-DeleteServersAdminTestJSON-1382690919-project] Lock "b6cef87a-68c8-424f-a2a0-21f930cbb76f" acquired by "nova.context.set_target_cell..get_or_set_cached_cell_and_set_connections" :: waited 0.000s {{(pid=119900) inner /usr/local/lib/python3.8/dist-packages/oslo_concurrency/lockutils.py:386}}
Aug 04 15:24:10.385983 n-d-846436-16 devstack@n-api.service[119900]: DEBUG oslo_concurrency.lockutils [None req-bc030954-3a5e-494b-b20e-d5ead8b4ea53 tempest-DeleteServersAdminTestJSON-1382690919 tempest-DeleteServersAdminTestJSON-1382690919-project] Lock "b6cef87a-68c8-424f-a2a0-21f930cbb76f" "released" by "nova.context.set_target_cell..get_or_set_cached_cell_and_set_connections" :: held 0.001s {{(pid=119900) inner /usr/local/lib/python3.8/dist-packages/oslo_concurrency/lockutils.py:400}}
Aug 04 15:24:10.422622 n-d-846436-16 devstack@n-api.service[119900]: DEBUG oslo_concurrency.lockutils [None req-bc030954-3a5e-494b-b20e-d5ead8b4ea53 tempest-DeleteServersAdminTestJSON-1382690919 tempest-DeleteServersAdminTestJSON-1382690919-project] Lock "b6cef87a-68c8-424f-a2a0-21f930cbb76f" acquired by "nova.context.set_target_cell..get_or_set_cached_cell_and_set_connections" :: waited 0.000s {{(pid=119900) inner /usr/local/lib/python3.8/dist-packages/oslo_concurrency/lockutils.py:386}}
Aug 04 15:24:10.423410 n-d-846436-16 devstack@n-api.service[119900]: DEBUG oslo_concurrency.lockutils [None req-bc030954-3a5e-494b-b20e-d5ead8b4ea53 tempest-DeleteServersAdminTestJSON-1382690919 tempest-DeleteServersAdminTestJSON-1382690919-project] Lock "b6cef87a-68c8-424f-a2a0-21f930cbb76f" "released" by "nova.context.set_target_cell..get_or_set_cached_cell_and_set_connections" :: held 0.001s {{(pid=119900) inner /usr/local/lib/python3.8/dist-packages/oslo_concurrency/lockutils.py:400}}
Aug 04 15:24:10.424552 n-d-846436-16 devstack@n-api.service[119900]: DEBUG nova.objects.instance [None req-bc030954-3a5e-494b-b20e-d5ead8b4ea53 tempest-DeleteServersAdminTestJSON-1382690919 tempest-DeleteServersAdminTestJSON-1382690919-project] Lazy-loading 'fault' on Instance uuid 71b8457e-574e-41f3-814e-bb1ae0fc0617 {{(pid=119900) obj_load_attr /opt/stack/nova/nova/objects/instance.py:1099}}
Aug 04 15:24:10.453284 n-d-846436-16 devstack@n-api.service[119899]: INFO nova.api.openstack.requestlog [None req-a87a3941-9ebd-4171-9b41-396f3339a9e8 tempest-ServersWithSpecificFlavorTestJSON-1422193532 tempest-ServersWithSpecificFlavorTestJSON-1422193532-project] 10.222.0.26 "POST /compute/v2.1/os-keypairs" status: 200 len: 385 microversion: 2.1 time: 0.236786
Aug 04 15:24:10.453874 n-d-846436-16 devstack@n-api.service[119899]: [pid: 119899|app: 0|req: 92/167] 10.222.0.26 () {60 vars in 1159 bytes} [Thu Aug 4 15:24:10 2022] POST /compute/v2.1/os-keypairs => generated 385 bytes in 238 msecs (HTTP/1.1 200) 9 headers in 357 bytes (1 switches on core 0)
Aug 04 15:24:10.458749 n-d-846436-16 devstack@n-api.service[119899]: DEBUG nova.api.openstack.wsgi [None req-e3414f00-cc1d-4e52-9117-767d7213179e tempest-KeyPairsV22TestJSON-789893665 tempest-KeyPairsV22TestJSON-789893665-project] Action: 'create', calling method: .version_select at 0x7f9236140160>, body: {"keypair": {"name": "tempest-KeyPairsV22TestJSON-keypair-1934152448", "public_key": "ecdsa-sha2-nistp384 AAAAE2VjZHNhLXNoYTItbmlzdHAzODQAAAAIbmlzdHAzODQAAABhBGAL4KIkuHqIa4/+oTXPvwt5JdomgNDfmKCTq7+CR56X1OO/vuqLFichajxVzTYfZC4yWRZwo+6YSFBFqhh7fi+j0uCWydq3gKkmYdQ21Hvv483l6qOuRzqZIvZBJhnqbw=="}} {{(pid=119899) _process_stack /opt/stack/nova/nova/api/openstack/wsgi.py:511}}
Aug 04 15:24:10.498618 n-d-846436-16 devstack@n-api.service[119899]: DEBUG nova.quota [None req-e3414f00-cc1d-4e52-9117-767d7213179e tempest-KeyPairsV22TestJSON-789893665 tempest-KeyPairsV22TestJSON-789893665-project] Getting quotas for project 4646755547494246af0d2d7d83679b26. Resources: {'key_pairs'} {{(pid=119899) _get_quotas /opt/stack/nova/nova/quota.py:393}}
Aug 04 15:24:10.510142 n-d-846436-16 devstack@n-api.service[119899]: DEBUG nova.quota [None req-e3414f00-cc1d-4e52-9117-767d7213179e tempest-KeyPairsV22TestJSON-789893665 tempest-KeyPairsV22TestJSON-789893665-project] Getting quotas for user 9b547da6e76a43d5a2222478086c5342 and project 4646755547494246af0d2d7d83679b26. Resources: {'key_pairs'} {{(pid=119899) _get_quotas /opt/stack/nova/nova/quota.py:383}}
Aug 04 15:24:10.525318 n-d-846436-16 devstack@n-api.service[119900]: DEBUG nova.policy [None req-bc030954-3a5e-494b-b20e-d5ead8b4ea53 tempest-DeleteServersAdminTestJSON-1382690919 tempest-DeleteServersAdminTestJSON-1382690919-project] Policy check for os_compute_api:os-extended-server-attributes failed with credentials {'is_admin': False, 'user_id': '10990a402b75443aba10ae65eeb56815', 'user_domain_id': 'default', 'system_scope': None, 'domain_id': None, 'project_id': '150bf5bb33844ad3a0c4cb2756bc29ff', 'project_domain_id': 'default', 'roles': ['member', 'reader'], 'is_admin_project': True, 'service_user_id': None, 'service_user_domain_id': None, 'service_project_id': None, 'service_project_domain_id': None, 'service_roles': []} {{(pid=119900) authorize /opt/stack/nova/nova/policy.py:199}}
Aug 04 15:24:10.536479 n-d-846436-16 devstack@n-api.service[119900]: INFO nova.api.openstack.requestlog [None req-bc030954-3a5e-494b-b20e-d5ead8b4ea53 tempest-DeleteServersAdminTestJSON-1382690919 tempest-DeleteServersAdminTestJSON-1382690919-project] 10.222.0.26 "GET /compute/v2.1/servers/71b8457e-574e-41f3-814e-bb1ae0fc0617" status: 200 len: 1330 microversion: 2.1 time: 0.171984
Aug 04 15:24:10.545477 n-d-846436-16 devstack@n-api.service[119900]: [pid: 119900|app: 0|req: 76/168] 10.222.0.26 () {58 vars in 1236 bytes} [Thu Aug 4 15:24:10 2022] GET /compute/v2.1/servers/71b8457e-574e-41f3-814e-bb1ae0fc0617 => generated 1330 bytes in 176 msecs (HTTP/1.1 200) 9 headers in 358 bytes (1 switches on core 0)
Aug 04 15:24:10.658974 n-d-846436-16 devstack@n-api.service[119899]: INFO nova.api.openstack.requestlog [None req-e3414f00-cc1d-4e52-9117-767d7213179e tempest-KeyPairsV22TestJSON-789893665 tempest-KeyPairsV22TestJSON-789893665-project] 10.222.0.26 "POST /compute/v2.1/os-keypairs" status: 201 len: 421 microversion: 2.2 time: 0.204035
Aug 04 15:24:10.668173 n-d-846436-16 devstack@n-api.service[119899]: [pid: 119899|app: 0|req: 93/169] 10.222.0.26 () {62 vars in 1199 bytes} [Thu Aug 4 15:24:10 2022] POST /compute/v2.1/os-keypairs => generated 421 bytes in 214 msecs (HTTP/1.1 201) 9 headers in 362 bytes (1 switches on core 0)
Aug 04 15:24:10.673989 n-d-846436-16 devstack@n-api.service[119900]: DEBUG nova.api.openstack.wsgi [None req-c5596381-6f72-4e31-b815-ae71159ac0ff tempest-KeyPairsV22TestJSON-789893665 tempest-KeyPairsV22TestJSON-789893665-project] Action: 'create', calling method: .version_select at 0x7f9235bb1d30>, body: {"keypair": {"name": "tempest-KeyPairsV22TestJSON-keypair-2137291367", "public_key": "ecdsa-sha2-nistp384 AAAAE2VjZHNhLXNoYTItbmlzdHAzODQAAAAIbmlzdHAzODQAAABhBCNA7SpuEpG7WuxvZEC9tz5sQV76oGBT04RgOTsDQ7QvcIGO5PlVbwePvYsFdFI/L6hAUaNLZPakkMWUieudn9NMwETBHEA3SHIOTDdCn9pEGAod1uIe7UhUxA/7YkzbVw=="}} {{(pid=119900) _process_stack /opt/stack/nova/nova/api/openstack/wsgi.py:511}}
Aug 04 15:24:10.692058 n-d-846436-16 devstack@n-api.service[119900]: DEBUG nova.quota [None req-c5596381-6f72-4e31-b815-ae71159ac0ff tempest-KeyPairsV22TestJSON-789893665 tempest-KeyPairsV22TestJSON-789893665-project] Getting quotas for project 4646755547494246af0d2d7d83679b26. Resources: {'key_pairs'} {{(pid=119900) _get_quotas /opt/stack/nova/nova/quota.py:393}}
Aug 04 15:24:10.697353 n-d-846436-16 devstack@n-api.service[119900]: DEBUG nova.quota [None req-c5596381-6f72-4e31-b815-ae71159ac0ff tempest-KeyPairsV22TestJSON-789893665 tempest-KeyPairsV22TestJSON-789893665-project] Getting quotas for user 9b547da6e76a43d5a2222478086c5342 and project 4646755547494246af0d2d7d83679b26. Resources: {'key_pairs'} {{(pid=119900) _get_quotas /opt/stack/nova/nova/quota.py:383}}
Aug 04 15:24:10.829198 n-d-846436-16 devstack@n-api.service[119900]: INFO nova.api.openstack.requestlog [None req-c5596381-6f72-4e31-b815-ae71159ac0ff tempest-KeyPairsV22TestJSON-789893665 tempest-KeyPairsV22TestJSON-789893665-project] 10.222.0.26 "POST /compute/v2.1/os-keypairs" status: 201 len: 421 microversion: 2.2 time: 0.150599
Aug 04 15:24:10.838736 n-d-846436-16 devstack@n-api.service[119900]: [pid: 119900|app: 0|req: 77/170] 10.222.0.26 () {62 vars in 1199 bytes} [Thu Aug 4 15:24:10 2022] POST /compute/v2.1/os-keypairs => generated 421 bytes in 170 msecs (HTTP/1.1 201) 9 headers in 362 bytes (2 switches on core 0)
Aug 04 15:24:10.852882 n-d-846436-16 devstack@n-api.service[119899]: DEBUG nova.api.openstack.wsgi [None req-f6b493ee-8364-4d8d-80a3-bdbc7cf024b9 tempest-KeyPairsV22TestJSON-789893665 tempest-KeyPairsV22TestJSON-789893665-project] Action: 'create', calling method: .version_select at 0x7f92361404c0>, body: {"keypair": {"name": "tempest-KeyPairsV22TestJSON-keypair-955969722", "public_key": "ecdsa-sha2-nistp384 AAAAE2VjZHNhLXNoYTItbmlzdHAzODQAAAAIbmlzdHAzODQAAABhBLiHekOAfLF9tOhUij79ZbWg7eBk5J3QFUxopWEoXK/MLzVMq/qv6zbg7X1MrlIqEbKS44axpTBMzmI9/Grg0XyPwZBHRoNkTnD7Mc84jQx86DoXe01BB2oAqWuB2mCB/w=="}} {{(pid=119899) _process_stack /opt/stack/nova/nova/api/openstack/wsgi.py:511}}
Aug 04 15:24:10.871009 n-d-846436-16 devstack@n-api.service[119899]: DEBUG nova.quota [None req-f6b493ee-8364-4d8d-80a3-bdbc7cf024b9 tempest-KeyPairsV22TestJSON-789893665 tempest-KeyPairsV22TestJSON-789893665-project] Getting quotas for project 4646755547494246af0d2d7d83679b26. Resources: {'key_pairs'} {{(pid=119899) _get_quotas /opt/stack/nova/nova/quota.py:393}}
Aug 04 15:24:10.875112 n-d-846436-16 devstack@n-api.service[119899]: DEBUG nova.quota [None req-f6b493ee-8364-4d8d-80a3-bdbc7cf024b9 tempest-KeyPairsV22TestJSON-789893665 tempest-KeyPairsV22TestJSON-789893665-project] Getting quotas for user 9b547da6e76a43d5a2222478086c5342 and project 4646755547494246af0d2d7d83679b26. Resources: {'key_pairs'} {{(pid=119899) _get_quotas /opt/stack/nova/nova/quota.py:383}}
Aug 04 15:24:10.974529 n-d-846436-16 devstack@n-api.service[119899]: INFO nova.api.openstack.requestlog [None req-f6b493ee-8364-4d8d-80a3-bdbc7cf024b9 tempest-KeyPairsV22TestJSON-789893665 tempest-KeyPairsV22TestJSON-789893665-project] 10.222.0.26 "POST /compute/v2.1/os-keypairs" status: 201 len: 420 microversion: 2.2 time: 0.126161
Aug 04 15:24:10.976655 n-d-846436-16 devstack@n-api.service[119899]: [pid: 119899|app: 0|req: 94/171] 10.222.0.26 () {62 vars in 1199 bytes} [Thu Aug 4 15:24:10 2022] POST /compute/v2.1/os-keypairs => generated 420 bytes in 129 msecs (HTTP/1.1 201) 9 headers in 362 bytes (1 switches on core 0)
Aug 04 15:24:10.987249 n-d-846436-16 devstack@n-api.service[119900]: DEBUG nova.api.openstack.wsgi [None req-9938d923-e951-43f6-a9cb-d59190a99a4b tempest-KeyPairsV22TestJSON-789893665 tempest-KeyPairsV22TestJSON-789893665-project] Calling method '.version_select at 0x7f9235a5a550>' {{(pid=119900) _process_stack /opt/stack/nova/nova/api/openstack/wsgi.py:513}}
Aug 04 15:24:10.996378 n-d-846436-16 devstack@n-api.service[119900]: WARNING oslo_db.sqlalchemy.utils [None req-9938d923-e951-43f6-a9cb-d59190a99a4b tempest-KeyPairsV22TestJSON-789893665 tempest-KeyPairsV22TestJSON-789893665-project] Unique keys not in sort_keys. The sorting order may be unstable.
Aug 04 15:24:11.017033 n-d-846436-16 devstack@n-api.service[119900]: INFO nova.api.openstack.requestlog [None req-9938d923-e951-43f6-a9cb-d59190a99a4b tempest-KeyPairsV22TestJSON-789893665 tempest-KeyPairsV22TestJSON-789893665-project] 10.222.0.26 "GET /compute/v2.1/os-keypairs" status: 200 len: 1141 microversion: 2.2 time: 0.033564
Aug 04 15:24:11.018345 n-d-846436-16 devstack@n-api.service[119900]: [pid: 119900|app: 0|req: 78/172] 10.222.0.26 () {60 vars in 1177 bytes} [Thu Aug 4 15:24:10 2022] GET /compute/v2.1/os-keypairs => generated 1141 bytes in 36 msecs (HTTP/1.1 200) 9 headers in 358 bytes (1 switches on core 0)
Aug 04 15:24:11.029241 n-d-846436-16 devstack@n-api.service[119899]: DEBUG nova.api.openstack.wsgi [None req-67d6fa3f-331a-456c-8b30-9a0209568802 tempest-KeyPairsV22TestJSON-789893665 tempest-KeyPairsV22TestJSON-789893665-project] Calling method '.version_select at 0x7f9235f8e8b0>' {{(pid=119899) _process_stack /opt/stack/nova/nova/api/openstack/wsgi.py:513}}
Aug 04 15:24:11.241537 n-d-846436-16 devstack@n-api.service[119899]: INFO nova.api.openstack.requestlog [None req-67d6fa3f-331a-456c-8b30-9a0209568802 tempest-KeyPairsV22TestJSON-789893665 tempest-KeyPairsV22TestJSON-789893665-project] 10.222.0.26 "DELETE /compute/v2.1/os-keypairs/tempest-KeyPairsV22TestJSON-keypair-955969722" status: 204 len: 0 microversion: 2.2 time: 0.215995
Aug 04 15:24:11.246133 n-d-846436-16 devstack@n-api.service[119899]: [pid: 119899|app: 0|req: 95/173] 10.222.0.26 () {60 vars in 1318 bytes} [Thu Aug 4 15:24:11 2022] DELETE /compute/v2.1/os-keypairs/tempest-KeyPairsV22TestJSON-keypair-955969722 => generated 0 bytes in 218 msecs (HTTP/1.1 204) 9 headers in 363 bytes (2 switches on core 0)
Aug 04 15:24:11.246272 n-d-846436-16 devstack@n-api.service[119900]: DEBUG nova.api.openstack.wsgi [None req-c13742e4-31bb-4cd0-841d-28936835d567 tempest-AggregatesAdminTestJSON-1423559652 tempest-AggregatesAdminTestJSON-1423559652-project] Calling method '>' {{(pid=119900) _process_stack /opt/stack/nova/nova/api/openstack/wsgi.py:513}}
Aug 04 15:24:11.246272 n-d-846436-16 devstack@n-api.service[119900]: DEBUG nova.compute.api [None req-c13742e4-31bb-4cd0-841d-28936835d567 tempest-AggregatesAdminTestJSON-1423559652 tempest-AggregatesAdminTestJSON-1423559652-project] [instance: c677b5ef-5aba-4ace-97f1-c93478304c10] Fetching instance by UUID {{(pid=119900) get /opt/stack/nova/nova/compute/api.py:2922}}
Aug 04 15:24:11.252336 n-d-846436-16 devstack@n-api.service[119899]: DEBUG nova.api.openstack.wsgi [None req-dd6897c0-d706-48fe-9792-3e5163e57df5 tempest-KeyPairsV22TestJSON-789893665 tempest-KeyPairsV22TestJSON-789893665-project] Calling method '.version_select at 0x7f9235f5baf0>' {{(pid=119899) _process_stack /opt/stack/nova/nova/api/openstack/wsgi.py:513}}
Aug 04 15:24:11.254278 n-d-846436-16 devstack@n-api.service[119900]: DEBUG oslo_concurrency.lockutils [None req-c13742e4-31bb-4cd0-841d-28936835d567 tempest-AggregatesAdminTestJSON-1423559652 tempest-AggregatesAdminTestJSON-1423559652-project] Lock "b6cef87a-68c8-424f-a2a0-21f930cbb76f" acquired by "nova.context.set_target_cell..get_or_set_cached_cell_and_set_connections" :: waited 0.000s {{(pid=119900) inner /usr/local/lib/python3.8/dist-packages/oslo_concurrency/lockutils.py:386}}
Aug 04 15:24:11.258222 n-d-846436-16 devstack@n-api.service[119900]: DEBUG oslo_concurrency.lockutils [None req-c13742e4-31bb-4cd0-841d-28936835d567 tempest-AggregatesAdminTestJSON-1423559652 tempest-AggregatesAdminTestJSON-1423559652-project] Lock "b6cef87a-68c8-424f-a2a0-21f930cbb76f" "released" by "nova.context.set_target_cell..get_or_set_cached_cell_and_set_connections" :: held 0.004s {{(pid=119900) inner /usr/local/lib/python3.8/dist-packages/oslo_concurrency/lockutils.py:400}}
Aug 04 15:24:11.259076 n-d-846436-16 devstack@n-api.service[119900]: DEBUG oslo_concurrency.lockutils [None req-c13742e4-31bb-4cd0-841d-28936835d567 tempest-AggregatesAdminTestJSON-1423559652 tempest-AggregatesAdminTestJSON-1423559652-project] Lock "b6cef87a-68c8-424f-a2a0-21f930cbb76f" acquired by "nova.context.set_target_cell..get_or_set_cached_cell_and_set_connections" :: waited 0.000s {{(pid=119900) inner /usr/local/lib/python3.8/dist-packages/oslo_concurrency/lockutils.py:386}}
Aug 04 15:24:11.259561 n-d-846436-16 devstack@n-api.service[119900]: DEBUG oslo_concurrency.lockutils [None req-c13742e4-31bb-4cd0-841d-28936835d567 tempest-AggregatesAdminTestJSON-1423559652 tempest-AggregatesAdminTestJSON-1423559652-project] Lock "b6cef87a-68c8-424f-a2a0-21f930cbb76f" "released" by "nova.context.set_target_cell..get_or_set_cached_cell_and_set_connections" :: held 0.000s {{(pid=119900) inner /usr/local/lib/python3.8/dist-packages/oslo_concurrency/lockutils.py:400}}
Aug 04 15:24:11.260909 n-d-846436-16 devstack@n-api.service[119899]: DEBUG dbcounter [-] [119899] Writing DB stats nova_api:SELECT=92,nova_api:INSERT=5,nova_api:DELETE=3 {{(pid=119899) stat_writer /usr/local/lib/python3.8/dist-packages/dbcounter.py:114}}
Aug 04 15:24:11.397228 n-d-846436-16 devstack@n-api.service[119899]: INFO nova.api.openstack.requestlog [None req-dd6897c0-d706-48fe-9792-3e5163e57df5 tempest-KeyPairsV22TestJSON-789893665 tempest-KeyPairsV22TestJSON-789893665-project] 10.222.0.26 "DELETE /compute/v2.1/os-keypairs/tempest-KeyPairsV22TestJSON-keypair-2137291367" status: 204 len: 0 microversion: 2.2 time: 0.148769
Aug 04 15:24:11.398798 n-d-846436-16 devstack@n-api.service[119899]: [pid: 119899|app: 0|req: 96/174] 10.222.0.26 () {60 vars in 1321 bytes} [Thu Aug 4 15:24:11 2022] DELETE /compute/v2.1/os-keypairs/tempest-KeyPairsV22TestJSON-keypair-2137291367 => generated 0 bytes in 151 msecs (HTTP/1.1 204) 9 headers in 363 bytes (1 switches on core 0)
Aug 04 15:24:11.406975 n-d-846436-16 devstack@n-api.service[119899]: DEBUG nova.api.openstack.wsgi [None req-e4e2c411-5be3-4443-8311-58986d9378ee tempest-KeyPairsV22TestJSON-789893665 tempest-KeyPairsV22TestJSON-789893665-project] Calling method '.version_select at 0x7f923602ab80>' {{(pid=119899) _process_stack /opt/stack/nova/nova/api/openstack/wsgi.py:513}}
Aug 04 15:24:11.558339 n-d-846436-16 devstack@n-api.service[119899]: INFO nova.api.openstack.requestlog [None req-e4e2c411-5be3-4443-8311-58986d9378ee tempest-KeyPairsV22TestJSON-789893665 tempest-KeyPairsV22TestJSON-789893665-project] 10.222.0.26 "DELETE /compute/v2.1/os-keypairs/tempest-KeyPairsV22TestJSON-keypair-1934152448" status: 204 len: 0 microversion: 2.2 time: 0.154824
Aug 04 15:24:11.559196 n-d-846436-16 devstack@n-api.service[119899]: [pid: 119899|app: 0|req: 97/175] 10.222.0.26 () {60 vars in 1321 bytes} [Thu Aug 4 15:24:11 2022] DELETE /compute/v2.1/os-keypairs/tempest-KeyPairsV22TestJSON-keypair-1934152448 => generated 0 bytes in 157 msecs (HTTP/1.1 204) 9 headers in 363 bytes (1 switches on core 0)
Aug 04 15:24:11.572268 n-d-846436-16 devstack@n-api.service[119899]: DEBUG nova.api.openstack.wsgi [None req-a6b959c3-7b35-4daf-b0e6-7b7f77524103 tempest-DeleteServersAdminTestJSON-1382690919 tempest-DeleteServersAdminTestJSON-1382690919-project] Calling method '>' {{(pid=119899) _process_stack /opt/stack/nova/nova/api/openstack/wsgi.py:513}}
Aug 04 15:24:11.572726 n-d-846436-16 devstack@n-api.service[119899]: DEBUG nova.compute.api [None req-a6b959c3-7b35-4daf-b0e6-7b7f77524103 tempest-DeleteServersAdminTestJSON-1382690919 tempest-DeleteServersAdminTestJSON-1382690919-project] [instance: 71b8457e-574e-41f3-814e-bb1ae0fc0617] Fetching instance by UUID {{(pid=119899) get /opt/stack/nova/nova/compute/api.py:2922}}
Aug 04 15:24:11.593622 n-d-846436-16 devstack@n-api.service[119899]: DEBUG oslo_concurrency.lockutils [None req-a6b959c3-7b35-4daf-b0e6-7b7f77524103 tempest-DeleteServersAdminTestJSON-1382690919 tempest-DeleteServersAdminTestJSON-1382690919-project] Lock "b6cef87a-68c8-424f-a2a0-21f930cbb76f" acquired by "nova.context.set_target_cell..get_or_set_cached_cell_and_set_connections" :: waited 0.000s {{(pid=119899) inner /usr/local/lib/python3.8/dist-packages/oslo_concurrency/lockutils.py:386}}
Aug 04 15:24:11.594084 n-d-846436-16 devstack@n-api.service[119899]: DEBUG oslo_concurrency.lockutils [None req-a6b959c3-7b35-4daf-b0e6-7b7f77524103 tempest-DeleteServersAdminTestJSON-1382690919 tempest-DeleteServersAdminTestJSON-1382690919-project] Lock "b6cef87a-68c8-424f-a2a0-21f930cbb76f" "released" by "nova.context.set_target_cell..get_or_set_cached_cell_and_set_connections" :: held 0.001s {{(pid=119899) inner /usr/local/lib/python3.8/dist-packages/oslo_concurrency/lockutils.py:400}}
Aug 04 15:24:11.594936 n-d-846436-16 devstack@n-api.service[119899]: DEBUG oslo_concurrency.lockutils [None req-a6b959c3-7b35-4daf-b0e6-7b7f77524103 tempest-DeleteServersAdminTestJSON-1382690919 tempest-DeleteServersAdminTestJSON-1382690919-project] Lock "b6cef87a-68c8-424f-a2a0-21f930cbb76f" acquired by "nova.context.set_target_cell..get_or_set_cached_cell_and_set_connections" :: waited 0.000s {{(pid=119899) inner /usr/local/lib/python3.8/dist-packages/oslo_concurrency/lockutils.py:386}}
Aug 04 15:24:11.595812 n-d-846436-16 devstack@n-api.service[119899]: DEBUG oslo_concurrency.lockutils [None req-a6b959c3-7b35-4daf-b0e6-7b7f77524103 tempest-DeleteServersAdminTestJSON-1382690919 tempest-DeleteServersAdminTestJSON-1382690919-project] Lock "b6cef87a-68c8-424f-a2a0-21f930cbb76f" "released" by "nova.context.set_target_cell..get_or_set_cached_cell_and_set_connections" :: held 0.000s {{(pid=119899) inner /usr/local/lib/python3.8/dist-packages/oslo_concurrency/lockutils.py:400}}
Aug 04 15:24:11.642696 n-d-846436-16 devstack@n-api.service[119899]: DEBUG oslo_concurrency.lockutils [None req-a6b959c3-7b35-4daf-b0e6-7b7f77524103 tempest-DeleteServersAdminTestJSON-1382690919 tempest-DeleteServersAdminTestJSON-1382690919-project] Lock "b6cef87a-68c8-424f-a2a0-21f930cbb76f" acquired by "nova.context.set_target_cell..get_or_set_cached_cell_and_set_connections" :: waited 0.000s {{(pid=119899) inner /usr/local/lib/python3.8/dist-packages/oslo_concurrency/lockutils.py:386}}
Aug 04 15:24:11.648320 n-d-846436-16 devstack@n-api.service[119899]: DEBUG oslo_concurrency.lockutils [None req-a6b959c3-7b35-4daf-b0e6-7b7f77524103 tempest-DeleteServersAdminTestJSON-1382690919 tempest-DeleteServersAdminTestJSON-1382690919-project] Lock "b6cef87a-68c8-424f-a2a0-21f930cbb76f" "released" by "nova.context.set_target_cell..get_or_set_cached_cell_and_set_connections" :: held 0.001s {{(pid=119899) inner /usr/local/lib/python3.8/dist-packages/oslo_concurrency/lockutils.py:400}}
Aug 04 15:24:11.648320 n-d-846436-16 devstack@n-api.service[119899]: DEBUG nova.objects.instance [None req-a6b959c3-7b35-4daf-b0e6-7b7f77524103 tempest-DeleteServersAdminTestJSON-1382690919 tempest-DeleteServersAdminTestJSON-1382690919-project] Lazy-loading 'fault' on Instance uuid 71b8457e-574e-41f3-814e-bb1ae0fc0617 {{(pid=119899) obj_load_attr /opt/stack/nova/nova/objects/instance.py:1099}}
Aug 04 15:24:11.737714 n-d-846436-16 devstack@n-api.service[119900]: DEBUG nova.policy [None req-c13742e4-31bb-4cd0-841d-28936835d567 tempest-AggregatesAdminTestJSON-1423559652 tempest-AggregatesAdminTestJSON-1423559652-project] Policy check for os_compute_api:os-extended-server-attributes failed with credentials {'is_admin': False, 'user_id': '20ddc45d55f747589f46651a103591b1', 'user_domain_id': 'default', 'system_scope': None, 'domain_id': None, 'project_id': '5975e3723e4d40ca83003f5959b03464', 'project_domain_id': 'default', 'roles': ['member', 'reader'], 'is_admin_project': True, 'service_user_id': None, 'service_user_domain_id': None, 'service_project_id': None, 'service_project_domain_id': None, 'service_roles': []} {{(pid=119900) authorize /opt/stack/nova/nova/policy.py:199}}
