Jul 25 15:20:41.092094 n-d-846436-14 devstack@placement-api.service[105925]: INFO placement.requestlog [req-cdda1f8c-09eb-4952-aded-af4b74d0a1dc req-679fccb7-15b1-4384-910c-fc6034246ada service placement] 10.222.0.43 "GET /placement/allocations/03afb7fa-1a5c-4a17-8b0a-14d269a02e0a" status: 200 len: 258 microversion: 1.28
Jul 25 15:20:41.093091 n-d-846436-14 devstack@placement-api.service[105925]: [pid: 105925|app: 0|req: 44/91] 10.222.0.43 () {60 vars in 1377 bytes} [Mon Jul 25 15:20:41 2022] GET /placement/allocations/03afb7fa-1a5c-4a17-8b0a-14d269a02e0a => generated 258 bytes in 21 msecs (HTTP/1.1 200) 8 headers in 296 bytes (1 switches on core 0)
Jul 25 15:20:41.212635 n-d-846436-14 devstack@placement-api.service[105924]: DEBUG placement.requestlog [req-b4f85da7-823b-4b88-ad86-14d55baa7c88 req-d36c9fd2-e8e8-4efc-a326-bba8e2ad7ac7 None None] Starting request: 10.222.0.77 "GET /placement/resource_providers?name=n-h2-846436-14" {{(pid=105924) __call__ /opt/stack/placement/placement/requestlog.py:55}}
Jul 25 15:20:41.233016 n-d-846436-14 devstack@placement-api.service[105924]: INFO placement.requestlog [req-b4f85da7-823b-4b88-ad86-14d55baa7c88 req-d36c9fd2-e8e8-4efc-a326-bba8e2ad7ac7 service placement] 10.222.0.77 "GET /placement/resource_providers?name=n-h2-846436-14" status: 200 len: 442 microversion: 1.0
Jul 25 15:20:41.241376 n-d-846436-14 devstack@placement-api.service[105924]: [pid: 105924|app: 0|req: 48/92] 10.222.0.77 () {58 vars in 1276 bytes} [Mon Jul 25 15:20:41 2022] GET /placement/resource_providers?name=n-h2-846436-14 => generated 442 bytes in 29 msecs (HTTP/1.1 200) 6 headers in 224 bytes (1 switches on core 0)
Jul 25 15:20:41.242113 n-d-846436-14 devstack@placement-api.service[105925]: DEBUG placement.requestlog [req-b4f85da7-823b-4b88-ad86-14d55baa7c88 req-2ce01e57-4640-4989-b305-20c87fd95dc6 None None] Starting request: 10.222.0.77 "GET /placement/resource_providers/e461c17b-c365-44f7-a3a0-db2ec829918d/aggregates" {{(pid=105925) __call__ /opt/stack/placement/placement/requestlog.py:55}}
Jul 25 15:20:41.265294 n-d-846436-14 devstack@placement-api.service[105925]: INFO placement.requestlog [req-b4f85da7-823b-4b88-ad86-14d55baa7c88 req-2ce01e57-4640-4989-b305-20c87fd95dc6 service placement] 10.222.0.77 "GET /placement/resource_providers/e461c17b-c365-44f7-a3a0-db2ec829918d/aggregates" status: 200 len: 92 microversion: 1.19
Jul 25 15:20:41.265993 n-d-846436-14 devstack@placement-api.service[105925]: [pid: 105925|app: 0|req: 45/93] 10.222.0.77 () {60 vars in 1425 bytes} [Mon Jul 25 15:20:41 2022] GET /placement/resource_providers/e461c17b-c365-44f7-a3a0-db2ec829918d/aggregates => generated 92 bytes in 24 msecs (HTTP/1.1 200) 8 headers in 295 bytes (2 switches on core 0)
Jul 25 15:20:41.274643 n-d-846436-14 devstack@placement-api.service[105924]: DEBUG placement.requestlog [req-b4f85da7-823b-4b88-ad86-14d55baa7c88 req-7f47bed9-119e-418e-bead-499bcaa95b68 None None] Starting request: 10.222.0.77 "PUT /placement/resource_providers/e461c17b-c365-44f7-a3a0-db2ec829918d/aggregates" {{(pid=105924) __call__ /opt/stack/placement/placement/requestlog.py:55}}
Jul 25 15:20:41.297713 n-d-846436-14 devstack@placement-api.service[105924]: DEBUG placement.objects.resource_provider [req-b4f85da7-823b-4b88-ad86-14d55baa7c88 req-7f47bed9-119e-418e-bead-499bcaa95b68 service placement] Setting aggregates for provider e461c17b-c365-44f7-a3a0-db2ec829918d. Successfully disassociated aggregate 459c52a4-0781-4d6f-8a00-fad55b0882b4. {{(pid=105924) _set_aggregates /opt/stack/placement/placement/objects/resource_provider.py:404}}
Jul 25 15:20:41.370606 n-d-846436-14 devstack@placement-api.service[105924]: INFO placement.requestlog [req-b4f85da7-823b-4b88-ad86-14d55baa7c88 req-7f47bed9-119e-418e-bead-499bcaa95b68 service placement] 10.222.0.77 "PUT /placement/resource_providers/e461c17b-c365-44f7-a3a0-db2ec829918d/aggregates" status: 200 len: 54 microversion: 1.19
Jul 25 15:20:41.371341 n-d-846436-14 devstack@placement-api.service[105924]: [pid: 105924|app: 0|req: 49/94] 10.222.0.77 () {64 vars in 1477 bytes} [Mon Jul 25 15:20:41 2022] PUT /placement/resource_providers/e461c17b-c365-44f7-a3a0-db2ec829918d/aggregates => generated 54 bytes in 97 msecs (HTTP/1.1 200) 8 headers in 295 bytes (1 switches on core 0)
Jul 25 15:20:43.910036 n-d-846436-14 devstack@placement-api.service[105925]: DEBUG placement.requestlog [req-2e85539e-9e78-45b8-9f53-54dca0b78057 req-3ebd6b33-4186-4590-bc42-f1b6a22eb82a None None] Starting request: 10.222.0.43 "DELETE /placement/allocations/293b4889-bbb0-48b2-8c1f-04b25235c7ee" {{(pid=105925) __call__ /opt/stack/placement/placement/requestlog.py:55}}
Jul 25 15:20:43.926768 n-d-846436-14 devstack@placement-api.service[105925]: DEBUG dbcounter [-] [105925] Writing DB stats placement:SELECT=77,placement:INSERT=14,placement:UPDATE=5,placement:DELETE=4 {{(pid=105925) stat_writer /usr/local/lib/python3.8/dist-packages/dbcounter.py:114}}
Jul 25 15:20:44.199866 n-d-846436-14 devstack@placement-api.service[105925]: DEBUG placement.handlers.allocation [req-2e85539e-9e78-45b8-9f53-54dca0b78057 req-3ebd6b33-4186-4590-bc42-f1b6a22eb82a service placement] Successfully deleted allocations [, , ] {{(pid=105925) delete_allocations /opt/stack/placement/placement/handlers/allocation.py:627}}
Jul 25 15:20:44.200848 n-d-846436-14 devstack@placement-api.service[105925]: INFO placement.requestlog [req-2e85539e-9e78-45b8-9f53-54dca0b78057 req-3ebd6b33-4186-4590-bc42-f1b6a22eb82a service placement] 10.222.0.43 "DELETE /placement/allocations/293b4889-bbb0-48b2-8c1f-04b25235c7ee" status: 204 len: 0 microversion: 1.0
Jul 25 15:20:44.202362 n-d-846436-14 devstack@placement-api.service[105925]: [pid: 105925|app: 0|req: 46/95] 10.222.0.43 () {60 vars in 1355 bytes} [Mon Jul 25 15:20:43 2022] DELETE /placement/allocations/293b4889-bbb0-48b2-8c1f-04b25235c7ee => generated 0 bytes in 292 msecs (HTTP/1.1 204) 5 headers in 198 bytes (1 switches on core 0)
Jul 25 15:20:51.299152 n-d-846436-14 devstack@placement-api.service[105924]: DEBUG dbcounter [-] [105924] Writing DB stats placement:SELECT=54,placement:DELETE=3,placement:UPDATE=5,placement:INSERT=4 {{(pid=105924) stat_writer /usr/local/lib/python3.8/dist-packages/dbcounter.py:114}}
Jul 25 15:20:54.460482 n-d-846436-14 devstack@placement-api.service[105924]: DEBUG placement.requestlog [req-1473d947-4176-4f19-bcc3-be1a40f12b8d req-6894f221-196e-4087-82f7-618884231e52 None None] Starting request: 10.222.0.77 "GET /placement/allocation_candidates?limit=1000&resources=DISK_GB%3A1%2CMEMORY_MB%3A1024%2CVCPU%3A1&root_required=%21COMPUTE_STATUS_DISABLED" {{(pid=105924) __call__ /opt/stack/placement/placement/requestlog.py:55}}
Jul 25 15:20:54.520218 n-d-846436-14 devstack@placement-api.service[105924]: DEBUG placement.objects.research_context [req-1473d947-4176-4f19-bcc3-be1a40f12b8d req-6894f221-196e-4087-82f7-618884231e52 service placement] getting providers with 1 DISK_GB {{(pid=105924) __init__ /opt/stack/placement/placement/objects/research_context.py:136}}
Jul 25 15:20:54.526501 n-d-846436-14 devstack@placement-api.service[105924]: DEBUG placement.objects.research_context [req-1473d947-4176-4f19-bcc3-be1a40f12b8d req-6894f221-196e-4087-82f7-618884231e52 service placement] getting providers with 1024 MEMORY_MB {{(pid=105924) __init__ /opt/stack/placement/placement/objects/research_context.py:136}}
Jul 25 15:20:54.532308 n-d-846436-14 devstack@placement-api.service[105924]: DEBUG placement.objects.research_context [req-1473d947-4176-4f19-bcc3-be1a40f12b8d req-6894f221-196e-4087-82f7-618884231e52 service placement] getting providers with 1 VCPU {{(pid=105924) __init__ /opt/stack/placement/placement/objects/research_context.py:136}}
Jul 25 15:20:54.540349 n-d-846436-14 devstack@placement-api.service[105924]: DEBUG placement.objects.research_context [req-1473d947-4176-4f19-bcc3-be1a40f12b8d req-6894f221-196e-4087-82f7-618884231e52 service placement] found 2 providers with available 1 DISK_GB {{(pid=105924) get_provider_ids_matching /opt/stack/placement/placement/objects/research_context.py:563}}
Jul 25 15:20:54.540918 n-d-846436-14 devstack@placement-api.service[105924]: DEBUG placement.objects.research_context [req-1473d947-4176-4f19-bcc3-be1a40f12b8d req-6894f221-196e-4087-82f7-618884231e52 service placement] found 2 providers with available 1024 MEMORY_MB {{(pid=105924) get_provider_ids_matching /opt/stack/placement/placement/objects/research_context.py:563}}
Jul 25 15:20:54.541336 n-d-846436-14 devstack@placement-api.service[105924]: DEBUG placement.objects.research_context [req-1473d947-4176-4f19-bcc3-be1a40f12b8d req-6894f221-196e-4087-82f7-618884231e52 service placement] found 2 providers after filtering by previous result {{(pid=105924) get_provider_ids_matching /opt/stack/placement/placement/objects/research_context.py:594}}
Jul 25 15:20:54.541738 n-d-846436-14 devstack@placement-api.service[105924]: DEBUG placement.objects.research_context [req-1473d947-4176-4f19-bcc3-be1a40f12b8d req-6894f221-196e-4087-82f7-618884231e52 service placement] found 2 providers with available 1 VCPU {{(pid=105924) get_provider_ids_matching /opt/stack/placement/placement/objects/research_context.py:563}}
Jul 25 15:20:54.542152 n-d-846436-14 devstack@placement-api.service[105924]: DEBUG placement.objects.research_context [req-1473d947-4176-4f19-bcc3-be1a40f12b8d req-6894f221-196e-4087-82f7-618884231e52 service placement] found 2 providers after filtering by previous result {{(pid=105924) get_provider_ids_matching /opt/stack/placement/placement/objects/research_context.py:594}}
Jul 25 15:20:54.557008 n-d-846436-14 devstack@placement-api.service[105924]: DEBUG placement.objects.allocation_candidate [req-1473d947-4176-4f19-bcc3-be1a40f12b8d req-6894f221-196e-4087-82f7-618884231e52 service placement] RequestGroup(use_same_provider=False, resources={DISK_GB:1, MEMORY_MB:1024, VCPU:1}, traits=(), aggregates=[]) (suffix '') returned 2 matches {{(pid=105924) _get_by_requests /opt/stack/placement/placement/objects/allocation_candidate.py:156}}
Jul 25 15:20:54.557529 n-d-846436-14 devstack@placement-api.service[105924]: DEBUG placement.objects.allocation_candidate [req-1473d947-4176-4f19-bcc3-be1a40f12b8d req-6894f221-196e-4087-82f7-618884231e52 service placement] Merging candidates yields 2 allocation requests and 2 provider summaries {{(pid=105924) _merge_candidates /opt/stack/placement/placement/objects/allocation_candidate.py:809}}
Jul 25 15:20:54.560903 n-d-846436-14 devstack@placement-api.service[105924]: INFO placement.requestlog [req-1473d947-4176-4f19-bcc3-be1a40f12b8d req-6894f221-196e-4087-82f7-618884231e52 service placement] 10.222.0.77 "GET /placement/allocation_candidates?limit=1000&resources=DISK_GB%3A1%2CMEMORY_MB%3A1024%2CVCPU%3A1&root_required=%21COMPUTE_STATUS_DISABLED" status: 200 len: 1309 microversion: 1.36
Jul 25 15:20:54.561630 n-d-846436-14 devstack@placement-api.service[105924]: [pid: 105924|app: 0|req: 50/96] 10.222.0.77 () {60 vars in 1506 bytes} [Mon Jul 25 15:20:54 2022] GET /placement/allocation_candidates?limit=1000&resources=DISK_GB%3A1%2CMEMORY_MB%3A1024%2CVCPU%3A1&root_required=%21COMPUTE_STATUS_DISABLED => generated 1309 bytes in 101 msecs (HTTP/1.1 200) 8 headers in 297 bytes (1 switches on core 0)
Jul 25 15:20:54.667264 n-d-846436-14 devstack@placement-api.service[105925]: DEBUG placement.requestlog [req-1473d947-4176-4f19-bcc3-be1a40f12b8d req-4ac7610f-c424-44a7-a0cd-121ba7a475b6 None None] Starting request: 10.222.0.77 "GET /placement/allocations/ddf3aea5-afa6-433a-a548-13e32cd22fb2" {{(pid=105925) __call__ /opt/stack/placement/placement/requestlog.py:55}}
Jul 25 15:20:54.690148 n-d-846436-14 devstack@placement-api.service[105925]: INFO placement.requestlog [req-1473d947-4176-4f19-bcc3-be1a40f12b8d req-4ac7610f-c424-44a7-a0cd-121ba7a475b6 service placement] 10.222.0.77 "GET /placement/allocations/ddf3aea5-afa6-433a-a548-13e32cd22fb2" status: 200 len: 19 microversion: 1.28
Jul 25 15:20:54.690726 n-d-846436-14 devstack@placement-api.service[105925]: [pid: 105925|app: 0|req: 47/97] 10.222.0.77 () {60 vars in 1380 bytes} [Mon Jul 25 15:20:54 2022] GET /placement/allocations/ddf3aea5-afa6-433a-a548-13e32cd22fb2 => generated 19 bytes in 24 msecs (HTTP/1.1 200) 8 headers in 295 bytes (1 switches on core 0)
Jul 25 15:20:54.701709 n-d-846436-14 devstack@placement-api.service[105924]: DEBUG placement.requestlog [req-1473d947-4176-4f19-bcc3-be1a40f12b8d req-f001d647-27c6-4558-92b6-ffb238df5a7c None None] Starting request: 10.222.0.77 "PUT /placement/allocations/ddf3aea5-afa6-433a-a548-13e32cd22fb2" {{(pid=105924) __call__ /opt/stack/placement/placement/requestlog.py:55}}
Jul 25 15:20:55.243767 n-d-846436-14 devstack@placement-api.service[105924]: DEBUG placement.handlers.allocation [req-1473d947-4176-4f19-bcc3-be1a40f12b8d req-f001d647-27c6-4558-92b6-ffb238df5a7c service placement] Successfully wrote allocations [, , ] {{(pid=105924) _update_consumers_and_create_allocations /opt/stack/placement/placement/handlers/allocation.py:462}}
Jul 25 15:20:55.347349 n-d-846436-14 devstack@placement-api.service[105924]: INFO placement.requestlog [req-1473d947-4176-4f19-bcc3-be1a40f12b8d req-f001d647-27c6-4558-92b6-ffb238df5a7c service placement] 10.222.0.77 "PUT /placement/allocations/ddf3aea5-afa6-433a-a548-13e32cd22fb2" status: 204 len: 0 microversion: 1.36
Jul 25 15:20:55.347866 n-d-846436-14 devstack@placement-api.service[105924]: [pid: 105924|app: 0|req: 51/98] 10.222.0.77 () {64 vars in 1433 bytes} [Mon Jul 25 15:20:54 2022] PUT /placement/allocations/ddf3aea5-afa6-433a-a548-13e32cd22fb2 => generated 0 bytes in 646 msecs (HTTP/1.1 204) 5 headers in 199 bytes (1 switches on core 0)
Jul 25 15:20:56.582419 n-d-846436-14 devstack@placement-api.service[105925]: DEBUG placement.requestlog [req-1473d947-4176-4f19-bcc3-be1a40f12b8d req-c6ef1e94-ce99-425d-a904-7a4714108c87 None None] Starting request: 10.222.0.58 "GET /placement/allocations/ddf3aea5-afa6-433a-a548-13e32cd22fb2" {{(pid=105925) __call__ /opt/stack/placement/placement/requestlog.py:55}}
Jul 25 15:20:56.606193 n-d-846436-14 devstack@placement-api.service[105925]: INFO placement.requestlog [req-1473d947-4176-4f19-bcc3-be1a40f12b8d req-c6ef1e94-ce99-425d-a904-7a4714108c87 service placement] 10.222.0.58 "GET /placement/allocations/ddf3aea5-afa6-433a-a548-13e32cd22fb2" status: 200 len: 259 microversion: 1.28
Jul 25 15:20:56.607970 n-d-846436-14 devstack@placement-api.service[105925]: [pid: 105925|app: 0|req: 48/99] 10.222.0.58 () {60 vars in 1377 bytes} [Mon Jul 25 15:20:56 2022] GET /placement/allocations/ddf3aea5-afa6-433a-a548-13e32cd22fb2 => generated 259 bytes in 26 msecs (HTTP/1.1 200) 8 headers in 296 bytes (1 switches on core 0)
Jul 25 15:21:00.244362 n-d-846436-14 devstack@placement-api.service[105924]: DEBUG placement.requestlog [None req-f4279add-94d1-4e7c-a557-1ba9c00262a1 None None] Starting request: 10.222.0.77 "GET /placement/" {{(pid=105924) __call__ /opt/stack/placement/placement/requestlog.py:55}}
Jul 25 15:21:00.246150 n-d-846436-14 devstack@placement-api.service[105924]: INFO placement.requestlog [None req-f4279add-94d1-4e7c-a557-1ba9c00262a1 None None] 10.222.0.77 "GET /placement/" status: 200 len: 136 microversion: 1.0
Jul 25 15:21:00.246623 n-d-846436-14 devstack@placement-api.service[105924]: [pid: 105924|app: 0|req: 52/100] 10.222.0.77 () {54 vars in 916 bytes} [Mon Jul 25 15:21:00 2022] GET /placement => generated 136 bytes in 3 msecs (HTTP/1.1 200) 6 headers in 224 bytes (1 switches on core 0)
Jul 25 15:21:00.258200 n-d-846436-14 devstack@placement-api.service[105925]: DEBUG placement.requestlog [req-530c6c9e-e71d-4f83-a89d-394705e5d134 req-b51eaa68-07e2-4abf-bbe9-b1b205674e62 None None] Starting request: 10.222.0.77 "GET /placement/allocations/03afb7fa-1a5c-4a17-8b0a-14d269a02e0a" {{(pid=105925) __call__ /opt/stack/placement/placement/requestlog.py:55}}
Jul 25 15:21:00.533140 n-d-846436-14 devstack@placement-api.service[105925]: INFO placement.requestlog [req-530c6c9e-e71d-4f83-a89d-394705e5d134 req-b51eaa68-07e2-4abf-bbe9-b1b205674e62 service placement] 10.222.0.77 "GET /placement/allocations/03afb7fa-1a5c-4a17-8b0a-14d269a02e0a" status: 200 len: 258 microversion: 1.28
Jul 25 15:21:00.533725 n-d-846436-14 devstack@placement-api.service[105924]: DEBUG placement.requestlog [req-530c6c9e-e71d-4f83-a89d-394705e5d134 req-eb1d1121-05c8-4abe-a489-3ed7e26bcd60 None None] Starting request: 10.222.0.77 "GET /placement/allocations/03afb7fa-1a5c-4a17-8b0a-14d269a02e0a" {{(pid=105924) __call__ /opt/stack/placement/placement/requestlog.py:55}}
Jul 25 15:21:00.535274 n-d-846436-14 devstack@placement-api.service[105925]: [pid: 105925|app: 0|req: 49/101] 10.222.0.77 () {60 vars in 1380 bytes} [Mon Jul 25 15:21:00 2022] GET /placement/allocations/03afb7fa-1a5c-4a17-8b0a-14d269a02e0a => generated 258 bytes in 277 msecs (HTTP/1.1 200) 8 headers in 296 bytes (1 switches on core 0)
Jul 25 15:21:00.541792 n-d-846436-14 devstack@placement-api.service[105924]: INFO placement.requestlog [req-530c6c9e-e71d-4f83-a89d-394705e5d134 req-eb1d1121-05c8-4abe-a489-3ed7e26bcd60 service placement] 10.222.0.77 "GET /placement/allocations/03afb7fa-1a5c-4a17-8b0a-14d269a02e0a" status: 200 len: 258 microversion: 1.28
Jul 25 15:21:00.548817 n-d-846436-14 devstack@placement-api.service[105925]: DEBUG placement.requestlog [req-530c6c9e-e71d-4f83-a89d-394705e5d134 req-2557350a-5a39-4191-8960-5636dd89754a None None] Starting request: 10.222.0.77 "GET /placement/allocations/394ec190-4a00-4c58-a695-70e41b6ac7db" {{(pid=105925) __call__ /opt/stack/placement/placement/requestlog.py:55}}
Jul 25 15:21:00.556382 n-d-846436-14 devstack@placement-api.service[105924]: [pid: 105924|app: 0|req: 53/102] 10.222.0.77 () {60 vars in 1380 bytes} [Mon Jul 25 15:21:00 2022] GET /placement/allocations/03afb7fa-1a5c-4a17-8b0a-14d269a02e0a => generated 258 bytes in 33 msecs (HTTP/1.1 200) 8 headers in 296 bytes (1 switches on core 0)
Jul 25 15:21:00.566371 n-d-846436-14 devstack@placement-api.service[105925]: INFO placement.requestlog [req-530c6c9e-e71d-4f83-a89d-394705e5d134 req-2557350a-5a39-4191-8960-5636dd89754a service placement] 10.222.0.77 "GET /placement/allocations/394ec190-4a00-4c58-a695-70e41b6ac7db" status: 200 len: 19 microversion: 1.28
Jul 25 15:21:00.566784 n-d-846436-14 devstack@placement-api.service[105925]: [pid: 105925|app: 0|req: 50/103] 10.222.0.77 () {60 vars in 1380 bytes} [Mon Jul 25 15:21:00 2022] GET /placement/allocations/394ec190-4a00-4c58-a695-70e41b6ac7db => generated 19 bytes in 19 msecs (HTTP/1.1 200) 8 headers in 295 bytes (2 switches on core 0)
Jul 25 15:21:00.580228 n-d-846436-14 devstack@placement-api.service[105924]: DEBUG placement.requestlog [req-530c6c9e-e71d-4f83-a89d-394705e5d134 req-71ecee1a-4b7d-4c9a-b320-8bf56ed79bb9 None None] Starting request: 10.222.0.77 "POST /placement/allocations" {{(pid=105924) __call__ /opt/stack/placement/placement/requestlog.py:55}}
Jul 25 15:21:00.818325 n-d-846436-14 devstack@placement-api.service[105924]: DEBUG placement.handlers.allocation [req-530c6c9e-e71d-4f83-a89d-394705e5d134 req-71ecee1a-4b7d-4c9a-b320-8bf56ed79bb9 service placement] Successfully wrote allocations [, , , , , ] {{(pid=105924) _update_consumers_and_create_allocations /opt/stack/placement/placement/handlers/allocation.py:572}}
Jul 25 15:21:00.911769 n-d-846436-14 devstack@placement-api.service[105924]: INFO placement.requestlog [req-530c6c9e-e71d-4f83-a89d-394705e5d134 req-71ecee1a-4b7d-4c9a-b320-8bf56ed79bb9 service placement] 10.222.0.77 "POST /placement/allocations" status: 204 len: 0 microversion: 1.28
Jul 25 15:21:00.911769 n-d-846436-14 devstack@placement-api.service[105924]: [pid: 105924|app: 0|req: 54/104] 10.222.0.77 () {64 vars in 1323 bytes} [Mon Jul 25 15:21:00 2022] POST /placement/allocations => generated 0 bytes in 328 msecs (HTTP/1.1 204) 5 headers in 199 bytes (1 switches on core 0)
Jul 25 15:21:00.978807 n-d-846436-14 devstack@placement-api.service[105925]: DEBUG placement.requestlog [req-530c6c9e-e71d-4f83-a89d-394705e5d134 req-32036ef0-909e-4ed3-8166-1992261e4bbb None None] Starting request: 10.222.0.77 "GET /placement/allocations/03afb7fa-1a5c-4a17-8b0a-14d269a02e0a" {{(pid=105925) __call__ /opt/stack/placement/placement/requestlog.py:55}}
Jul 25 15:21:01.237267 n-d-846436-14 devstack@placement-api.service[105925]: INFO placement.requestlog [req-530c6c9e-e71d-4f83-a89d-394705e5d134 req-32036ef0-909e-4ed3-8166-1992261e4bbb service placement] 10.222.0.77 "GET /placement/allocations/03afb7fa-1a5c-4a17-8b0a-14d269a02e0a" status: 200 len: 19 microversion: 1.28
Jul 25 15:21:01.238137 n-d-846436-14 devstack@placement-api.service[105925]: [pid: 105925|app: 0|req: 51/105] 10.222.0.77 () {60 vars in 1380 bytes} [Mon Jul 25 15:21:00 2022] GET /placement/allocations/03afb7fa-1a5c-4a17-8b0a-14d269a02e0a => generated 19 bytes in 259 msecs (HTTP/1.1 200) 8 headers in 295 bytes (1 switches on core 0)
Jul 25 15:21:01.243665 n-d-846436-14 devstack@placement-api.service[105924]: DEBUG placement.requestlog [req-530c6c9e-e71d-4f83-a89d-394705e5d134 req-650af2db-7efe-4eab-85fd-dc5e6b91a017 None None] Starting request: 10.222.0.77 "PUT /placement/allocations/03afb7fa-1a5c-4a17-8b0a-14d269a02e0a" {{(pid=105924) __call__ /opt/stack/placement/placement/requestlog.py:55}}
Jul 25 15:21:01.517369 n-d-846436-14 devstack@placement-api.service[105924]: DEBUG placement.handlers.allocation [req-530c6c9e-e71d-4f83-a89d-394705e5d134 req-650af2db-7efe-4eab-85fd-dc5e6b91a017 service placement] Successfully wrote allocations [, , ] {{(pid=105924) _update_consumers_and_create_allocations /opt/stack/placement/placement/handlers/allocation.py:462}}
Jul 25 15:21:01.599389 n-d-846436-14 devstack@placement-api.service[105924]: INFO placement.requestlog [req-530c6c9e-e71d-4f83-a89d-394705e5d134 req-650af2db-7efe-4eab-85fd-dc5e6b91a017 service placement] 10.222.0.77 "PUT /placement/allocations/03afb7fa-1a5c-4a17-8b0a-14d269a02e0a" status: 204 len: 0 microversion: 1.28
Jul 25 15:21:01.599798 n-d-846436-14 devstack@placement-api.service[105924]: [pid: 105924|app: 0|req: 55/106] 10.222.0.77 () {64 vars in 1433 bytes} [Mon Jul 25 15:21:01 2022] PUT /placement/allocations/03afb7fa-1a5c-4a17-8b0a-14d269a02e0a => generated 0 bytes in 356 msecs (HTTP/1.1 204) 5 headers in 199 bytes (1 switches on core 0)
Jul 25 15:21:02.798926 n-d-846436-14 devstack@placement-api.service[105925]: DEBUG placement.requestlog [req-530c6c9e-e71d-4f83-a89d-394705e5d134 req-a3fbe098-8312-409e-a8fa-1218d1b16b43 None None] Starting request: 10.222.0.58 "GET /placement/allocations/03afb7fa-1a5c-4a17-8b0a-14d269a02e0a" {{(pid=105925) __call__ /opt/stack/placement/placement/requestlog.py:55}}
Jul 25 15:21:02.849242 n-d-846436-14 devstack@placement-api.service[105925]: INFO placement.requestlog [req-530c6c9e-e71d-4f83-a89d-394705e5d134 req-a3fbe098-8312-409e-a8fa-1218d1b16b43 service placement] 10.222.0.58 "GET /placement/allocations/03afb7fa-1a5c-4a17-8b0a-14d269a02e0a" status: 200 len: 259 microversion: 1.28
Jul 25 15:21:02.859793 n-d-846436-14 devstack@placement-api.service[105925]: [pid: 105925|app: 0|req: 52/107] 10.222.0.58 () {60 vars in 1377 bytes} [Mon Jul 25 15:21:02 2022] GET /placement/allocations/03afb7fa-1a5c-4a17-8b0a-14d269a02e0a => generated 259 bytes in 64 msecs (HTTP/1.1 200) 8 headers in 296 bytes (1 switches on core 0)
Jul 25 15:21:08.506910 n-d-846436-14 devstack@placement-api.service[105924]: DEBUG placement.requestlog [req-763ad78c-5a04-4af5-849a-89b50ebf63d3 req-1d7dae59-41ca-4657-a117-e665b3872dc4 None None] Starting request: 10.222.0.77 "GET /placement/allocation_candidates?limit=1000&resources=DISK_GB%3A1%2CMEMORY_MB%3A1024%2CVCPU%3A1&root_required=%21COMPUTE_STATUS_DISABLED" {{(pid=105924) __call__ /opt/stack/placement/placement/requestlog.py:55}}
Jul 25 15:21:08.636929 n-d-846436-14 devstack@placement-api.service[105924]: DEBUG dbcounter [-] [105924] Writing DB stats placement:SELECT=72,placement:INSERT=14,placement:DELETE=7,placement:UPDATE=7 {{(pid=105924) stat_writer /usr/local/lib/python3.8/dist-packages/dbcounter.py:114}}
Jul 25 15:21:08.642425 n-d-846436-14 devstack@placement-api.service[105924]: DEBUG placement.objects.research_context [req-763ad78c-5a04-4af5-849a-89b50ebf63d3 req-1d7dae59-41ca-4657-a117-e665b3872dc4 service placement] getting providers with 1 DISK_GB {{(pid=105924) __init__ /opt/stack/placement/placement/objects/research_context.py:136}}
Jul 25 15:21:08.667279 n-d-846436-14 devstack@placement-api.service[105924]: DEBUG placement.objects.research_context [req-763ad78c-5a04-4af5-849a-89b50ebf63d3 req-1d7dae59-41ca-4657-a117-e665b3872dc4 service placement] getting providers with 1024 MEMORY_MB {{(pid=105924) __init__ /opt/stack/placement/placement/objects/research_context.py:136}}
Jul 25 15:21:08.692200 n-d-846436-14 devstack@placement-api.service[105924]: DEBUG placement.objects.research_context [req-763ad78c-5a04-4af5-849a-89b50ebf63d3 req-1d7dae59-41ca-4657-a117-e665b3872dc4 service placement] getting providers with 1 VCPU {{(pid=105924) __init__ /opt/stack/placement/placement/objects/research_context.py:136}}
Jul 25 15:21:08.726662 n-d-846436-14 devstack@placement-api.service[105924]: DEBUG placement.objects.research_context [req-763ad78c-5a04-4af5-849a-89b50ebf63d3 req-1d7dae59-41ca-4657-a117-e665b3872dc4 service placement] found 2 providers with available 1 DISK_GB {{(pid=105924) get_provider_ids_matching /opt/stack/placement/placement/objects/research_context.py:563}}
Jul 25 15:21:08.726662 n-d-846436-14 devstack@placement-api.service[105924]: DEBUG placement.objects.research_context [req-763ad78c-5a04-4af5-849a-89b50ebf63d3 req-1d7dae59-41ca-4657-a117-e665b3872dc4 service placement] found 2 providers with available 1024 MEMORY_MB {{(pid=105924) get_provider_ids_matching /opt/stack/placement/placement/objects/research_context.py:563}}
Jul 25 15:21:08.731210 n-d-846436-14 devstack@placement-api.service[105924]: DEBUG placement.objects.research_context [req-763ad78c-5a04-4af5-849a-89b50ebf63d3 req-1d7dae59-41ca-4657-a117-e665b3872dc4 service placement] found 2 providers after filtering by previous result {{(pid=105924) get_provider_ids_matching /opt/stack/placement/placement/objects/research_context.py:594}}
Jul 25 15:21:08.733183 n-d-846436-14 devstack@placement-api.service[105924]: DEBUG placement.objects.research_context [req-763ad78c-5a04-4af5-849a-89b50ebf63d3 req-1d7dae59-41ca-4657-a117-e665b3872dc4 service placement] found 2 providers with available 1 VCPU {{(pid=105924) get_provider_ids_matching /opt/stack/placement/placement/objects/research_context.py:563}}
Jul 25 15:21:08.736806 n-d-846436-14 devstack@placement-api.service[105924]: DEBUG placement.objects.research_context [req-763ad78c-5a04-4af5-849a-89b50ebf63d3 req-1d7dae59-41ca-4657-a117-e665b3872dc4 service placement] found 2 providers after filtering by previous result {{(pid=105924) get_provider_ids_matching /opt/stack/placement/placement/objects/research_context.py:594}}
Jul 25 15:21:08.781425 n-d-846436-14 devstack@placement-api.service[105924]: DEBUG placement.objects.allocation_candidate [req-763ad78c-5a04-4af5-849a-89b50ebf63d3 req-1d7dae59-41ca-4657-a117-e665b3872dc4 service placement] RequestGroup(use_same_provider=False, resources={DISK_GB:1, MEMORY_MB:1024, VCPU:1}, traits=(), aggregates=[]) (suffix '') returned 2 matches {{(pid=105924) _get_by_requests /opt/stack/placement/placement/objects/allocation_candidate.py:156}}
Jul 25 15:21:08.783187 n-d-846436-14 devstack@placement-api.service[105924]: DEBUG placement.objects.allocation_candidate [req-763ad78c-5a04-4af5-849a-89b50ebf63d3 req-1d7dae59-41ca-4657-a117-e665b3872dc4 service placement] Merging candidates yields 2 allocation requests and 2 provider summaries {{(pid=105924) _merge_candidates /opt/stack/placement/placement/objects/allocation_candidate.py:809}}
Jul 25 15:21:08.788261 n-d-846436-14 devstack@placement-api.service[105924]: INFO placement.requestlog [req-763ad78c-5a04-4af5-849a-89b50ebf63d3 req-1d7dae59-41ca-4657-a117-e665b3872dc4 service placement] 10.222.0.77 "GET /placement/allocation_candidates?limit=1000&resources=DISK_GB%3A1%2CMEMORY_MB%3A1024%2CVCPU%3A1&root_required=%21COMPUTE_STATUS_DISABLED" status: 200 len: 1309 microversion: 1.36
Jul 25 15:21:08.790887 n-d-846436-14 devstack@placement-api.service[105924]: [pid: 105924|app: 0|req: 56/108] 10.222.0.77 () {60 vars in 1506 bytes} [Mon Jul 25 15:21:08 2022] GET /placement/allocation_candidates?limit=1000&resources=DISK_GB%3A1%2CMEMORY_MB%3A1024%2CVCPU%3A1&root_required=%21COMPUTE_STATUS_DISABLED => generated 1309 bytes in 284 msecs (HTTP/1.1 200) 8 headers in 297 bytes (1 switches on core 0)
Jul 25 15:21:09.025850 n-d-846436-14 devstack@placement-api.service[105925]: DEBUG placement.requestlog [req-763ad78c-5a04-4af5-849a-89b50ebf63d3 req-5642c849-2611-4e96-bb46-f9d23d8d9318 None None] Starting request: 10.222.0.77 "GET /placement/allocations/51880fda-b7d5-4e45-a647-fcbb24303b47" {{(pid=105925) __call__ /opt/stack/placement/placement/requestlog.py:55}}
Jul 25 15:21:09.050771 n-d-846436-14 devstack@placement-api.service[105925]: INFO placement.requestlog [req-763ad78c-5a04-4af5-849a-89b50ebf63d3 req-5642c849-2611-4e96-bb46-f9d23d8d9318 service placement] 10.222.0.77 "GET /placement/allocations/51880fda-b7d5-4e45-a647-fcbb24303b47" status: 200 len: 19 microversion: 1.28
Jul 25 15:21:09.051896 n-d-846436-14 devstack@placement-api.service[105925]: [pid: 105925|app: 0|req: 53/109] 10.222.0.77 () {60 vars in 1380 bytes} [Mon Jul 25 15:21:09 2022] GET /placement/allocations/51880fda-b7d5-4e45-a647-fcbb24303b47 => generated 19 bytes in 26 msecs (HTTP/1.1 200) 8 headers in 295 bytes (1 switches on core 0)
Jul 25 15:21:09.061272 n-d-846436-14 devstack@placement-api.service[105924]: DEBUG placement.requestlog [req-763ad78c-5a04-4af5-849a-89b50ebf63d3 req-130a81de-e550-4dda-a396-d17b07e98e35 None None] Starting request: 10.222.0.77 "PUT /placement/allocations/51880fda-b7d5-4e45-a647-fcbb24303b47" {{(pid=105924) __call__ /opt/stack/placement/placement/requestlog.py:55}}
Jul 25 15:21:09.458472 n-d-846436-14 devstack@placement-api.service[105924]: DEBUG placement.handlers.allocation [req-763ad78c-5a04-4af5-849a-89b50ebf63d3 req-130a81de-e550-4dda-a396-d17b07e98e35 service placement] Successfully wrote allocations [, , ] {{(pid=105924) _update_consumers_and_create_allocations /opt/stack/placement/placement/handlers/allocation.py:462}}
Jul 25 15:21:09.596553 n-d-846436-14 devstack@placement-api.service[105924]: INFO placement.requestlog [req-763ad78c-5a04-4af5-849a-89b50ebf63d3 req-130a81de-e550-4dda-a396-d17b07e98e35 service placement] 10.222.0.77 "PUT /placement/allocations/51880fda-b7d5-4e45-a647-fcbb24303b47" status: 204 len: 0 microversion: 1.36
Jul 25 15:21:09.599300 n-d-846436-14 devstack@placement-api.service[105924]: [pid: 105924|app: 0|req: 57/110] 10.222.0.77 () {64 vars in 1433 bytes} [Mon Jul 25 15:21:09 2022] PUT /placement/allocations/51880fda-b7d5-4e45-a647-fcbb24303b47 => generated 0 bytes in 536 msecs (HTTP/1.1 204) 5 headers in 199 bytes (1 switches on core 0)
Jul 25 15:21:10.773374 n-d-846436-14 devstack@placement-api.service[105925]: DEBUG placement.requestlog [req-7f72c773-1425-4ef9-8ee4-4d2c1709af02 req-9dc3c8f6-e0d1-41e8-8ae7-b4e6c39a80cf None None] Starting request: 10.222.0.77 "GET /placement/allocation_candidates?limit=1000&resources=DISK_GB%3A1%2CMEMORY_MB%3A1024%2CVCPU%3A1&root_required=%21COMPUTE_STATUS_DISABLED" {{(pid=105925) __call__ /opt/stack/placement/placement/requestlog.py:55}}
Jul 25 15:21:10.897298 n-d-846436-14 devstack@placement-api.service[105925]: DEBUG placement.objects.research_context [req-7f72c773-1425-4ef9-8ee4-4d2c1709af02 req-9dc3c8f6-e0d1-41e8-8ae7-b4e6c39a80cf service placement] getting providers with 1 DISK_GB {{(pid=105925) __init__ /opt/stack/placement/placement/objects/research_context.py:136}}
Jul 25 15:21:10.916612 n-d-846436-14 devstack@placement-api.service[105925]: DEBUG placement.objects.research_context [req-7f72c773-1425-4ef9-8ee4-4d2c1709af02 req-9dc3c8f6-e0d1-41e8-8ae7-b4e6c39a80cf service placement] getting providers with 1024 MEMORY_MB {{(pid=105925) __init__ /opt/stack/placement/placement/objects/research_context.py:136}}
Jul 25 15:21:10.940774 n-d-846436-14 devstack@placement-api.service[105925]: DEBUG placement.objects.research_context [req-7f72c773-1425-4ef9-8ee4-4d2c1709af02 req-9dc3c8f6-e0d1-41e8-8ae7-b4e6c39a80cf service placement] getting providers with 1 VCPU {{(pid=105925) __init__ /opt/stack/placement/placement/objects/research_context.py:136}}
Jul 25 15:21:10.949253 n-d-846436-14 devstack@placement-api.service[105925]: DEBUG placement.objects.research_context [req-7f72c773-1425-4ef9-8ee4-4d2c1709af02 req-9dc3c8f6-e0d1-41e8-8ae7-b4e6c39a80cf service placement] found 2 providers with available 1 DISK_GB {{(pid=105925) get_provider_ids_matching /opt/stack/placement/placement/objects/research_context.py:563}}
Jul 25 15:21:10.952733 n-d-846436-14 devstack@placement-api.service[105925]: DEBUG placement.objects.research_context [req-7f72c773-1425-4ef9-8ee4-4d2c1709af02 req-9dc3c8f6-e0d1-41e8-8ae7-b4e6c39a80cf service placement] found 2 providers with available 1024 MEMORY_MB {{(pid=105925) get_provider_ids_matching /opt/stack/placement/placement/objects/research_context.py:563}}
Jul 25 15:21:10.954474 n-d-846436-14 devstack@placement-api.service[105925]: DEBUG placement.objects.research_context [req-7f72c773-1425-4ef9-8ee4-4d2c1709af02 req-9dc3c8f6-e0d1-41e8-8ae7-b4e6c39a80cf service placement] found 2 providers after filtering by previous result {{(pid=105925) get_provider_ids_matching /opt/stack/placement/placement/objects/research_context.py:594}}
Jul 25 15:21:10.954983 n-d-846436-14 devstack@placement-api.service[105925]: DEBUG placement.objects.research_context [req-7f72c773-1425-4ef9-8ee4-4d2c1709af02 req-9dc3c8f6-e0d1-41e8-8ae7-b4e6c39a80cf service placement] found 2 providers with available 1 VCPU {{(pid=105925) get_provider_ids_matching /opt/stack/placement/placement/objects/research_context.py:563}}
Jul 25 15:21:10.962966 n-d-846436-14 devstack@placement-api.service[105925]: DEBUG placement.objects.research_context [req-7f72c773-1425-4ef9-8ee4-4d2c1709af02 req-9dc3c8f6-e0d1-41e8-8ae7-b4e6c39a80cf service placement] found 2 providers after filtering by previous result {{(pid=105925) get_provider_ids_matching /opt/stack/placement/placement/objects/research_context.py:594}}
Jul 25 15:21:10.983597 n-d-846436-14 devstack@placement-api.service[105925]: DEBUG placement.objects.allocation_candidate [req-7f72c773-1425-4ef9-8ee4-4d2c1709af02 req-9dc3c8f6-e0d1-41e8-8ae7-b4e6c39a80cf service placement] RequestGroup(use_same_provider=False, resources={DISK_GB:1, MEMORY_MB:1024, VCPU:1}, traits=(), aggregates=[]) (suffix '') returned 2 matches {{(pid=105925) _get_by_requests /opt/stack/placement/placement/objects/allocation_candidate.py:156}}
Jul 25 15:21:10.988759 n-d-846436-14 devstack@placement-api.service[105925]: DEBUG placement.objects.allocation_candidate [req-7f72c773-1425-4ef9-8ee4-4d2c1709af02 req-9dc3c8f6-e0d1-41e8-8ae7-b4e6c39a80cf service placement] Merging candidates yields 2 allocation requests and 2 provider summaries {{(pid=105925) _merge_candidates /opt/stack/placement/placement/objects/allocation_candidate.py:809}}
Jul 25 15:21:10.988759 n-d-846436-14 devstack@placement-api.service[105925]: INFO placement.requestlog [req-7f72c773-1425-4ef9-8ee4-4d2c1709af02 req-9dc3c8f6-e0d1-41e8-8ae7-b4e6c39a80cf service placement] 10.222.0.77 "GET /placement/allocation_candidates?limit=1000&resources=DISK_GB%3A1%2CMEMORY_MB%3A1024%2CVCPU%3A1&root_required=%21COMPUTE_STATUS_DISABLED" status: 200 len: 1309 microversion: 1.36
Jul 25 15:21:10.992970 n-d-846436-14 devstack@placement-api.service[105925]: [pid: 105925|app: 0|req: 54/111] 10.222.0.77 () {60 vars in 1506 bytes} [Mon Jul 25 15:21:10 2022] GET /placement/allocation_candidates?limit=1000&resources=DISK_GB%3A1%2CMEMORY_MB%3A1024%2CVCPU%3A1&root_required=%21COMPUTE_STATUS_DISABLED => generated 1309 bytes in 220 msecs (HTTP/1.1 200) 8 headers in 297 bytes (1 switches on core 0)
Jul 25 15:21:11.002387 n-d-846436-14 devstack@placement-api.service[105924]: DEBUG placement.requestlog [req-763ad78c-5a04-4af5-849a-89b50ebf63d3 req-1aca95bb-7dde-4be2-b8c8-219c895461f4 None None] Starting request: 10.222.0.43 "GET /placement/allocations/51880fda-b7d5-4e45-a647-fcbb24303b47" {{(pid=105924) __call__ /opt/stack/placement/placement/requestlog.py:55}}
Jul 25 15:21:11.047683 n-d-846436-14 devstack@placement-api.service[105924]: INFO placement.requestlog [req-763ad78c-5a04-4af5-849a-89b50ebf63d3 req-1aca95bb-7dde-4be2-b8c8-219c895461f4 service placement] 10.222.0.43 "GET /placement/allocations/51880fda-b7d5-4e45-a647-fcbb24303b47" status: 200 len: 258 microversion: 1.28
Jul 25 15:21:11.050056 n-d-846436-14 devstack@placement-api.service[105924]: [pid: 105924|app: 0|req: 58/112] 10.222.0.43 () {60 vars in 1377 bytes} [Mon Jul 25 15:21:11 2022] GET /placement/allocations/51880fda-b7d5-4e45-a647-fcbb24303b47 => generated 258 bytes in 48 msecs (HTTP/1.1 200) 8 headers in 296 bytes (1 switches on core 0)
Jul 25 15:21:11.134842 n-d-846436-14 devstack@placement-api.service[105925]: DEBUG placement.requestlog [req-7f72c773-1425-4ef9-8ee4-4d2c1709af02 req-6c8cc58b-58cd-4bd5-97d9-d93474bbd8ab None None] Starting request: 10.222.0.77 "GET /placement/allocations/6ae9ca8b-9c17-4063-9606-878d52f879d7" {{(pid=105925) __call__ /opt/stack/placement/placement/requestlog.py:55}}
Jul 25 15:21:11.155552 n-d-846436-14 devstack@placement-api.service[105925]: INFO placement.requestlog [req-7f72c773-1425-4ef9-8ee4-4d2c1709af02 req-6c8cc58b-58cd-4bd5-97d9-d93474bbd8ab service placement] 10.222.0.77 "GET /placement/allocations/6ae9ca8b-9c17-4063-9606-878d52f879d7" status: 200 len: 19 microversion: 1.28
Jul 25 15:21:11.156401 n-d-846436-14 devstack@placement-api.service[105925]: [pid: 105925|app: 0|req: 55/113] 10.222.0.77 () {60 vars in 1380 bytes} [Mon Jul 25 15:21:11 2022] GET /placement/allocations/6ae9ca8b-9c17-4063-9606-878d52f879d7 => generated 19 bytes in 22 msecs (HTTP/1.1 200) 8 headers in 295 bytes (1 switches on core 0)
Jul 25 15:21:11.166463 n-d-846436-14 devstack@placement-api.service[105924]: DEBUG placement.requestlog [req-7f72c773-1425-4ef9-8ee4-4d2c1709af02 req-b7fc9034-35a6-4adb-8ec4-808fd96f059b None None] Starting request: 10.222.0.77 "PUT /placement/allocations/6ae9ca8b-9c17-4063-9606-878d52f879d7" {{(pid=105924) __call__ /opt/stack/placement/placement/requestlog.py:55}}
Jul 25 15:21:11.422883 n-d-846436-14 devstack@placement-api.service[105924]: DEBUG placement.handlers.allocation [req-7f72c773-1425-4ef9-8ee4-4d2c1709af02 req-b7fc9034-35a6-4adb-8ec4-808fd96f059b service placement] Successfully wrote allocations [, , ] {{(pid=105924) _update_consumers_and_create_allocations /opt/stack/placement/placement/handlers/allocation.py:462}}
Jul 25 15:21:11.497795 n-d-846436-14 devstack@placement-api.service[105924]: INFO placement.requestlog [req-7f72c773-1425-4ef9-8ee4-4d2c1709af02 req-b7fc9034-35a6-4adb-8ec4-808fd96f059b service placement] 10.222.0.77 "PUT /placement/allocations/6ae9ca8b-9c17-4063-9606-878d52f879d7" status: 204 len: 0 microversion: 1.36
Jul 25 15:21:11.504292 n-d-846436-14 devstack@placement-api.service[105924]: [pid: 105924|app: 0|req: 59/114] 10.222.0.77 () {64 vars in 1433 bytes} [Mon Jul 25 15:21:11 2022] PUT /placement/allocations/6ae9ca8b-9c17-4063-9606-878d52f879d7 => generated 0 bytes in 333 msecs (HTTP/1.1 204) 5 headers in 199 bytes (1 switches on core 0)
Jul 25 15:21:13.135184 n-d-846436-14 devstack@placement-api.service[105925]: DEBUG placement.requestlog [req-7f72c773-1425-4ef9-8ee4-4d2c1709af02 req-f09ae278-1c76-404b-b573-70401e4d9581 None None] Starting request: 10.222.0.43 "GET /placement/allocations/6ae9ca8b-9c17-4063-9606-878d52f879d7" {{(pid=105925) __call__ /opt/stack/placement/placement/requestlog.py:55}}
Jul 25 15:21:13.184562 n-d-846436-14 devstack@placement-api.service[105924]: DEBUG placement.requestlog [req-97cf4f0f-f0de-4ca2-b5f1-1879e38fee74 req-3c6188cf-deff-4548-9371-2556490709da None None] Starting request: 10.222.0.58 "GET /placement/resource_providers/e461c17b-c365-44f7-a3a0-db2ec829918d/allocations" {{(pid=105924) __call__ /opt/stack/placement/placement/requestlog.py:55}}
Jul 25 15:21:13.206209 n-d-846436-14 devstack@placement-api.service[105925]: INFO placement.requestlog [req-7f72c773-1425-4ef9-8ee4-4d2c1709af02 req-f09ae278-1c76-404b-b573-70401e4d9581 service placement] 10.222.0.43 "GET /placement/allocations/6ae9ca8b-9c17-4063-9606-878d52f879d7" status: 200 len: 258 microversion: 1.28
Jul 25 15:21:13.212474 n-d-846436-14 devstack@placement-api.service[105925]: [pid: 105925|app: 0|req: 56/115] 10.222.0.43 () {60 vars in 1377 bytes} [Mon Jul 25 15:21:13 2022] GET /placement/allocations/6ae9ca8b-9c17-4063-9606-878d52f879d7 => generated 258 bytes in 77 msecs (HTTP/1.1 200) 8 headers in 296 bytes (1 switches on core 0)
Jul 25 15:21:13.266466 n-d-846436-14 devstack@placement-api.service[105924]: INFO placement.requestlog [req-97cf4f0f-f0de-4ca2-b5f1-1879e38fee74 req-3c6188cf-deff-4548-9371-2556490709da service placement] 10.222.0.58 "GET /placement/resource_providers/e461c17b-c365-44f7-a3a0-db2ec829918d/allocations" status: 200 len: 356 microversion: 1.0
Jul 25 15:21:13.267504 n-d-846436-14 devstack@placement-api.service[105924]: [pid: 105924|app: 0|req: 60/116] 10.222.0.58 () {58 vars in 1390 bytes} [Mon Jul 25 15:21:13 2022] GET /placement/resource_providers/e461c17b-c365-44f7-a3a0-db2ec829918d/allocations => generated 356 bytes in 84 msecs (HTTP/1.1 200) 6 headers in 224 bytes (1 switches on core 0)
Jul 25 15:21:16.522961 n-d-846436-14 devstack@placement-api.service[105925]: DEBUG placement.requestlog [req-09c2db9e-ace5-48c3-9176-0cc66d880b38 req-90298106-0cb8-4f79-9300-d7eb2657a1e4 None None] Starting request: 10.222.0.43 "GET /placement/resource_providers/2e2d1b99-dc7a-4b83-ba5f-e6613a19db85/allocations" {{(pid=105925) __call__ /opt/stack/placement/placement/requestlog.py:55}}
Jul 25 15:21:16.584408 n-d-846436-14 devstack@placement-api.service[105925]: INFO placement.requestlog [req-09c2db9e-ace5-48c3-9176-0cc66d880b38 req-90298106-0cb8-4f79-9300-d7eb2657a1e4 service placement] 10.222.0.43 "GET /placement/resource_providers/2e2d1b99-dc7a-4b83-ba5f-e6613a19db85/allocations" status: 200 len: 456 microversion: 1.0
Jul 25 15:21:16.588124 n-d-846436-14 devstack@placement-api.service[105925]: [pid: 105925|app: 0|req: 57/117] 10.222.0.43 () {58 vars in 1390 bytes} [Mon Jul 25 15:21:16 2022] GET /placement/resource_providers/2e2d1b99-dc7a-4b83-ba5f-e6613a19db85/allocations => generated 456 bytes in 63 msecs (HTTP/1.1 200) 6 headers in 224 bytes (1 switches on core 0)
Jul 25 15:21:20.134401 n-d-846436-14 devstack@placement-api.service[105924]: DEBUG placement.requestlog [req-66e3b264-f349-4dee-825b-e231813fbcc5 req-15699154-07eb-4a6d-a199-914fa3808b9d None None] Starting request: 10.222.0.58 "DELETE /placement/allocations/ddf3aea5-afa6-433a-a548-13e32cd22fb2" {{(pid=105924) __call__ /opt/stack/placement/placement/requestlog.py:55}}
Jul 25 15:21:20.350918 n-d-846436-14 devstack@placement-api.service[105924]: DEBUG placement.handlers.allocation [req-66e3b264-f349-4dee-825b-e231813fbcc5 req-15699154-07eb-4a6d-a199-914fa3808b9d service placement] Successfully deleted allocations [, , ] {{(pid=105924) delete_allocations /opt/stack/placement/placement/handlers/allocation.py:627}}
Jul 25 15:21:20.352023 n-d-846436-14 devstack@placement-api.service[105924]: INFO placement.requestlog [req-66e3b264-f349-4dee-825b-e231813fbcc5 req-15699154-07eb-4a6d-a199-914fa3808b9d service placement] 10.222.0.58 "DELETE /placement/allocations/ddf3aea5-afa6-433a-a548-13e32cd22fb2" status: 204 len: 0 microversion: 1.0
Jul 25 15:21:20.352573 n-d-846436-14 devstack@placement-api.service[105924]: [pid: 105924|app: 0|req: 61/118] 10.222.0.58 () {60 vars in 1355 bytes} [Mon Jul 25 15:21:20 2022] DELETE /placement/allocations/ddf3aea5-afa6-433a-a548-13e32cd22fb2 => generated 0 bytes in 218 msecs (HTTP/1.1 204) 5 headers in 198 bytes (1 switches on core 0)
Jul 25 15:21:24.333200 n-d-846436-14 devstack@placement-api.service[105925]: DEBUG placement.requestlog [req-695e9047-55fc-4f94-b5e5-125a4aaae0d7 req-d946e031-ffb1-4514-b7b5-0ce3cb9ed76f None None] Starting request: 10.222.0.77 "GET /placement/allocation_candidates?limit=1000&resources=DISK_GB%3A2%2CMEMORY_MB%3A1024%2CVCPU%3A1&root_required=%21COMPUTE_STATUS_DISABLED" {{(pid=105925) __call__ /opt/stack/placement/placement/requestlog.py:55}}
Jul 25 15:21:24.370654 n-d-846436-14 devstack@placement-api.service[105925]: DEBUG dbcounter [-] [105925] Writing DB stats placement:SELECT=48,placement:DELETE=2 {{(pid=105925) stat_writer /usr/local/lib/python3.8/dist-packages/dbcounter.py:114}}
Jul 25 15:21:24.469571 n-d-846436-14 devstack@placement-api.service[105925]: DEBUG placement.objects.research_context [req-695e9047-55fc-4f94-b5e5-125a4aaae0d7 req-d946e031-ffb1-4514-b7b5-0ce3cb9ed76f service placement] getting providers with 2 DISK_GB {{(pid=105925) __init__ /opt/stack/placement/placement/objects/research_context.py:136}}
Jul 25 15:21:24.502556 n-d-846436-14 devstack@placement-api.service[105925]: DEBUG placement.objects.research_context [req-695e9047-55fc-4f94-b5e5-125a4aaae0d7 req-d946e031-ffb1-4514-b7b5-0ce3cb9ed76f service placement] getting providers with 1024 MEMORY_MB {{(pid=105925) __init__ /opt/stack/placement/placement/objects/research_context.py:136}}
Jul 25 15:21:24.523713 n-d-846436-14 devstack@placement-api.service[105925]: DEBUG placement.objects.research_context [req-695e9047-55fc-4f94-b5e5-125a4aaae0d7 req-d946e031-ffb1-4514-b7b5-0ce3cb9ed76f service placement] getting providers with 1 VCPU {{(pid=105925) __init__ /opt/stack/placement/placement/objects/research_context.py:136}}
Jul 25 15:21:24.557743 n-d-846436-14 devstack@placement-api.service[105925]: DEBUG placement.objects.research_context [req-695e9047-55fc-4f94-b5e5-125a4aaae0d7 req-d946e031-ffb1-4514-b7b5-0ce3cb9ed76f service placement] found 2 providers with available 2 DISK_GB {{(pid=105925) get_provider_ids_matching /opt/stack/placement/placement/objects/research_context.py:563}}
Jul 25 15:21:24.563718 n-d-846436-14 devstack@placement-api.service[105925]: DEBUG placement.objects.research_context [req-695e9047-55fc-4f94-b5e5-125a4aaae0d7 req-d946e031-ffb1-4514-b7b5-0ce3cb9ed76f service placement] found 2 providers with available 1024 MEMORY_MB {{(pid=105925) get_provider_ids_matching /opt/stack/placement/placement/objects/research_context.py:563}}
Jul 25 15:21:24.565191 n-d-846436-14 devstack@placement-api.service[105925]: DEBUG placement.objects.research_context [req-695e9047-55fc-4f94-b5e5-125a4aaae0d7 req-d946e031-ffb1-4514-b7b5-0ce3cb9ed76f service placement] found 2 providers after filtering by previous result {{(pid=105925) get_provider_ids_matching /opt/stack/placement/placement/objects/research_context.py:594}}
Jul 25 15:21:24.566056 n-d-846436-14 devstack@placement-api.service[105925]: DEBUG placement.objects.research_context [req-695e9047-55fc-4f94-b5e5-125a4aaae0d7 req-d946e031-ffb1-4514-b7b5-0ce3cb9ed76f service placement] found 2 providers with available 1 VCPU {{(pid=105925) get_provider_ids_matching /opt/stack/placement/placement/objects/research_context.py:563}}
Jul 25 15:21:24.569463 n-d-846436-14 devstack@placement-api.service[105925]: DEBUG placement.objects.research_context [req-695e9047-55fc-4f94-b5e5-125a4aaae0d7 req-d946e031-ffb1-4514-b7b5-0ce3cb9ed76f service placement] found 2 providers after filtering by previous result {{(pid=105925) get_provider_ids_matching /opt/stack/placement/placement/objects/research_context.py:594}}
Jul 25 15:21:24.595908 n-d-846436-14 devstack@placement-api.service[105925]: DEBUG placement.objects.allocation_candidate [req-695e9047-55fc-4f94-b5e5-125a4aaae0d7 req-d946e031-ffb1-4514-b7b5-0ce3cb9ed76f service placement] RequestGroup(use_same_provider=False, resources={DISK_GB:2, MEMORY_MB:1024, VCPU:1}, traits=(), aggregates=[]) (suffix '') returned 2 matches {{(pid=105925) _get_by_requests /opt/stack/placement/placement/objects/allocation_candidate.py:156}}
Jul 25 15:21:24.605192 n-d-846436-14 devstack@placement-api.service[105925]: DEBUG placement.objects.allocation_candidate [req-695e9047-55fc-4f94-b5e5-125a4aaae0d7 req-d946e031-ffb1-4514-b7b5-0ce3cb9ed76f service placement] Merging candidates yields 2 allocation requests and 2 provider summaries {{(pid=105925) _merge_candidates /opt/stack/placement/placement/objects/allocation_candidate.py:809}}
Jul 25 15:21:24.607174 n-d-846436-14 devstack@placement-api.service[105925]: INFO placement.requestlog [req-695e9047-55fc-4f94-b5e5-125a4aaae0d7 req-d946e031-ffb1-4514-b7b5-0ce3cb9ed76f service placement] 10.222.0.77 "GET /placement/allocation_candidates?limit=1000&resources=DISK_GB%3A2%2CMEMORY_MB%3A1024%2CVCPU%3A1&root_required=%21COMPUTE_STATUS_DISABLED" status: 200 len: 1309 microversion: 1.36
Jul 25 15:21:24.612283 n-d-846436-14 devstack@placement-api.service[105925]: [pid: 105925|app: 0|req: 58/119] 10.222.0.77 () {60 vars in 1506 bytes} [Mon Jul 25 15:21:24 2022] GET /placement/allocation_candidates?limit=1000&resources=DISK_GB%3A2%2CMEMORY_MB%3A1024%2CVCPU%3A1&root_required=%21COMPUTE_STATUS_DISABLED => generated 1309 bytes in 275 msecs (HTTP/1.1 200) 8 headers in 297 bytes (1 switches on core 0)
Jul 25 15:21:24.834057 n-d-846436-14 devstack@placement-api.service[105924]: DEBUG placement.requestlog [req-695e9047-55fc-4f94-b5e5-125a4aaae0d7 req-ee879835-62ba-4428-a4a4-4ccb907904a6 None None] Starting request: 10.222.0.77 "GET /placement/allocations/3c8cbd4c-af8e-4565-86fe-371be09aaf32" {{(pid=105924) __call__ /opt/stack/placement/placement/requestlog.py:55}}
