Jun 17 11:19:59.342686 n-d-846292-2 devstack@placement-api.service[105525]: DEBUG placement.objects.research_context [req-6302f2fa-6fc6-48d9-8593-808f1a08f6f4 req-821862b7-174b-48db-801a-f1053c1e909a service placement] found 2 providers with available 1 DISK_GB {{(pid=105525) get_provider_ids_matching /opt/stack/placement/placement/objects/research_context.py:563}}
Jun 17 11:19:59.342972 n-d-846292-2 devstack@placement-api.service[105525]: DEBUG placement.objects.research_context [req-6302f2fa-6fc6-48d9-8593-808f1a08f6f4 req-821862b7-174b-48db-801a-f1053c1e909a service placement] found 2 providers with available 512 MEMORY_MB {{(pid=105525) get_provider_ids_matching /opt/stack/placement/placement/objects/research_context.py:563}}
Jun 17 11:19:59.343261 n-d-846292-2 devstack@placement-api.service[105525]: DEBUG placement.objects.research_context [req-6302f2fa-6fc6-48d9-8593-808f1a08f6f4 req-821862b7-174b-48db-801a-f1053c1e909a service placement] found 2 providers after filtering by previous result {{(pid=105525) get_provider_ids_matching /opt/stack/placement/placement/objects/research_context.py:594}}
Jun 17 11:19:59.343517 n-d-846292-2 devstack@placement-api.service[105525]: DEBUG placement.objects.research_context [req-6302f2fa-6fc6-48d9-8593-808f1a08f6f4 req-821862b7-174b-48db-801a-f1053c1e909a service placement] found 2 providers with available 1 VCPU {{(pid=105525) get_provider_ids_matching /opt/stack/placement/placement/objects/research_context.py:563}}
Jun 17 11:19:59.343782 n-d-846292-2 devstack@placement-api.service[105525]: DEBUG placement.objects.research_context [req-6302f2fa-6fc6-48d9-8593-808f1a08f6f4 req-821862b7-174b-48db-801a-f1053c1e909a service placement] found 2 providers after filtering by previous result {{(pid=105525) get_provider_ids_matching /opt/stack/placement/placement/objects/research_context.py:594}}
Jun 17 11:19:59.360177 n-d-846292-2 devstack@placement-api.service[105525]: DEBUG placement.objects.allocation_candidate [req-6302f2fa-6fc6-48d9-8593-808f1a08f6f4 req-821862b7-174b-48db-801a-f1053c1e909a service placement] RequestGroup(use_same_provider=False, resources={DISK_GB:1, MEMORY_MB:512, VCPU:1}, traits=(), aggregates=[]) (suffix '') returned 2 matches {{(pid=105525) _get_by_requests /opt/stack/placement/placement/objects/allocation_candidate.py:156}}
Jun 17 11:19:59.360453 n-d-846292-2 devstack@placement-api.service[105525]: DEBUG placement.objects.allocation_candidate [req-6302f2fa-6fc6-48d9-8593-808f1a08f6f4 req-821862b7-174b-48db-801a-f1053c1e909a service placement] Merging candidates yields 2 allocation requests and 2 provider summaries {{(pid=105525) _merge_candidates /opt/stack/placement/placement/objects/allocation_candidate.py:809}}
Jun 17 11:19:59.362740 n-d-846292-2 devstack@placement-api.service[105525]: INFO placement.requestlog [req-6302f2fa-6fc6-48d9-8593-808f1a08f6f4 req-821862b7-174b-48db-801a-f1053c1e909a service placement] 10.222.0.23 "GET /placement/allocation_candidates?limit=1000&resources=DISK_GB%3A1%2CMEMORY_MB%3A512%2CVCPU%3A1&root_required=%21COMPUTE_STATUS_DISABLED" status: 200 len: 1307 microversion: 1.36
Jun 17 11:19:59.363453 n-d-846292-2 devstack@placement-api.service[105525]: [pid: 105525|app: 0|req: 368/726] 10.222.0.23 () {60 vars in 1504 bytes} [Fri Jun 17 11:19:59 2022] GET /placement/allocation_candidates?limit=1000&resources=DISK_GB%3A1%2CMEMORY_MB%3A512%2CVCPU%3A1&root_required=%21COMPUTE_STATUS_DISABLED => generated 1307 bytes in 154 msecs (HTTP/1.1 200) 8 headers in 297 bytes (1 switches on core 0)
Jun 17 11:19:59.444470 n-d-846292-2 devstack@placement-api.service[105524]: DEBUG placement.requestlog [req-6302f2fa-6fc6-48d9-8593-808f1a08f6f4 req-423f8eb0-9464-4ab0-942e-a1d59c02ff91 None None] Starting request: 10.222.0.23 "GET /placement/allocations/8bf8212c-7ee6-4811-ba46-72a57ab8292f" {{(pid=105524) __call__ /opt/stack/placement/placement/requestlog.py:55}}
Jun 17 11:19:59.458581 n-d-846292-2 devstack@placement-api.service[105524]: INFO placement.requestlog [req-6302f2fa-6fc6-48d9-8593-808f1a08f6f4 req-423f8eb0-9464-4ab0-942e-a1d59c02ff91 service placement] 10.222.0.23 "GET /placement/allocations/8bf8212c-7ee6-4811-ba46-72a57ab8292f" status: 200 len: 19 microversion: 1.28
Jun 17 11:19:59.459401 n-d-846292-2 devstack@placement-api.service[105524]: [pid: 105524|app: 0|req: 359/727] 10.222.0.23 () {60 vars in 1380 bytes} [Fri Jun 17 11:19:59 2022] GET /placement/allocations/8bf8212c-7ee6-4811-ba46-72a57ab8292f => generated 19 bytes in 15 msecs (HTTP/1.1 200) 8 headers in 295 bytes (1 switches on core 0)
Jun 17 11:19:59.470378 n-d-846292-2 devstack@placement-api.service[105525]: DEBUG placement.requestlog [req-6302f2fa-6fc6-48d9-8593-808f1a08f6f4 req-27e4cddf-79ab-4e12-b94c-e969a9940ffe None None] Starting request: 10.222.0.23 "PUT /placement/allocations/8bf8212c-7ee6-4811-ba46-72a57ab8292f" {{(pid=105525) __call__ /opt/stack/placement/placement/requestlog.py:55}}
Jun 17 11:19:59.837981 n-d-846292-2 devstack@placement-api.service[105525]: DEBUG placement.handlers.allocation [req-6302f2fa-6fc6-48d9-8593-808f1a08f6f4 req-27e4cddf-79ab-4e12-b94c-e969a9940ffe service placement] Successfully wrote allocations [, , ] {{(pid=105525) _update_consumers_and_create_allocations /opt/stack/placement/placement/handlers/allocation.py:462}}
Jun 17 11:19:59.918825 n-d-846292-2 devstack@placement-api.service[105525]: INFO placement.requestlog [req-6302f2fa-6fc6-48d9-8593-808f1a08f6f4 req-27e4cddf-79ab-4e12-b94c-e969a9940ffe service placement] 10.222.0.23 "PUT /placement/allocations/8bf8212c-7ee6-4811-ba46-72a57ab8292f" status: 204 len: 0 microversion: 1.36
Jun 17 11:19:59.919225 n-d-846292-2 devstack@placement-api.service[105525]: [pid: 105525|app: 0|req: 369/728] 10.222.0.23 () {64 vars in 1433 bytes} [Fri Jun 17 11:19:59 2022] PUT /placement/allocations/8bf8212c-7ee6-4811-ba46-72a57ab8292f => generated 0 bytes in 449 msecs (HTTP/1.1 204) 5 headers in 199 bytes (1 switches on core 0)
Jun 17 11:20:00.405713 n-d-846292-2 devstack@placement-api.service[105524]: DEBUG placement.requestlog [req-6302f2fa-6fc6-48d9-8593-808f1a08f6f4 req-f4026a49-0445-4bca-8416-72f3e1e1112d None None] Starting request: 10.222.0.58 "GET /placement/allocations/8bf8212c-7ee6-4811-ba46-72a57ab8292f" {{(pid=105524) __call__ /opt/stack/placement/placement/requestlog.py:55}}
Jun 17 11:20:00.424971 n-d-846292-2 devstack@placement-api.service[105524]: INFO placement.requestlog [req-6302f2fa-6fc6-48d9-8593-808f1a08f6f4 req-f4026a49-0445-4bca-8416-72f3e1e1112d service placement] 10.222.0.58 "GET /placement/allocations/8bf8212c-7ee6-4811-ba46-72a57ab8292f" status: 200 len: 258 microversion: 1.28
Jun 17 11:20:00.425632 n-d-846292-2 devstack@placement-api.service[105524]: [pid: 105524|app: 0|req: 360/729] 10.222.0.58 () {60 vars in 1377 bytes} [Fri Jun 17 11:20:00 2022] GET /placement/allocations/8bf8212c-7ee6-4811-ba46-72a57ab8292f => generated 258 bytes in 20 msecs (HTTP/1.1 200) 8 headers in 296 bytes (1 switches on core 0)
Jun 17 11:20:01.083032 n-d-846292-2 devstack@placement-api.service[105525]: DEBUG placement.requestlog [req-467d1b24-e530-4336-9956-341088db0bef req-47600b54-190d-4d29-abd6-12ba7aa470f5 None None] Starting request: 10.222.0.49 "GET /placement/allocations/d68e9fa4-d4cd-46dc-8a42-9f05849c1407" {{(pid=105525) __call__ /opt/stack/placement/placement/requestlog.py:55}}
Jun 17 11:20:01.107561 n-d-846292-2 devstack@placement-api.service[105525]: INFO placement.requestlog [req-467d1b24-e530-4336-9956-341088db0bef req-47600b54-190d-4d29-abd6-12ba7aa470f5 service placement] 10.222.0.49 "GET /placement/allocations/d68e9fa4-d4cd-46dc-8a42-9f05849c1407" status: 200 len: 259 microversion: 1.28
Jun 17 11:20:01.108166 n-d-846292-2 devstack@placement-api.service[105525]: [pid: 105525|app: 0|req: 370/730] 10.222.0.49 () {60 vars in 1377 bytes} [Fri Jun 17 11:20:01 2022] GET /placement/allocations/d68e9fa4-d4cd-46dc-8a42-9f05849c1407 => generated 259 bytes in 25 msecs (HTTP/1.1 200) 8 headers in 296 bytes (1 switches on core 0)
Jun 17 11:20:06.922333 n-d-846292-2 devstack@placement-api.service[105524]: DEBUG placement.requestlog [req-999ca617-6b62-45f5-abe6-ddafdffea21d req-c51b0f77-baa4-42cd-b507-fbfdc669a168 None None] Starting request: 10.222.0.49 "GET /placement/resource_providers/ff8897c5-6c10-4ae0-843a-c9b79168b094/allocations" {{(pid=105524) __call__ /opt/stack/placement/placement/requestlog.py:55}}
Jun 17 11:20:06.957213 n-d-846292-2 devstack@placement-api.service[105524]: INFO placement.requestlog [req-999ca617-6b62-45f5-abe6-ddafdffea21d req-c51b0f77-baa4-42cd-b507-fbfdc669a168 service placement] 10.222.0.49 "GET /placement/resource_providers/ff8897c5-6c10-4ae0-843a-c9b79168b094/allocations" status: 200 len: 658 microversion: 1.0
Jun 17 11:20:06.958371 n-d-846292-2 devstack@placement-api.service[105524]: [pid: 105524|app: 0|req: 361/731] 10.222.0.49 () {58 vars in 1390 bytes} [Fri Jun 17 11:20:06 2022] GET /placement/resource_providers/ff8897c5-6c10-4ae0-843a-c9b79168b094/allocations => generated 658 bytes in 37 msecs (HTTP/1.1 200) 6 headers in 224 bytes (1 switches on core 0)
Jun 17 11:20:07.910867 n-d-846292-2 devstack@placement-api.service[105525]: DEBUG placement.requestlog [req-28e944ce-7492-4d59-b3ea-334eff08ab99 req-7e111967-ffa9-4e2d-80c6-fe081496ce18 None None] Starting request: 10.222.0.58 "GET /placement/resource_providers/7fa500c6-f92d-48a9-b9a9-914c67f0fe7a/allocations" {{(pid=105525) __call__ /opt/stack/placement/placement/requestlog.py:55}}
Jun 17 11:20:07.944671 n-d-846292-2 devstack@placement-api.service[105525]: INFO placement.requestlog [req-28e944ce-7492-4d59-b3ea-334eff08ab99 req-7e111967-ffa9-4e2d-80c6-fe081496ce18 service placement] 10.222.0.58 "GET /placement/resource_providers/7fa500c6-f92d-48a9-b9a9-914c67f0fe7a/allocations" status: 200 len: 355 microversion: 1.0
Jun 17 11:20:07.945050 n-d-846292-2 devstack@placement-api.service[105525]: [pid: 105525|app: 0|req: 371/732] 10.222.0.58 () {58 vars in 1390 bytes} [Fri Jun 17 11:20:07 2022] GET /placement/resource_providers/7fa500c6-f92d-48a9-b9a9-914c67f0fe7a/allocations => generated 355 bytes in 35 msecs (HTTP/1.1 200) 6 headers in 224 bytes (1 switches on core 0)
Jun 17 11:20:12.969641 n-d-846292-2 devstack@placement-api.service[105524]: DEBUG placement.requestlog [req-bb5896bc-7632-47df-84ea-d6bdbcd4681d req-618e05de-ccb3-45da-97bb-de11080b8d4d None None] Starting request: 10.222.0.58 "DELETE /placement/allocations/69447111-f067-40fd-8b3f-38a4b07fcc82" {{(pid=105524) __call__ /opt/stack/placement/placement/requestlog.py:55}}
Jun 17 11:20:13.193983 n-d-846292-2 devstack@placement-api.service[105524]: DEBUG placement.handlers.allocation [req-bb5896bc-7632-47df-84ea-d6bdbcd4681d req-618e05de-ccb3-45da-97bb-de11080b8d4d service placement] Successfully deleted allocations [, , ] {{(pid=105524) delete_allocations /opt/stack/placement/placement/handlers/allocation.py:627}}
Jun 17 11:20:13.194479 n-d-846292-2 devstack@placement-api.service[105524]: INFO placement.requestlog [req-bb5896bc-7632-47df-84ea-d6bdbcd4681d req-618e05de-ccb3-45da-97bb-de11080b8d4d service placement] 10.222.0.58 "DELETE /placement/allocations/69447111-f067-40fd-8b3f-38a4b07fcc82" status: 204 len: 0 microversion: 1.0
Jun 17 11:20:13.195075 n-d-846292-2 devstack@placement-api.service[105524]: [pid: 105524|app: 0|req: 362/733] 10.222.0.58 () {60 vars in 1355 bytes} [Fri Jun 17 11:20:12 2022] DELETE /placement/allocations/69447111-f067-40fd-8b3f-38a4b07fcc82 => generated 0 bytes in 226 msecs (HTTP/1.1 204) 5 headers in 198 bytes (1 switches on core 0)
Jun 17 11:20:17.939456 n-d-846292-2 devstack@placement-api.service[105525]: DEBUG dbcounter [-] [105525] Writing DB stats placement:SELECT=38,placement:INSERT=4,placement:DELETE=2,placement:UPDATE=2 {{(pid=105525) stat_writer /usr/local/lib/python3.8/dist-packages/dbcounter.py:114}}
Jun 17 11:20:20.923802 n-d-846292-2 devstack@placement-api.service[105525]: DEBUG placement.requestlog [req-8ca44ee3-b31b-445d-8117-f930417e822c req-8f3b9d4b-8b96-4604-91d6-b42b2f7bbd50 None None] Starting request: 10.222.0.23 "GET /placement/allocation_candidates?limit=1000&resources=MEMORY_MB%3A1024%2CVCPU%3A1&root_required=%21COMPUTE_STATUS_DISABLED" {{(pid=105525) __call__ /opt/stack/placement/placement/requestlog.py:55}}
Jun 17 11:20:20.981903 n-d-846292-2 devstack@placement-api.service[105525]: DEBUG placement.objects.research_context [req-8ca44ee3-b31b-445d-8117-f930417e822c req-8f3b9d4b-8b96-4604-91d6-b42b2f7bbd50 service placement] getting providers with 1024 MEMORY_MB {{(pid=105525) __init__ /opt/stack/placement/placement/objects/research_context.py:136}}
Jun 17 11:20:20.988917 n-d-846292-2 devstack@placement-api.service[105525]: DEBUG placement.objects.research_context [req-8ca44ee3-b31b-445d-8117-f930417e822c req-8f3b9d4b-8b96-4604-91d6-b42b2f7bbd50 service placement] getting providers with 1 VCPU {{(pid=105525) __init__ /opt/stack/placement/placement/objects/research_context.py:136}}
Jun 17 11:20:20.998359 n-d-846292-2 devstack@placement-api.service[105525]: DEBUG placement.objects.research_context [req-8ca44ee3-b31b-445d-8117-f930417e822c req-8f3b9d4b-8b96-4604-91d6-b42b2f7bbd50 service placement] found 2 providers with available 1024 MEMORY_MB {{(pid=105525) get_provider_ids_matching /opt/stack/placement/placement/objects/research_context.py:563}}
Jun 17 11:20:20.999722 n-d-846292-2 devstack@placement-api.service[105525]: DEBUG placement.objects.research_context [req-8ca44ee3-b31b-445d-8117-f930417e822c req-8f3b9d4b-8b96-4604-91d6-b42b2f7bbd50 service placement] found 2 providers with available 1 VCPU {{(pid=105525) get_provider_ids_matching /opt/stack/placement/placement/objects/research_context.py:563}}
Jun 17 11:20:21.000878 n-d-846292-2 devstack@placement-api.service[105525]: DEBUG placement.objects.research_context [req-8ca44ee3-b31b-445d-8117-f930417e822c req-8f3b9d4b-8b96-4604-91d6-b42b2f7bbd50 service placement] found 2 providers after filtering by previous result {{(pid=105525) get_provider_ids_matching /opt/stack/placement/placement/objects/research_context.py:594}}
Jun 17 11:20:21.030100 n-d-846292-2 devstack@placement-api.service[105525]: DEBUG placement.objects.allocation_candidate [req-8ca44ee3-b31b-445d-8117-f930417e822c req-8f3b9d4b-8b96-4604-91d6-b42b2f7bbd50 service placement] RequestGroup(use_same_provider=False, resources={MEMORY_MB:1024, VCPU:1}, traits=(), aggregates=[]) (suffix '') returned 2 matches {{(pid=105525) _get_by_requests /opt/stack/placement/placement/objects/allocation_candidate.py:156}}
Jun 17 11:20:21.030734 n-d-846292-2 devstack@placement-api.service[105525]: DEBUG placement.objects.allocation_candidate [req-8ca44ee3-b31b-445d-8117-f930417e822c req-8f3b9d4b-8b96-4604-91d6-b42b2f7bbd50 service placement] Merging candidates yields 2 allocation requests and 2 provider summaries {{(pid=105525) _merge_candidates /opt/stack/placement/placement/objects/allocation_candidate.py:809}}
Jun 17 11:20:21.033224 n-d-846292-2 devstack@placement-api.service[105525]: INFO placement.requestlog [req-8ca44ee3-b31b-445d-8117-f930417e822c req-8f3b9d4b-8b96-4604-91d6-b42b2f7bbd50 service placement] 10.222.0.23 "GET /placement/allocation_candidates?limit=1000&resources=MEMORY_MB%3A1024%2CVCPU%3A1&root_required=%21COMPUTE_STATUS_DISABLED" status: 200 len: 1281 microversion: 1.36
Jun 17 11:20:21.033896 n-d-846292-2 devstack@placement-api.service[105525]: [pid: 105525|app: 0|req: 372/734] 10.222.0.23 () {60 vars in 1478 bytes} [Fri Jun 17 11:20:20 2022] GET /placement/allocation_candidates?limit=1000&resources=MEMORY_MB%3A1024%2CVCPU%3A1&root_required=%21COMPUTE_STATUS_DISABLED => generated 1281 bytes in 110 msecs (HTTP/1.1 200) 8 headers in 297 bytes (2 switches on core 0)
Jun 17 11:20:21.115962 n-d-846292-2 devstack@placement-api.service[105524]: DEBUG placement.requestlog [req-8ca44ee3-b31b-445d-8117-f930417e822c req-fa1fd880-e221-470f-ab06-11ed38d67bcb None None] Starting request: 10.222.0.23 "GET /placement/allocations/b2576b00-d87b-444a-a7a5-b468fda2807a" {{(pid=105524) __call__ /opt/stack/placement/placement/requestlog.py:55}}
Jun 17 11:20:21.135086 n-d-846292-2 devstack@placement-api.service[105524]: INFO placement.requestlog [req-8ca44ee3-b31b-445d-8117-f930417e822c req-fa1fd880-e221-470f-ab06-11ed38d67bcb service placement] 10.222.0.23 "GET /placement/allocations/b2576b00-d87b-444a-a7a5-b468fda2807a" status: 200 len: 19 microversion: 1.28
Jun 17 11:20:21.141823 n-d-846292-2 devstack@placement-api.service[105524]: [pid: 105524|app: 0|req: 363/735] 10.222.0.23 () {60 vars in 1380 bytes} [Fri Jun 17 11:20:21 2022] GET /placement/allocations/b2576b00-d87b-444a-a7a5-b468fda2807a => generated 19 bytes in 26 msecs (HTTP/1.1 200) 8 headers in 295 bytes (1 switches on core 0)
Jun 17 11:20:21.146517 n-d-846292-2 devstack@placement-api.service[105525]: DEBUG placement.requestlog [req-8ca44ee3-b31b-445d-8117-f930417e822c req-2cb60fad-4060-40b6-ab02-ed2e5bcc4a78 None None] Starting request: 10.222.0.23 "PUT /placement/allocations/b2576b00-d87b-444a-a7a5-b468fda2807a" {{(pid=105525) __call__ /opt/stack/placement/placement/requestlog.py:55}}
Jun 17 11:20:21.545822 n-d-846292-2 devstack@placement-api.service[105524]: DEBUG placement.requestlog [None req-0a50a660-a956-4412-ae28-02e84f485e0a None None] Starting request: 10.222.0.23 "GET /placement/resource_providers/d5edc8ce-7762-4927-866c-2711d888effb/aggregates" {{(pid=105524) __call__ /opt/stack/placement/placement/requestlog.py:55}}
Jun 17 11:20:21.560514 n-d-846292-2 devstack@placement-api.service[105524]: INFO placement.requestlog [None req-0a50a660-a956-4412-ae28-02e84f485e0a service placement] 10.222.0.23 "GET /placement/resource_providers/d5edc8ce-7762-4927-866c-2711d888effb/aggregates" status: 404 len: 235 microversion: 1.1
Jun 17 11:20:21.561791 n-d-846292-2 devstack@placement-api.service[105524]: [pid: 105524|app: 0|req: 364/736] 10.222.0.23 () {58 vars in 1362 bytes} [Fri Jun 17 11:20:21 2022] GET /placement/resource_providers/d5edc8ce-7762-4927-866c-2711d888effb/aggregates => generated 235 bytes in 19 msecs (HTTP/1.1 404) 5 headers in 202 bytes (2 switches on core 0)
Jun 17 11:20:21.572089 n-d-846292-2 devstack@placement-api.service[105525]: DEBUG placement.handlers.allocation [req-8ca44ee3-b31b-445d-8117-f930417e822c req-2cb60fad-4060-40b6-ab02-ed2e5bcc4a78 service placement] Successfully wrote allocations [, ] {{(pid=105525) _update_consumers_and_create_allocations /opt/stack/placement/placement/handlers/allocation.py:462}}
Jun 17 11:20:21.583077 n-d-846292-2 devstack@placement-api.service[105524]: DEBUG placement.requestlog [None req-59b7d4e2-fd17-46ba-9eb3-84ed3a5ce95e None None] Starting request: 10.222.0.23 "DELETE /placement/resource_providers/d5edc8ce-7762-4927-866c-2711d888effb" {{(pid=105524) __call__ /opt/stack/placement/placement/requestlog.py:55}}
Jun 17 11:20:21.599344 n-d-846292-2 devstack@placement-api.service[105524]: DEBUG placement.wsgi_wrapper [None req-59b7d4e2-fd17-46ba-9eb3-84ed3a5ce95e service placement] Placement API returning an error response: No resource provider with uuid d5edc8ce-7762-4927-866c-2711d888effb found for delete {{(pid=105524) call_func /opt/stack/placement/placement/wsgi_wrapper.py:31}}
Jun 17 11:20:21.600251 n-d-846292-2 devstack@placement-api.service[105524]: INFO placement.requestlog [None req-59b7d4e2-fd17-46ba-9eb3-84ed3a5ce95e service placement] 10.222.0.23 "DELETE /placement/resource_providers/d5edc8ce-7762-4927-866c-2711d888effb" status: 404 len: 246 microversion: 1.1
Jun 17 11:20:21.601068 n-d-846292-2 devstack@placement-api.service[105524]: [pid: 105524|app: 0|req: 365/737] 10.222.0.23 () {60 vars in 1351 bytes} [Fri Jun 17 11:20:21 2022] DELETE /placement/resource_providers/d5edc8ce-7762-4927-866c-2711d888effb => generated 246 bytes in 23 msecs (HTTP/1.1 404) 6 headers in 231 bytes (1 switches on core 0)
Jun 17 11:20:22.317804 n-d-846292-2 devstack@placement-api.service[105525]: INFO placement.requestlog [req-8ca44ee3-b31b-445d-8117-f930417e822c req-2cb60fad-4060-40b6-ab02-ed2e5bcc4a78 service placement] 10.222.0.23 "PUT /placement/allocations/b2576b00-d87b-444a-a7a5-b468fda2807a" status: 204 len: 0 microversion: 1.36
Jun 17 11:20:22.318324 n-d-846292-2 devstack@placement-api.service[105525]: [pid: 105525|app: 0|req: 373/738] 10.222.0.23 () {64 vars in 1433 bytes} [Fri Jun 17 11:20:21 2022] PUT /placement/allocations/b2576b00-d87b-444a-a7a5-b468fda2807a => generated 0 bytes in 1172 msecs (HTTP/1.1 204) 5 headers in 199 bytes (1 switches on core 0)
Jun 17 11:20:22.740212 n-d-846292-2 devstack@placement-api.service[105524]: DEBUG placement.requestlog [None req-f8f2509c-e495-4ef2-bea2-42c5e1937055 None None] Starting request: 10.222.0.23 "GET /placement/resource_providers/573f4675-2c9d-48a6-a9b3-ef6ca5036760/aggregates" {{(pid=105524) __call__ /opt/stack/placement/placement/requestlog.py:55}}
Jun 17 11:20:22.753198 n-d-846292-2 devstack@placement-api.service[105524]: INFO placement.requestlog [None req-f8f2509c-e495-4ef2-bea2-42c5e1937055 service placement] 10.222.0.23 "GET /placement/resource_providers/573f4675-2c9d-48a6-a9b3-ef6ca5036760/aggregates" status: 404 len: 235 microversion: 1.1
Jun 17 11:20:22.753911 n-d-846292-2 devstack@placement-api.service[105524]: [pid: 105524|app: 0|req: 366/739] 10.222.0.23 () {58 vars in 1362 bytes} [Fri Jun 17 11:20:22 2022] GET /placement/resource_providers/573f4675-2c9d-48a6-a9b3-ef6ca5036760/aggregates => generated 235 bytes in 14 msecs (HTTP/1.1 404) 5 headers in 202 bytes (1 switches on core 0)
Jun 17 11:20:22.781601 n-d-846292-2 devstack@placement-api.service[105525]: DEBUG placement.requestlog [None req-bfb42230-0f2f-4c51-85e7-ff4f13a8a998 None None] Starting request: 10.222.0.23 "DELETE /placement/resource_providers/573f4675-2c9d-48a6-a9b3-ef6ca5036760" {{(pid=105525) __call__ /opt/stack/placement/placement/requestlog.py:55}}
Jun 17 11:20:22.803805 n-d-846292-2 devstack@placement-api.service[105525]: DEBUG placement.wsgi_wrapper [None req-bfb42230-0f2f-4c51-85e7-ff4f13a8a998 service placement] Placement API returning an error response: No resource provider with uuid 573f4675-2c9d-48a6-a9b3-ef6ca5036760 found for delete {{(pid=105525) call_func /opt/stack/placement/placement/wsgi_wrapper.py:31}}
Jun 17 11:20:22.803805 n-d-846292-2 devstack@placement-api.service[105525]: INFO placement.requestlog [None req-bfb42230-0f2f-4c51-85e7-ff4f13a8a998 service placement] 10.222.0.23 "DELETE /placement/resource_providers/573f4675-2c9d-48a6-a9b3-ef6ca5036760" status: 404 len: 246 microversion: 1.1
Jun 17 11:20:22.803805 n-d-846292-2 devstack@placement-api.service[105525]: [pid: 105525|app: 0|req: 374/740] 10.222.0.23 () {60 vars in 1351 bytes} [Fri Jun 17 11:20:22 2022] DELETE /placement/resource_providers/573f4675-2c9d-48a6-a9b3-ef6ca5036760 => generated 246 bytes in 20 msecs (HTTP/1.1 404) 6 headers in 231 bytes (2 switches on core 0)
Jun 17 11:20:23.419635 n-d-846292-2 devstack@placement-api.service[105524]: DEBUG placement.requestlog [req-2e45fc3e-ae5a-460b-9881-65ba2ee6c47f req-b01366c5-1d69-4694-b661-0b88b6aa5cf9 None None] Starting request: 10.222.0.49 "DELETE /placement/allocations/b35c6f20-2e4e-4c6a-bc71-228013b40e37" {{(pid=105524) __call__ /opt/stack/placement/placement/requestlog.py:55}}
Jun 17 11:20:23.614431 n-d-846292-2 devstack@placement-api.service[105524]: DEBUG placement.handlers.allocation [req-2e45fc3e-ae5a-460b-9881-65ba2ee6c47f req-b01366c5-1d69-4694-b661-0b88b6aa5cf9 service placement] Successfully deleted allocations [, , ] {{(pid=105524) delete_allocations /opt/stack/placement/placement/handlers/allocation.py:627}}
Jun 17 11:20:23.614943 n-d-846292-2 devstack@placement-api.service[105524]: INFO placement.requestlog [req-2e45fc3e-ae5a-460b-9881-65ba2ee6c47f req-b01366c5-1d69-4694-b661-0b88b6aa5cf9 service placement] 10.222.0.49 "DELETE /placement/allocations/b35c6f20-2e4e-4c6a-bc71-228013b40e37" status: 204 len: 0 microversion: 1.0
Jun 17 11:20:23.616047 n-d-846292-2 devstack@placement-api.service[105524]: [pid: 105524|app: 0|req: 367/741] 10.222.0.49 () {60 vars in 1355 bytes} [Fri Jun 17 11:20:23 2022] DELETE /placement/allocations/b35c6f20-2e4e-4c6a-bc71-228013b40e37 => generated 0 bytes in 197 msecs (HTTP/1.1 204) 5 headers in 198 bytes (1 switches on core 0)
Jun 17 11:20:23.963447 n-d-846292-2 devstack@placement-api.service[105525]: DEBUG placement.requestlog [req-8ca44ee3-b31b-445d-8117-f930417e822c req-e0c1000b-961d-4e17-891d-65b68d416e63 None None] Starting request: 10.222.0.58 "GET /placement/allocations/b2576b00-d87b-444a-a7a5-b468fda2807a" {{(pid=105525) __call__ /opt/stack/placement/placement/requestlog.py:55}}
Jun 17 11:20:23.981081 n-d-846292-2 devstack@placement-api.service[105525]: INFO placement.requestlog [req-8ca44ee3-b31b-445d-8117-f930417e822c req-e0c1000b-961d-4e17-891d-65b68d416e63 service placement] 10.222.0.58 "GET /placement/allocations/b2576b00-d87b-444a-a7a5-b468fda2807a" status: 200 len: 245 microversion: 1.28
Jun 17 11:20:23.982097 n-d-846292-2 devstack@placement-api.service[105525]: [pid: 105525|app: 0|req: 375/742] 10.222.0.58 () {60 vars in 1377 bytes} [Fri Jun 17 11:20:23 2022] GET /placement/allocations/b2576b00-d87b-444a-a7a5-b468fda2807a => generated 245 bytes in 19 msecs (HTTP/1.1 200) 8 headers in 296 bytes (1 switches on core 0)
Jun 17 11:20:31.733104 n-d-846292-2 devstack@placement-api.service[105524]: DEBUG placement.requestlog [req-082bbc5a-80f7-4a75-a364-b54db6f5f234 req-e9627e83-173e-4f86-a6d7-93aa6e7ada42 None None] Starting request: 10.222.0.23 "GET /placement/allocation_candidates?limit=1000&resources=DISK_GB%3A1%2CMEMORY_MB%3A1024%2CVCPU%3A1&root_required=%21COMPUTE_STATUS_DISABLED" {{(pid=105524) __call__ /opt/stack/placement/placement/requestlog.py:55}}
Jun 17 11:20:31.845517 n-d-846292-2 devstack@placement-api.service[105524]: DEBUG placement.objects.research_context [req-082bbc5a-80f7-4a75-a364-b54db6f5f234 req-e9627e83-173e-4f86-a6d7-93aa6e7ada42 service placement] getting providers with 1 DISK_GB {{(pid=105524) __init__ /opt/stack/placement/placement/objects/research_context.py:136}}
Jun 17 11:20:31.872217 n-d-846292-2 devstack@placement-api.service[105524]: DEBUG placement.objects.research_context [req-082bbc5a-80f7-4a75-a364-b54db6f5f234 req-e9627e83-173e-4f86-a6d7-93aa6e7ada42 service placement] getting providers with 1024 MEMORY_MB {{(pid=105524) __init__ /opt/stack/placement/placement/objects/research_context.py:136}}
Jun 17 11:20:31.896034 n-d-846292-2 devstack@placement-api.service[105524]: DEBUG placement.objects.research_context [req-082bbc5a-80f7-4a75-a364-b54db6f5f234 req-e9627e83-173e-4f86-a6d7-93aa6e7ada42 service placement] getting providers with 1 VCPU {{(pid=105524) __init__ /opt/stack/placement/placement/objects/research_context.py:136}}
Jun 17 11:20:31.903696 n-d-846292-2 devstack@placement-api.service[105524]: DEBUG placement.objects.research_context [req-082bbc5a-80f7-4a75-a364-b54db6f5f234 req-e9627e83-173e-4f86-a6d7-93aa6e7ada42 service placement] found 2 providers with available 1 DISK_GB {{(pid=105524) get_provider_ids_matching /opt/stack/placement/placement/objects/research_context.py:563}}
Jun 17 11:20:31.904522 n-d-846292-2 devstack@placement-api.service[105524]: DEBUG placement.objects.research_context [req-082bbc5a-80f7-4a75-a364-b54db6f5f234 req-e9627e83-173e-4f86-a6d7-93aa6e7ada42 service placement] found 2 providers with available 1024 MEMORY_MB {{(pid=105524) get_provider_ids_matching /opt/stack/placement/placement/objects/research_context.py:563}}
Jun 17 11:20:31.904980 n-d-846292-2 devstack@placement-api.service[105524]: DEBUG placement.objects.research_context [req-082bbc5a-80f7-4a75-a364-b54db6f5f234 req-e9627e83-173e-4f86-a6d7-93aa6e7ada42 service placement] found 2 providers after filtering by previous result {{(pid=105524) get_provider_ids_matching /opt/stack/placement/placement/objects/research_context.py:594}}
Jun 17 11:20:31.905725 n-d-846292-2 devstack@placement-api.service[105524]: DEBUG placement.objects.research_context [req-082bbc5a-80f7-4a75-a364-b54db6f5f234 req-e9627e83-173e-4f86-a6d7-93aa6e7ada42 service placement] found 2 providers with available 1 VCPU {{(pid=105524) get_provider_ids_matching /opt/stack/placement/placement/objects/research_context.py:563}}
Jun 17 11:20:31.909626 n-d-846292-2 devstack@placement-api.service[105524]: DEBUG placement.objects.research_context [req-082bbc5a-80f7-4a75-a364-b54db6f5f234 req-e9627e83-173e-4f86-a6d7-93aa6e7ada42 service placement] found 2 providers after filtering by previous result {{(pid=105524) get_provider_ids_matching /opt/stack/placement/placement/objects/research_context.py:594}}
Jun 17 11:20:31.923523 n-d-846292-2 devstack@placement-api.service[105524]: DEBUG placement.objects.allocation_candidate [req-082bbc5a-80f7-4a75-a364-b54db6f5f234 req-e9627e83-173e-4f86-a6d7-93aa6e7ada42 service placement] RequestGroup(use_same_provider=False, resources={DISK_GB:1, MEMORY_MB:1024, VCPU:1}, traits=(), aggregates=[]) (suffix '') returned 2 matches {{(pid=105524) _get_by_requests /opt/stack/placement/placement/objects/allocation_candidate.py:156}}
Jun 17 11:20:31.924727 n-d-846292-2 devstack@placement-api.service[105524]: DEBUG placement.objects.allocation_candidate [req-082bbc5a-80f7-4a75-a364-b54db6f5f234 req-e9627e83-173e-4f86-a6d7-93aa6e7ada42 service placement] Merging candidates yields 2 allocation requests and 2 provider summaries {{(pid=105524) _merge_candidates /opt/stack/placement/placement/objects/allocation_candidate.py:809}}
Jun 17 11:20:31.928275 n-d-846292-2 devstack@placement-api.service[105524]: INFO placement.requestlog [req-082bbc5a-80f7-4a75-a364-b54db6f5f234 req-e9627e83-173e-4f86-a6d7-93aa6e7ada42 service placement] 10.222.0.23 "GET /placement/allocation_candidates?limit=1000&resources=DISK_GB%3A1%2CMEMORY_MB%3A1024%2CVCPU%3A1&root_required=%21COMPUTE_STATUS_DISABLED" status: 200 len: 1309 microversion: 1.36
Jun 17 11:20:31.929313 n-d-846292-2 devstack@placement-api.service[105524]: [pid: 105524|app: 0|req: 368/743] 10.222.0.23 () {60 vars in 1506 bytes} [Fri Jun 17 11:20:31 2022] GET /placement/allocation_candidates?limit=1000&resources=DISK_GB%3A1%2CMEMORY_MB%3A1024%2CVCPU%3A1&root_required=%21COMPUTE_STATUS_DISABLED => generated 1309 bytes in 197 msecs (HTTP/1.1 200) 8 headers in 297 bytes (1 switches on core 0)
Jun 17 11:20:32.020316 n-d-846292-2 devstack@placement-api.service[105525]: DEBUG placement.requestlog [req-6302f2fa-6fc6-48d9-8593-808f1a08f6f4 req-b31e154b-329d-4d2f-858e-9882817d822e None None] Starting request: 10.222.0.58 "GET /placement/allocations/8bf8212c-7ee6-4811-ba46-72a57ab8292f" {{(pid=105525) __call__ /opt/stack/placement/placement/requestlog.py:55}}
Jun 17 11:20:32.061119 n-d-846292-2 devstack@placement-api.service[105525]: INFO placement.requestlog [req-6302f2fa-6fc6-48d9-8593-808f1a08f6f4 req-b31e154b-329d-4d2f-858e-9882817d822e service placement] 10.222.0.58 "GET /placement/allocations/8bf8212c-7ee6-4811-ba46-72a57ab8292f" status: 200 len: 258 microversion: 1.28
Jun 17 11:20:32.062575 n-d-846292-2 devstack@placement-api.service[105525]: [pid: 105525|app: 0|req: 376/744] 10.222.0.58 () {60 vars in 1377 bytes} [Fri Jun 17 11:20:32 2022] GET /placement/allocations/8bf8212c-7ee6-4811-ba46-72a57ab8292f => generated 258 bytes in 43 msecs (HTTP/1.1 200) 8 headers in 296 bytes (1 switches on core 0)
Jun 17 11:20:32.106987 n-d-846292-2 devstack@placement-api.service[105524]: DEBUG placement.requestlog [req-082bbc5a-80f7-4a75-a364-b54db6f5f234 req-9a43a6f5-cb5a-44d2-a53b-40ef0da97a07 None None] Starting request: 10.222.0.23 "GET /placement/allocations/ce26c15c-4a6f-422d-9c70-3938a4ec8735" {{(pid=105524) __call__ /opt/stack/placement/placement/requestlog.py:55}}
Jun 17 11:20:32.115637 n-d-846292-2 devstack@placement-api.service[105524]: INFO placement.requestlog [req-082bbc5a-80f7-4a75-a364-b54db6f5f234 req-9a43a6f5-cb5a-44d2-a53b-40ef0da97a07 service placement] 10.222.0.23 "GET /placement/allocations/ce26c15c-4a6f-422d-9c70-3938a4ec8735" status: 200 len: 19 microversion: 1.28
Jun 17 11:20:32.123777 n-d-846292-2 devstack@placement-api.service[105524]: [pid: 105524|app: 0|req: 369/745] 10.222.0.23 () {60 vars in 1380 bytes} [Fri Jun 17 11:20:32 2022] GET /placement/allocations/ce26c15c-4a6f-422d-9c70-3938a4ec8735 => generated 19 bytes in 24 msecs (HTTP/1.1 200) 8 headers in 295 bytes (1 switches on core 0)
Jun 17 11:20:32.132634 n-d-846292-2 devstack@placement-api.service[105525]: DEBUG placement.requestlog [req-082bbc5a-80f7-4a75-a364-b54db6f5f234 req-d9f40e8c-da71-4b71-8607-b95e0ad5440d None None] Starting request: 10.222.0.23 "PUT /placement/allocations/ce26c15c-4a6f-422d-9c70-3938a4ec8735" {{(pid=105525) __call__ /opt/stack/placement/placement/requestlog.py:55}}
Jun 17 11:20:32.335332 n-d-846292-2 devstack@placement-api.service[105525]: DEBUG placement.handlers.allocation [req-082bbc5a-80f7-4a75-a364-b54db6f5f234 req-d9f40e8c-da71-4b71-8607-b95e0ad5440d service placement] Successfully wrote allocations [, , ] {{(pid=105525) _update_consumers_and_create_allocations /opt/stack/placement/placement/handlers/allocation.py:462}}
Jun 17 11:20:32.405379 n-d-846292-2 devstack@placement-api.service[105525]: INFO placement.requestlog [req-082bbc5a-80f7-4a75-a364-b54db6f5f234 req-d9f40e8c-da71-4b71-8607-b95e0ad5440d service placement] 10.222.0.23 "PUT /placement/allocations/ce26c15c-4a6f-422d-9c70-3938a4ec8735" status: 204 len: 0 microversion: 1.36
Jun 17 11:20:32.406687 n-d-846292-2 devstack@placement-api.service[105525]: [pid: 105525|app: 0|req: 377/746] 10.222.0.23 () {64 vars in 1433 bytes} [Fri Jun 17 11:20:32 2022] PUT /placement/allocations/ce26c15c-4a6f-422d-9c70-3938a4ec8735 => generated 0 bytes in 274 msecs (HTTP/1.1 204) 5 headers in 199 bytes (3 switches on core 0)
Jun 17 11:20:35.202405 n-d-846292-2 devstack@placement-api.service[105524]: DEBUG placement.requestlog [None req-7c596d01-18bc-48fa-9c08-bd91798656d4 None None] Starting request: 10.222.0.23 "GET /placement/resource_providers/738d295f-7dc9-476d-ba00-9047d304f10e/aggregates" {{(pid=105524) __call__ /opt/stack/placement/placement/requestlog.py:55}}
Jun 17 11:20:35.212299 n-d-846292-2 devstack@placement-api.service[105524]: DEBUG dbcounter [-] [105524] Writing DB stats placement:SELECT=72,placement:INSERT=4,placement:DELETE=7,placement:UPDATE=3 {{(pid=105524) stat_writer /usr/local/lib/python3.8/dist-packages/dbcounter.py:114}}
Jun 17 11:20:35.222668 n-d-846292-2 devstack@placement-api.service[105524]: INFO placement.requestlog [None req-7c596d01-18bc-48fa-9c08-bd91798656d4 service placement] 10.222.0.23 "GET /placement/resource_providers/738d295f-7dc9-476d-ba00-9047d304f10e/aggregates" status: 404 len: 235 microversion: 1.1
Jun 17 11:20:35.223725 n-d-846292-2 devstack@placement-api.service[105524]: [pid: 105524|app: 0|req: 370/747] 10.222.0.23 () {58 vars in 1362 bytes} [Fri Jun 17 11:20:35 2022] GET /placement/resource_providers/738d295f-7dc9-476d-ba00-9047d304f10e/aggregates => generated 235 bytes in 22 msecs (HTTP/1.1 404) 5 headers in 202 bytes (1 switches on core 0)
Jun 17 11:20:35.239520 n-d-846292-2 devstack@placement-api.service[105525]: DEBUG placement.requestlog [req-082bbc5a-80f7-4a75-a364-b54db6f5f234 req-622af1c1-6d7c-488b-91b6-9a64ec5d13e5 None None] Starting request: 10.222.0.58 "GET /placement/allocations/ce26c15c-4a6f-422d-9c70-3938a4ec8735" {{(pid=105525) __call__ /opt/stack/placement/placement/requestlog.py:55}}
Jun 17 11:20:35.249061 n-d-846292-2 devstack@placement-api.service[105524]: DEBUG placement.requestlog [None req-a10bdba6-f11b-4c21-9c56-55dd8a6631b2 None None] Starting request: 10.222.0.23 "DELETE /placement/resource_providers/738d295f-7dc9-476d-ba00-9047d304f10e" {{(pid=105524) __call__ /opt/stack/placement/placement/requestlog.py:55}}
Jun 17 11:20:35.268806 n-d-846292-2 devstack@placement-api.service[105524]: DEBUG placement.wsgi_wrapper [None req-a10bdba6-f11b-4c21-9c56-55dd8a6631b2 service placement] Placement API returning an error response: No resource provider with uuid 738d295f-7dc9-476d-ba00-9047d304f10e found for delete {{(pid=105524) call_func /opt/stack/placement/placement/wsgi_wrapper.py:31}}
Jun 17 11:20:35.274579 n-d-846292-2 devstack@placement-api.service[105524]: INFO placement.requestlog [None req-a10bdba6-f11b-4c21-9c56-55dd8a6631b2 service placement] 10.222.0.23 "DELETE /placement/resource_providers/738d295f-7dc9-476d-ba00-9047d304f10e" status: 404 len: 246 microversion: 1.1
Jun 17 11:20:35.275498 n-d-846292-2 devstack@placement-api.service[105524]: [pid: 105524|app: 0|req: 371/748] 10.222.0.23 () {60 vars in 1351 bytes} [Fri Jun 17 11:20:35 2022] DELETE /placement/resource_providers/738d295f-7dc9-476d-ba00-9047d304f10e => generated 246 bytes in 27 msecs (HTTP/1.1 404) 6 headers in 231 bytes (2 switches on core 0)
Jun 17 11:20:35.288586 n-d-846292-2 devstack@placement-api.service[105525]: INFO placement.requestlog [req-082bbc5a-80f7-4a75-a364-b54db6f5f234 req-622af1c1-6d7c-488b-91b6-9a64ec5d13e5 service placement] 10.222.0.58 "GET /placement/allocations/ce26c15c-4a6f-422d-9c70-3938a4ec8735" status: 200 len: 259 microversion: 1.28
Jun 17 11:20:35.289279 n-d-846292-2 devstack@placement-api.service[105525]: [pid: 105525|app: 0|req: 378/749] 10.222.0.58 () {60 vars in 1377 bytes} [Fri Jun 17 11:20:35 2022] GET /placement/allocations/ce26c15c-4a6f-422d-9c70-3938a4ec8735 => generated 259 bytes in 50 msecs (HTTP/1.1 200) 8 headers in 296 bytes (1 switches on core 0)
Jun 17 11:20:40.405657 n-d-846292-2 devstack@placement-api.service[105524]: DEBUG placement.requestlog [req-deb8f914-3b7f-423c-8d8e-a9f687f8e060 req-d995f970-3226-4494-8f6a-32609ed5f6df None None] Starting request: 10.222.0.49 "DELETE /placement/allocations/d68e9fa4-d4cd-46dc-8a42-9f05849c1407" {{(pid=105524) __call__ /opt/stack/placement/placement/requestlog.py:55}}
Jun 17 11:20:40.616886 n-d-846292-2 devstack@placement-api.service[105524]: DEBUG placement.handlers.allocation [req-deb8f914-3b7f-423c-8d8e-a9f687f8e060 req-d995f970-3226-4494-8f6a-32609ed5f6df service placement] Successfully deleted allocations [, , ] {{(pid=105524) delete_allocations /opt/stack/placement/placement/handlers/allocation.py:627}}
Jun 17 11:20:40.617386 n-d-846292-2 devstack@placement-api.service[105524]: INFO placement.requestlog [req-deb8f914-3b7f-423c-8d8e-a9f687f8e060 req-d995f970-3226-4494-8f6a-32609ed5f6df service placement] 10.222.0.49 "DELETE /placement/allocations/d68e9fa4-d4cd-46dc-8a42-9f05849c1407" status: 204 len: 0 microversion: 1.0
Jun 17 11:20:40.617793 n-d-846292-2 devstack@placement-api.service[105524]: [pid: 105524|app: 0|req: 372/750] 10.222.0.49 () {60 vars in 1355 bytes} [Fri Jun 17 11:20:40 2022] DELETE /placement/allocations/d68e9fa4-d4cd-46dc-8a42-9f05849c1407 => generated 0 bytes in 213 msecs (HTTP/1.1 204) 5 headers in 198 bytes (1 switches on core 0)
Jun 17 11:20:42.729893 n-d-846292-2 devstack@placement-api.service[105525]: DEBUG placement.requestlog [req-7b871d3b-483f-4795-9bcd-3fdfa97bf6fd req-ded10c1d-23d8-42ad-8ae5-c26881f0fc0b None None] Starting request: 10.222.0.58 "GET /placement/allocations/c89a3530-9497-436a-a2ab-de66ec84d8ac" {{(pid=105525) __call__ /opt/stack/placement/placement/requestlog.py:55}}
Jun 17 11:20:42.776275 n-d-846292-2 devstack@placement-api.service[105525]: INFO placement.requestlog [req-7b871d3b-483f-4795-9bcd-3fdfa97bf6fd req-ded10c1d-23d8-42ad-8ae5-c26881f0fc0b service placement] 10.222.0.58 "GET /placement/allocations/c89a3530-9497-436a-a2ab-de66ec84d8ac" status: 200 len: 259 microversion: 1.28
Jun 17 11:20:42.776917 n-d-846292-2 devstack@placement-api.service[105525]: [pid: 105525|app: 0|req: 379/751] 10.222.0.58 () {60 vars in 1377 bytes} [Fri Jun 17 11:20:42 2022] GET /placement/allocations/c89a3530-9497-436a-a2ab-de66ec84d8ac => generated 259 bytes in 49 msecs (HTTP/1.1 200) 8 headers in 296 bytes (1 switches on core 0)
Jun 17 11:20:42.786842 n-d-846292-2 devstack@placement-api.service[105524]: DEBUG placement.requestlog [req-7b871d3b-483f-4795-9bcd-3fdfa97bf6fd req-566b323f-b5db-4a21-8971-8a89f00c096f None None] Starting request: 10.222.0.58 "GET /placement/allocations/c89a3530-9497-436a-a2ab-de66ec84d8ac" {{(pid=105524) __call__ /opt/stack/placement/placement/requestlog.py:55}}
Jun 17 11:20:42.819024 n-d-846292-2 devstack@placement-api.service[105524]: INFO placement.requestlog [req-7b871d3b-483f-4795-9bcd-3fdfa97bf6fd req-566b323f-b5db-4a21-8971-8a89f00c096f service placement] 10.222.0.58 "GET /placement/allocations/c89a3530-9497-436a-a2ab-de66ec84d8ac" status: 200 len: 259 microversion: 1.28
Jun 17 11:20:42.821229 n-d-846292-2 devstack@placement-api.service[105524]: [pid: 105524|app: 0|req: 373/752] 10.222.0.58 () {60 vars in 1377 bytes} [Fri Jun 17 11:20:42 2022] GET /placement/allocations/c89a3530-9497-436a-a2ab-de66ec84d8ac => generated 259 bytes in 34 msecs (HTTP/1.1 200) 8 headers in 296 bytes (2 switches on core 0)
Jun 17 11:20:42.827673 n-d-846292-2 devstack@placement-api.service[105525]: DEBUG placement.requestlog [req-7b871d3b-483f-4795-9bcd-3fdfa97bf6fd req-03006f6a-9470-4dfb-b740-220d83fb89ac None None] Starting request: 10.222.0.58 "GET /placement/allocations/8bf8212c-7ee6-4811-ba46-72a57ab8292f" {{(pid=105525) __call__ /opt/stack/placement/placement/requestlog.py:55}}
Jun 17 11:20:42.875036 n-d-846292-2 devstack@placement-api.service[105525]: INFO placement.requestlog [req-7b871d3b-483f-4795-9bcd-3fdfa97bf6fd req-03006f6a-9470-4dfb-b740-220d83fb89ac service placement] 10.222.0.58 "GET /placement/allocations/8bf8212c-7ee6-4811-ba46-72a57ab8292f" status: 200 len: 258 microversion: 1.28
Jun 17 11:20:42.875434 n-d-846292-2 devstack@placement-api.service[105525]: [pid: 105525|app: 0|req: 380/753] 10.222.0.58 () {60 vars in 1377 bytes} [Fri Jun 17 11:20:42 2022] GET /placement/allocations/8bf8212c-7ee6-4811-ba46-72a57ab8292f => generated 258 bytes in 48 msecs (HTTP/1.1 200) 8 headers in 296 bytes (1 switches on core 0)
Jun 17 11:20:42.883736 n-d-846292-2 devstack@placement-api.service[105524]: DEBUG placement.requestlog [req-7b871d3b-483f-4795-9bcd-3fdfa97bf6fd req-fb46f932-0b08-4102-bb23-c5719554d26e None None] Starting request: 10.222.0.58 "POST /placement/allocations" {{(pid=105524) __call__ /opt/stack/placement/placement/requestlog.py:55}}
Jun 17 11:20:43.137271 n-d-846292-2 devstack@placement-api.service[105524]: DEBUG placement.handlers.allocation [req-7b871d3b-483f-4795-9bcd-3fdfa97bf6fd req-fb46f932-0b08-4102-bb23-c5719554d26e service placement] Successfully wrote allocations [, , , , , ] {{(pid=105524) _update_consumers_and_create_allocations /opt/stack/placement/placement/handlers/allocation.py:572}}
Jun 17 11:20:43.234626 n-d-846292-2 devstack@placement-api.service[105524]: INFO placement.requestlog [req-7b871d3b-483f-4795-9bcd-3fdfa97bf6fd req-fb46f932-0b08-4102-bb23-c5719554d26e service placement] 10.222.0.58 "POST /placement/allocations" status: 204 len: 0 microversion: 1.28
Jun 17 11:20:43.235153 n-d-846292-2 devstack@placement-api.service[105524]: [pid: 105524|app: 0|req: 374/754] 10.222.0.58 () {64 vars in 1320 bytes} [Fri Jun 17 11:20:42 2022] POST /placement/allocations => generated 0 bytes in 352 msecs (HTTP/1.1 204) 5 headers in 199 bytes (1 switches on core 0)
Jun 17 11:20:43.611282 n-d-846292-2 devstack@placement-api.service[105525]: DEBUG placement.requestlog [req-f8b6c728-b44c-437a-ba91-c550dfad9583 req-3b21dc9d-0d20-41bc-9edf-9304d42faa16 None None] Starting request: 10.222.0.23 "GET /placement/allocation_candidates?limit=1000&resources=DISK_GB%3A1%2CMEMORY_MB%3A1024%2CVCPU%3A1&root_required=%21COMPUTE_STATUS_DISABLED" {{(pid=105525) __call__ /opt/stack/placement/placement/requestlog.py:55}}
Jun 17 11:20:43.744001 n-d-846292-2 devstack@placement-api.service[105525]: DEBUG placement.objects.research_context [req-f8b6c728-b44c-437a-ba91-c550dfad9583 req-3b21dc9d-0d20-41bc-9edf-9304d42faa16 service placement] getting providers with 1 DISK_GB {{(pid=105525) __init__ /opt/stack/placement/placement/objects/research_context.py:136}}
Jun 17 11:20:43.780168 n-d-846292-2 devstack@placement-api.service[105525]: DEBUG placement.objects.research_context [req-f8b6c728-b44c-437a-ba91-c550dfad9583 req-3b21dc9d-0d20-41bc-9edf-9304d42faa16 service placement] getting providers with 1024 MEMORY_MB {{(pid=105525) __init__ /opt/stack/placement/placement/objects/research_context.py:136}}
Jun 17 11:20:43.810632 n-d-846292-2 devstack@placement-api.service[105525]: DEBUG placement.objects.research_context [req-f8b6c728-b44c-437a-ba91-c550dfad9583 req-3b21dc9d-0d20-41bc-9edf-9304d42faa16 service placement] getting providers with 1 VCPU {{(pid=105525) __init__ /opt/stack/placement/placement/objects/research_context.py:136}}
Jun 17 11:20:43.829482 n-d-846292-2 devstack@placement-api.service[105525]: DEBUG placement.objects.research_context [req-f8b6c728-b44c-437a-ba91-c550dfad9583 req-3b21dc9d-0d20-41bc-9edf-9304d42faa16 service placement] found 2 providers with available 1 DISK_GB {{(pid=105525) get_provider_ids_matching /opt/stack/placement/placement/objects/research_context.py:563}}
Jun 17 11:20:43.829769 n-d-846292-2 devstack@placement-api.service[105525]: DEBUG placement.objects.research_context [req-f8b6c728-b44c-437a-ba91-c550dfad9583 req-3b21dc9d-0d20-41bc-9edf-9304d42faa16 service placement] found 2 providers with available 1024 MEMORY_MB {{(pid=105525) get_provider_ids_matching /opt/stack/placement/placement/objects/research_context.py:563}}
Jun 17 11:20:43.832550 n-d-846292-2 devstack@placement-api.service[105525]: DEBUG placement.objects.research_context [req-f8b6c728-b44c-437a-ba91-c550dfad9583 req-3b21dc9d-0d20-41bc-9edf-9304d42faa16 service placement] found 2 providers after filtering by previous result {{(pid=105525) get_provider_ids_matching /opt/stack/placement/placement/objects/research_context.py:594}}
Jun 17 11:20:43.834365 n-d-846292-2 devstack@placement-api.service[105525]: DEBUG placement.objects.research_context [req-f8b6c728-b44c-437a-ba91-c550dfad9583 req-3b21dc9d-0d20-41bc-9edf-9304d42faa16 service placement] found 2 providers with available 1 VCPU {{(pid=105525) get_provider_ids_matching /opt/stack/placement/placement/objects/research_context.py:563}}
Jun 17 11:20:43.834840 n-d-846292-2 devstack@placement-api.service[105525]: DEBUG placement.objects.research_context [req-f8b6c728-b44c-437a-ba91-c550dfad9583 req-3b21dc9d-0d20-41bc-9edf-9304d42faa16 service placement] found 2 providers after filtering by previous result {{(pid=105525) get_provider_ids_matching /opt/stack/placement/placement/objects/research_context.py:594}}
Jun 17 11:20:43.881269 n-d-846292-2 devstack@placement-api.service[105525]: DEBUG placement.objects.allocation_candidate [req-f8b6c728-b44c-437a-ba91-c550dfad9583 req-3b21dc9d-0d20-41bc-9edf-9304d42faa16 service placement] RequestGroup(use_same_provider=False, resources={DISK_GB:1, MEMORY_MB:1024, VCPU:1}, traits=(), aggregates=[]) (suffix '') returned 2 matches {{(pid=105525) _get_by_requests /opt/stack/placement/placement/objects/allocation_candidate.py:156}}
Jun 17 11:20:43.882493 n-d-846292-2 devstack@placement-api.service[105525]: DEBUG placement.objects.allocation_candidate [req-f8b6c728-b44c-437a-ba91-c550dfad9583 req-3b21dc9d-0d20-41bc-9edf-9304d42faa16 service placement] Merging candidates yields 2 allocation requests and 2 provider summaries {{(pid=105525) _merge_candidates /opt/stack/placement/placement/objects/allocation_candidate.py:809}}
Jun 17 11:20:43.890832 n-d-846292-2 devstack@placement-api.service[105525]: INFO placement.requestlog [req-f8b6c728-b44c-437a-ba91-c550dfad9583 req-3b21dc9d-0d20-41bc-9edf-9304d42faa16 service placement] 10.222.0.23 "GET /placement/allocation_candidates?limit=1000&resources=DISK_GB%3A1%2CMEMORY_MB%3A1024%2CVCPU%3A1&root_required=%21COMPUTE_STATUS_DISABLED" status: 200 len: 1309 microversion: 1.36
Jun 17 11:20:43.894966 n-d-846292-2 devstack@placement-api.service[105525]: [pid: 105525|app: 0|req: 381/755] 10.222.0.23 () {60 vars in 1506 bytes} [Fri Jun 17 11:20:43 2022] GET /placement/allocation_candidates?limit=1000&resources=DISK_GB%3A1%2CMEMORY_MB%3A1024%2CVCPU%3A1&root_required=%21COMPUTE_STATUS_DISABLED => generated 1309 bytes in 284 msecs (HTTP/1.1 200) 8 headers in 297 bytes (1 switches on core 0)
Jun 17 11:20:44.063685 n-d-846292-2 devstack@placement-api.service[105524]: DEBUG placement.requestlog [req-f8b6c728-b44c-437a-ba91-c550dfad9583 req-ae773870-d7ae-44d2-8a15-04fa86a12bb9 None None] Starting request: 10.222.0.23 "GET /placement/allocations/f840029c-a6e1-4efb-9095-eab24e84d060" {{(pid=105524) __call__ /opt/stack/placement/placement/requestlog.py:55}}
Jun 17 11:20:44.082902 n-d-846292-2 devstack@placement-api.service[105524]: INFO placement.requestlog [req-f8b6c728-b44c-437a-ba91-c550dfad9583 req-ae773870-d7ae-44d2-8a15-04fa86a12bb9 service placement] 10.222.0.23 "GET /placement/allocations/f840029c-a6e1-4efb-9095-eab24e84d060" status: 200 len: 19 microversion: 1.28
Jun 17 11:20:44.090602 n-d-846292-2 devstack@placement-api.service[105524]: [pid: 105524|app: 0|req: 375/756] 10.222.0.23 () {60 vars in 1380 bytes} [Fri Jun 17 11:20:44 2022] GET /placement/allocations/f840029c-a6e1-4efb-9095-eab24e84d060 => generated 19 bytes in 27 msecs (HTTP/1.1 200) 8 headers in 295 bytes (1 switches on core 0)
Jun 17 11:20:44.097085 n-d-846292-2 devstack@placement-api.service[105525]: DEBUG placement.requestlog [req-f8b6c728-b44c-437a-ba91-c550dfad9583 req-304e6473-9c75-4cd2-bdb2-9dc328ad2e84 None None] Starting request: 10.222.0.23 "PUT /placement/allocations/f840029c-a6e1-4efb-9095-eab24e84d060" {{(pid=105525) __call__ /opt/stack/placement/placement/requestlog.py:55}}
Jun 17 11:20:44.444043 n-d-846292-2 devstack@placement-api.service[105525]: DEBUG dbcounter [-] [105525] Writing DB stats placement:SELECT=81,placement:INSERT=11,placement:DELETE=4,placement:UPDATE=4 {{(pid=105525) stat_writer /usr/local/lib/python3.8/dist-packages/dbcounter.py:114}}
