Jun 17 11:32:21.727730 n-d-846292-2 devstack@placement-api.service[105524]: DEBUG placement.requestlog [req-ac20f271-fd3a-427f-8b37-13ec68d73390 req-358f4e60-9103-4a04-9394-b1fa8b68a350 None None] Starting request: 10.222.0.49 "GET /placement/resource_providers/ff8897c5-6c10-4ae0-843a-c9b79168b094/inventories" {{(pid=105524) __call__ /opt/stack/placement/placement/requestlog.py:55}}
Jun 17 11:32:21.761163 n-d-846292-2 devstack@placement-api.service[105524]: INFO placement.requestlog [req-ac20f271-fd3a-427f-8b37-13ec68d73390 req-358f4e60-9103-4a04-9394-b1fa8b68a350 service placement] 10.222.0.49 "GET /placement/resource_providers/ff8897c5-6c10-4ae0-843a-c9b79168b094/inventories" status: 200 len: 398 microversion: 1.0
Jun 17 11:32:21.765093 n-d-846292-2 devstack@placement-api.service[105524]: [pid: 105524|app: 0|req: 527/1058] 10.222.0.49 () {58 vars in 1390 bytes} [Fri Jun 17 11:32:21 2022] GET /placement/resource_providers/ff8897c5-6c10-4ae0-843a-c9b79168b094/inventories => generated 398 bytes in 35 msecs (HTTP/1.1 200) 6 headers in 224 bytes (1 switches on core 0)
Jun 17 11:32:21.770999 n-d-846292-2 devstack@placement-api.service[105525]: DEBUG placement.requestlog [req-ac20f271-fd3a-427f-8b37-13ec68d73390 req-1777f3b1-c93b-4a1e-97db-eea8b8c581e7 None None] Starting request: 10.222.0.49 "GET /placement/resource_providers/ff8897c5-6c10-4ae0-843a-c9b79168b094/aggregates" {{(pid=105525) __call__ /opt/stack/placement/placement/requestlog.py:55}}
Jun 17 11:32:21.796854 n-d-846292-2 devstack@placement-api.service[105525]: INFO placement.requestlog [req-ac20f271-fd3a-427f-8b37-13ec68d73390 req-1777f3b1-c93b-4a1e-97db-eea8b8c581e7 service placement] 10.222.0.49 "GET /placement/resource_providers/ff8897c5-6c10-4ae0-843a-c9b79168b094/aggregates" status: 200 len: 54 microversion: 1.19
Jun 17 11:32:21.797948 n-d-846292-2 devstack@placement-api.service[105525]: [pid: 105525|app: 0|req: 532/1059] 10.222.0.49 () {60 vars in 1431 bytes} [Fri Jun 17 11:32:21 2022] GET /placement/resource_providers/ff8897c5-6c10-4ae0-843a-c9b79168b094/aggregates => generated 54 bytes in 28 msecs (HTTP/1.1 200) 8 headers in 295 bytes (1 switches on core 0)
Jun 17 11:32:21.813025 n-d-846292-2 devstack@placement-api.service[105524]: DEBUG placement.requestlog [req-ac20f271-fd3a-427f-8b37-13ec68d73390 req-689f4df2-433d-42aa-85f7-adade7135eb9 None None] Starting request: 10.222.0.49 "GET /placement/resource_providers/ff8897c5-6c10-4ae0-843a-c9b79168b094/traits" {{(pid=105524) __call__ /opt/stack/placement/placement/requestlog.py:55}}
Jun 17 11:32:21.855869 n-d-846292-2 devstack@placement-api.service[105524]: INFO placement.requestlog [req-ac20f271-fd3a-427f-8b37-13ec68d73390 req-689f4df2-433d-42aa-85f7-adade7135eb9 service placement] 10.222.0.49 "GET /placement/resource_providers/ff8897c5-6c10-4ae0-843a-c9b79168b094/traits" status: 200 len: 212 microversion: 1.6
Jun 17 11:32:21.857851 n-d-846292-2 devstack@placement-api.service[105524]: [pid: 105524|app: 0|req: 528/1060] 10.222.0.49 () {60 vars in 1418 bytes} [Fri Jun 17 11:32:21 2022] GET /placement/resource_providers/ff8897c5-6c10-4ae0-843a-c9b79168b094/traits => generated 212 bytes in 45 msecs (HTTP/1.1 200) 6 headers in 224 bytes (1 switches on core 0)
Jun 17 11:32:25.332466 n-d-846292-2 devstack@placement-api.service[105525]: DEBUG placement.requestlog [req-3157a79c-7c76-4b83-91b7-994cd5df0c25 req-e1d05dd0-7b25-45e0-a158-42b337da28ba None None] Starting request: 10.222.0.49 "DELETE /placement/allocations/a0b18564-6a5b-4a7a-b75b-363ab918d108" {{(pid=105525) __call__ /opt/stack/placement/placement/requestlog.py:55}}
Jun 17 11:32:25.727582 n-d-846292-2 devstack@placement-api.service[105525]: DEBUG placement.handlers.allocation [req-3157a79c-7c76-4b83-91b7-994cd5df0c25 req-e1d05dd0-7b25-45e0-a158-42b337da28ba service placement] Successfully deleted allocations [, , ] {{(pid=105525) delete_allocations /opt/stack/placement/placement/handlers/allocation.py:627}}
Jun 17 11:32:25.728392 n-d-846292-2 devstack@placement-api.service[105525]: INFO placement.requestlog [req-3157a79c-7c76-4b83-91b7-994cd5df0c25 req-e1d05dd0-7b25-45e0-a158-42b337da28ba service placement] 10.222.0.49 "DELETE /placement/allocations/a0b18564-6a5b-4a7a-b75b-363ab918d108" status: 204 len: 0 microversion: 1.0
Jun 17 11:32:25.728926 n-d-846292-2 devstack@placement-api.service[105525]: [pid: 105525|app: 0|req: 533/1061] 10.222.0.49 () {60 vars in 1355 bytes} [Fri Jun 17 11:32:25 2022] DELETE /placement/allocations/a0b18564-6a5b-4a7a-b75b-363ab918d108 => generated 0 bytes in 397 msecs (HTTP/1.1 204) 5 headers in 198 bytes (2 switches on core 0)
Jun 17 11:32:35.194775 n-d-846292-2 devstack@placement-api.service[105524]: DEBUG dbcounter [-] [105524] Writing DB stats placement:SELECT=14 {{(pid=105524) stat_writer /usr/local/lib/python3.8/dist-packages/dbcounter.py:114}}
Jun 17 11:32:35.545659 n-d-846292-2 devstack@placement-api.service[105525]: DEBUG dbcounter [-] [105525] Writing DB stats placement:SELECT=64,placement:DELETE=6,placement:INSERT=4,placement:UPDATE=2 {{(pid=105525) stat_writer /usr/local/lib/python3.8/dist-packages/dbcounter.py:114}}
Jun 17 11:32:41.905804 n-d-846292-2 devstack@placement-api.service[105524]: DEBUG placement.requestlog [req-efefff20-d9ee-4f7f-9d7c-33f46036f747 req-603cf3fd-4931-4d2e-ba28-1d99db8c9159 None None] Starting request: 10.222.0.58 "DELETE /placement/allocations/badebed2-8416-44da-ab3e-e6bda200a21d" {{(pid=105524) __call__ /opt/stack/placement/placement/requestlog.py:55}}
Jun 17 11:32:42.127281 n-d-846292-2 devstack@placement-api.service[105524]: DEBUG placement.handlers.allocation [req-efefff20-d9ee-4f7f-9d7c-33f46036f747 req-603cf3fd-4931-4d2e-ba28-1d99db8c9159 service placement] Successfully deleted allocations [, , ] {{(pid=105524) delete_allocations /opt/stack/placement/placement/handlers/allocation.py:627}}
Jun 17 11:32:42.127781 n-d-846292-2 devstack@placement-api.service[105524]: INFO placement.requestlog [req-efefff20-d9ee-4f7f-9d7c-33f46036f747 req-603cf3fd-4931-4d2e-ba28-1d99db8c9159 service placement] 10.222.0.58 "DELETE /placement/allocations/badebed2-8416-44da-ab3e-e6bda200a21d" status: 204 len: 0 microversion: 1.0
Jun 17 11:32:42.128158 n-d-846292-2 devstack@placement-api.service[105524]: [pid: 105524|app: 0|req: 529/1062] 10.222.0.58 () {60 vars in 1355 bytes} [Fri Jun 17 11:32:41 2022] DELETE /placement/allocations/badebed2-8416-44da-ab3e-e6bda200a21d => generated 0 bytes in 223 msecs (HTTP/1.1 204) 5 headers in 198 bytes (1 switches on core 0)
Jun 17 11:32:44.317183 n-d-846292-2 devstack@placement-api.service[105525]: DEBUG placement.requestlog [req-5ed0c409-384f-45d6-9b47-b9e5912984df req-5bc31235-b2b2-4805-8831-404ba7a1e4d6 None None] Starting request: 10.222.0.58 "DELETE /placement/allocations/b96df973-fb07-4858-9062-aa776b5fb364" {{(pid=105525) __call__ /opt/stack/placement/placement/requestlog.py:55}}
Jun 17 11:32:44.716135 n-d-846292-2 devstack@placement-api.service[105525]: DEBUG placement.handlers.allocation [req-5ed0c409-384f-45d6-9b47-b9e5912984df req-5bc31235-b2b2-4805-8831-404ba7a1e4d6 service placement] Successfully deleted allocations [, , ] {{(pid=105525) delete_allocations /opt/stack/placement/placement/handlers/allocation.py:627}}
Jun 17 11:32:44.716566 n-d-846292-2 devstack@placement-api.service[105525]: INFO placement.requestlog [req-5ed0c409-384f-45d6-9b47-b9e5912984df req-5bc31235-b2b2-4805-8831-404ba7a1e4d6 service placement] 10.222.0.58 "DELETE /placement/allocations/b96df973-fb07-4858-9062-aa776b5fb364" status: 204 len: 0 microversion: 1.0
Jun 17 11:32:44.716948 n-d-846292-2 devstack@placement-api.service[105525]: [pid: 105525|app: 0|req: 534/1063] 10.222.0.58 () {60 vars in 1355 bytes} [Fri Jun 17 11:32:44 2022] DELETE /placement/allocations/b96df973-fb07-4858-9062-aa776b5fb364 => generated 0 bytes in 400 msecs (HTTP/1.1 204) 5 headers in 198 bytes (1 switches on core 0)
Jun 17 11:32:47.897508 n-d-846292-2 devstack@placement-api.service[105524]: DEBUG placement.requestlog [req-ac493e7a-49b6-42b9-ad27-5c4cd717c46b req-769609f3-7c03-47ce-be42-57b15d573022 None None] Starting request: 10.222.0.23 "GET /placement/allocation_candidates?limit=1000&resources=DISK_GB%3A1%2CMEMORY_MB%3A1024%2CVCPU%3A1&root_required=%21COMPUTE_STATUS_DISABLED" {{(pid=105524) __call__ /opt/stack/placement/placement/requestlog.py:55}}
Jun 17 11:32:47.966469 n-d-846292-2 devstack@placement-api.service[105524]: DEBUG placement.objects.research_context [req-ac493e7a-49b6-42b9-ad27-5c4cd717c46b req-769609f3-7c03-47ce-be42-57b15d573022 service placement] getting providers with 1 DISK_GB {{(pid=105524) __init__ /opt/stack/placement/placement/objects/research_context.py:136}}
Jun 17 11:32:47.972247 n-d-846292-2 devstack@placement-api.service[105524]: DEBUG placement.objects.research_context [req-ac493e7a-49b6-42b9-ad27-5c4cd717c46b req-769609f3-7c03-47ce-be42-57b15d573022 service placement] getting providers with 1024 MEMORY_MB {{(pid=105524) __init__ /opt/stack/placement/placement/objects/research_context.py:136}}
Jun 17 11:32:47.978899 n-d-846292-2 devstack@placement-api.service[105524]: DEBUG placement.objects.research_context [req-ac493e7a-49b6-42b9-ad27-5c4cd717c46b req-769609f3-7c03-47ce-be42-57b15d573022 service placement] getting providers with 1 VCPU {{(pid=105524) __init__ /opt/stack/placement/placement/objects/research_context.py:136}}
Jun 17 11:32:47.985157 n-d-846292-2 devstack@placement-api.service[105524]: DEBUG placement.objects.research_context [req-ac493e7a-49b6-42b9-ad27-5c4cd717c46b req-769609f3-7c03-47ce-be42-57b15d573022 service placement] found 2 providers with available 1 DISK_GB {{(pid=105524) get_provider_ids_matching /opt/stack/placement/placement/objects/research_context.py:563}}
Jun 17 11:32:47.985652 n-d-846292-2 devstack@placement-api.service[105524]: DEBUG placement.objects.research_context [req-ac493e7a-49b6-42b9-ad27-5c4cd717c46b req-769609f3-7c03-47ce-be42-57b15d573022 service placement] found 2 providers with available 1024 MEMORY_MB {{(pid=105524) get_provider_ids_matching /opt/stack/placement/placement/objects/research_context.py:563}}
Jun 17 11:32:47.986087 n-d-846292-2 devstack@placement-api.service[105524]: DEBUG placement.objects.research_context [req-ac493e7a-49b6-42b9-ad27-5c4cd717c46b req-769609f3-7c03-47ce-be42-57b15d573022 service placement] found 2 providers after filtering by previous result {{(pid=105524) get_provider_ids_matching /opt/stack/placement/placement/objects/research_context.py:594}}
Jun 17 11:32:47.986340 n-d-846292-2 devstack@placement-api.service[105524]: DEBUG placement.objects.research_context [req-ac493e7a-49b6-42b9-ad27-5c4cd717c46b req-769609f3-7c03-47ce-be42-57b15d573022 service placement] found 2 providers with available 1 VCPU {{(pid=105524) get_provider_ids_matching /opt/stack/placement/placement/objects/research_context.py:563}}
Jun 17 11:32:47.986595 n-d-846292-2 devstack@placement-api.service[105524]: DEBUG placement.objects.research_context [req-ac493e7a-49b6-42b9-ad27-5c4cd717c46b req-769609f3-7c03-47ce-be42-57b15d573022 service placement] found 2 providers after filtering by previous result {{(pid=105524) get_provider_ids_matching /opt/stack/placement/placement/objects/research_context.py:594}}
Jun 17 11:32:48.010580 n-d-846292-2 devstack@placement-api.service[105524]: DEBUG placement.objects.allocation_candidate [req-ac493e7a-49b6-42b9-ad27-5c4cd717c46b req-769609f3-7c03-47ce-be42-57b15d573022 service placement] RequestGroup(use_same_provider=False, resources={DISK_GB:1, MEMORY_MB:1024, VCPU:1}, traits=(), aggregates=[]) (suffix '') returned 2 matches {{(pid=105524) _get_by_requests /opt/stack/placement/placement/objects/allocation_candidate.py:156}}
Jun 17 11:32:48.010981 n-d-846292-2 devstack@placement-api.service[105524]: DEBUG placement.objects.allocation_candidate [req-ac493e7a-49b6-42b9-ad27-5c4cd717c46b req-769609f3-7c03-47ce-be42-57b15d573022 service placement] Merging candidates yields 2 allocation requests and 2 provider summaries {{(pid=105524) _merge_candidates /opt/stack/placement/placement/objects/allocation_candidate.py:809}}
Jun 17 11:32:48.012564 n-d-846292-2 devstack@placement-api.service[105524]: INFO placement.requestlog [req-ac493e7a-49b6-42b9-ad27-5c4cd717c46b req-769609f3-7c03-47ce-be42-57b15d573022 service placement] 10.222.0.23 "GET /placement/allocation_candidates?limit=1000&resources=DISK_GB%3A1%2CMEMORY_MB%3A1024%2CVCPU%3A1&root_required=%21COMPUTE_STATUS_DISABLED" status: 200 len: 1309 microversion: 1.36
Jun 17 11:32:48.013134 n-d-846292-2 devstack@placement-api.service[105524]: [pid: 105524|app: 0|req: 530/1064] 10.222.0.23 () {60 vars in 1506 bytes} [Fri Jun 17 11:32:47 2022] GET /placement/allocation_candidates?limit=1000&resources=DISK_GB%3A1%2CMEMORY_MB%3A1024%2CVCPU%3A1&root_required=%21COMPUTE_STATUS_DISABLED => generated 1309 bytes in 116 msecs (HTTP/1.1 200) 8 headers in 297 bytes (1 switches on core 0)
Jun 17 11:32:48.079490 n-d-846292-2 devstack@placement-api.service[105525]: DEBUG placement.requestlog [req-ac493e7a-49b6-42b9-ad27-5c4cd717c46b req-2c2ece1a-d377-4625-844f-e0025322ac92 None None] Starting request: 10.222.0.23 "GET /placement/allocations/3dfb5fc4-f7b0-4bf5-8811-20e9d0356e11" {{(pid=105525) __call__ /opt/stack/placement/placement/requestlog.py:55}}
Jun 17 11:32:48.098575 n-d-846292-2 devstack@placement-api.service[105525]: INFO placement.requestlog [req-ac493e7a-49b6-42b9-ad27-5c4cd717c46b req-2c2ece1a-d377-4625-844f-e0025322ac92 service placement] 10.222.0.23 "GET /placement/allocations/3dfb5fc4-f7b0-4bf5-8811-20e9d0356e11" status: 200 len: 19 microversion: 1.28
Jun 17 11:32:48.099119 n-d-846292-2 devstack@placement-api.service[105525]: [pid: 105525|app: 0|req: 535/1065] 10.222.0.23 () {60 vars in 1380 bytes} [Fri Jun 17 11:32:48 2022] GET /placement/allocations/3dfb5fc4-f7b0-4bf5-8811-20e9d0356e11 => generated 19 bytes in 20 msecs (HTTP/1.1 200) 8 headers in 295 bytes (1 switches on core 0)
Jun 17 11:32:48.108255 n-d-846292-2 devstack@placement-api.service[105524]: DEBUG placement.requestlog [req-ac493e7a-49b6-42b9-ad27-5c4cd717c46b req-2dd9d98e-eda8-4bd5-b70c-5d0bcb5603c2 None None] Starting request: 10.222.0.23 "PUT /placement/allocations/3dfb5fc4-f7b0-4bf5-8811-20e9d0356e11" {{(pid=105524) __call__ /opt/stack/placement/placement/requestlog.py:55}}
Jun 17 11:32:48.574891 n-d-846292-2 devstack@placement-api.service[105524]: DEBUG placement.handlers.allocation [req-ac493e7a-49b6-42b9-ad27-5c4cd717c46b req-2dd9d98e-eda8-4bd5-b70c-5d0bcb5603c2 service placement] Successfully wrote allocations [, , ] {{(pid=105524) _update_consumers_and_create_allocations /opt/stack/placement/placement/handlers/allocation.py:462}}
Jun 17 11:32:48.601050 n-d-846292-2 devstack@placement-api.service[105525]: DEBUG placement.requestlog [req-d9556671-b106-40e8-84bc-153564677256 req-0acbcfdc-df52-436c-933f-2c782a73f749 None None] Starting request: 10.222.0.58 "DELETE /placement/allocations/f1acec2a-bc69-4c22-99a8-7683b66163b2" {{(pid=105525) __call__ /opt/stack/placement/placement/requestlog.py:55}}
Jun 17 11:32:48.711183 n-d-846292-2 devstack@placement-api.service[105524]: INFO placement.requestlog [req-ac493e7a-49b6-42b9-ad27-5c4cd717c46b req-2dd9d98e-eda8-4bd5-b70c-5d0bcb5603c2 service placement] 10.222.0.23 "PUT /placement/allocations/3dfb5fc4-f7b0-4bf5-8811-20e9d0356e11" status: 204 len: 0 microversion: 1.36
Jun 17 11:32:48.711681 n-d-846292-2 devstack@placement-api.service[105524]: [pid: 105524|app: 0|req: 531/1066] 10.222.0.23 () {64 vars in 1433 bytes} [Fri Jun 17 11:32:48 2022] PUT /placement/allocations/3dfb5fc4-f7b0-4bf5-8811-20e9d0356e11 => generated 0 bytes in 604 msecs (HTTP/1.1 204) 5 headers in 199 bytes (1 switches on core 0)
Jun 17 11:32:48.882257 n-d-846292-2 devstack@placement-api.service[105525]: DEBUG placement.handlers.allocation [req-d9556671-b106-40e8-84bc-153564677256 req-0acbcfdc-df52-436c-933f-2c782a73f749 service placement] Successfully deleted allocations [, , ] {{(pid=105525) delete_allocations /opt/stack/placement/placement/handlers/allocation.py:627}}
Jun 17 11:32:48.882897 n-d-846292-2 devstack@placement-api.service[105525]: INFO placement.requestlog [req-d9556671-b106-40e8-84bc-153564677256 req-0acbcfdc-df52-436c-933f-2c782a73f749 service placement] 10.222.0.58 "DELETE /placement/allocations/f1acec2a-bc69-4c22-99a8-7683b66163b2" status: 204 len: 0 microversion: 1.0
Jun 17 11:32:48.883613 n-d-846292-2 devstack@placement-api.service[105525]: [pid: 105525|app: 0|req: 536/1067] 10.222.0.58 () {60 vars in 1355 bytes} [Fri Jun 17 11:32:48 2022] DELETE /placement/allocations/f1acec2a-bc69-4c22-99a8-7683b66163b2 => generated 0 bytes in 283 msecs (HTTP/1.1 204) 5 headers in 198 bytes (2 switches on core 0)
Jun 17 11:32:50.074406 n-d-846292-2 devstack@placement-api.service[105524]: DEBUG placement.requestlog [req-ac493e7a-49b6-42b9-ad27-5c4cd717c46b req-6cce184d-2497-466d-bcc9-7bbcf2da3757 None None] Starting request: 10.222.0.49 "GET /placement/allocations/3dfb5fc4-f7b0-4bf5-8811-20e9d0356e11" {{(pid=105524) __call__ /opt/stack/placement/placement/requestlog.py:55}}
Jun 17 11:32:50.099913 n-d-846292-2 devstack@placement-api.service[105524]: INFO placement.requestlog [req-ac493e7a-49b6-42b9-ad27-5c4cd717c46b req-6cce184d-2497-466d-bcc9-7bbcf2da3757 service placement] 10.222.0.49 "GET /placement/allocations/3dfb5fc4-f7b0-4bf5-8811-20e9d0356e11" status: 200 len: 259 microversion: 1.28
Jun 17 11:32:50.102295 n-d-846292-2 devstack@placement-api.service[105524]: [pid: 105524|app: 0|req: 532/1068] 10.222.0.49 () {60 vars in 1377 bytes} [Fri Jun 17 11:32:50 2022] GET /placement/allocations/3dfb5fc4-f7b0-4bf5-8811-20e9d0356e11 => generated 259 bytes in 28 msecs (HTTP/1.1 200) 8 headers in 296 bytes (1 switches on core 0)
Jun 17 11:32:51.044719 n-d-846292-2 devstack@placement-api.service[105525]: DEBUG placement.requestlog [req-9a936584-473e-466f-bcdc-bc10d69212f2 req-15904366-7b2c-4a8f-9619-c2671f3bc26e None None] Starting request: 10.222.0.58 "DELETE /placement/allocations/46b442fc-ef08-43f2-ac7d-97bdaef3642e" {{(pid=105525) __call__ /opt/stack/placement/placement/requestlog.py:55}}
Jun 17 11:32:51.327803 n-d-846292-2 devstack@placement-api.service[105525]: DEBUG placement.handlers.allocation [req-9a936584-473e-466f-bcdc-bc10d69212f2 req-15904366-7b2c-4a8f-9619-c2671f3bc26e service placement] Successfully deleted allocations [, , ] {{(pid=105525) delete_allocations /opt/stack/placement/placement/handlers/allocation.py:627}}
Jun 17 11:32:51.328730 n-d-846292-2 devstack@placement-api.service[105525]: INFO placement.requestlog [req-9a936584-473e-466f-bcdc-bc10d69212f2 req-15904366-7b2c-4a8f-9619-c2671f3bc26e service placement] 10.222.0.58 "DELETE /placement/allocations/46b442fc-ef08-43f2-ac7d-97bdaef3642e" status: 204 len: 0 microversion: 1.0
Jun 17 11:32:51.329703 n-d-846292-2 devstack@placement-api.service[105525]: [pid: 105525|app: 0|req: 537/1069] 10.222.0.58 () {60 vars in 1355 bytes} [Fri Jun 17 11:32:51 2022] DELETE /placement/allocations/46b442fc-ef08-43f2-ac7d-97bdaef3642e => generated 0 bytes in 285 msecs (HTTP/1.1 204) 5 headers in 198 bytes (1 switches on core 0)
Jun 17 11:32:51.674333 n-d-846292-2 devstack@placement-api.service[105524]: DEBUG placement.requestlog [req-9bc72eed-8636-4f56-b383-43012955015e req-0eb27423-a104-49da-94c5-9c449723c6bc None None] Starting request: 10.222.0.23 "GET /placement/allocation_candidates?limit=1000&resources=DISK_GB%3A1%2CMEMORY_MB%3A1024%2CVCPU%3A1&root_required=%21COMPUTE_STATUS_DISABLED" {{(pid=105524) __call__ /opt/stack/placement/placement/requestlog.py:55}}
Jun 17 11:32:51.782098 n-d-846292-2 devstack@placement-api.service[105524]: DEBUG placement.objects.research_context [req-9bc72eed-8636-4f56-b383-43012955015e req-0eb27423-a104-49da-94c5-9c449723c6bc service placement] getting providers with 1 DISK_GB {{(pid=105524) __init__ /opt/stack/placement/placement/objects/research_context.py:136}}
Jun 17 11:32:51.798454 n-d-846292-2 devstack@placement-api.service[105524]: DEBUG placement.objects.research_context [req-9bc72eed-8636-4f56-b383-43012955015e req-0eb27423-a104-49da-94c5-9c449723c6bc service placement] getting providers with 1024 MEMORY_MB {{(pid=105524) __init__ /opt/stack/placement/placement/objects/research_context.py:136}}
Jun 17 11:32:51.807319 n-d-846292-2 devstack@placement-api.service[105524]: DEBUG placement.objects.research_context [req-9bc72eed-8636-4f56-b383-43012955015e req-0eb27423-a104-49da-94c5-9c449723c6bc service placement] getting providers with 1 VCPU {{(pid=105524) __init__ /opt/stack/placement/placement/objects/research_context.py:136}}
Jun 17 11:32:51.821608 n-d-846292-2 devstack@placement-api.service[105524]: DEBUG placement.objects.research_context [req-9bc72eed-8636-4f56-b383-43012955015e req-0eb27423-a104-49da-94c5-9c449723c6bc service placement] found 2 providers with available 1 DISK_GB {{(pid=105524) get_provider_ids_matching /opt/stack/placement/placement/objects/research_context.py:563}}
Jun 17 11:32:51.822106 n-d-846292-2 devstack@placement-api.service[105524]: DEBUG placement.objects.research_context [req-9bc72eed-8636-4f56-b383-43012955015e req-0eb27423-a104-49da-94c5-9c449723c6bc service placement] found 2 providers with available 1024 MEMORY_MB {{(pid=105524) get_provider_ids_matching /opt/stack/placement/placement/objects/research_context.py:563}}
Jun 17 11:32:51.822620 n-d-846292-2 devstack@placement-api.service[105524]: DEBUG placement.objects.research_context [req-9bc72eed-8636-4f56-b383-43012955015e req-0eb27423-a104-49da-94c5-9c449723c6bc service placement] found 2 providers after filtering by previous result {{(pid=105524) get_provider_ids_matching /opt/stack/placement/placement/objects/research_context.py:594}}
Jun 17 11:32:51.824418 n-d-846292-2 devstack@placement-api.service[105524]: DEBUG placement.objects.research_context [req-9bc72eed-8636-4f56-b383-43012955015e req-0eb27423-a104-49da-94c5-9c449723c6bc service placement] found 2 providers with available 1 VCPU {{(pid=105524) get_provider_ids_matching /opt/stack/placement/placement/objects/research_context.py:563}}
Jun 17 11:32:51.824977 n-d-846292-2 devstack@placement-api.service[105524]: DEBUG placement.objects.research_context [req-9bc72eed-8636-4f56-b383-43012955015e req-0eb27423-a104-49da-94c5-9c449723c6bc service placement] found 2 providers after filtering by previous result {{(pid=105524) get_provider_ids_matching /opt/stack/placement/placement/objects/research_context.py:594}}
Jun 17 11:32:51.882516 n-d-846292-2 devstack@placement-api.service[105524]: DEBUG placement.objects.allocation_candidate [req-9bc72eed-8636-4f56-b383-43012955015e req-0eb27423-a104-49da-94c5-9c449723c6bc service placement] RequestGroup(use_same_provider=False, resources={DISK_GB:1, MEMORY_MB:1024, VCPU:1}, traits=(), aggregates=[]) (suffix '') returned 2 matches {{(pid=105524) _get_by_requests /opt/stack/placement/placement/objects/allocation_candidate.py:156}}
Jun 17 11:32:51.883103 n-d-846292-2 devstack@placement-api.service[105524]: DEBUG placement.objects.allocation_candidate [req-9bc72eed-8636-4f56-b383-43012955015e req-0eb27423-a104-49da-94c5-9c449723c6bc service placement] Merging candidates yields 2 allocation requests and 2 provider summaries {{(pid=105524) _merge_candidates /opt/stack/placement/placement/objects/allocation_candidate.py:809}}
Jun 17 11:32:51.899540 n-d-846292-2 devstack@placement-api.service[105524]: INFO placement.requestlog [req-9bc72eed-8636-4f56-b383-43012955015e req-0eb27423-a104-49da-94c5-9c449723c6bc service placement] 10.222.0.23 "GET /placement/allocation_candidates?limit=1000&resources=DISK_GB%3A1%2CMEMORY_MB%3A1024%2CVCPU%3A1&root_required=%21COMPUTE_STATUS_DISABLED" status: 200 len: 1306 microversion: 1.36
Jun 17 11:32:51.899540 n-d-846292-2 devstack@placement-api.service[105524]: [pid: 105524|app: 0|req: 533/1070] 10.222.0.23 () {60 vars in 1506 bytes} [Fri Jun 17 11:32:51 2022] GET /placement/allocation_candidates?limit=1000&resources=DISK_GB%3A1%2CMEMORY_MB%3A1024%2CVCPU%3A1&root_required=%21COMPUTE_STATUS_DISABLED => generated 1306 bytes in 212 msecs (HTTP/1.1 200) 8 headers in 297 bytes (1 switches on core 0)
Jun 17 11:32:51.962521 n-d-846292-2 devstack@placement-api.service[105525]: DEBUG placement.requestlog [req-9bc72eed-8636-4f56-b383-43012955015e req-49eef608-eecf-432e-84e4-15e8ffd3b5b6 None None] Starting request: 10.222.0.23 "GET /placement/allocations/f335ee0c-9366-4275-af36-1f180a585f45" {{(pid=105525) __call__ /opt/stack/placement/placement/requestlog.py:55}}
Jun 17 11:32:51.973737 n-d-846292-2 devstack@placement-api.service[105525]: INFO placement.requestlog [req-9bc72eed-8636-4f56-b383-43012955015e req-49eef608-eecf-432e-84e4-15e8ffd3b5b6 service placement] 10.222.0.23 "GET /placement/allocations/f335ee0c-9366-4275-af36-1f180a585f45" status: 200 len: 19 microversion: 1.28
Jun 17 11:32:51.979092 n-d-846292-2 devstack@placement-api.service[105525]: [pid: 105525|app: 0|req: 538/1071] 10.222.0.23 () {60 vars in 1380 bytes} [Fri Jun 17 11:32:51 2022] GET /placement/allocations/f335ee0c-9366-4275-af36-1f180a585f45 => generated 19 bytes in 17 msecs (HTTP/1.1 200) 8 headers in 295 bytes (1 switches on core 0)
Jun 17 11:32:51.980610 n-d-846292-2 devstack@placement-api.service[105524]: DEBUG placement.requestlog [req-9bc72eed-8636-4f56-b383-43012955015e req-cbd246d7-fa64-46df-b602-bb7a4f59be6e None None] Starting request: 10.222.0.23 "PUT /placement/allocations/f335ee0c-9366-4275-af36-1f180a585f45" {{(pid=105524) __call__ /opt/stack/placement/placement/requestlog.py:55}}
Jun 17 11:32:52.179561 n-d-846292-2 devstack@placement-api.service[105524]: DEBUG placement.handlers.allocation [req-9bc72eed-8636-4f56-b383-43012955015e req-cbd246d7-fa64-46df-b602-bb7a4f59be6e service placement] Successfully wrote allocations [, , ] {{(pid=105524) _update_consumers_and_create_allocations /opt/stack/placement/placement/handlers/allocation.py:462}}
Jun 17 11:32:52.295075 n-d-846292-2 devstack@placement-api.service[105524]: INFO placement.requestlog [req-9bc72eed-8636-4f56-b383-43012955015e req-cbd246d7-fa64-46df-b602-bb7a4f59be6e service placement] 10.222.0.23 "PUT /placement/allocations/f335ee0c-9366-4275-af36-1f180a585f45" status: 204 len: 0 microversion: 1.36
Jun 17 11:32:52.297167 n-d-846292-2 devstack@placement-api.service[105524]: [pid: 105524|app: 0|req: 534/1072] 10.222.0.23 () {64 vars in 1433 bytes} [Fri Jun 17 11:32:51 2022] PUT /placement/allocations/f335ee0c-9366-4275-af36-1f180a585f45 => generated 0 bytes in 317 msecs (HTTP/1.1 204) 5 headers in 199 bytes (1 switches on core 0)
Jun 17 11:32:53.708551 n-d-846292-2 devstack@placement-api.service[105525]: DEBUG placement.requestlog [req-9bc72eed-8636-4f56-b383-43012955015e req-f32e6f90-80af-4cb8-bb17-0c0f4170b809 None None] Starting request: 10.222.0.58 "GET /placement/allocations/f335ee0c-9366-4275-af36-1f180a585f45" {{(pid=105525) __call__ /opt/stack/placement/placement/requestlog.py:55}}
Jun 17 11:32:53.736707 n-d-846292-2 devstack@placement-api.service[105525]: INFO placement.requestlog [req-9bc72eed-8636-4f56-b383-43012955015e req-f32e6f90-80af-4cb8-bb17-0c0f4170b809 service placement] 10.222.0.58 "GET /placement/allocations/f335ee0c-9366-4275-af36-1f180a585f45" status: 200 len: 259 microversion: 1.28
Jun 17 11:32:53.737666 n-d-846292-2 devstack@placement-api.service[105525]: [pid: 105525|app: 0|req: 539/1073] 10.222.0.58 () {60 vars in 1377 bytes} [Fri Jun 17 11:32:53 2022] GET /placement/allocations/f335ee0c-9366-4275-af36-1f180a585f45 => generated 259 bytes in 29 msecs (HTTP/1.1 200) 8 headers in 296 bytes (1 switches on core 0)
Jun 17 11:32:59.114227 n-d-846292-2 devstack@placement-api.service[105524]: DEBUG placement.requestlog [None req-3876f0ab-5972-4498-90e0-c2b233fe0ce7 None None] Starting request: 10.222.0.23 "GET /placement/resource_providers/bbcb043f-07c1-4e10-9511-0ea736426eff/aggregates" {{(pid=105524) __call__ /opt/stack/placement/placement/requestlog.py:55}}
Jun 17 11:32:59.129006 n-d-846292-2 devstack@placement-api.service[105524]: INFO placement.requestlog [None req-3876f0ab-5972-4498-90e0-c2b233fe0ce7 service placement] 10.222.0.23 "GET /placement/resource_providers/bbcb043f-07c1-4e10-9511-0ea736426eff/aggregates" status: 404 len: 235 microversion: 1.1
Jun 17 11:32:59.129469 n-d-846292-2 devstack@placement-api.service[105524]: [pid: 105524|app: 0|req: 535/1074] 10.222.0.23 () {58 vars in 1362 bytes} [Fri Jun 17 11:32:59 2022] GET /placement/resource_providers/bbcb043f-07c1-4e10-9511-0ea736426eff/aggregates => generated 235 bytes in 15 msecs (HTTP/1.1 404) 5 headers in 202 bytes (1 switches on core 0)
Jun 17 11:32:59.148113 n-d-846292-2 devstack@placement-api.service[105525]: DEBUG placement.requestlog [None req-b07648d0-5952-41f4-8209-2f731c4d1fbc None None] Starting request: 10.222.0.23 "DELETE /placement/resource_providers/bbcb043f-07c1-4e10-9511-0ea736426eff" {{(pid=105525) __call__ /opt/stack/placement/placement/requestlog.py:55}}
Jun 17 11:32:59.164973 n-d-846292-2 devstack@placement-api.service[105525]: DEBUG placement.wsgi_wrapper [None req-b07648d0-5952-41f4-8209-2f731c4d1fbc service placement] Placement API returning an error response: No resource provider with uuid bbcb043f-07c1-4e10-9511-0ea736426eff found for delete {{(pid=105525) call_func /opt/stack/placement/placement/wsgi_wrapper.py:31}}
Jun 17 11:32:59.167115 n-d-846292-2 devstack@placement-api.service[105525]: INFO placement.requestlog [None req-b07648d0-5952-41f4-8209-2f731c4d1fbc service placement] 10.222.0.23 "DELETE /placement/resource_providers/bbcb043f-07c1-4e10-9511-0ea736426eff" status: 404 len: 246 microversion: 1.1
Jun 17 11:32:59.167780 n-d-846292-2 devstack@placement-api.service[105525]: [pid: 105525|app: 0|req: 540/1075] 10.222.0.23 () {60 vars in 1351 bytes} [Fri Jun 17 11:32:59 2022] DELETE /placement/resource_providers/bbcb043f-07c1-4e10-9511-0ea736426eff => generated 246 bytes in 21 msecs (HTTP/1.1 404) 6 headers in 231 bytes (1 switches on core 0)
Jun 17 11:33:08.001749 n-d-846292-2 devstack@placement-api.service[105524]: DEBUG placement.requestlog [req-494f1ac7-421d-494d-89ed-fd5902b6afcc req-6d06841e-b9b2-4caf-aaee-ebe6ec9e566d None None] Starting request: 10.222.0.49 "DELETE /placement/allocations/3dfb5fc4-f7b0-4bf5-8811-20e9d0356e11" {{(pid=105524) __call__ /opt/stack/placement/placement/requestlog.py:55}}
Jun 17 11:33:08.010520 n-d-846292-2 devstack@placement-api.service[105524]: DEBUG dbcounter [-] [105524] Writing DB stats placement:SELECT=66,placement:DELETE=6,placement:INSERT=10,placement:UPDATE=4 {{(pid=105524) stat_writer /usr/local/lib/python3.8/dist-packages/dbcounter.py:114}}
Jun 17 11:33:08.316042 n-d-846292-2 devstack@placement-api.service[105524]: DEBUG placement.handlers.allocation [req-494f1ac7-421d-494d-89ed-fd5902b6afcc req-6d06841e-b9b2-4caf-aaee-ebe6ec9e566d service placement] Successfully deleted allocations [, , ] {{(pid=105524) delete_allocations /opt/stack/placement/placement/handlers/allocation.py:627}}
Jun 17 11:33:08.317311 n-d-846292-2 devstack@placement-api.service[105524]: INFO placement.requestlog [req-494f1ac7-421d-494d-89ed-fd5902b6afcc req-6d06841e-b9b2-4caf-aaee-ebe6ec9e566d service placement] 10.222.0.49 "DELETE /placement/allocations/3dfb5fc4-f7b0-4bf5-8811-20e9d0356e11" status: 204 len: 0 microversion: 1.0
Jun 17 11:33:08.318200 n-d-846292-2 devstack@placement-api.service[105524]: [pid: 105524|app: 0|req: 536/1076] 10.222.0.49 () {60 vars in 1355 bytes} [Fri Jun 17 11:33:08 2022] DELETE /placement/allocations/3dfb5fc4-f7b0-4bf5-8811-20e9d0356e11 => generated 0 bytes in 317 msecs (HTTP/1.1 204) 5 headers in 198 bytes (1 switches on core 0)
Jun 17 11:33:09.157828 n-d-846292-2 devstack@placement-api.service[105525]: DEBUG dbcounter [-] [105525] Writing DB stats placement:SELECT=31,placement:DELETE=6 {{(pid=105525) stat_writer /usr/local/lib/python3.8/dist-packages/dbcounter.py:114}}
Jun 17 11:33:14.100495 n-d-846292-2 devstack@placement-api.service[105525]: DEBUG placement.requestlog [req-a49c103a-4c7f-4dda-9efc-37f94101c683 req-fc1ba5a2-992c-46f3-93e5-2c2799b49756 None None] Starting request: 10.222.0.23 "GET /placement/allocation_candidates?limit=1000&resources=DISK_GB%3A1%2CMEMORY_MB%3A1024%2CVCPU%3A1&root_required=%21COMPUTE_STATUS_DISABLED" {{(pid=105525) __call__ /opt/stack/placement/placement/requestlog.py:55}}
Jun 17 11:33:14.153202 n-d-846292-2 devstack@placement-api.service[105525]: DEBUG placement.objects.research_context [req-a49c103a-4c7f-4dda-9efc-37f94101c683 req-fc1ba5a2-992c-46f3-93e5-2c2799b49756 service placement] getting providers with 1 DISK_GB {{(pid=105525) __init__ /opt/stack/placement/placement/objects/research_context.py:136}}
Jun 17 11:33:14.159000 n-d-846292-2 devstack@placement-api.service[105525]: DEBUG placement.objects.research_context [req-a49c103a-4c7f-4dda-9efc-37f94101c683 req-fc1ba5a2-992c-46f3-93e5-2c2799b49756 service placement] getting providers with 1024 MEMORY_MB {{(pid=105525) __init__ /opt/stack/placement/placement/objects/research_context.py:136}}
Jun 17 11:33:14.165933 n-d-846292-2 devstack@placement-api.service[105525]: DEBUG placement.objects.research_context [req-a49c103a-4c7f-4dda-9efc-37f94101c683 req-fc1ba5a2-992c-46f3-93e5-2c2799b49756 service placement] getting providers with 1 VCPU {{(pid=105525) __init__ /opt/stack/placement/placement/objects/research_context.py:136}}
Jun 17 11:33:14.173081 n-d-846292-2 devstack@placement-api.service[105525]: DEBUG placement.objects.research_context [req-a49c103a-4c7f-4dda-9efc-37f94101c683 req-fc1ba5a2-992c-46f3-93e5-2c2799b49756 service placement] found 2 providers with available 1 DISK_GB {{(pid=105525) get_provider_ids_matching /opt/stack/placement/placement/objects/research_context.py:563}}
Jun 17 11:33:14.187497 n-d-846292-2 devstack@placement-api.service[105525]: DEBUG placement.objects.research_context [req-a49c103a-4c7f-4dda-9efc-37f94101c683 req-fc1ba5a2-992c-46f3-93e5-2c2799b49756 service placement] found 2 providers with available 1024 MEMORY_MB {{(pid=105525) get_provider_ids_matching /opt/stack/placement/placement/objects/research_context.py:563}}
Jun 17 11:33:14.187497 n-d-846292-2 devstack@placement-api.service[105525]: DEBUG placement.objects.research_context [req-a49c103a-4c7f-4dda-9efc-37f94101c683 req-fc1ba5a2-992c-46f3-93e5-2c2799b49756 service placement] found 2 providers after filtering by previous result {{(pid=105525) get_provider_ids_matching /opt/stack/placement/placement/objects/research_context.py:594}}
Jun 17 11:33:14.187497 n-d-846292-2 devstack@placement-api.service[105525]: DEBUG placement.objects.research_context [req-a49c103a-4c7f-4dda-9efc-37f94101c683 req-fc1ba5a2-992c-46f3-93e5-2c2799b49756 service placement] found 2 providers with available 1 VCPU {{(pid=105525) get_provider_ids_matching /opt/stack/placement/placement/objects/research_context.py:563}}
Jun 17 11:33:14.187497 n-d-846292-2 devstack@placement-api.service[105525]: DEBUG placement.objects.research_context [req-a49c103a-4c7f-4dda-9efc-37f94101c683 req-fc1ba5a2-992c-46f3-93e5-2c2799b49756 service placement] found 2 providers after filtering by previous result {{(pid=105525) get_provider_ids_matching /opt/stack/placement/placement/objects/research_context.py:594}}
Jun 17 11:33:14.187497 n-d-846292-2 devstack@placement-api.service[105525]: DEBUG placement.objects.allocation_candidate [req-a49c103a-4c7f-4dda-9efc-37f94101c683 req-fc1ba5a2-992c-46f3-93e5-2c2799b49756 service placement] RequestGroup(use_same_provider=False, resources={DISK_GB:1, MEMORY_MB:1024, VCPU:1}, traits=(), aggregates=[]) (suffix '') returned 2 matches {{(pid=105525) _get_by_requests /opt/stack/placement/placement/objects/allocation_candidate.py:156}}
Jun 17 11:33:14.187497 n-d-846292-2 devstack@placement-api.service[105525]: DEBUG placement.objects.allocation_candidate [req-a49c103a-4c7f-4dda-9efc-37f94101c683 req-fc1ba5a2-992c-46f3-93e5-2c2799b49756 service placement] Merging candidates yields 2 allocation requests and 2 provider summaries {{(pid=105525) _merge_candidates /opt/stack/placement/placement/objects/allocation_candidate.py:809}}
Jun 17 11:33:14.188951 n-d-846292-2 devstack@placement-api.service[105525]: INFO placement.requestlog [req-a49c103a-4c7f-4dda-9efc-37f94101c683 req-fc1ba5a2-992c-46f3-93e5-2c2799b49756 service placement] 10.222.0.23 "GET /placement/allocation_candidates?limit=1000&resources=DISK_GB%3A1%2CMEMORY_MB%3A1024%2CVCPU%3A1&root_required=%21COMPUTE_STATUS_DISABLED" status: 200 len: 1309 microversion: 1.36
Jun 17 11:33:14.189829 n-d-846292-2 devstack@placement-api.service[105525]: [pid: 105525|app: 0|req: 541/1077] 10.222.0.23 () {60 vars in 1506 bytes} [Fri Jun 17 11:33:14 2022] GET /placement/allocation_candidates?limit=1000&resources=DISK_GB%3A1%2CMEMORY_MB%3A1024%2CVCPU%3A1&root_required=%21COMPUTE_STATUS_DISABLED => generated 1309 bytes in 90 msecs (HTTP/1.1 200) 8 headers in 297 bytes (1 switches on core 0)
Jun 17 11:33:14.279491 n-d-846292-2 devstack@placement-api.service[105524]: DEBUG placement.requestlog [req-a49c103a-4c7f-4dda-9efc-37f94101c683 req-d2457448-97c5-4bec-a223-8a25ca2fa850 None None] Starting request: 10.222.0.23 "GET /placement/allocations/c4f1baf2-b599-408f-a7ba-5a9138000b19" {{(pid=105524) __call__ /opt/stack/placement/placement/requestlog.py:55}}
Jun 17 11:33:14.301303 n-d-846292-2 devstack@placement-api.service[105524]: INFO placement.requestlog [req-a49c103a-4c7f-4dda-9efc-37f94101c683 req-d2457448-97c5-4bec-a223-8a25ca2fa850 service placement] 10.222.0.23 "GET /placement/allocations/c4f1baf2-b599-408f-a7ba-5a9138000b19" status: 200 len: 19 microversion: 1.28
Jun 17 11:33:14.305878 n-d-846292-2 devstack@placement-api.service[105524]: [pid: 105524|app: 0|req: 537/1078] 10.222.0.23 () {60 vars in 1380 bytes} [Fri Jun 17 11:33:14 2022] GET /placement/allocations/c4f1baf2-b599-408f-a7ba-5a9138000b19 => generated 19 bytes in 27 msecs (HTTP/1.1 200) 8 headers in 295 bytes (1 switches on core 0)
Jun 17 11:33:14.309077 n-d-846292-2 devstack@placement-api.service[105525]: DEBUG placement.requestlog [req-a49c103a-4c7f-4dda-9efc-37f94101c683 req-64f7fd77-e8e6-420c-9f4a-5f5e30096412 None None] Starting request: 10.222.0.23 "PUT /placement/allocations/c4f1baf2-b599-408f-a7ba-5a9138000b19" {{(pid=105525) __call__ /opt/stack/placement/placement/requestlog.py:55}}
Jun 17 11:33:14.691191 n-d-846292-2 devstack@placement-api.service[105525]: DEBUG placement.handlers.allocation [req-a49c103a-4c7f-4dda-9efc-37f94101c683 req-64f7fd77-e8e6-420c-9f4a-5f5e30096412 service placement] Successfully wrote allocations [, , ] {{(pid=105525) _update_consumers_and_create_allocations /opt/stack/placement/placement/handlers/allocation.py:462}}
Jun 17 11:33:14.744249 n-d-846292-2 devstack@placement-api.service[105525]: INFO placement.requestlog [req-a49c103a-4c7f-4dda-9efc-37f94101c683 req-64f7fd77-e8e6-420c-9f4a-5f5e30096412 service placement] 10.222.0.23 "PUT /placement/allocations/c4f1baf2-b599-408f-a7ba-5a9138000b19" status: 204 len: 0 microversion: 1.36
Jun 17 11:33:14.744651 n-d-846292-2 devstack@placement-api.service[105525]: [pid: 105525|app: 0|req: 542/1079] 10.222.0.23 () {64 vars in 1433 bytes} [Fri Jun 17 11:33:14 2022] PUT /placement/allocations/c4f1baf2-b599-408f-a7ba-5a9138000b19 => generated 0 bytes in 436 msecs (HTTP/1.1 204) 5 headers in 199 bytes (2 switches on core 0)
Jun 17 11:33:16.152453 n-d-846292-2 devstack@placement-api.service[105524]: DEBUG placement.requestlog [req-a49c103a-4c7f-4dda-9efc-37f94101c683 req-6c749669-1400-4142-95ec-fbafc14b46a8 None None] Starting request: 10.222.0.49 "GET /placement/allocations/c4f1baf2-b599-408f-a7ba-5a9138000b19" {{(pid=105524) __call__ /opt/stack/placement/placement/requestlog.py:55}}
Jun 17 11:33:16.179609 n-d-846292-2 devstack@placement-api.service[105524]: INFO placement.requestlog [req-a49c103a-4c7f-4dda-9efc-37f94101c683 req-6c749669-1400-4142-95ec-fbafc14b46a8 service placement] 10.222.0.49 "GET /placement/allocations/c4f1baf2-b599-408f-a7ba-5a9138000b19" status: 200 len: 259 microversion: 1.28
Jun 17 11:33:16.180090 n-d-846292-2 devstack@placement-api.service[105524]: [pid: 105524|app: 0|req: 538/1080] 10.222.0.49 () {60 vars in 1377 bytes} [Fri Jun 17 11:33:16 2022] GET /placement/allocations/c4f1baf2-b599-408f-a7ba-5a9138000b19 => generated 259 bytes in 28 msecs (HTTP/1.1 200) 8 headers in 296 bytes (1 switches on core 0)
Jun 17 11:33:20.363105 n-d-846292-2 devstack@placement-api.service[105525]: DEBUG placement.requestlog [req-0541c934-96c6-4b7b-a0ce-75a1e0bf3038 req-15156e09-2cba-4f71-a8f7-af7b51bae157 None None] Starting request: 10.222.0.58 "GET /placement/resource_providers/7fa500c6-f92d-48a9-b9a9-914c67f0fe7a/allocations" {{(pid=105525) __call__ /opt/stack/placement/placement/requestlog.py:55}}
Jun 17 11:33:20.406388 n-d-846292-2 devstack@placement-api.service[105525]: INFO placement.requestlog [req-0541c934-96c6-4b7b-a0ce-75a1e0bf3038 req-15156e09-2cba-4f71-a8f7-af7b51bae157 service placement] 10.222.0.58 "GET /placement/resource_providers/7fa500c6-f92d-48a9-b9a9-914c67f0fe7a/allocations" status: 200 len: 154 microversion: 1.0
Jun 17 11:33:20.407194 n-d-846292-2 devstack@placement-api.service[105525]: [pid: 105525|app: 0|req: 543/1081] 10.222.0.58 () {58 vars in 1390 bytes} [Fri Jun 17 11:33:20 2022] GET /placement/resource_providers/7fa500c6-f92d-48a9-b9a9-914c67f0fe7a/allocations => generated 154 bytes in 44 msecs (HTTP/1.1 200) 6 headers in 224 bytes (1 switches on core 0)
Jun 17 11:33:20.420915 n-d-846292-2 devstack@placement-api.service[105524]: DEBUG placement.requestlog [req-89f32447-7d6f-4def-acb3-52fd27d9c19b req-5c9c2212-c7a7-486a-adc0-f783f76c9e90 None None] Starting request: 10.222.0.49 "GET /placement/resource_providers/ff8897c5-6c10-4ae0-843a-c9b79168b094/allocations" {{(pid=105524) __call__ /opt/stack/placement/placement/requestlog.py:55}}
Jun 17 11:33:20.466611 n-d-846292-2 devstack@placement-api.service[105524]: INFO placement.requestlog [req-89f32447-7d6f-4def-acb3-52fd27d9c19b req-5c9c2212-c7a7-486a-adc0-f783f76c9e90 service placement] 10.222.0.49 "GET /placement/resource_providers/ff8897c5-6c10-4ae0-843a-c9b79168b094/allocations" status: 200 len: 255 microversion: 1.0
Jun 17 11:33:20.466611 n-d-846292-2 devstack@placement-api.service[105524]: [pid: 105524|app: 0|req: 539/1082] 10.222.0.49 () {58 vars in 1390 bytes} [Fri Jun 17 11:33:20 2022] GET /placement/resource_providers/ff8897c5-6c10-4ae0-843a-c9b79168b094/allocations => generated 255 bytes in 46 msecs (HTTP/1.1 200) 6 headers in 224 bytes (1 switches on core 0)
Jun 17 11:33:28.967058 n-d-846292-2 devstack@placement-api.service[105525]: DEBUG placement.requestlog [req-e9365e3f-3330-4b30-9200-b21ccbc07628 req-2b43c132-f131-41de-9cb7-c36f17dc11b9 None None] Starting request: 10.222.0.23 "GET /placement/allocation_candidates?limit=1000&resources=DISK_GB%3A1%2CMEMORY_MB%3A1024%2CVCPU%3A1&root_required=%21COMPUTE_STATUS_DISABLED" {{(pid=105525) __call__ /opt/stack/placement/placement/requestlog.py:55}}
Jun 17 11:33:29.019472 n-d-846292-2 devstack@placement-api.service[105525]: DEBUG placement.objects.research_context [req-e9365e3f-3330-4b30-9200-b21ccbc07628 req-2b43c132-f131-41de-9cb7-c36f17dc11b9 service placement] getting providers with 1 DISK_GB {{(pid=105525) __init__ /opt/stack/placement/placement/objects/research_context.py:136}}
Jun 17 11:33:29.019472 n-d-846292-2 devstack@placement-api.service[105525]: DEBUG placement.objects.research_context [req-e9365e3f-3330-4b30-9200-b21ccbc07628 req-2b43c132-f131-41de-9cb7-c36f17dc11b9 service placement] getting providers with 1024 MEMORY_MB {{(pid=105525) __init__ /opt/stack/placement/placement/objects/research_context.py:136}}
Jun 17 11:33:29.019472 n-d-846292-2 devstack@placement-api.service[105525]: DEBUG placement.objects.research_context [req-e9365e3f-3330-4b30-9200-b21ccbc07628 req-2b43c132-f131-41de-9cb7-c36f17dc11b9 service placement] getting providers with 1 VCPU {{(pid=105525) __init__ /opt/stack/placement/placement/objects/research_context.py:136}}
Jun 17 11:33:29.020929 n-d-846292-2 devstack@placement-api.service[105525]: DEBUG placement.objects.research_context [req-e9365e3f-3330-4b30-9200-b21ccbc07628 req-2b43c132-f131-41de-9cb7-c36f17dc11b9 service placement] found 2 providers with available 1 DISK_GB {{(pid=105525) get_provider_ids_matching /opt/stack/placement/placement/objects/research_context.py:563}}
Jun 17 11:33:29.021275 n-d-846292-2 devstack@placement-api.service[105525]: DEBUG placement.objects.research_context [req-e9365e3f-3330-4b30-9200-b21ccbc07628 req-2b43c132-f131-41de-9cb7-c36f17dc11b9 service placement] found 2 providers with available 1024 MEMORY_MB {{(pid=105525) get_provider_ids_matching /opt/stack/placement/placement/objects/research_context.py:563}}
Jun 17 11:33:29.022240 n-d-846292-2 devstack@placement-api.service[105525]: DEBUG placement.objects.research_context [req-e9365e3f-3330-4b30-9200-b21ccbc07628 req-2b43c132-f131-41de-9cb7-c36f17dc11b9 service placement] found 2 providers after filtering by previous result {{(pid=105525) get_provider_ids_matching /opt/stack/placement/placement/objects/research_context.py:594}}
Jun 17 11:33:29.022615 n-d-846292-2 devstack@placement-api.service[105525]: DEBUG placement.objects.research_context [req-e9365e3f-3330-4b30-9200-b21ccbc07628 req-2b43c132-f131-41de-9cb7-c36f17dc11b9 service placement] found 2 providers with available 1 VCPU {{(pid=105525) get_provider_ids_matching /opt/stack/placement/placement/objects/research_context.py:563}}
Jun 17 11:33:29.022941 n-d-846292-2 devstack@placement-api.service[105525]: DEBUG placement.objects.research_context [req-e9365e3f-3330-4b30-9200-b21ccbc07628 req-2b43c132-f131-41de-9cb7-c36f17dc11b9 service placement] found 2 providers after filtering by previous result {{(pid=105525) get_provider_ids_matching /opt/stack/placement/placement/objects/research_context.py:594}}
Jun 17 11:33:29.034730 n-d-846292-2 devstack@placement-api.service[105525]: DEBUG placement.objects.allocation_candidate [req-e9365e3f-3330-4b30-9200-b21ccbc07628 req-2b43c132-f131-41de-9cb7-c36f17dc11b9 service placement] RequestGroup(use_same_provider=False, resources={DISK_GB:1, MEMORY_MB:1024, VCPU:1}, traits=(), aggregates=[]) (suffix '') returned 2 matches {{(pid=105525) _get_by_requests /opt/stack/placement/placement/objects/allocation_candidate.py:156}}
Jun 17 11:33:29.035180 n-d-846292-2 devstack@placement-api.service[105525]: DEBUG placement.objects.allocation_candidate [req-e9365e3f-3330-4b30-9200-b21ccbc07628 req-2b43c132-f131-41de-9cb7-c36f17dc11b9 service placement] Merging candidates yields 2 allocation requests and 2 provider summaries {{(pid=105525) _merge_candidates /opt/stack/placement/placement/objects/allocation_candidate.py:809}}
Jun 17 11:33:29.037255 n-d-846292-2 devstack@placement-api.service[105525]: INFO placement.requestlog [req-e9365e3f-3330-4b30-9200-b21ccbc07628 req-2b43c132-f131-41de-9cb7-c36f17dc11b9 service placement] 10.222.0.23 "GET /placement/allocation_candidates?limit=1000&resources=DISK_GB%3A1%2CMEMORY_MB%3A1024%2CVCPU%3A1&root_required=%21COMPUTE_STATUS_DISABLED" status: 200 len: 1309 microversion: 1.36
Jun 17 11:33:29.042291 n-d-846292-2 devstack@placement-api.service[105525]: [pid: 105525|app: 0|req: 544/1083] 10.222.0.23 () {60 vars in 1506 bytes} [Fri Jun 17 11:33:28 2022] GET /placement/allocation_candidates?limit=1000&resources=DISK_GB%3A1%2CMEMORY_MB%3A1024%2CVCPU%3A1&root_required=%21COMPUTE_STATUS_DISABLED => generated 1309 bytes in 75 msecs (HTTP/1.1 200) 8 headers in 297 bytes (1 switches on core 0)
Jun 17 11:33:29.112049 n-d-846292-2 devstack@placement-api.service[105524]: DEBUG placement.requestlog [req-e9365e3f-3330-4b30-9200-b21ccbc07628 req-61c8a6b5-89e9-4a4e-9004-60c091845a93 None None] Starting request: 10.222.0.23 "GET /placement/allocations/1218c86d-7069-4245-b446-7078439d176b" {{(pid=105524) __call__ /opt/stack/placement/placement/requestlog.py:55}}
Jun 17 11:33:29.124862 n-d-846292-2 devstack@placement-api.service[105524]: INFO placement.requestlog [req-e9365e3f-3330-4b30-9200-b21ccbc07628 req-61c8a6b5-89e9-4a4e-9004-60c091845a93 service placement] 10.222.0.23 "GET /placement/allocations/1218c86d-7069-4245-b446-7078439d176b" status: 200 len: 19 microversion: 1.28
Jun 17 11:33:29.125503 n-d-846292-2 devstack@placement-api.service[105524]: [pid: 105524|app: 0|req: 540/1084] 10.222.0.23 () {60 vars in 1380 bytes} [Fri Jun 17 11:33:29 2022] GET /placement/allocations/1218c86d-7069-4245-b446-7078439d176b => generated 19 bytes in 14 msecs (HTTP/1.1 200) 8 headers in 295 bytes (1 switches on core 0)
Jun 17 11:33:29.132335 n-d-846292-2 devstack@placement-api.service[105525]: DEBUG placement.requestlog [req-e9365e3f-3330-4b30-9200-b21ccbc07628 req-1640c5f0-757a-48d1-8995-98371c1cf642 None None] Starting request: 10.222.0.23 "PUT /placement/allocations/1218c86d-7069-4245-b446-7078439d176b" {{(pid=105525) __call__ /opt/stack/placement/placement/requestlog.py:55}}
Jun 17 11:33:29.508692 n-d-846292-2 devstack@placement-api.service[105525]: DEBUG placement.handlers.allocation [req-e9365e3f-3330-4b30-9200-b21ccbc07628 req-1640c5f0-757a-48d1-8995-98371c1cf642 service placement] Successfully wrote allocations [, , ] {{(pid=105525) _update_consumers_and_create_allocations /opt/stack/placement/placement/handlers/allocation.py:462}}
Jun 17 11:33:29.589940 n-d-846292-2 devstack@placement-api.service[105525]: INFO placement.requestlog [req-e9365e3f-3330-4b30-9200-b21ccbc07628 req-1640c5f0-757a-48d1-8995-98371c1cf642 service placement] 10.222.0.23 "PUT /placement/allocations/1218c86d-7069-4245-b446-7078439d176b" status: 204 len: 0 microversion: 1.36
Jun 17 11:33:29.590561 n-d-846292-2 devstack@placement-api.service[105525]: [pid: 105525|app: 0|req: 545/1085] 10.222.0.23 () {64 vars in 1433 bytes} [Fri Jun 17 11:33:29 2022] PUT /placement/allocations/1218c86d-7069-4245-b446-7078439d176b => generated 0 bytes in 458 msecs (HTTP/1.1 204) 5 headers in 199 bytes (1 switches on core 0)
