Jul 20 18:13:51.736542 n-d-846219-12 devstack@n-api.service[119581]: DEBUG oslo_concurrency.lockutils [None req-845b18b1-d8ba-4056-ae42-0da90ac2895f tempest-AggregatesAdminTestJSON-150009557 tempest-AggregatesAdminTestJSON-150009557-project-admin] Lock "52fe57d1-6119-43a1-891b-93a603d3c6dd" "released" by "nova.context.set_target_cell..get_or_set_cached_cell_and_set_connections" :: held 0.001s {{(pid=119581) inner /usr/local/lib/python3.8/dist-packages/oslo_concurrency/lockutils.py:400}}
Jul 20 18:13:51.759044 n-d-846219-12 devstack@n-api.service[119581]: DEBUG oslo_concurrency.lockutils [None req-845b18b1-d8ba-4056-ae42-0da90ac2895f tempest-AggregatesAdminTestJSON-150009557 tempest-AggregatesAdminTestJSON-150009557-project-admin] Lock "52fe57d1-6119-43a1-891b-93a603d3c6dd" acquired by "nova.context.set_target_cell..get_or_set_cached_cell_and_set_connections" :: waited 0.000s {{(pid=119581) inner /usr/local/lib/python3.8/dist-packages/oslo_concurrency/lockutils.py:386}}
Jul 20 18:13:51.759990 n-d-846219-12 devstack@n-api.service[119581]: DEBUG oslo_concurrency.lockutils [None req-845b18b1-d8ba-4056-ae42-0da90ac2895f tempest-AggregatesAdminTestJSON-150009557 tempest-AggregatesAdminTestJSON-150009557-project-admin] Lock "52fe57d1-6119-43a1-891b-93a603d3c6dd" "released" by "nova.context.set_target_cell..get_or_set_cached_cell_and_set_connections" :: held 0.001s {{(pid=119581) inner /usr/local/lib/python3.8/dist-packages/oslo_concurrency/lockutils.py:400}}
Jul 20 18:13:51.781666 n-d-846219-12 devstack@n-api.service[119580]: INFO nova.api.openstack.requestlog [None req-8a2081de-52b3-40f5-8f18-1076309c371a tempest-AggregatesAdminNegativeTestJSON-1022352981 tempest-AggregatesAdminNegativeTestJSON-1022352981-project-admin] 10.222.0.71 "GET /compute/v2.1/os-services?binary=nova-compute" status: 200 len: 382 microversion: 2.1 time: 0.542139
Jul 20 18:13:51.782919 n-d-846219-12 devstack@n-api.service[119580]: [pid: 119580|app: 0|req: 6/9] 10.222.0.71 () {58 vars in 1175 bytes} [Wed Jul 20 18:13:51 2022] GET /compute/v2.1/os-services?binary=nova-compute => generated 382 bytes in 544 msecs (HTTP/1.1 200) 9 headers in 357 bytes (1 switches on core 0)
Jul 20 18:13:51.788248 n-d-846219-12 devstack@n-api.service[119581]: DEBUG oslo_concurrency.lockutils [None req-845b18b1-d8ba-4056-ae42-0da90ac2895f tempest-AggregatesAdminTestJSON-150009557 tempest-AggregatesAdminTestJSON-150009557-project-admin] Lock "52fe57d1-6119-43a1-891b-93a603d3c6dd" acquired by "nova.context.set_target_cell..get_or_set_cached_cell_and_set_connections" :: waited 0.000s {{(pid=119581) inner /usr/local/lib/python3.8/dist-packages/oslo_concurrency/lockutils.py:386}}
Jul 20 18:13:51.788722 n-d-846219-12 devstack@n-api.service[119581]: DEBUG oslo_concurrency.lockutils [None req-845b18b1-d8ba-4056-ae42-0da90ac2895f tempest-AggregatesAdminTestJSON-150009557 tempest-AggregatesAdminTestJSON-150009557-project-admin] Lock "52fe57d1-6119-43a1-891b-93a603d3c6dd" "released" by "nova.context.set_target_cell..get_or_set_cached_cell_and_set_connections" :: held 0.001s {{(pid=119581) inner /usr/local/lib/python3.8/dist-packages/oslo_concurrency/lockutils.py:400}}
Jul 20 18:13:51.794997 n-d-846219-12 devstack@n-api.service[119580]: DEBUG nova.api.openstack.wsgi [None req-82b3709a-ac98-493c-ae22-17b729d2d2d3 tempest-AZAdminV2TestJSON-1640471333 tempest-AZAdminV2TestJSON-1640471333-project-admin] Calling method '>' {{(pid=119580) _process_stack /opt/stack/nova/nova/api/openstack/wsgi.py:513}}
Jul 20 18:13:51.795881 n-d-846219-12 devstack@n-api.service[119580]: /usr/local/lib/python3.8/dist-packages/oslo_policy/policy.py:1129: UserWarning: Policy "os_compute_api:os-availability-zone:detail": "rule:context_is_admin" failed scope check. The token used to make the request was project scoped but the policy requires ['system'] scope. This behavior may change in the future where using the intended scope is required
Jul 20 18:13:51.795881 n-d-846219-12 devstack@n-api.service[119580]: warnings.warn(msg)
Jul 20 18:13:51.797297 n-d-846219-12 devstack@n-api.service[119580]: DEBUG oslo_concurrency.lockutils [None req-82b3709a-ac98-493c-ae22-17b729d2d2d3 tempest-AZAdminV2TestJSON-1640471333 tempest-AZAdminV2TestJSON-1640471333-project-admin] Lock "00000000-0000-0000-0000-000000000000" acquired by "nova.context.set_target_cell..get_or_set_cached_cell_and_set_connections" :: waited 0.000s {{(pid=119580) inner /usr/local/lib/python3.8/dist-packages/oslo_concurrency/lockutils.py:386}}
Jul 20 18:13:51.798340 n-d-846219-12 devstack@n-api.service[119580]: DEBUG oslo_concurrency.lockutils [None req-82b3709a-ac98-493c-ae22-17b729d2d2d3 tempest-AZAdminV2TestJSON-1640471333 tempest-AZAdminV2TestJSON-1640471333-project-admin] Lock "00000000-0000-0000-0000-000000000000" "released" by "nova.context.set_target_cell..get_or_set_cached_cell_and_set_connections" :: held 0.001s {{(pid=119580) inner /usr/local/lib/python3.8/dist-packages/oslo_concurrency/lockutils.py:400}}
Jul 20 18:13:51.799573 n-d-846219-12 devstack@n-api.service[119580]: DEBUG oslo_concurrency.lockutils [None req-82b3709a-ac98-493c-ae22-17b729d2d2d3 tempest-AZAdminV2TestJSON-1640471333 tempest-AZAdminV2TestJSON-1640471333-project-admin] Lock "52fe57d1-6119-43a1-891b-93a603d3c6dd" acquired by "nova.context.set_target_cell..get_or_set_cached_cell_and_set_connections" :: waited 0.000s {{(pid=119580) inner /usr/local/lib/python3.8/dist-packages/oslo_concurrency/lockutils.py:386}}
Jul 20 18:13:51.800768 n-d-846219-12 devstack@n-api.service[119580]: DEBUG oslo_concurrency.lockutils [None req-82b3709a-ac98-493c-ae22-17b729d2d2d3 tempest-AZAdminV2TestJSON-1640471333 tempest-AZAdminV2TestJSON-1640471333-project-admin] Lock "52fe57d1-6119-43a1-891b-93a603d3c6dd" "released" by "nova.context.set_target_cell..get_or_set_cached_cell_and_set_connections" :: held 0.001s {{(pid=119580) inner /usr/local/lib/python3.8/dist-packages/oslo_concurrency/lockutils.py:400}}
Jul 20 18:13:51.804295 n-d-846219-12 devstack@n-api.service[119581]: INFO nova.api.openstack.requestlog [None req-845b18b1-d8ba-4056-ae42-0da90ac2895f tempest-AggregatesAdminTestJSON-150009557 tempest-AggregatesAdminTestJSON-150009557-project-admin] 10.222.0.71 "GET /compute/v2.1/os-hypervisors/detail" status: 200 len: 1507 microversion: 2.1 time: 0.473246
Jul 20 18:13:51.805652 n-d-846219-12 devstack@n-api.service[119581]: [pid: 119581|app: 0|req: 4/10] 10.222.0.71 () {58 vars in 1166 bytes} [Wed Jul 20 18:13:51 2022] GET /compute/v2.1/os-hypervisors/detail => generated 1507 bytes in 476 msecs (HTTP/1.1 200) 9 headers in 358 bytes (1 switches on core 0)
Jul 20 18:13:51.819325 n-d-846219-12 devstack@n-api.service[119581]: DEBUG nova.api.openstack.wsgi [None req-8cf0d423-d5d6-4c8a-93e0-6c0ed1ed3fac tempest-FlavorsAdminTestJSON-408866349 tempest-FlavorsAdminTestJSON-408866349-project-admin] Calling method '>' {{(pid=119581) _process_stack /opt/stack/nova/nova/api/openstack/wsgi.py:513}}
Jul 20 18:13:51.820600 n-d-846219-12 devstack@n-api.service[119581]: /usr/local/lib/python3.8/dist-packages/oslo_policy/policy.py:1129: UserWarning: Policy "os_compute_api:os-flavor-manage:delete": "rule:context_is_admin" failed scope check. The token used to make the request was project scoped but the policy requires ['system'] scope. This behavior may change in the future where using the intended scope is required
Jul 20 18:13:51.820600 n-d-846219-12 devstack@n-api.service[119581]: warnings.warn(msg)
Jul 20 18:13:51.835977 n-d-846219-12 devstack@n-api.service[119580]: INFO nova.api.openstack.requestlog [None req-82b3709a-ac98-493c-ae22-17b729d2d2d3 tempest-AZAdminV2TestJSON-1640471333 tempest-AZAdminV2TestJSON-1640471333-project-admin] 10.222.0.71 "GET /compute/v2.1/os-availability-zone/detail" status: 200 len: 615 microversion: 2.1 time: 0.051596
Jul 20 18:13:51.844994 n-d-846219-12 devstack@n-api.service[119580]: [pid: 119580|app: 0|req: 7/11] 10.222.0.71 () {58 vars in 1184 bytes} [Wed Jul 20 18:13:51 2022] GET /compute/v2.1/os-availability-zone/detail => generated 615 bytes in 61 msecs (HTTP/1.1 200) 9 headers in 357 bytes (1 switches on core 0)
Jul 20 18:13:51.851115 n-d-846219-12 devstack@n-api.service[119580]: DEBUG nova.api.openstack.wsgi [None req-832bd437-e453-48ff-b034-f3899925c665 tempest-HypervisorAdminTestJSON-23633249 tempest-HypervisorAdminTestJSON-23633249-project-admin] Calling method '.version_select at 0x7f92b4dc7ee0>' {{(pid=119580) _process_stack /opt/stack/nova/nova/api/openstack/wsgi.py:513}}
Jul 20 18:13:51.852317 n-d-846219-12 devstack@n-api.service[119580]: /usr/local/lib/python3.8/dist-packages/oslo_policy/policy.py:1129: UserWarning: Policy "os_compute_api:os-hypervisors:statistics": "rule:context_is_admin" failed scope check. The token used to make the request was project scoped but the policy requires ['system'] scope. This behavior may change in the future where using the intended scope is required
Jul 20 18:13:51.852317 n-d-846219-12 devstack@n-api.service[119580]: warnings.warn(msg)
Jul 20 18:13:51.853897 n-d-846219-12 devstack@n-api.service[119580]: DEBUG oslo_concurrency.lockutils [None req-832bd437-e453-48ff-b034-f3899925c665 tempest-HypervisorAdminTestJSON-23633249 tempest-HypervisorAdminTestJSON-23633249-project-admin] Lock "52fe57d1-6119-43a1-891b-93a603d3c6dd" acquired by "nova.context.set_target_cell..get_or_set_cached_cell_and_set_connections" :: waited 0.000s {{(pid=119580) inner /usr/local/lib/python3.8/dist-packages/oslo_concurrency/lockutils.py:386}}
Jul 20 18:13:51.855864 n-d-846219-12 devstack@n-api.service[119580]: DEBUG oslo_concurrency.lockutils [None req-832bd437-e453-48ff-b034-f3899925c665 tempest-HypervisorAdminTestJSON-23633249 tempest-HypervisorAdminTestJSON-23633249-project-admin] Lock "52fe57d1-6119-43a1-891b-93a603d3c6dd" "released" by "nova.context.set_target_cell..get_or_set_cached_cell_and_set_connections" :: held 0.001s {{(pid=119580) inner /usr/local/lib/python3.8/dist-packages/oslo_concurrency/lockutils.py:400}}
Jul 20 18:13:51.879503 n-d-846219-12 devstack@n-api.service[119580]: INFO nova.api.openstack.requestlog [None req-832bd437-e453-48ff-b034-f3899925c665 tempest-HypervisorAdminTestJSON-23633249 tempest-HypervisorAdminTestJSON-23633249-project-admin] 10.222.0.71 "GET /compute/v2.1/os-hypervisors/statistics" status: 200 len: 263 microversion: 2.1 time: 0.033145
Jul 20 18:13:51.889075 n-d-846219-12 devstack@n-api.service[119581]: INFO nova.api.openstack.requestlog [None req-8cf0d423-d5d6-4c8a-93e0-6c0ed1ed3fac tempest-FlavorsAdminTestJSON-408866349 tempest-FlavorsAdminTestJSON-408866349-project-admin] 10.222.0.71 "DELETE /compute/v2.1/flavors/475450358" status: 202 len: 0 microversion: 2.1 time: 0.075165
Jul 20 18:13:51.889075 n-d-846219-12 devstack@n-api.service[119581]: [pid: 119581|app: 0|req: 5/12] 10.222.0.71 () {58 vars in 1157 bytes} [Wed Jul 20 18:13:51 2022] DELETE /compute/v2.1/flavors/475450358 => generated 0 bytes in 76 msecs (HTTP/1.1 202) 9 headers in 361 bytes (1 switches on core 0)
Jul 20 18:13:51.893277 n-d-846219-12 devstack@n-api.service[119580]: [pid: 119580|app: 0|req: 8/13] 10.222.0.71 () {58 vars in 1178 bytes} [Wed Jul 20 18:13:51 2022] GET /compute/v2.1/os-hypervisors/statistics => generated 263 bytes in 48 msecs (HTTP/1.1 200) 9 headers in 357 bytes (1 switches on core 0)
Jul 20 18:13:51.896588 n-d-846219-12 devstack@n-api.service[119581]: DEBUG nova.api.openstack.wsgi [None req-5203b202-cedd-4301-9436-0724fda8c517 tempest-AggregatesAdminTestV241-1749780227 tempest-AggregatesAdminTestV241-1749780227-project-admin] Action: 'update', calling method: >, body: {"aggregate": {"name": "tempest-test_aggregate-367646320"}} {{(pid=119581) _process_stack /opt/stack/nova/nova/api/openstack/wsgi.py:511}}
Jul 20 18:13:51.900577 n-d-846219-12 devstack@n-api.service[119580]: DEBUG nova.api.openstack.wsgi [None req-fb3a7adf-836f-4c6c-af43-ca481ba4ca08 tempest-FlavorsAdminTestJSON-408866349 tempest-FlavorsAdminTestJSON-408866349-project-admin] Calling method '>' {{(pid=119580) _process_stack /opt/stack/nova/nova/api/openstack/wsgi.py:513}}
Jul 20 18:13:51.950820 n-d-846219-12 devstack@n-api.service[119580]: INFO nova.api.openstack.requestlog [None req-fb3a7adf-836f-4c6c-af43-ca481ba4ca08 tempest-FlavorsAdminTestJSON-408866349 tempest-FlavorsAdminTestJSON-408866349-project-admin] 10.222.0.71 "GET /compute/v2.1/flavors/detail" status: 200 len: 4991 microversion: 2.1 time: 0.055943
Jul 20 18:13:51.969068 n-d-846219-12 devstack@n-api.service[119580]: [pid: 119580|app: 0|req: 9/14] 10.222.0.71 () {58 vars in 1145 bytes} [Wed Jul 20 18:13:51 2022] GET /compute/v2.1/flavors/detail => generated 4991 bytes in 75 msecs (HTTP/1.1 200) 9 headers in 358 bytes (1 switches on core 0)
Jul 20 18:13:51.975217 n-d-846219-12 devstack@n-api.service[119580]: DEBUG nova.api.openstack.wsgi [None req-f4c27fa4-9658-457d-b008-7cd87886cb61 tempest-HypervisorAdminTestJSON-23633249 tempest-HypervisorAdminTestJSON-23633249-project-admin] Calling method '.version_select at 0x7f92b4dcd1f0>' {{(pid=119580) _process_stack /opt/stack/nova/nova/api/openstack/wsgi.py:513}}
Jul 20 18:13:51.976724 n-d-846219-12 devstack@n-api.service[119580]: /usr/local/lib/python3.8/dist-packages/oslo_policy/policy.py:1129: UserWarning: Policy "os_compute_api:os-hypervisors:list": "rule:context_is_admin" failed scope check. The token used to make the request was project scoped but the policy requires ['system'] scope. This behavior may change in the future where using the intended scope is required
Jul 20 18:13:51.976724 n-d-846219-12 devstack@n-api.service[119580]: warnings.warn(msg)
Jul 20 18:13:51.978729 n-d-846219-12 devstack@n-api.service[119580]: DEBUG oslo_concurrency.lockutils [None req-f4c27fa4-9658-457d-b008-7cd87886cb61 tempest-HypervisorAdminTestJSON-23633249 tempest-HypervisorAdminTestJSON-23633249-project-admin] Lock "52fe57d1-6119-43a1-891b-93a603d3c6dd" acquired by "nova.context.set_target_cell..get_or_set_cached_cell_and_set_connections" :: waited 0.000s {{(pid=119580) inner /usr/local/lib/python3.8/dist-packages/oslo_concurrency/lockutils.py:386}}
Jul 20 18:13:51.979657 n-d-846219-12 devstack@n-api.service[119580]: DEBUG oslo_concurrency.lockutils [None req-f4c27fa4-9658-457d-b008-7cd87886cb61 tempest-HypervisorAdminTestJSON-23633249 tempest-HypervisorAdminTestJSON-23633249-project-admin] Lock "52fe57d1-6119-43a1-891b-93a603d3c6dd" "released" by "nova.context.set_target_cell..get_or_set_cached_cell_and_set_connections" :: held 0.001s {{(pid=119580) inner /usr/local/lib/python3.8/dist-packages/oslo_concurrency/lockutils.py:400}}
Jul 20 18:13:51.999238 n-d-846219-12 devstack@n-api.service[119580]: DEBUG oslo_concurrency.lockutils [None req-f4c27fa4-9658-457d-b008-7cd87886cb61 tempest-HypervisorAdminTestJSON-23633249 tempest-HypervisorAdminTestJSON-23633249-project-admin] Lock "52fe57d1-6119-43a1-891b-93a603d3c6dd" acquired by "nova.context.set_target_cell..get_or_set_cached_cell_and_set_connections" :: waited 0.000s {{(pid=119580) inner /usr/local/lib/python3.8/dist-packages/oslo_concurrency/lockutils.py:386}}
Jul 20 18:13:52.000393 n-d-846219-12 devstack@n-api.service[119580]: DEBUG oslo_concurrency.lockutils [None req-f4c27fa4-9658-457d-b008-7cd87886cb61 tempest-HypervisorAdminTestJSON-23633249 tempest-HypervisorAdminTestJSON-23633249-project-admin] Lock "52fe57d1-6119-43a1-891b-93a603d3c6dd" "released" by "nova.context.set_target_cell..get_or_set_cached_cell_and_set_connections" :: held 0.002s {{(pid=119580) inner /usr/local/lib/python3.8/dist-packages/oslo_concurrency/lockutils.py:400}}
Jul 20 18:13:52.021898 n-d-846219-12 devstack@n-api.service[119580]: DEBUG oslo_concurrency.lockutils [None req-f4c27fa4-9658-457d-b008-7cd87886cb61 tempest-HypervisorAdminTestJSON-23633249 tempest-HypervisorAdminTestJSON-23633249-project-admin] Lock "52fe57d1-6119-43a1-891b-93a603d3c6dd" acquired by "nova.context.set_target_cell..get_or_set_cached_cell_and_set_connections" :: waited 0.000s {{(pid=119580) inner /usr/local/lib/python3.8/dist-packages/oslo_concurrency/lockutils.py:386}}
Jul 20 18:13:52.030393 n-d-846219-12 devstack@n-api.service[119580]: DEBUG oslo_concurrency.lockutils [None req-f4c27fa4-9658-457d-b008-7cd87886cb61 tempest-HypervisorAdminTestJSON-23633249 tempest-HypervisorAdminTestJSON-23633249-project-admin] Lock "52fe57d1-6119-43a1-891b-93a603d3c6dd" "released" by "nova.context.set_target_cell..get_or_set_cached_cell_and_set_connections" :: held 0.004s {{(pid=119580) inner /usr/local/lib/python3.8/dist-packages/oslo_concurrency/lockutils.py:400}}
Jul 20 18:13:52.040886 n-d-846219-12 devstack@n-api.service[119580]: INFO nova.api.openstack.requestlog [None req-f4c27fa4-9658-457d-b008-7cd87886cb61 tempest-HypervisorAdminTestJSON-23633249 tempest-HypervisorAdminTestJSON-23633249-project-admin] 10.222.0.71 "GET /compute/v2.1/os-hypervisors" status: 200 len: 193 microversion: 2.1 time: 0.070219
Jul 20 18:13:52.048000 n-d-846219-12 devstack@n-api.service[119580]: [pid: 119580|app: 0|req: 10/15] 10.222.0.71 () {58 vars in 1145 bytes} [Wed Jul 20 18:13:51 2022] GET /compute/v2.1/os-hypervisors => generated 193 bytes in 78 msecs (HTTP/1.1 200) 9 headers in 357 bytes (1 switches on core 0)
Jul 20 18:13:52.055128 n-d-846219-12 devstack@n-api.service[119580]: DEBUG nova.api.openstack.wsgi [None req-b26e41bb-7c59-446d-a389-8fdb0c117245 tempest-FlavorsAdminTestJSON-408866349 tempest-FlavorsAdminTestJSON-408866349-project-admin] Action: 'create', calling method: >, body: {"flavor": {"ram": 512, "vcpus": 1, "disk": 10, "name": "tempest-test_flavor_-174238037", "id": 1064981664, "swap": 1024, "rxtx_factor": 2, "OS-FLV-EXT-DATA:ephemeral": 10, "os-flavor-access:is_public": "True"}} {{(pid=119580) _process_stack /opt/stack/nova/nova/api/openstack/wsgi.py:511}}
Jul 20 18:13:52.058081 n-d-846219-12 devstack@n-api.service[119580]: /usr/local/lib/python3.8/dist-packages/oslo_policy/policy.py:1129: UserWarning: Policy "os_compute_api:os-flavor-manage:create": "rule:context_is_admin" failed scope check. The token used to make the request was project scoped but the policy requires ['system'] scope. This behavior may change in the future where using the intended scope is required
Jul 20 18:13:52.058081 n-d-846219-12 devstack@n-api.service[119580]: warnings.warn(msg)
Jul 20 18:13:52.067011 n-d-846219-12 devstack@n-api.service[119581]: /usr/local/lib/python3.8/dist-packages/oslo_policy/policy.py:1129: UserWarning: Policy "os_compute_api:os-aggregates:update": "rule:context_is_admin" failed scope check. The token used to make the request was project scoped but the policy requires ['system'] scope. This behavior may change in the future where using the intended scope is required
Jul 20 18:13:52.067011 n-d-846219-12 devstack@n-api.service[119581]: warnings.warn(msg)
Jul 20 18:13:52.092265 n-d-846219-12 devstack@n-api.service[119580]: INFO nova.api.openstack.requestlog [None req-b26e41bb-7c59-446d-a389-8fdb0c117245 tempest-FlavorsAdminTestJSON-408866349 tempest-FlavorsAdminTestJSON-408866349-project-admin] 10.222.0.71 "POST /compute/v2.1/flavors" status: 200 len: 416 microversion: 2.1 time: 0.042683
Jul 20 18:13:52.105145 n-d-846219-12 devstack@n-api.service[119580]: [pid: 119580|app: 0|req: 11/16] 10.222.0.71 () {60 vars in 1146 bytes} [Wed Jul 20 18:13:52 2022] POST /compute/v2.1/flavors => generated 416 bytes in 56 msecs (HTTP/1.1 200) 9 headers in 357 bytes (1 switches on core 0)
Jul 20 18:13:52.110514 n-d-846219-12 devstack@n-api.service[119580]: DEBUG nova.api.openstack.wsgi [None req-c08273d0-1fea-4735-a24e-f1b3a9bf93bc tempest-HypervisorAdminTestJSON-23633249 tempest-HypervisorAdminTestJSON-23633249-project-admin] Calling method '.version_select at 0x7f92b4d69550>' {{(pid=119580) _process_stack /opt/stack/nova/nova/api/openstack/wsgi.py:513}}
Jul 20 18:13:52.111763 n-d-846219-12 devstack@n-api.service[119580]: /usr/local/lib/python3.8/dist-packages/oslo_policy/policy.py:1129: UserWarning: Policy "os_compute_api:os-hypervisors:show": "rule:context_is_admin" failed scope check. The token used to make the request was project scoped but the policy requires ['system'] scope. This behavior may change in the future where using the intended scope is required
Jul 20 18:13:52.111763 n-d-846219-12 devstack@n-api.service[119580]: warnings.warn(msg)
Jul 20 18:13:52.114706 n-d-846219-12 devstack@n-api.service[119580]: DEBUG oslo_concurrency.lockutils [None req-c08273d0-1fea-4735-a24e-f1b3a9bf93bc tempest-HypervisorAdminTestJSON-23633249 tempest-HypervisorAdminTestJSON-23633249-project-admin] Lock "52fe57d1-6119-43a1-891b-93a603d3c6dd" acquired by "nova.context.set_target_cell..get_or_set_cached_cell_and_set_connections" :: waited 0.000s {{(pid=119580) inner /usr/local/lib/python3.8/dist-packages/oslo_concurrency/lockutils.py:386}}
Jul 20 18:13:52.115488 n-d-846219-12 devstack@n-api.service[119580]: DEBUG oslo_concurrency.lockutils [None req-c08273d0-1fea-4735-a24e-f1b3a9bf93bc tempest-HypervisorAdminTestJSON-23633249 tempest-HypervisorAdminTestJSON-23633249-project-admin] Lock "52fe57d1-6119-43a1-891b-93a603d3c6dd" "released" by "nova.context.set_target_cell..get_or_set_cached_cell_and_set_connections" :: held 0.001s {{(pid=119580) inner /usr/local/lib/python3.8/dist-packages/oslo_concurrency/lockutils.py:400}}
Jul 20 18:13:52.131549 n-d-846219-12 devstack@n-api.service[119580]: DEBUG oslo_concurrency.lockutils [None req-c08273d0-1fea-4735-a24e-f1b3a9bf93bc tempest-HypervisorAdminTestJSON-23633249 tempest-HypervisorAdminTestJSON-23633249-project-admin] Lock "52fe57d1-6119-43a1-891b-93a603d3c6dd" acquired by "nova.context.set_target_cell..get_or_set_cached_cell_and_set_connections" :: waited 0.000s {{(pid=119580) inner /usr/local/lib/python3.8/dist-packages/oslo_concurrency/lockutils.py:386}}
Jul 20 18:13:52.132536 n-d-846219-12 devstack@n-api.service[119580]: DEBUG oslo_concurrency.lockutils [None req-c08273d0-1fea-4735-a24e-f1b3a9bf93bc tempest-HypervisorAdminTestJSON-23633249 tempest-HypervisorAdminTestJSON-23633249-project-admin] Lock "52fe57d1-6119-43a1-891b-93a603d3c6dd" "released" by "nova.context.set_target_cell..get_or_set_cached_cell_and_set_connections" :: held 0.001s {{(pid=119580) inner /usr/local/lib/python3.8/dist-packages/oslo_concurrency/lockutils.py:400}}
Jul 20 18:13:52.143070 n-d-846219-12 devstack@n-api.service[119580]: INFO nova.api.openstack.requestlog [None req-c08273d0-1fea-4735-a24e-f1b3a9bf93bc tempest-HypervisorAdminTestJSON-23633249 tempest-HypervisorAdminTestJSON-23633249-project-admin] 10.222.0.71 "GET /compute/v2.1/os-hypervisors/1" status: 200 len: 759 microversion: 2.1 time: 0.036317
Jul 20 18:13:52.151158 n-d-846219-12 devstack@n-api.service[119581]: INFO nova.api.openstack.requestlog [None req-5203b202-cedd-4301-9436-0724fda8c517 tempest-AggregatesAdminTestV241-1749780227 tempest-AggregatesAdminTestV241-1749780227-project-admin] 10.222.0.71 "PUT /compute/v2.1/os-aggregates/1" status: 200 len: 298 microversion: 2.41 time: 0.266160
Jul 20 18:13:52.155138 n-d-846219-12 devstack@n-api.service[119580]: [pid: 119580|app: 0|req: 12/17] 10.222.0.71 () {58 vars in 1151 bytes} [Wed Jul 20 18:13:52 2022] GET /compute/v2.1/os-hypervisors/1 => generated 759 bytes in 49 msecs (HTTP/1.1 200) 9 headers in 357 bytes (1 switches on core 0)
Jul 20 18:13:52.157711 n-d-846219-12 devstack@n-api.service[119581]: [pid: 119581|app: 0|req: 6/18] 10.222.0.71 () {62 vars in 1209 bytes} [Wed Jul 20 18:13:51 2022] PUT /compute/v2.1/os-aggregates/1 => generated 298 bytes in 274 msecs (HTTP/1.1 200) 9 headers in 359 bytes (1 switches on core 0)
Jul 20 18:13:52.163485 n-d-846219-12 devstack@n-api.service[119581]: DEBUG nova.api.openstack.wsgi [None req-6bffdaa1-04e1-4bba-bd16-ebbebc56ca0f tempest-HypervisorAdminTestJSON-23633249 tempest-HypervisorAdminTestJSON-23633249-project-admin] Calling method '.version_select at 0x7f92b4572c10>' {{(pid=119581) _process_stack /opt/stack/nova/nova/api/openstack/wsgi.py:513}}
Jul 20 18:13:52.164351 n-d-846219-12 devstack@n-api.service[119581]: /usr/local/lib/python3.8/dist-packages/oslo_policy/policy.py:1129: UserWarning: Policy "os_compute_api:os-hypervisors:show": "rule:context_is_admin" failed scope check. The token used to make the request was project scoped but the policy requires ['system'] scope. This behavior may change in the future where using the intended scope is required
Jul 20 18:13:52.164351 n-d-846219-12 devstack@n-api.service[119581]: warnings.warn(msg)
Jul 20 18:13:52.165216 n-d-846219-12 devstack@n-api.service[119580]: DEBUG nova.api.openstack.wsgi [None req-75b4945a-ab62-42b5-b4b0-f023df1536e8 tempest-FlavorsAdminTestJSON-408866349 tempest-FlavorsAdminTestJSON-408866349-project-admin] Calling method '>' {{(pid=119580) _process_stack /opt/stack/nova/nova/api/openstack/wsgi.py:513}}
Jul 20 18:13:52.166988 n-d-846219-12 devstack@n-api.service[119581]: DEBUG oslo_concurrency.lockutils [None req-6bffdaa1-04e1-4bba-bd16-ebbebc56ca0f tempest-HypervisorAdminTestJSON-23633249 tempest-HypervisorAdminTestJSON-23633249-project-admin] Lock "52fe57d1-6119-43a1-891b-93a603d3c6dd" acquired by "nova.context.set_target_cell..get_or_set_cached_cell_and_set_connections" :: waited 0.000s {{(pid=119581) inner /usr/local/lib/python3.8/dist-packages/oslo_concurrency/lockutils.py:386}}
Jul 20 18:13:52.167305 n-d-846219-12 devstack@n-api.service[119581]: DEBUG oslo_concurrency.lockutils [None req-6bffdaa1-04e1-4bba-bd16-ebbebc56ca0f tempest-HypervisorAdminTestJSON-23633249 tempest-HypervisorAdminTestJSON-23633249-project-admin] Lock "52fe57d1-6119-43a1-891b-93a603d3c6dd" "released" by "nova.context.set_target_cell..get_or_set_cached_cell_and_set_connections" :: held 0.002s {{(pid=119581) inner /usr/local/lib/python3.8/dist-packages/oslo_concurrency/lockutils.py:400}}
Jul 20 18:13:52.190446 n-d-846219-12 devstack@n-api.service[119581]: DEBUG oslo_concurrency.lockutils [None req-6bffdaa1-04e1-4bba-bd16-ebbebc56ca0f tempest-HypervisorAdminTestJSON-23633249 tempest-HypervisorAdminTestJSON-23633249-project-admin] Lock "52fe57d1-6119-43a1-891b-93a603d3c6dd" acquired by "nova.context.set_target_cell..get_or_set_cached_cell_and_set_connections" :: waited 0.000s {{(pid=119581) inner /usr/local/lib/python3.8/dist-packages/oslo_concurrency/lockutils.py:386}}
Jul 20 18:13:52.190961 n-d-846219-12 devstack@n-api.service[119581]: DEBUG oslo_concurrency.lockutils [None req-6bffdaa1-04e1-4bba-bd16-ebbebc56ca0f tempest-HypervisorAdminTestJSON-23633249 tempest-HypervisorAdminTestJSON-23633249-project-admin] Lock "52fe57d1-6119-43a1-891b-93a603d3c6dd" "released" by "nova.context.set_target_cell..get_or_set_cached_cell_and_set_connections" :: held 0.001s {{(pid=119581) inner /usr/local/lib/python3.8/dist-packages/oslo_concurrency/lockutils.py:400}}
Jul 20 18:13:52.198287 n-d-846219-12 devstack@n-api.service[119581]: INFO nova.api.openstack.requestlog [None req-6bffdaa1-04e1-4bba-bd16-ebbebc56ca0f tempest-HypervisorAdminTestJSON-23633249 tempest-HypervisorAdminTestJSON-23633249-project-admin] 10.222.0.71 "GET /compute/v2.1/os-hypervisors/2" status: 200 len: 759 microversion: 2.1 time: 0.039138
Jul 20 18:13:52.206212 n-d-846219-12 devstack@n-api.service[119581]: [pid: 119581|app: 0|req: 7/19] 10.222.0.71 () {58 vars in 1151 bytes} [Wed Jul 20 18:13:52 2022] GET /compute/v2.1/os-hypervisors/2 => generated 759 bytes in 41 msecs (HTTP/1.1 200) 9 headers in 357 bytes (1 switches on core 0)
Jul 20 18:13:52.206212 n-d-846219-12 devstack@n-api.service[119581]: DEBUG nova.api.openstack.wsgi [None req-e1660271-44bd-4732-a4ef-ec57e03a0a86 tempest-AggregatesAdminTestV241-1749780227 tempest-AggregatesAdminTestV241-1749780227-project-admin] Calling method '>' {{(pid=119581) _process_stack /opt/stack/nova/nova/api/openstack/wsgi.py:513}}
Jul 20 18:13:52.206964 n-d-846219-12 devstack@n-api.service[119581]: /usr/local/lib/python3.8/dist-packages/oslo_policy/policy.py:1129: UserWarning: Policy "os_compute_api:os-aggregates:show": "rule:context_is_admin" failed scope check. The token used to make the request was project scoped but the policy requires ['system'] scope. This behavior may change in the future where using the intended scope is required
Jul 20 18:13:52.206964 n-d-846219-12 devstack@n-api.service[119581]: warnings.warn(msg)
Jul 20 18:13:52.214889 n-d-846219-12 devstack@n-api.service[119581]: INFO nova.api.openstack.requestlog [None req-e1660271-44bd-4732-a4ef-ec57e03a0a86 tempest-AggregatesAdminTestV241-1749780227 tempest-AggregatesAdminTestV241-1749780227-project-admin] 10.222.0.71 "GET /compute/v2.1/os-aggregates/1" status: 200 len: 298 microversion: 2.41 time: 0.013744
Jul 20 18:13:52.217710 n-d-846219-12 devstack@n-api.service[119580]: INFO nova.api.openstack.requestlog [None req-75b4945a-ab62-42b5-b4b0-f023df1536e8 tempest-FlavorsAdminTestJSON-408866349 tempest-FlavorsAdminTestJSON-408866349-project-admin] 10.222.0.71 "GET /compute/v2.1/flavors/detail" status: 200 len: 5397 microversion: 2.1 time: 0.060889
Jul 20 18:13:52.228528 n-d-846219-12 devstack@n-api.service[119581]: [pid: 119581|app: 0|req: 8/20] 10.222.0.71 () {60 vars in 1189 bytes} [Wed Jul 20 18:13:52 2022] GET /compute/v2.1/os-aggregates/1 => generated 298 bytes in 21 msecs (HTTP/1.1 200) 9 headers in 359 bytes (1 switches on core 0)
Jul 20 18:13:52.228528 n-d-846219-12 devstack@n-api.service[119581]: DEBUG nova.api.openstack.wsgi [None req-c640e0cc-5d05-495b-a1e4-95f0ef023828 tempest-HypervisorAdminTestJSON-23633249 tempest-HypervisorAdminTestJSON-23633249-project-admin] Calling method '.version_select at 0x7f92b45bdf70>' {{(pid=119581) _process_stack /opt/stack/nova/nova/api/openstack/wsgi.py:513}}
Jul 20 18:13:52.228528 n-d-846219-12 devstack@n-api.service[119581]: /usr/local/lib/python3.8/dist-packages/oslo_policy/policy.py:1129: UserWarning: Policy "os_compute_api:os-hypervisors:uptime": "rule:context_is_admin" failed scope check. The token used to make the request was project scoped but the policy requires ['system'] scope. This behavior may change in the future where using the intended scope is required
Jul 20 18:13:52.228528 n-d-846219-12 devstack@n-api.service[119581]: warnings.warn(msg)
Jul 20 18:13:52.230180 n-d-846219-12 devstack@n-api.service[119581]: DEBUG oslo_concurrency.lockutils [None req-c640e0cc-5d05-495b-a1e4-95f0ef023828 tempest-HypervisorAdminTestJSON-23633249 tempest-HypervisorAdminTestJSON-23633249-project-admin] Lock "52fe57d1-6119-43a1-891b-93a603d3c6dd" acquired by "nova.context.set_target_cell..get_or_set_cached_cell_and_set_connections" :: waited 0.000s {{(pid=119581) inner /usr/local/lib/python3.8/dist-packages/oslo_concurrency/lockutils.py:386}}
Jul 20 18:13:52.230180 n-d-846219-12 devstack@n-api.service[119581]: DEBUG oslo_concurrency.lockutils [None req-c640e0cc-5d05-495b-a1e4-95f0ef023828 tempest-HypervisorAdminTestJSON-23633249 tempest-HypervisorAdminTestJSON-23633249-project-admin] Lock "52fe57d1-6119-43a1-891b-93a603d3c6dd" "released" by "nova.context.set_target_cell..get_or_set_cached_cell_and_set_connections" :: held 0.001s {{(pid=119581) inner /usr/local/lib/python3.8/dist-packages/oslo_concurrency/lockutils.py:400}}
Jul 20 18:13:52.231195 n-d-846219-12 devstack@n-api.service[119580]: [pid: 119580|app: 0|req: 13/21] 10.222.0.71 () {58 vars in 1145 bytes} [Wed Jul 20 18:13:52 2022] GET /compute/v2.1/flavors/detail => generated 5397 bytes in 75 msecs (HTTP/1.1 200) 9 headers in 358 bytes (1 switches on core 0)
Jul 20 18:13:52.237288 n-d-846219-12 devstack@n-api.service[119580]: DEBUG nova.api.openstack.wsgi [None req-6dc9d863-527b-4c1b-b9f4-2ff15045e72d tempest-AggregatesAdminTestV241-1749780227 tempest-AggregatesAdminTestV241-1749780227-project-admin] Action: 'action', calling method: >, body: {"add_host": {"host": "n-h2-846219-12"}} {{(pid=119580) _process_stack /opt/stack/nova/nova/api/openstack/wsgi.py:511}}
Jul 20 18:13:52.239903 n-d-846219-12 devstack@n-api.service[119580]: /usr/local/lib/python3.8/dist-packages/oslo_policy/policy.py:1129: UserWarning: Policy "os_compute_api:os-aggregates:add_host": "rule:context_is_admin" failed scope check. The token used to make the request was project scoped but the policy requires ['system'] scope. This behavior may change in the future where using the intended scope is required
Jul 20 18:13:52.239903 n-d-846219-12 devstack@n-api.service[119580]: warnings.warn(msg)
Jul 20 18:13:52.247226 n-d-846219-12 devstack@n-api.service[119581]: DEBUG oslo_concurrency.lockutils [None req-c640e0cc-5d05-495b-a1e4-95f0ef023828 tempest-HypervisorAdminTestJSON-23633249 tempest-HypervisorAdminTestJSON-23633249-project-admin] Lock "52fe57d1-6119-43a1-891b-93a603d3c6dd" acquired by "nova.context.set_target_cell..get_or_set_cached_cell_and_set_connections" :: waited 0.000s {{(pid=119581) inner /usr/local/lib/python3.8/dist-packages/oslo_concurrency/lockutils.py:386}}
Jul 20 18:13:52.247681 n-d-846219-12 devstack@n-api.service[119581]: DEBUG oslo_concurrency.lockutils [None req-c640e0cc-5d05-495b-a1e4-95f0ef023828 tempest-HypervisorAdminTestJSON-23633249 tempest-HypervisorAdminTestJSON-23633249-project-admin] Lock "52fe57d1-6119-43a1-891b-93a603d3c6dd" "released" by "nova.context.set_target_cell..get_or_set_cached_cell_and_set_connections" :: held 0.001s {{(pid=119581) inner /usr/local/lib/python3.8/dist-packages/oslo_concurrency/lockutils.py:400}}
Jul 20 18:13:52.263072 n-d-846219-12 devstack@n-api.service[119581]: DEBUG oslo_concurrency.lockutils [None req-c640e0cc-5d05-495b-a1e4-95f0ef023828 tempest-HypervisorAdminTestJSON-23633249 tempest-HypervisorAdminTestJSON-23633249-project-admin] Lock "52fe57d1-6119-43a1-891b-93a603d3c6dd" acquired by "nova.context.set_target_cell..get_or_set_cached_cell_and_set_connections" :: waited 0.000s {{(pid=119581) inner /usr/local/lib/python3.8/dist-packages/oslo_concurrency/lockutils.py:386}}
Jul 20 18:13:52.263970 n-d-846219-12 devstack@n-api.service[119581]: DEBUG oslo_concurrency.lockutils [None req-c640e0cc-5d05-495b-a1e4-95f0ef023828 tempest-HypervisorAdminTestJSON-23633249 tempest-HypervisorAdminTestJSON-23633249-project-admin] Lock "52fe57d1-6119-43a1-891b-93a603d3c6dd" "released" by "nova.context.set_target_cell..get_or_set_cached_cell_and_set_connections" :: held 0.001s {{(pid=119581) inner /usr/local/lib/python3.8/dist-packages/oslo_concurrency/lockutils.py:400}}
Jul 20 18:13:52.273258 n-d-846219-12 devstack@n-api.service[119581]: DEBUG oslo_concurrency.lockutils [None req-c640e0cc-5d05-495b-a1e4-95f0ef023828 tempest-HypervisorAdminTestJSON-23633249 tempest-HypervisorAdminTestJSON-23633249-project-admin] Acquired lock "compute-rpcapi-router" {{(pid=119581) lock /usr/local/lib/python3.8/dist-packages/oslo_concurrency/lockutils.py:294}}
Jul 20 18:13:52.275026 n-d-846219-12 devstack@n-api.service[119581]: DEBUG oslo_concurrency.lockutils [None req-52b2f771-b911-41be-a9cc-75d556d65435 None None] Lock "00000000-0000-0000-0000-000000000000" acquired by "nova.context.set_target_cell..get_or_set_cached_cell_and_set_connections" :: waited 0.000s {{(pid=119581) inner /usr/local/lib/python3.8/dist-packages/oslo_concurrency/lockutils.py:386}}
Jul 20 18:13:52.276707 n-d-846219-12 devstack@n-api.service[119581]: DEBUG oslo_concurrency.lockutils [None req-52b2f771-b911-41be-a9cc-75d556d65435 None None] Lock "00000000-0000-0000-0000-000000000000" "released" by "nova.context.set_target_cell..get_or_set_cached_cell_and_set_connections" :: held 0.002s {{(pid=119581) inner /usr/local/lib/python3.8/dist-packages/oslo_concurrency/lockutils.py:400}}
Jul 20 18:13:52.277933 n-d-846219-12 devstack@n-api.service[119581]: DEBUG oslo_concurrency.lockutils [None req-52b2f771-b911-41be-a9cc-75d556d65435 None None] Lock "52fe57d1-6119-43a1-891b-93a603d3c6dd" acquired by "nova.context.set_target_cell..get_or_set_cached_cell_and_set_connections" :: waited 0.000s {{(pid=119581) inner /usr/local/lib/python3.8/dist-packages/oslo_concurrency/lockutils.py:386}}
Jul 20 18:13:52.278643 n-d-846219-12 devstack@n-api.service[119581]: DEBUG oslo_concurrency.lockutils [None req-52b2f771-b911-41be-a9cc-75d556d65435 None None] Lock "52fe57d1-6119-43a1-891b-93a603d3c6dd" "released" by "nova.context.set_target_cell..get_or_set_cached_cell_and_set_connections" :: held 0.001s {{(pid=119581) inner /usr/local/lib/python3.8/dist-packages/oslo_concurrency/lockutils.py:400}}
Jul 20 18:13:52.295030 n-d-846219-12 devstack@n-api.service[119581]: INFO nova.compute.rpcapi [None req-52b2f771-b911-41be-a9cc-75d556d65435 None None] Automatically selected compute RPC version 6.0 from minimum service version 61
Jul 20 18:13:52.296495 n-d-846219-12 devstack@n-api.service[119581]: DEBUG oslo_concurrency.lockutils [None req-52b2f771-b911-41be-a9cc-75d556d65435 None None] Releasing lock "compute-rpcapi-router" {{(pid=119581) lock /usr/local/lib/python3.8/dist-packages/oslo_concurrency/lockutils.py:312}}
Jul 20 18:13:52.308504 n-d-846219-12 devstack@n-api.service[119580]: DEBUG oslo_concurrency.lockutils [None req-6dc9d863-527b-4c1b-b9f4-2ff15045e72d tempest-AggregatesAdminTestV241-1749780227 tempest-AggregatesAdminTestV241-1749780227-project-admin] Lock "52fe57d1-6119-43a1-891b-93a603d3c6dd" acquired by "nova.context.set_target_cell..get_or_set_cached_cell_and_set_connections" :: waited 0.000s {{(pid=119580) inner /usr/local/lib/python3.8/dist-packages/oslo_concurrency/lockutils.py:386}}
Jul 20 18:13:52.312320 n-d-846219-12 devstack@n-api.service[119580]: DEBUG oslo_concurrency.lockutils [None req-6dc9d863-527b-4c1b-b9f4-2ff15045e72d tempest-AggregatesAdminTestV241-1749780227 tempest-AggregatesAdminTestV241-1749780227-project-admin] Lock "52fe57d1-6119-43a1-891b-93a603d3c6dd" "released" by "nova.context.set_target_cell..get_or_set_cached_cell_and_set_connections" :: held 0.007s {{(pid=119580) inner /usr/local/lib/python3.8/dist-packages/oslo_concurrency/lockutils.py:400}}
Jul 20 18:13:52.368584 n-d-846219-12 devstack@n-api.service[119581]: INFO nova.api.openstack.requestlog [None req-52b2f771-b911-41be-a9cc-75d556d65435 None None] 10.222.0.71 "GET /compute/v2.1/os-hypervisors/1/uptime" status: 200 len: 176 microversion: 2.1 time: 0.144628
Jul 20 18:13:52.370447 n-d-846219-12 devstack@n-api.service[119581]: [pid: 119581|app: 0|req: 9/22] 10.222.0.71 () {58 vars in 1172 bytes} [Wed Jul 20 18:13:52 2022] GET /compute/v2.1/os-hypervisors/1/uptime => generated 176 bytes in 148 msecs (HTTP/1.1 200) 9 headers in 357 bytes (1 switches on core 0)
Jul 20 18:13:52.375909 n-d-846219-12 devstack@n-api.service[119581]: DEBUG nova.api.openstack.wsgi [None req-83bc5f0d-acd1-489e-8220-d1515fa73ae8 tempest-FlavorsAdminTestJSON-408866349 tempest-FlavorsAdminTestJSON-408866349-project-admin] Calling method '>' {{(pid=119581) _process_stack /opt/stack/nova/nova/api/openstack/wsgi.py:513}}
Jul 20 18:13:52.376836 n-d-846219-12 devstack@n-api.service[119581]: /usr/local/lib/python3.8/dist-packages/oslo_policy/policy.py:1129: UserWarning: Policy "os_compute_api:os-flavor-manage:delete": "rule:context_is_admin" failed scope check. The token used to make the request was project scoped but the policy requires ['system'] scope. This behavior may change in the future where using the intended scope is required
Jul 20 18:13:52.376836 n-d-846219-12 devstack@n-api.service[119581]: warnings.warn(msg)
Jul 20 18:13:52.417383 n-d-846219-12 devstack@n-api.service[119581]: INFO nova.api.openstack.requestlog [None req-83bc5f0d-acd1-489e-8220-d1515fa73ae8 tempest-FlavorsAdminTestJSON-408866349 tempest-FlavorsAdminTestJSON-408866349-project-admin] 10.222.0.71 "DELETE /compute/v2.1/flavors/1064981664" status: 202 len: 0 microversion: 2.1 time: 0.045489
Jul 20 18:13:52.421526 n-d-846219-12 devstack@n-api.service[119581]: [pid: 119581|app: 0|req: 10/23] 10.222.0.71 () {58 vars in 1160 bytes} [Wed Jul 20 18:13:52 2022] DELETE /compute/v2.1/flavors/1064981664 => generated 0 bytes in 47 msecs (HTTP/1.1 202) 9 headers in 361 bytes (1 switches on core 0)
Jul 20 18:13:52.442636 n-d-846219-12 devstack@n-api.service[119581]: DEBUG nova.api.openstack.wsgi [None req-80553a08-460c-44e5-8c79-96ce8903a97a tempest-FlavorsAdminTestJSON-408866349 tempest-FlavorsAdminTestJSON-408866349-project-admin] Calling method '>' {{(pid=119581) _process_stack /opt/stack/nova/nova/api/openstack/wsgi.py:513}}
Jul 20 18:13:52.503886 n-d-846219-12 devstack@n-api.service[119581]: INFO nova.api.openstack.requestlog [None req-80553a08-460c-44e5-8c79-96ce8903a97a tempest-FlavorsAdminTestJSON-408866349 tempest-FlavorsAdminTestJSON-408866349-project-admin] 10.222.0.71 "GET /compute/v2.1/flavors/detail" status: 200 len: 4991 microversion: 2.1 time: 0.072581
Jul 20 18:13:52.505207 n-d-846219-12 devstack@n-api.service[119581]: [pid: 119581|app: 0|req: 11/24] 10.222.0.71 () {58 vars in 1145 bytes} [Wed Jul 20 18:13:52 2022] GET /compute/v2.1/flavors/detail => generated 4991 bytes in 81 msecs (HTTP/1.1 200) 9 headers in 358 bytes (1 switches on core 0)
Jul 20 18:13:52.521981 n-d-846219-12 devstack@n-api.service[119581]: DEBUG nova.api.openstack.wsgi [None req-8e51f9b3-83e8-46ce-94d3-65ec0cc5ddd9 tempest-FlavorsAdminTestJSON-408866349 tempest-FlavorsAdminTestJSON-408866349-project-admin] Action: 'create', calling method: >, body: {"flavor": {"ram": 512, "vcpus": 1, "disk": 10, "name": "tempest-FlavorsAdminTestJSON-flavor-1852476780", "id": 1712807746, "os-flavor-access:is_public": "True"}} {{(pid=119581) _process_stack /opt/stack/nova/nova/api/openstack/wsgi.py:511}}
Jul 20 18:13:52.523916 n-d-846219-12 devstack@n-api.service[119581]: /usr/local/lib/python3.8/dist-packages/oslo_policy/policy.py:1129: UserWarning: Policy "os_compute_api:os-flavor-manage:create": "rule:context_is_admin" failed scope check. The token used to make the request was project scoped but the policy requires ['system'] scope. This behavior may change in the future where using the intended scope is required
Jul 20 18:13:52.523916 n-d-846219-12 devstack@n-api.service[119581]: warnings.warn(msg)
Jul 20 18:13:52.587882 n-d-846219-12 devstack@n-api.service[119581]: INFO nova.api.openstack.requestlog [None req-8e51f9b3-83e8-46ce-94d3-65ec0cc5ddd9 tempest-FlavorsAdminTestJSON-408866349 tempest-FlavorsAdminTestJSON-408866349-project-admin] 10.222.0.71 "POST /compute/v2.1/flavors" status: 200 len: 429 microversion: 2.1 time: 0.070322
Jul 20 18:13:52.597764 n-d-846219-12 devstack@n-api.service[119581]: [pid: 119581|app: 0|req: 12/25] 10.222.0.71 () {60 vars in 1146 bytes} [Wed Jul 20 18:13:52 2022] POST /compute/v2.1/flavors => generated 429 bytes in 81 msecs (HTTP/1.1 200) 9 headers in 357 bytes (1 switches on core 0)
Jul 20 18:13:52.609687 n-d-846219-12 devstack@n-api.service[119581]: DEBUG nova.api.openstack.wsgi [None req-ce33cdcc-4145-48f0-8ca8-ed1e1bd1a197 tempest-FlavorsAdminTestJSON-408866349 tempest-FlavorsAdminTestJSON-408866349-project-admin] Calling method '>' {{(pid=119581) _process_stack /opt/stack/nova/nova/api/openstack/wsgi.py:513}}
Jul 20 18:13:52.673096 n-d-846219-12 devstack@n-api.service[119581]: INFO nova.api.openstack.requestlog [None req-ce33cdcc-4145-48f0-8ca8-ed1e1bd1a197 tempest-FlavorsAdminTestJSON-408866349 tempest-FlavorsAdminTestJSON-408866349-project-admin] 10.222.0.71 "DELETE /compute/v2.1/flavors/1712807746" status: 202 len: 0 microversion: 2.1 time: 0.070497
Jul 20 18:13:52.674338 n-d-846219-12 devstack@n-api.service[119581]: [pid: 119581|app: 0|req: 13/26] 10.222.0.71 () {58 vars in 1160 bytes} [Wed Jul 20 18:13:52 2022] DELETE /compute/v2.1/flavors/1712807746 => generated 0 bytes in 73 msecs (HTTP/1.1 202) 9 headers in 361 bytes (1 switches on core 0)
Jul 20 18:13:52.696966 n-d-846219-12 devstack@n-api.service[119581]: DEBUG nova.api.openstack.wsgi [None req-e9a88ca1-6159-4b1b-bd76-97cba94f97ed tempest-FlavorsAdminTestJSON-408866349 tempest-FlavorsAdminTestJSON-408866349-project-admin] Calling method '>' {{(pid=119581) _process_stack /opt/stack/nova/nova/api/openstack/wsgi.py:513}}
Jul 20 18:13:52.764737 n-d-846219-12 devstack@n-api.service[119581]: INFO nova.api.openstack.requestlog [None req-e9a88ca1-6159-4b1b-bd76-97cba94f97ed tempest-FlavorsAdminTestJSON-408866349 tempest-FlavorsAdminTestJSON-408866349-project-admin] 10.222.0.71 "GET /compute/v2.1/flavors/detail" status: 200 len: 4991 microversion: 2.1 time: 0.082265
Jul 20 18:13:52.776122 n-d-846219-12 devstack@n-api.service[119581]: [pid: 119581|app: 0|req: 14/27] 10.222.0.71 () {58 vars in 1145 bytes} [Wed Jul 20 18:13:52 2022] GET /compute/v2.1/flavors/detail => generated 4991 bytes in 95 msecs (HTTP/1.1 200) 9 headers in 358 bytes (2 switches on core 0)
Jul 20 18:13:52.789056 n-d-846219-12 devstack@n-api.service[119581]: DEBUG nova.api.openstack.wsgi [None req-8877cf3d-2ac0-43e0-9e50-2f053c787e9e tempest-FlavorsAdminTestJSON-408866349 tempest-FlavorsAdminTestJSON-408866349-project-admin] Action: 'create', calling method: >, body: {"flavor": {"ram": 512, "vcpus": 1, "disk": 10, "name": "tempest-FlavorsAdminTestJSON-flavor-64338477", "id": null, "os-flavor-access:is_public": "True"}} {{(pid=119581) _process_stack /opt/stack/nova/nova/api/openstack/wsgi.py:511}}
Jul 20 18:13:52.868605 n-d-846219-12 devstack@n-api.service[119581]: INFO nova.api.openstack.requestlog [None req-8877cf3d-2ac0-43e0-9e50-2f053c787e9e tempest-FlavorsAdminTestJSON-408866349 tempest-FlavorsAdminTestJSON-408866349-project-admin] 10.222.0.71 "POST /compute/v2.1/flavors" status: 200 len: 505 microversion: 2.1 time: 0.089749
Jul 20 18:13:52.870982 n-d-846219-12 devstack@n-api.service[119581]: [pid: 119581|app: 0|req: 15/28] 10.222.0.71 () {60 vars in 1146 bytes} [Wed Jul 20 18:13:52 2022] POST /compute/v2.1/flavors => generated 505 bytes in 94 msecs (HTTP/1.1 200) 9 headers in 357 bytes (1 switches on core 0)
Jul 20 18:13:52.898126 n-d-846219-12 devstack@n-api.service[119581]: DEBUG nova.api.openstack.wsgi [None req-b9d9e974-0375-4e29-ae92-4a10a96e0eab tempest-FlavorsAdminTestJSON-408866349 tempest-FlavorsAdminTestJSON-408866349-project-admin] Calling method '>' {{(pid=119581) _process_stack /opt/stack/nova/nova/api/openstack/wsgi.py:513}}
Jul 20 18:13:52.949447 n-d-846219-12 devstack@n-api.service[119581]: INFO nova.api.openstack.requestlog [None req-b9d9e974-0375-4e29-ae92-4a10a96e0eab tempest-FlavorsAdminTestJSON-408866349 tempest-FlavorsAdminTestJSON-408866349-project-admin] 10.222.0.71 "DELETE /compute/v2.1/flavors/349cc2b5-4fff-49af-8f17-befc5ef2902d" status: 202 len: 0 microversion: 2.1 time: 0.068712
Jul 20 18:13:52.952494 n-d-846219-12 devstack@n-api.service[119581]: [pid: 119581|app: 0|req: 16/29] 10.222.0.71 () {58 vars in 1238 bytes} [Wed Jul 20 18:13:52 2022] DELETE /compute/v2.1/flavors/349cc2b5-4fff-49af-8f17-befc5ef2902d => generated 0 bytes in 75 msecs (HTTP/1.1 202) 9 headers in 361 bytes (1 switches on core 0)
Jul 20 18:13:52.973107 n-d-846219-12 devstack@n-api.service[119581]: DEBUG nova.api.openstack.wsgi [None req-b8e63648-99e3-4bd8-a4e3-7a80775e9389 tempest-FlavorsAdminTestJSON-408866349 tempest-FlavorsAdminTestJSON-408866349-project-admin] Calling method '>' {{(pid=119581) _process_stack /opt/stack/nova/nova/api/openstack/wsgi.py:513}}
Jul 20 18:13:53.028874 n-d-846219-12 devstack@n-api.service[119581]: INFO nova.api.openstack.requestlog [None req-b8e63648-99e3-4bd8-a4e3-7a80775e9389 tempest-FlavorsAdminTestJSON-408866349 tempest-FlavorsAdminTestJSON-408866349-project-admin] 10.222.0.71 "GET /compute/v2.1/flavors/detail" status: 200 len: 4991 microversion: 2.1 time: 0.071782
Jul 20 18:13:53.030493 n-d-846219-12 devstack@n-api.service[119581]: [pid: 119581|app: 0|req: 17/30] 10.222.0.71 () {58 vars in 1145 bytes} [Wed Jul 20 18:13:52 2022] GET /compute/v2.1/flavors/detail => generated 4991 bytes in 75 msecs (HTTP/1.1 200) 9 headers in 358 bytes (2 switches on core 0)
Jul 20 18:13:53.053380 n-d-846219-12 devstack@n-api.service[119581]: DEBUG nova.api.openstack.wsgi [None req-38a8d543-e119-4534-a13e-38837dd8a486 tempest-FlavorsAdminTestJSON-408866349 tempest-FlavorsAdminTestJSON-408866349-project-admin] Action: 'create', calling method: >, body: {"flavor": {"ram": 512, "vcpus": 1, "disk": 10, "name": "tempest-FlavorsAdminTestJSON-flavor-345214197", "id": "caa90ac2-a909-4d77-a46a-3173bf2203b6", "os-flavor-access:is_public": "True"}} {{(pid=119581) _process_stack /opt/stack/nova/nova/api/openstack/wsgi.py:511}}
Jul 20 18:13:53.094437 n-d-846219-12 devstack@n-api.service[119581]: INFO nova.api.openstack.requestlog [None req-38a8d543-e119-4534-a13e-38837dd8a486 tempest-FlavorsAdminTestJSON-408866349 tempest-FlavorsAdminTestJSON-408866349-project-admin] 10.222.0.71 "POST /compute/v2.1/flavors" status: 200 len: 506 microversion: 2.1 time: 0.049404
Jul 20 18:13:53.095986 n-d-846219-12 devstack@n-api.service[119581]: [pid: 119581|app: 0|req: 18/31] 10.222.0.71 () {60 vars in 1146 bytes} [Wed Jul 20 18:13:53 2022] POST /compute/v2.1/flavors => generated 506 bytes in 52 msecs (HTTP/1.1 200) 9 headers in 357 bytes (2 switches on core 0)
Jul 20 18:13:53.115455 n-d-846219-12 devstack@n-api.service[119581]: DEBUG nova.api.openstack.wsgi [None req-3214bc0d-0b68-44a7-b69f-dd4ea748becf tempest-FlavorsAdminTestJSON-408866349 tempest-FlavorsAdminTestJSON-408866349-project-admin] Calling method '>' {{(pid=119581) _process_stack /opt/stack/nova/nova/api/openstack/wsgi.py:513}}
Jul 20 18:13:53.155766 n-d-846219-12 devstack@n-api.service[119581]: INFO nova.api.openstack.requestlog [None req-3214bc0d-0b68-44a7-b69f-dd4ea748becf tempest-FlavorsAdminTestJSON-408866349 tempest-FlavorsAdminTestJSON-408866349-project-admin] 10.222.0.71 "DELETE /compute/v2.1/flavors/caa90ac2-a909-4d77-a46a-3173bf2203b6" status: 202 len: 0 microversion: 2.1 time: 0.047814
Jul 20 18:13:53.157414 n-d-846219-12 devstack@n-api.service[119581]: [pid: 119581|app: 0|req: 19/32] 10.222.0.71 () {58 vars in 1238 bytes} [Wed Jul 20 18:13:53 2022] DELETE /compute/v2.1/flavors/caa90ac2-a909-4d77-a46a-3173bf2203b6 => generated 0 bytes in 50 msecs (HTTP/1.1 202) 9 headers in 361 bytes (1 switches on core 0)
