Jun 16 20:14:50.431570 n-d-846219-1 devstack@placement-api.service[112068]: DEBUG placement.requestlog [req-0b936637-17f6-44be-9020-bc31d1554266 req-cd688538-6d38-41ac-b4d1-1716feb31ed7 None None] Starting request: 10.222.0.69 "GET /placement/allocations/a61dc20d-6bda-4c39-9ac2-8141927c02e7" {{(pid=112068) __call__ /opt/stack/placement/placement/requestlog.py:55}}
Jun 16 20:14:50.477399 n-d-846219-1 devstack@placement-api.service[112068]: INFO placement.requestlog [req-0b936637-17f6-44be-9020-bc31d1554266 req-cd688538-6d38-41ac-b4d1-1716feb31ed7 service placement] 10.222.0.69 "GET /placement/allocations/a61dc20d-6bda-4c39-9ac2-8141927c02e7" status: 200 len: 259 microversion: 1.28
Jun 16 20:14:50.482600 n-d-846219-1 devstack@placement-api.service[112068]: [pid: 112068|app: 0|req: 599/1232] 10.222.0.69 () {60 vars in 1377 bytes} [Thu Jun 16 20:14:50 2022] GET /placement/allocations/a61dc20d-6bda-4c39-9ac2-8141927c02e7 => generated 259 bytes in 51 msecs (HTTP/1.1 200) 8 headers in 296 bytes (1 switches on core 0)
Jun 16 20:14:52.141751 n-d-846219-1 devstack@placement-api.service[112067]: DEBUG placement.requestlog [req-d31f4696-c46d-4bbd-acae-0a22ce18236a req-ed97c805-5408-4ece-9d88-75afa6bbc9c4 None None] Starting request: 10.222.0.18 "GET /placement/allocation_candidates?limit=1000&resources=DISK_GB%3A1%2CMEMORY_MB%3A1024%2CVCPU%3A1&root_required=%21COMPUTE_STATUS_DISABLED" {{(pid=112067) __call__ /opt/stack/placement/placement/requestlog.py:55}}
Jun 16 20:14:52.244220 n-d-846219-1 devstack@placement-api.service[112067]: DEBUG placement.objects.research_context [req-d31f4696-c46d-4bbd-acae-0a22ce18236a req-ed97c805-5408-4ece-9d88-75afa6bbc9c4 service placement] getting providers with 1 DISK_GB {{(pid=112067) __init__ /opt/stack/placement/placement/objects/research_context.py:136}}
Jun 16 20:14:52.259143 n-d-846219-1 devstack@placement-api.service[112067]: DEBUG placement.objects.research_context [req-d31f4696-c46d-4bbd-acae-0a22ce18236a req-ed97c805-5408-4ece-9d88-75afa6bbc9c4 service placement] getting providers with 1024 MEMORY_MB {{(pid=112067) __init__ /opt/stack/placement/placement/objects/research_context.py:136}}
Jun 16 20:14:52.265116 n-d-846219-1 devstack@placement-api.service[112067]: DEBUG placement.objects.research_context [req-d31f4696-c46d-4bbd-acae-0a22ce18236a req-ed97c805-5408-4ece-9d88-75afa6bbc9c4 service placement] getting providers with 1 VCPU {{(pid=112067) __init__ /opt/stack/placement/placement/objects/research_context.py:136}}
Jun 16 20:14:52.286729 n-d-846219-1 devstack@placement-api.service[112067]: DEBUG placement.objects.research_context [req-d31f4696-c46d-4bbd-acae-0a22ce18236a req-ed97c805-5408-4ece-9d88-75afa6bbc9c4 service placement] found 2 providers with available 1 DISK_GB {{(pid=112067) get_provider_ids_matching /opt/stack/placement/placement/objects/research_context.py:563}}
Jun 16 20:14:52.286729 n-d-846219-1 devstack@placement-api.service[112067]: DEBUG placement.objects.research_context [req-d31f4696-c46d-4bbd-acae-0a22ce18236a req-ed97c805-5408-4ece-9d88-75afa6bbc9c4 service placement] found 2 providers with available 1024 MEMORY_MB {{(pid=112067) get_provider_ids_matching /opt/stack/placement/placement/objects/research_context.py:563}}
Jun 16 20:14:52.286729 n-d-846219-1 devstack@placement-api.service[112067]: DEBUG placement.objects.research_context [req-d31f4696-c46d-4bbd-acae-0a22ce18236a req-ed97c805-5408-4ece-9d88-75afa6bbc9c4 service placement] found 2 providers after filtering by previous result {{(pid=112067) get_provider_ids_matching /opt/stack/placement/placement/objects/research_context.py:594}}
Jun 16 20:14:52.286729 n-d-846219-1 devstack@placement-api.service[112067]: DEBUG placement.objects.research_context [req-d31f4696-c46d-4bbd-acae-0a22ce18236a req-ed97c805-5408-4ece-9d88-75afa6bbc9c4 service placement] found 2 providers with available 1 VCPU {{(pid=112067) get_provider_ids_matching /opt/stack/placement/placement/objects/research_context.py:563}}
Jun 16 20:14:52.286729 n-d-846219-1 devstack@placement-api.service[112067]: DEBUG placement.objects.research_context [req-d31f4696-c46d-4bbd-acae-0a22ce18236a req-ed97c805-5408-4ece-9d88-75afa6bbc9c4 service placement] found 2 providers after filtering by previous result {{(pid=112067) get_provider_ids_matching /opt/stack/placement/placement/objects/research_context.py:594}}
Jun 16 20:14:52.307597 n-d-846219-1 devstack@placement-api.service[112067]: DEBUG placement.objects.allocation_candidate [req-d31f4696-c46d-4bbd-acae-0a22ce18236a req-ed97c805-5408-4ece-9d88-75afa6bbc9c4 service placement] RequestGroup(use_same_provider=False, resources={DISK_GB:1, MEMORY_MB:1024, VCPU:1}, traits=(), aggregates=[]) (suffix '') returned 2 matches {{(pid=112067) _get_by_requests /opt/stack/placement/placement/objects/allocation_candidate.py:156}}
Jun 16 20:14:52.308112 n-d-846219-1 devstack@placement-api.service[112067]: DEBUG placement.objects.allocation_candidate [req-d31f4696-c46d-4bbd-acae-0a22ce18236a req-ed97c805-5408-4ece-9d88-75afa6bbc9c4 service placement] Merging candidates yields 2 allocation requests and 2 provider summaries {{(pid=112067) _merge_candidates /opt/stack/placement/placement/objects/allocation_candidate.py:809}}
Jun 16 20:14:52.309808 n-d-846219-1 devstack@placement-api.service[112067]: INFO placement.requestlog [req-d31f4696-c46d-4bbd-acae-0a22ce18236a req-ed97c805-5408-4ece-9d88-75afa6bbc9c4 service placement] 10.222.0.18 "GET /placement/allocation_candidates?limit=1000&resources=DISK_GB%3A1%2CMEMORY_MB%3A1024%2CVCPU%3A1&root_required=%21COMPUTE_STATUS_DISABLED" status: 200 len: 1309 microversion: 1.36
Jun 16 20:14:52.310341 n-d-846219-1 devstack@placement-api.service[112067]: [pid: 112067|app: 0|req: 634/1233] 10.222.0.18 () {60 vars in 1506 bytes} [Thu Jun 16 20:14:52 2022] GET /placement/allocation_candidates?limit=1000&resources=DISK_GB%3A1%2CMEMORY_MB%3A1024%2CVCPU%3A1&root_required=%21COMPUTE_STATUS_DISABLED => generated 1309 bytes in 169 msecs (HTTP/1.1 200) 8 headers in 297 bytes (1 switches on core 0)
Jun 16 20:14:52.486647 n-d-846219-1 devstack@placement-api.service[112068]: DEBUG placement.requestlog [req-d31f4696-c46d-4bbd-acae-0a22ce18236a req-ccb696b9-26fd-409e-991d-f3ff131c6378 None None] Starting request: 10.222.0.18 "GET /placement/allocations/60e0c5c2-c500-40c7-a063-cc2282cfd6fc" {{(pid=112068) __call__ /opt/stack/placement/placement/requestlog.py:55}}
Jun 16 20:14:52.514331 n-d-846219-1 devstack@placement-api.service[112068]: INFO placement.requestlog [req-d31f4696-c46d-4bbd-acae-0a22ce18236a req-ccb696b9-26fd-409e-991d-f3ff131c6378 service placement] 10.222.0.18 "GET /placement/allocations/60e0c5c2-c500-40c7-a063-cc2282cfd6fc" status: 200 len: 19 microversion: 1.28
Jun 16 20:14:52.520997 n-d-846219-1 devstack@placement-api.service[112068]: [pid: 112068|app: 0|req: 600/1234] 10.222.0.18 () {60 vars in 1380 bytes} [Thu Jun 16 20:14:52 2022] GET /placement/allocations/60e0c5c2-c500-40c7-a063-cc2282cfd6fc => generated 19 bytes in 35 msecs (HTTP/1.1 200) 8 headers in 295 bytes (1 switches on core 0)
Jun 16 20:14:52.521616 n-d-846219-1 devstack@placement-api.service[112067]: DEBUG placement.requestlog [req-d31f4696-c46d-4bbd-acae-0a22ce18236a req-99d4be07-0ff6-45ea-b3ab-179f93bf5b20 None None] Starting request: 10.222.0.18 "PUT /placement/allocations/60e0c5c2-c500-40c7-a063-cc2282cfd6fc" {{(pid=112067) __call__ /opt/stack/placement/placement/requestlog.py:55}}
Jun 16 20:14:52.937974 n-d-846219-1 devstack@placement-api.service[112068]: DEBUG placement.requestlog [None req-dceb5631-4133-4048-af0c-ad17291ccd4f None None] Starting request: 10.222.0.18 "GET /placement/resource_providers/f43de0bd-8670-4f5c-b972-f6993b307a7a/aggregates" {{(pid=112068) __call__ /opt/stack/placement/placement/requestlog.py:55}}
Jun 16 20:14:52.954275 n-d-846219-1 devstack@placement-api.service[112068]: INFO placement.requestlog [None req-dceb5631-4133-4048-af0c-ad17291ccd4f service placement] 10.222.0.18 "GET /placement/resource_providers/f43de0bd-8670-4f5c-b972-f6993b307a7a/aggregates" status: 404 len: 235 microversion: 1.1
Jun 16 20:14:52.954997 n-d-846219-1 devstack@placement-api.service[112068]: [pid: 112068|app: 0|req: 601/1235] 10.222.0.18 () {58 vars in 1362 bytes} [Thu Jun 16 20:14:52 2022] GET /placement/resource_providers/f43de0bd-8670-4f5c-b972-f6993b307a7a/aggregates => generated 235 bytes in 17 msecs (HTTP/1.1 404) 5 headers in 202 bytes (1 switches on core 0)
Jun 16 20:14:53.011772 n-d-846219-1 devstack@placement-api.service[112067]: DEBUG placement.handlers.allocation [req-d31f4696-c46d-4bbd-acae-0a22ce18236a req-99d4be07-0ff6-45ea-b3ab-179f93bf5b20 service placement] Successfully wrote allocations [, , ] {{(pid=112067) _update_consumers_and_create_allocations /opt/stack/placement/placement/handlers/allocation.py:462}}
Jun 16 20:14:53.080200 n-d-846219-1 devstack@placement-api.service[112068]: DEBUG placement.requestlog [None req-a4b548cf-5f95-42ea-a4d1-fc9713156bf9 None None] Starting request: 10.222.0.18 "DELETE /placement/resource_providers/f43de0bd-8670-4f5c-b972-f6993b307a7a" {{(pid=112068) __call__ /opt/stack/placement/placement/requestlog.py:55}}
Jun 16 20:14:53.100867 n-d-846219-1 devstack@placement-api.service[112068]: DEBUG placement.wsgi_wrapper [None req-a4b548cf-5f95-42ea-a4d1-fc9713156bf9 service placement] Placement API returning an error response: No resource provider with uuid f43de0bd-8670-4f5c-b972-f6993b307a7a found for delete {{(pid=112068) call_func /opt/stack/placement/placement/wsgi_wrapper.py:31}}
Jun 16 20:14:53.101652 n-d-846219-1 devstack@placement-api.service[112068]: INFO placement.requestlog [None req-a4b548cf-5f95-42ea-a4d1-fc9713156bf9 service placement] 10.222.0.18 "DELETE /placement/resource_providers/f43de0bd-8670-4f5c-b972-f6993b307a7a" status: 404 len: 246 microversion: 1.1
Jun 16 20:14:53.102740 n-d-846219-1 devstack@placement-api.service[112068]: [pid: 112068|app: 0|req: 602/1236] 10.222.0.18 () {60 vars in 1351 bytes} [Thu Jun 16 20:14:53 2022] DELETE /placement/resource_providers/f43de0bd-8670-4f5c-b972-f6993b307a7a => generated 246 bytes in 23 msecs (HTTP/1.1 404) 6 headers in 231 bytes (2 switches on core 0)
Jun 16 20:14:53.175454 n-d-846219-1 devstack@placement-api.service[112067]: INFO placement.requestlog [req-d31f4696-c46d-4bbd-acae-0a22ce18236a req-99d4be07-0ff6-45ea-b3ab-179f93bf5b20 service placement] 10.222.0.18 "PUT /placement/allocations/60e0c5c2-c500-40c7-a063-cc2282cfd6fc" status: 204 len: 0 microversion: 1.36
Jun 16 20:14:53.181925 n-d-846219-1 devstack@placement-api.service[112067]: [pid: 112067|app: 0|req: 635/1237] 10.222.0.18 () {64 vars in 1433 bytes} [Thu Jun 16 20:14:52 2022] PUT /placement/allocations/60e0c5c2-c500-40c7-a063-cc2282cfd6fc => generated 0 bytes in 655 msecs (HTTP/1.1 204) 5 headers in 199 bytes (2 switches on core 0)
Jun 16 20:14:54.876470 n-d-846219-1 devstack@placement-api.service[112068]: DEBUG placement.requestlog [req-9afedf93-10a0-4c83-a6c1-6c80c5647332 req-05a41615-5f2f-432c-b5f8-0b7c41e53152 None None] Starting request: 10.222.0.18 "GET /placement/allocation_candidates?limit=1000&resources=DISK_GB%3A1%2CMEMORY_MB%3A1024%2CVCPU%3A1&root_required=%21COMPUTE_STATUS_DISABLED" {{(pid=112068) __call__ /opt/stack/placement/placement/requestlog.py:55}}
Jun 16 20:14:54.927819 n-d-846219-1 devstack@placement-api.service[112068]: DEBUG placement.objects.research_context [req-9afedf93-10a0-4c83-a6c1-6c80c5647332 req-05a41615-5f2f-432c-b5f8-0b7c41e53152 service placement] getting providers with 1 DISK_GB {{(pid=112068) __init__ /opt/stack/placement/placement/objects/research_context.py:136}}
Jun 16 20:14:54.952627 n-d-846219-1 devstack@placement-api.service[112068]: DEBUG placement.objects.research_context [req-9afedf93-10a0-4c83-a6c1-6c80c5647332 req-05a41615-5f2f-432c-b5f8-0b7c41e53152 service placement] getting providers with 1024 MEMORY_MB {{(pid=112068) __init__ /opt/stack/placement/placement/objects/research_context.py:136}}
Jun 16 20:14:54.973000 n-d-846219-1 devstack@placement-api.service[112068]: DEBUG placement.objects.research_context [req-9afedf93-10a0-4c83-a6c1-6c80c5647332 req-05a41615-5f2f-432c-b5f8-0b7c41e53152 service placement] getting providers with 1 VCPU {{(pid=112068) __init__ /opt/stack/placement/placement/objects/research_context.py:136}}
Jun 16 20:14:54.992433 n-d-846219-1 devstack@placement-api.service[112068]: DEBUG placement.objects.research_context [req-9afedf93-10a0-4c83-a6c1-6c80c5647332 req-05a41615-5f2f-432c-b5f8-0b7c41e53152 service placement] found 2 providers with available 1 DISK_GB {{(pid=112068) get_provider_ids_matching /opt/stack/placement/placement/objects/research_context.py:563}}
Jun 16 20:14:54.992937 n-d-846219-1 devstack@placement-api.service[112068]: DEBUG placement.objects.research_context [req-9afedf93-10a0-4c83-a6c1-6c80c5647332 req-05a41615-5f2f-432c-b5f8-0b7c41e53152 service placement] found 2 providers with available 1024 MEMORY_MB {{(pid=112068) get_provider_ids_matching /opt/stack/placement/placement/objects/research_context.py:563}}
Jun 16 20:14:54.993398 n-d-846219-1 devstack@placement-api.service[112068]: DEBUG placement.objects.research_context [req-9afedf93-10a0-4c83-a6c1-6c80c5647332 req-05a41615-5f2f-432c-b5f8-0b7c41e53152 service placement] found 2 providers after filtering by previous result {{(pid=112068) get_provider_ids_matching /opt/stack/placement/placement/objects/research_context.py:594}}
Jun 16 20:14:54.993814 n-d-846219-1 devstack@placement-api.service[112068]: DEBUG placement.objects.research_context [req-9afedf93-10a0-4c83-a6c1-6c80c5647332 req-05a41615-5f2f-432c-b5f8-0b7c41e53152 service placement] found 2 providers with available 1 VCPU {{(pid=112068) get_provider_ids_matching /opt/stack/placement/placement/objects/research_context.py:563}}
Jun 16 20:14:54.994232 n-d-846219-1 devstack@placement-api.service[112068]: DEBUG placement.objects.research_context [req-9afedf93-10a0-4c83-a6c1-6c80c5647332 req-05a41615-5f2f-432c-b5f8-0b7c41e53152 service placement] found 2 providers after filtering by previous result {{(pid=112068) get_provider_ids_matching /opt/stack/placement/placement/objects/research_context.py:594}}
Jun 16 20:14:55.074350 n-d-846219-1 devstack@placement-api.service[112068]: DEBUG placement.objects.allocation_candidate [req-9afedf93-10a0-4c83-a6c1-6c80c5647332 req-05a41615-5f2f-432c-b5f8-0b7c41e53152 service placement] RequestGroup(use_same_provider=False, resources={DISK_GB:1, MEMORY_MB:1024, VCPU:1}, traits=(), aggregates=[]) (suffix '') returned 2 matches {{(pid=112068) _get_by_requests /opt/stack/placement/placement/objects/allocation_candidate.py:156}}
Jun 16 20:14:55.075077 n-d-846219-1 devstack@placement-api.service[112068]: DEBUG placement.objects.allocation_candidate [req-9afedf93-10a0-4c83-a6c1-6c80c5647332 req-05a41615-5f2f-432c-b5f8-0b7c41e53152 service placement] Merging candidates yields 2 allocation requests and 2 provider summaries {{(pid=112068) _merge_candidates /opt/stack/placement/placement/objects/allocation_candidate.py:809}}
Jun 16 20:14:55.077609 n-d-846219-1 devstack@placement-api.service[112068]: INFO placement.requestlog [req-9afedf93-10a0-4c83-a6c1-6c80c5647332 req-05a41615-5f2f-432c-b5f8-0b7c41e53152 service placement] 10.222.0.18 "GET /placement/allocation_candidates?limit=1000&resources=DISK_GB%3A1%2CMEMORY_MB%3A1024%2CVCPU%3A1&root_required=%21COMPUTE_STATUS_DISABLED" status: 200 len: 1309 microversion: 1.36
Jun 16 20:14:55.093572 n-d-846219-1 devstack@placement-api.service[112068]: [pid: 112068|app: 0|req: 603/1238] 10.222.0.18 () {60 vars in 1506 bytes} [Thu Jun 16 20:14:54 2022] GET /placement/allocation_candidates?limit=1000&resources=DISK_GB%3A1%2CMEMORY_MB%3A1024%2CVCPU%3A1&root_required=%21COMPUTE_STATUS_DISABLED => generated 1309 bytes in 217 msecs (HTTP/1.1 200) 8 headers in 297 bytes (1 switches on core 0)
Jun 16 20:14:55.197844 n-d-846219-1 devstack@placement-api.service[112067]: DEBUG placement.requestlog [req-9afedf93-10a0-4c83-a6c1-6c80c5647332 req-6621bd53-2744-4df4-8626-b5ce2317dfa0 None None] Starting request: 10.222.0.18 "GET /placement/allocations/ecb3e02d-a4a2-4da2-a03d-9efe2c3356bd" {{(pid=112067) __call__ /opt/stack/placement/placement/requestlog.py:55}}
Jun 16 20:14:55.215892 n-d-846219-1 devstack@placement-api.service[112067]: INFO placement.requestlog [req-9afedf93-10a0-4c83-a6c1-6c80c5647332 req-6621bd53-2744-4df4-8626-b5ce2317dfa0 service placement] 10.222.0.18 "GET /placement/allocations/ecb3e02d-a4a2-4da2-a03d-9efe2c3356bd" status: 200 len: 19 microversion: 1.28
Jun 16 20:14:55.222582 n-d-846219-1 devstack@placement-api.service[112067]: [pid: 112067|app: 0|req: 636/1239] 10.222.0.18 () {60 vars in 1380 bytes} [Thu Jun 16 20:14:55 2022] GET /placement/allocations/ecb3e02d-a4a2-4da2-a03d-9efe2c3356bd => generated 19 bytes in 25 msecs (HTTP/1.1 200) 8 headers in 295 bytes (1 switches on core 0)
Jun 16 20:14:55.225589 n-d-846219-1 devstack@placement-api.service[112068]: DEBUG placement.requestlog [req-9afedf93-10a0-4c83-a6c1-6c80c5647332 req-84d8f024-d45f-42ce-a3eb-52652770ec48 None None] Starting request: 10.222.0.18 "PUT /placement/allocations/ecb3e02d-a4a2-4da2-a03d-9efe2c3356bd" {{(pid=112068) __call__ /opt/stack/placement/placement/requestlog.py:55}}
Jun 16 20:14:55.387953 n-d-846219-1 devstack@placement-api.service[112067]: DEBUG placement.requestlog [req-d31f4696-c46d-4bbd-acae-0a22ce18236a req-011eaf98-3751-4bfe-add5-74495fa8eb83 None None] Starting request: 10.222.0.69 "GET /placement/allocations/60e0c5c2-c500-40c7-a063-cc2282cfd6fc" {{(pid=112067) __call__ /opt/stack/placement/placement/requestlog.py:55}}
Jun 16 20:14:55.405539 n-d-846219-1 devstack@placement-api.service[112067]: INFO placement.requestlog [req-d31f4696-c46d-4bbd-acae-0a22ce18236a req-011eaf98-3751-4bfe-add5-74495fa8eb83 service placement] 10.222.0.69 "GET /placement/allocations/60e0c5c2-c500-40c7-a063-cc2282cfd6fc" status: 200 len: 259 microversion: 1.28
Jun 16 20:14:55.406203 n-d-846219-1 devstack@placement-api.service[112067]: [pid: 112067|app: 0|req: 637/1240] 10.222.0.69 () {60 vars in 1377 bytes} [Thu Jun 16 20:14:55 2022] GET /placement/allocations/60e0c5c2-c500-40c7-a063-cc2282cfd6fc => generated 259 bytes in 19 msecs (HTTP/1.1 200) 8 headers in 296 bytes (2 switches on core 0)
Jun 16 20:14:55.774974 n-d-846219-1 devstack@placement-api.service[112068]: DEBUG placement.handlers.allocation [req-9afedf93-10a0-4c83-a6c1-6c80c5647332 req-84d8f024-d45f-42ce-a3eb-52652770ec48 service placement] Successfully wrote allocations [, , ] {{(pid=112068) _update_consumers_and_create_allocations /opt/stack/placement/placement/handlers/allocation.py:462}}
Jun 16 20:14:55.888259 n-d-846219-1 devstack@placement-api.service[112068]: INFO placement.requestlog [req-9afedf93-10a0-4c83-a6c1-6c80c5647332 req-84d8f024-d45f-42ce-a3eb-52652770ec48 service placement] 10.222.0.18 "PUT /placement/allocations/ecb3e02d-a4a2-4da2-a03d-9efe2c3356bd" status: 204 len: 0 microversion: 1.36
Jun 16 20:14:55.888893 n-d-846219-1 devstack@placement-api.service[112068]: [pid: 112068|app: 0|req: 604/1241] 10.222.0.18 () {64 vars in 1433 bytes} [Thu Jun 16 20:14:55 2022] PUT /placement/allocations/ecb3e02d-a4a2-4da2-a03d-9efe2c3356bd => generated 0 bytes in 663 msecs (HTTP/1.1 204) 5 headers in 199 bytes (2 switches on core 0)
Jun 16 20:14:56.277994 n-d-846219-1 devstack@placement-api.service[112067]: DEBUG placement.requestlog [req-d31f4696-c46d-4bbd-acae-0a22ce18236a req-86ccff6b-be08-4f54-bbb0-153e16e933aa None None] Starting request: 10.222.0.69 "GET /placement/resource_providers/f1cb39d1-a43a-4912-8b08-ca785eaccd3a/allocations" {{(pid=112067) __call__ /opt/stack/placement/placement/requestlog.py:55}}
Jun 16 20:14:56.308540 n-d-846219-1 devstack@placement-api.service[112067]: INFO placement.requestlog [req-d31f4696-c46d-4bbd-acae-0a22ce18236a req-86ccff6b-be08-4f54-bbb0-153e16e933aa service placement] 10.222.0.69 "GET /placement/resource_providers/f1cb39d1-a43a-4912-8b08-ca785eaccd3a/allocations" status: 200 len: 356 microversion: 1.0
Jun 16 20:14:56.309225 n-d-846219-1 devstack@placement-api.service[112067]: [pid: 112067|app: 0|req: 638/1242] 10.222.0.69 () {58 vars in 1390 bytes} [Thu Jun 16 20:14:56 2022] GET /placement/resource_providers/f1cb39d1-a43a-4912-8b08-ca785eaccd3a/allocations => generated 356 bytes in 31 msecs (HTTP/1.1 200) 6 headers in 224 bytes (1 switches on core 0)
Jun 16 20:14:56.319275 n-d-846219-1 devstack@placement-api.service[112068]: DEBUG placement.requestlog [req-d31f4696-c46d-4bbd-acae-0a22ce18236a req-9da54044-8f22-4953-976c-53d5bc0a8a91 None None] Starting request: 10.222.0.69 "GET /placement/allocations/60e0c5c2-c500-40c7-a063-cc2282cfd6fc" {{(pid=112068) __call__ /opt/stack/placement/placement/requestlog.py:55}}
Jun 16 20:14:56.372641 n-d-846219-1 devstack@placement-api.service[112068]: INFO placement.requestlog [req-d31f4696-c46d-4bbd-acae-0a22ce18236a req-9da54044-8f22-4953-976c-53d5bc0a8a91 service placement] 10.222.0.69 "GET /placement/allocations/60e0c5c2-c500-40c7-a063-cc2282cfd6fc" status: 200 len: 259 microversion: 1.28
Jun 16 20:14:56.373900 n-d-846219-1 devstack@placement-api.service[112068]: [pid: 112068|app: 0|req: 605/1243] 10.222.0.69 () {60 vars in 1377 bytes} [Thu Jun 16 20:14:56 2022] GET /placement/allocations/60e0c5c2-c500-40c7-a063-cc2282cfd6fc => generated 259 bytes in 55 msecs (HTTP/1.1 200) 8 headers in 296 bytes (1 switches on core 0)
Jun 16 20:14:56.381992 n-d-846219-1 devstack@placement-api.service[112067]: DEBUG placement.requestlog [req-d31f4696-c46d-4bbd-acae-0a22ce18236a req-51f5c59f-8636-4e57-9755-afe4ba059c50 None None] Starting request: 10.222.0.69 "GET /placement/allocations/ecb3e02d-a4a2-4da2-a03d-9efe2c3356bd" {{(pid=112067) __call__ /opt/stack/placement/placement/requestlog.py:55}}
Jun 16 20:14:56.417798 n-d-846219-1 devstack@placement-api.service[112067]: INFO placement.requestlog [req-d31f4696-c46d-4bbd-acae-0a22ce18236a req-51f5c59f-8636-4e57-9755-afe4ba059c50 service placement] 10.222.0.69 "GET /placement/allocations/ecb3e02d-a4a2-4da2-a03d-9efe2c3356bd" status: 200 len: 259 microversion: 1.28
Jun 16 20:14:56.418449 n-d-846219-1 devstack@placement-api.service[112067]: [pid: 112067|app: 0|req: 639/1244] 10.222.0.69 () {60 vars in 1377 bytes} [Thu Jun 16 20:14:56 2022] GET /placement/allocations/ecb3e02d-a4a2-4da2-a03d-9efe2c3356bd => generated 259 bytes in 37 msecs (HTTP/1.1 200) 8 headers in 296 bytes (1 switches on core 0)
Jun 16 20:14:56.427844 n-d-846219-1 devstack@placement-api.service[112068]: DEBUG placement.requestlog [req-d31f4696-c46d-4bbd-acae-0a22ce18236a req-5e91664b-1969-4380-a28a-e20762f9dc2f None None] Starting request: 10.222.0.69 "GET /placement/allocations/a61dc20d-6bda-4c39-9ac2-8141927c02e7" {{(pid=112068) __call__ /opt/stack/placement/placement/requestlog.py:55}}
Jun 16 20:14:56.488571 n-d-846219-1 devstack@placement-api.service[112068]: INFO placement.requestlog [req-d31f4696-c46d-4bbd-acae-0a22ce18236a req-5e91664b-1969-4380-a28a-e20762f9dc2f service placement] 10.222.0.69 "GET /placement/allocations/a61dc20d-6bda-4c39-9ac2-8141927c02e7" status: 200 len: 259 microversion: 1.28
Jun 16 20:14:56.488987 n-d-846219-1 devstack@placement-api.service[112068]: [pid: 112068|app: 0|req: 606/1245] 10.222.0.69 () {60 vars in 1377 bytes} [Thu Jun 16 20:14:56 2022] GET /placement/allocations/a61dc20d-6bda-4c39-9ac2-8141927c02e7 => generated 259 bytes in 62 msecs (HTTP/1.1 200) 8 headers in 296 bytes (1 switches on core 0)
Jun 16 20:14:57.720467 n-d-846219-1 devstack@placement-api.service[112067]: DEBUG placement.requestlog [req-9afedf93-10a0-4c83-a6c1-6c80c5647332 req-766dff8e-d387-4f57-920c-d01f8468e7e1 None None] Starting request: 10.222.0.69 "GET /placement/allocations/ecb3e02d-a4a2-4da2-a03d-9efe2c3356bd" {{(pid=112067) __call__ /opt/stack/placement/placement/requestlog.py:55}}
Jun 16 20:14:57.746913 n-d-846219-1 devstack@placement-api.service[112067]: INFO placement.requestlog [req-9afedf93-10a0-4c83-a6c1-6c80c5647332 req-766dff8e-d387-4f57-920c-d01f8468e7e1 service placement] 10.222.0.69 "GET /placement/allocations/ecb3e02d-a4a2-4da2-a03d-9efe2c3356bd" status: 200 len: 259 microversion: 1.28
Jun 16 20:14:57.750811 n-d-846219-1 devstack@placement-api.service[112067]: [pid: 112067|app: 0|req: 640/1246] 10.222.0.69 () {60 vars in 1377 bytes} [Thu Jun 16 20:14:57 2022] GET /placement/allocations/ecb3e02d-a4a2-4da2-a03d-9efe2c3356bd => generated 259 bytes in 31 msecs (HTTP/1.1 200) 8 headers in 296 bytes (1 switches on core 0)
Jun 16 20:14:58.603670 n-d-846219-1 devstack@placement-api.service[112068]: DEBUG placement.requestlog [req-9afedf93-10a0-4c83-a6c1-6c80c5647332 req-91b26e99-0b30-44e5-a3cf-701fc55d466d None None] Starting request: 10.222.0.69 "GET /placement/resource_providers/f1cb39d1-a43a-4912-8b08-ca785eaccd3a/allocations" {{(pid=112068) __call__ /opt/stack/placement/placement/requestlog.py:55}}
Jun 16 20:14:58.666045 n-d-846219-1 devstack@placement-api.service[112068]: INFO placement.requestlog [req-9afedf93-10a0-4c83-a6c1-6c80c5647332 req-91b26e99-0b30-44e5-a3cf-701fc55d466d service placement] 10.222.0.69 "GET /placement/resource_providers/f1cb39d1-a43a-4912-8b08-ca785eaccd3a/allocations" status: 200 len: 356 microversion: 1.0
Jun 16 20:14:58.667966 n-d-846219-1 devstack@placement-api.service[112068]: [pid: 112068|app: 0|req: 607/1247] 10.222.0.69 () {58 vars in 1390 bytes} [Thu Jun 16 20:14:58 2022] GET /placement/resource_providers/f1cb39d1-a43a-4912-8b08-ca785eaccd3a/allocations => generated 356 bytes in 64 msecs (HTTP/1.1 200) 6 headers in 224 bytes (1 switches on core 0)
Jun 16 20:14:58.677540 n-d-846219-1 devstack@placement-api.service[112067]: DEBUG placement.requestlog [req-9afedf93-10a0-4c83-a6c1-6c80c5647332 req-83bd21e6-a2ba-409c-bb98-efb6cbd93bf3 None None] Starting request: 10.222.0.69 "GET /placement/allocations/60e0c5c2-c500-40c7-a063-cc2282cfd6fc" {{(pid=112067) __call__ /opt/stack/placement/placement/requestlog.py:55}}
Jun 16 20:14:58.748440 n-d-846219-1 devstack@placement-api.service[112067]: INFO placement.requestlog [req-9afedf93-10a0-4c83-a6c1-6c80c5647332 req-83bd21e6-a2ba-409c-bb98-efb6cbd93bf3 service placement] 10.222.0.69 "GET /placement/allocations/60e0c5c2-c500-40c7-a063-cc2282cfd6fc" status: 200 len: 259 microversion: 1.28
Jun 16 20:14:58.748440 n-d-846219-1 devstack@placement-api.service[112067]: [pid: 112067|app: 0|req: 641/1248] 10.222.0.69 () {60 vars in 1377 bytes} [Thu Jun 16 20:14:58 2022] GET /placement/allocations/60e0c5c2-c500-40c7-a063-cc2282cfd6fc => generated 259 bytes in 65 msecs (HTTP/1.1 200) 8 headers in 296 bytes (1 switches on core 0)
Jun 16 20:14:58.751132 n-d-846219-1 devstack@placement-api.service[112068]: DEBUG placement.requestlog [req-9afedf93-10a0-4c83-a6c1-6c80c5647332 req-d57b4e16-6820-4caa-b966-7af83967c1e6 None None] Starting request: 10.222.0.69 "GET /placement/allocations/ecb3e02d-a4a2-4da2-a03d-9efe2c3356bd" {{(pid=112068) __call__ /opt/stack/placement/placement/requestlog.py:55}}
Jun 16 20:14:58.789662 n-d-846219-1 devstack@placement-api.service[112068]: INFO placement.requestlog [req-9afedf93-10a0-4c83-a6c1-6c80c5647332 req-d57b4e16-6820-4caa-b966-7af83967c1e6 service placement] 10.222.0.69 "GET /placement/allocations/ecb3e02d-a4a2-4da2-a03d-9efe2c3356bd" status: 200 len: 259 microversion: 1.28
Jun 16 20:14:58.790288 n-d-846219-1 devstack@placement-api.service[112068]: [pid: 112068|app: 0|req: 608/1249] 10.222.0.69 () {60 vars in 1377 bytes} [Thu Jun 16 20:14:58 2022] GET /placement/allocations/ecb3e02d-a4a2-4da2-a03d-9efe2c3356bd => generated 259 bytes in 39 msecs (HTTP/1.1 200) 8 headers in 296 bytes (1 switches on core 0)
Jun 16 20:14:58.799668 n-d-846219-1 devstack@placement-api.service[112067]: DEBUG placement.requestlog [req-9afedf93-10a0-4c83-a6c1-6c80c5647332 req-db21e9be-554a-4698-b67c-3b46cc081ec8 None None] Starting request: 10.222.0.69 "GET /placement/allocations/a61dc20d-6bda-4c39-9ac2-8141927c02e7" {{(pid=112067) __call__ /opt/stack/placement/placement/requestlog.py:55}}
Jun 16 20:14:58.827819 n-d-846219-1 devstack@placement-api.service[112067]: INFO placement.requestlog [req-9afedf93-10a0-4c83-a6c1-6c80c5647332 req-db21e9be-554a-4698-b67c-3b46cc081ec8 service placement] 10.222.0.69 "GET /placement/allocations/a61dc20d-6bda-4c39-9ac2-8141927c02e7" status: 200 len: 259 microversion: 1.28
Jun 16 20:14:58.835341 n-d-846219-1 devstack@placement-api.service[112067]: [pid: 112067|app: 0|req: 642/1250] 10.222.0.69 () {60 vars in 1377 bytes} [Thu Jun 16 20:14:58 2022] GET /placement/allocations/a61dc20d-6bda-4c39-9ac2-8141927c02e7 => generated 259 bytes in 36 msecs (HTTP/1.1 200) 8 headers in 296 bytes (1 switches on core 0)
Jun 16 20:15:08.777025 n-d-846219-1 devstack@placement-api.service[112068]: DEBUG dbcounter [-] [112068] Writing DB stats placement:SELECT=80,placement:DELETE=4,placement:INSERT=6,placement:UPDATE=2 {{(pid=112068) stat_writer /usr/local/lib/python3.8/dist-packages/dbcounter.py:114}}
Jun 16 20:15:08.823590 n-d-846219-1 devstack@placement-api.service[112067]: DEBUG dbcounter [-] [112067] Writing DB stats placement:SELECT=72,placement:INSERT=6,placement:DELETE=2,placement:UPDATE=2 {{(pid=112067) stat_writer /usr/local/lib/python3.8/dist-packages/dbcounter.py:114}}
Jun 16 20:15:10.015633 n-d-846219-1 devstack@placement-api.service[112068]: DEBUG placement.requestlog [req-597d021a-d35d-424d-bece-ed89956ad4d1 req-94492a55-f2d0-446f-87d5-72ec341dd0a8 None None] Starting request: 10.222.0.18 "GET /placement/allocation_candidates?limit=1000&resources=DISK_GB%3A1%2CMEMORY_MB%3A1024%2CVCPU%3A1&root_required=%21COMPUTE_STATUS_DISABLED" {{(pid=112068) __call__ /opt/stack/placement/placement/requestlog.py:55}}
Jun 16 20:15:10.084539 n-d-846219-1 devstack@placement-api.service[112068]: DEBUG placement.objects.research_context [req-597d021a-d35d-424d-bece-ed89956ad4d1 req-94492a55-f2d0-446f-87d5-72ec341dd0a8 service placement] getting providers with 1 DISK_GB {{(pid=112068) __init__ /opt/stack/placement/placement/objects/research_context.py:136}}
Jun 16 20:15:10.105754 n-d-846219-1 devstack@placement-api.service[112068]: DEBUG placement.objects.research_context [req-597d021a-d35d-424d-bece-ed89956ad4d1 req-94492a55-f2d0-446f-87d5-72ec341dd0a8 service placement] getting providers with 1024 MEMORY_MB {{(pid=112068) __init__ /opt/stack/placement/placement/objects/research_context.py:136}}
Jun 16 20:15:10.120347 n-d-846219-1 devstack@placement-api.service[112068]: DEBUG placement.objects.research_context [req-597d021a-d35d-424d-bece-ed89956ad4d1 req-94492a55-f2d0-446f-87d5-72ec341dd0a8 service placement] getting providers with 1 VCPU {{(pid=112068) __init__ /opt/stack/placement/placement/objects/research_context.py:136}}
Jun 16 20:15:10.140212 n-d-846219-1 devstack@placement-api.service[112068]: DEBUG placement.objects.research_context [req-597d021a-d35d-424d-bece-ed89956ad4d1 req-94492a55-f2d0-446f-87d5-72ec341dd0a8 service placement] found 2 providers with available 1 DISK_GB {{(pid=112068) get_provider_ids_matching /opt/stack/placement/placement/objects/research_context.py:563}}
Jun 16 20:15:10.140602 n-d-846219-1 devstack@placement-api.service[112068]: DEBUG placement.objects.research_context [req-597d021a-d35d-424d-bece-ed89956ad4d1 req-94492a55-f2d0-446f-87d5-72ec341dd0a8 service placement] found 2 providers with available 1024 MEMORY_MB {{(pid=112068) get_provider_ids_matching /opt/stack/placement/placement/objects/research_context.py:563}}
Jun 16 20:15:10.143631 n-d-846219-1 devstack@placement-api.service[112068]: DEBUG placement.objects.research_context [req-597d021a-d35d-424d-bece-ed89956ad4d1 req-94492a55-f2d0-446f-87d5-72ec341dd0a8 service placement] found 2 providers after filtering by previous result {{(pid=112068) get_provider_ids_matching /opt/stack/placement/placement/objects/research_context.py:594}}
Jun 16 20:15:10.144040 n-d-846219-1 devstack@placement-api.service[112068]: DEBUG placement.objects.research_context [req-597d021a-d35d-424d-bece-ed89956ad4d1 req-94492a55-f2d0-446f-87d5-72ec341dd0a8 service placement] found 2 providers with available 1 VCPU {{(pid=112068) get_provider_ids_matching /opt/stack/placement/placement/objects/research_context.py:563}}
Jun 16 20:15:10.144423 n-d-846219-1 devstack@placement-api.service[112068]: DEBUG placement.objects.research_context [req-597d021a-d35d-424d-bece-ed89956ad4d1 req-94492a55-f2d0-446f-87d5-72ec341dd0a8 service placement] found 2 providers after filtering by previous result {{(pid=112068) get_provider_ids_matching /opt/stack/placement/placement/objects/research_context.py:594}}
Jun 16 20:15:10.177075 n-d-846219-1 devstack@placement-api.service[112068]: DEBUG placement.objects.allocation_candidate [req-597d021a-d35d-424d-bece-ed89956ad4d1 req-94492a55-f2d0-446f-87d5-72ec341dd0a8 service placement] RequestGroup(use_same_provider=False, resources={DISK_GB:1, MEMORY_MB:1024, VCPU:1}, traits=(), aggregates=[]) (suffix '') returned 2 matches {{(pid=112068) _get_by_requests /opt/stack/placement/placement/objects/allocation_candidate.py:156}}
Jun 16 20:15:10.177403 n-d-846219-1 devstack@placement-api.service[112068]: DEBUG placement.objects.allocation_candidate [req-597d021a-d35d-424d-bece-ed89956ad4d1 req-94492a55-f2d0-446f-87d5-72ec341dd0a8 service placement] Merging candidates yields 2 allocation requests and 2 provider summaries {{(pid=112068) _merge_candidates /opt/stack/placement/placement/objects/allocation_candidate.py:809}}
Jun 16 20:15:10.188290 n-d-846219-1 devstack@placement-api.service[112068]: INFO placement.requestlog [req-597d021a-d35d-424d-bece-ed89956ad4d1 req-94492a55-f2d0-446f-87d5-72ec341dd0a8 service placement] 10.222.0.18 "GET /placement/allocation_candidates?limit=1000&resources=DISK_GB%3A1%2CMEMORY_MB%3A1024%2CVCPU%3A1&root_required=%21COMPUTE_STATUS_DISABLED" status: 200 len: 1309 microversion: 1.36
Jun 16 20:15:10.189753 n-d-846219-1 devstack@placement-api.service[112068]: [pid: 112068|app: 0|req: 609/1251] 10.222.0.18 () {60 vars in 1506 bytes} [Thu Jun 16 20:15:10 2022] GET /placement/allocation_candidates?limit=1000&resources=DISK_GB%3A1%2CMEMORY_MB%3A1024%2CVCPU%3A1&root_required=%21COMPUTE_STATUS_DISABLED => generated 1309 bytes in 175 msecs (HTTP/1.1 200) 8 headers in 297 bytes (1 switches on core 0)
Jun 16 20:15:10.291890 n-d-846219-1 devstack@placement-api.service[112067]: DEBUG placement.requestlog [req-597d021a-d35d-424d-bece-ed89956ad4d1 req-663d3ad3-9d38-4de5-84ac-7a43067d8824 None None] Starting request: 10.222.0.18 "GET /placement/allocations/4d22c081-59f5-4297-afd4-5da0dccc7151" {{(pid=112067) __call__ /opt/stack/placement/placement/requestlog.py:55}}
Jun 16 20:15:10.307387 n-d-846219-1 devstack@placement-api.service[112067]: INFO placement.requestlog [req-597d021a-d35d-424d-bece-ed89956ad4d1 req-663d3ad3-9d38-4de5-84ac-7a43067d8824 service placement] 10.222.0.18 "GET /placement/allocations/4d22c081-59f5-4297-afd4-5da0dccc7151" status: 200 len: 19 microversion: 1.28
Jun 16 20:15:10.309489 n-d-846219-1 devstack@placement-api.service[112067]: [pid: 112067|app: 0|req: 643/1252] 10.222.0.18 () {60 vars in 1380 bytes} [Thu Jun 16 20:15:10 2022] GET /placement/allocations/4d22c081-59f5-4297-afd4-5da0dccc7151 => generated 19 bytes in 18 msecs (HTTP/1.1 200) 8 headers in 295 bytes (1 switches on core 0)
Jun 16 20:15:10.316735 n-d-846219-1 devstack@placement-api.service[112068]: DEBUG placement.requestlog [req-597d021a-d35d-424d-bece-ed89956ad4d1 req-a8327e4d-e78a-406f-99f5-10ae5bb870af None None] Starting request: 10.222.0.18 "PUT /placement/allocations/4d22c081-59f5-4297-afd4-5da0dccc7151" {{(pid=112068) __call__ /opt/stack/placement/placement/requestlog.py:55}}
Jun 16 20:15:10.716549 n-d-846219-1 devstack@placement-api.service[112068]: DEBUG placement.handlers.allocation [req-597d021a-d35d-424d-bece-ed89956ad4d1 req-a8327e4d-e78a-406f-99f5-10ae5bb870af service placement] Successfully wrote allocations [, , ] {{(pid=112068) _update_consumers_and_create_allocations /opt/stack/placement/placement/handlers/allocation.py:462}}
Jun 16 20:15:10.871186 n-d-846219-1 devstack@placement-api.service[112068]: INFO placement.requestlog [req-597d021a-d35d-424d-bece-ed89956ad4d1 req-a8327e4d-e78a-406f-99f5-10ae5bb870af service placement] 10.222.0.18 "PUT /placement/allocations/4d22c081-59f5-4297-afd4-5da0dccc7151" status: 204 len: 0 microversion: 1.36
Jun 16 20:15:10.872156 n-d-846219-1 devstack@placement-api.service[112068]: [pid: 112068|app: 0|req: 610/1253] 10.222.0.18 () {64 vars in 1433 bytes} [Thu Jun 16 20:15:10 2022] PUT /placement/allocations/4d22c081-59f5-4297-afd4-5da0dccc7151 => generated 0 bytes in 556 msecs (HTTP/1.1 204) 5 headers in 199 bytes (2 switches on core 0)
Jun 16 20:15:10.930572 n-d-846219-1 devstack@placement-api.service[112067]: DEBUG placement.requestlog [req-597d021a-d35d-424d-bece-ed89956ad4d1 req-55d19211-62de-405a-9bc7-529f07af352a None None] Starting request: 10.222.0.18 "GET /placement/allocations/70017b7e-3d6f-475e-8724-e970e8bd4dd1" {{(pid=112067) __call__ /opt/stack/placement/placement/requestlog.py:55}}
Jun 16 20:15:10.964754 n-d-846219-1 devstack@placement-api.service[112067]: INFO placement.requestlog [req-597d021a-d35d-424d-bece-ed89956ad4d1 req-55d19211-62de-405a-9bc7-529f07af352a service placement] 10.222.0.18 "GET /placement/allocations/70017b7e-3d6f-475e-8724-e970e8bd4dd1" status: 200 len: 19 microversion: 1.28
Jun 16 20:15:10.964754 n-d-846219-1 devstack@placement-api.service[112067]: [pid: 112067|app: 0|req: 644/1254] 10.222.0.18 () {60 vars in 1380 bytes} [Thu Jun 16 20:15:10 2022] GET /placement/allocations/70017b7e-3d6f-475e-8724-e970e8bd4dd1 => generated 19 bytes in 30 msecs (HTTP/1.1 200) 8 headers in 295 bytes (1 switches on core 0)
Jun 16 20:15:10.965314 n-d-846219-1 devstack@placement-api.service[112068]: DEBUG placement.requestlog [req-597d021a-d35d-424d-bece-ed89956ad4d1 req-3f9e8bf6-1349-410a-9363-26100747304b None None] Starting request: 10.222.0.18 "PUT /placement/allocations/70017b7e-3d6f-475e-8724-e970e8bd4dd1" {{(pid=112068) __call__ /opt/stack/placement/placement/requestlog.py:55}}
Jun 16 20:15:11.165687 n-d-846219-1 devstack@placement-api.service[112068]: DEBUG placement.handlers.allocation [req-597d021a-d35d-424d-bece-ed89956ad4d1 req-3f9e8bf6-1349-410a-9363-26100747304b service placement] Successfully wrote allocations [, , ] {{(pid=112068) _update_consumers_and_create_allocations /opt/stack/placement/placement/handlers/allocation.py:462}}
Jun 16 20:15:11.298438 n-d-846219-1 devstack@placement-api.service[112068]: INFO placement.requestlog [req-597d021a-d35d-424d-bece-ed89956ad4d1 req-3f9e8bf6-1349-410a-9363-26100747304b service placement] 10.222.0.18 "PUT /placement/allocations/70017b7e-3d6f-475e-8724-e970e8bd4dd1" status: 204 len: 0 microversion: 1.36
Jun 16 20:15:11.309465 n-d-846219-1 devstack@placement-api.service[112068]: [pid: 112068|app: 0|req: 611/1255] 10.222.0.18 () {64 vars in 1433 bytes} [Thu Jun 16 20:15:10 2022] PUT /placement/allocations/70017b7e-3d6f-475e-8724-e970e8bd4dd1 => generated 0 bytes in 339 msecs (HTTP/1.1 204) 5 headers in 199 bytes (1 switches on core 0)
Jun 16 20:15:11.552409 n-d-846219-1 devstack@placement-api.service[112067]: DEBUG placement.requestlog [None req-c73a8c3c-8e91-4be0-ade7-d4966ea7cd49 None None] Starting request: 10.222.0.18 "GET /placement/resource_providers/9b8d592d-78de-4ef0-9cf7-8dfc490ef634/aggregates" {{(pid=112067) __call__ /opt/stack/placement/placement/requestlog.py:55}}
Jun 16 20:15:11.576433 n-d-846219-1 devstack@placement-api.service[112067]: INFO placement.requestlog [None req-c73a8c3c-8e91-4be0-ade7-d4966ea7cd49 service placement] 10.222.0.18 "GET /placement/resource_providers/9b8d592d-78de-4ef0-9cf7-8dfc490ef634/aggregates" status: 404 len: 235 microversion: 1.1
Jun 16 20:15:11.577157 n-d-846219-1 devstack@placement-api.service[112067]: [pid: 112067|app: 0|req: 645/1256] 10.222.0.18 () {58 vars in 1362 bytes} [Thu Jun 16 20:15:11 2022] GET /placement/resource_providers/9b8d592d-78de-4ef0-9cf7-8dfc490ef634/aggregates => generated 235 bytes in 26 msecs (HTTP/1.1 404) 5 headers in 202 bytes (1 switches on core 0)
Jun 16 20:15:11.600237 n-d-846219-1 devstack@placement-api.service[112068]: DEBUG placement.requestlog [None req-3c24159d-575e-4986-881b-5a63b0ae3a16 None None] Starting request: 10.222.0.18 "GET /placement/resource_providers/f0a1e413-fa59-4a4a-b4bd-dd691a9fa0b0/aggregates" {{(pid=112068) __call__ /opt/stack/placement/placement/requestlog.py:55}}
Jun 16 20:15:11.625753 n-d-846219-1 devstack@placement-api.service[112068]: INFO placement.requestlog [None req-3c24159d-575e-4986-881b-5a63b0ae3a16 service placement] 10.222.0.18 "GET /placement/resource_providers/f0a1e413-fa59-4a4a-b4bd-dd691a9fa0b0/aggregates" status: 404 len: 235 microversion: 1.1
Jun 16 20:15:11.626550 n-d-846219-1 devstack@placement-api.service[112068]: [pid: 112068|app: 0|req: 612/1257] 10.222.0.18 () {58 vars in 1362 bytes} [Thu Jun 16 20:15:11 2022] GET /placement/resource_providers/f0a1e413-fa59-4a4a-b4bd-dd691a9fa0b0/aggregates => generated 235 bytes in 27 msecs (HTTP/1.1 404) 5 headers in 202 bytes (1 switches on core 0)
Jun 16 20:15:11.636704 n-d-846219-1 devstack@placement-api.service[112067]: DEBUG placement.requestlog [None req-0202368c-e9ce-4ae6-ba7f-f0df2a74d472 None None] Starting request: 10.222.0.18 "DELETE /placement/resource_providers/9b8d592d-78de-4ef0-9cf7-8dfc490ef634" {{(pid=112067) __call__ /opt/stack/placement/placement/requestlog.py:55}}
Jun 16 20:15:11.659123 n-d-846219-1 devstack@placement-api.service[112068]: DEBUG placement.requestlog [None req-f89574a7-ad5a-4698-8043-50baf9e9afa0 None None] Starting request: 10.222.0.18 "DELETE /placement/resource_providers/f0a1e413-fa59-4a4a-b4bd-dd691a9fa0b0" {{(pid=112068) __call__ /opt/stack/placement/placement/requestlog.py:55}}
Jun 16 20:15:11.660986 n-d-846219-1 devstack@placement-api.service[112067]: DEBUG placement.wsgi_wrapper [None req-0202368c-e9ce-4ae6-ba7f-f0df2a74d472 service placement] Placement API returning an error response: No resource provider with uuid 9b8d592d-78de-4ef0-9cf7-8dfc490ef634 found for delete {{(pid=112067) call_func /opt/stack/placement/placement/wsgi_wrapper.py:31}}
Jun 16 20:15:11.664638 n-d-846219-1 devstack@placement-api.service[112067]: INFO placement.requestlog [None req-0202368c-e9ce-4ae6-ba7f-f0df2a74d472 service placement] 10.222.0.18 "DELETE /placement/resource_providers/9b8d592d-78de-4ef0-9cf7-8dfc490ef634" status: 404 len: 246 microversion: 1.1
Jun 16 20:15:11.665474 n-d-846219-1 devstack@placement-api.service[112067]: [pid: 112067|app: 0|req: 646/1258] 10.222.0.18 () {60 vars in 1351 bytes} [Thu Jun 16 20:15:11 2022] DELETE /placement/resource_providers/9b8d592d-78de-4ef0-9cf7-8dfc490ef634 => generated 246 bytes in 30 msecs (HTTP/1.1 404) 6 headers in 231 bytes (1 switches on core 0)
Jun 16 20:15:11.708933 n-d-846219-1 devstack@placement-api.service[112068]: DEBUG placement.wsgi_wrapper [None req-f89574a7-ad5a-4698-8043-50baf9e9afa0 service placement] Placement API returning an error response: No resource provider with uuid f0a1e413-fa59-4a4a-b4bd-dd691a9fa0b0 found for delete {{(pid=112068) call_func /opt/stack/placement/placement/wsgi_wrapper.py:31}}
Jun 16 20:15:11.708933 n-d-846219-1 devstack@placement-api.service[112068]: INFO placement.requestlog [None req-f89574a7-ad5a-4698-8043-50baf9e9afa0 service placement] 10.222.0.18 "DELETE /placement/resource_providers/f0a1e413-fa59-4a4a-b4bd-dd691a9fa0b0" status: 404 len: 246 microversion: 1.1
Jun 16 20:15:11.708933 n-d-846219-1 devstack@placement-api.service[112068]: [pid: 112068|app: 0|req: 613/1259] 10.222.0.18 () {60 vars in 1351 bytes} [Thu Jun 16 20:15:11 2022] DELETE /placement/resource_providers/f0a1e413-fa59-4a4a-b4bd-dd691a9fa0b0 => generated 246 bytes in 48 msecs (HTTP/1.1 404) 6 headers in 231 bytes (1 switches on core 0)
Jun 16 20:15:13.025527 n-d-846219-1 devstack@placement-api.service[112067]: DEBUG placement.requestlog [req-597d021a-d35d-424d-bece-ed89956ad4d1 req-7754ed20-5076-4d30-889c-bc828d5747a9 None None] Starting request: 10.222.0.62 "GET /placement/allocations/4d22c081-59f5-4297-afd4-5da0dccc7151" {{(pid=112067) __call__ /opt/stack/placement/placement/requestlog.py:55}}
Jun 16 20:15:13.048143 n-d-846219-1 devstack@placement-api.service[112067]: INFO placement.requestlog [req-597d021a-d35d-424d-bece-ed89956ad4d1 req-7754ed20-5076-4d30-889c-bc828d5747a9 service placement] 10.222.0.62 "GET /placement/allocations/4d22c081-59f5-4297-afd4-5da0dccc7151" status: 200 len: 259 microversion: 1.28
Jun 16 20:15:13.048847 n-d-846219-1 devstack@placement-api.service[112067]: [pid: 112067|app: 0|req: 647/1260] 10.222.0.62 () {60 vars in 1377 bytes} [Thu Jun 16 20:15:13 2022] GET /placement/allocations/4d22c081-59f5-4297-afd4-5da0dccc7151 => generated 259 bytes in 23 msecs (HTTP/1.1 200) 8 headers in 296 bytes (1 switches on core 0)
Jun 16 20:15:13.724305 n-d-846219-1 devstack@placement-api.service[112068]: DEBUG placement.requestlog [None req-1c42a5b7-1e39-4ac3-9e65-a787ebae4605 None None] Starting request: 10.222.0.18 "GET /placement/resource_providers/8f3cd7e5-d40d-4f4b-9d11-d9eb2cea5fdc/aggregates" {{(pid=112068) __call__ /opt/stack/placement/placement/requestlog.py:55}}
Jun 16 20:15:13.724858 n-d-846219-1 devstack@placement-api.service[112067]: DEBUG placement.requestlog [req-597d021a-d35d-424d-bece-ed89956ad4d1 req-fc4d45f5-cab8-4fcf-85b8-eee2e6826259 None None] Starting request: 10.222.0.62 "GET /placement/resource_providers/c731974e-5e0f-4fe4-8e64-16391e94e80b/allocations" {{(pid=112067) __call__ /opt/stack/placement/placement/requestlog.py:55}}
Jun 16 20:15:13.745249 n-d-846219-1 devstack@placement-api.service[112068]: INFO placement.requestlog [None req-1c42a5b7-1e39-4ac3-9e65-a787ebae4605 service placement] 10.222.0.18 "GET /placement/resource_providers/8f3cd7e5-d40d-4f4b-9d11-d9eb2cea5fdc/aggregates" status: 404 len: 235 microversion: 1.1
Jun 16 20:15:13.745811 n-d-846219-1 devstack@placement-api.service[112068]: [pid: 112068|app: 0|req: 614/1261] 10.222.0.18 () {58 vars in 1362 bytes} [Thu Jun 16 20:15:13 2022] GET /placement/resource_providers/8f3cd7e5-d40d-4f4b-9d11-d9eb2cea5fdc/aggregates => generated 235 bytes in 22 msecs (HTTP/1.1 404) 5 headers in 202 bytes (1 switches on core 0)
Jun 16 20:15:13.753660 n-d-846219-1 devstack@placement-api.service[112068]: DEBUG placement.requestlog [None req-08d196f4-bb47-453d-b9f0-93b46278a95e None None] Starting request: 10.222.0.18 "DELETE /placement/resource_providers/8f3cd7e5-d40d-4f4b-9d11-d9eb2cea5fdc" {{(pid=112068) __call__ /opt/stack/placement/placement/requestlog.py:55}}
Jun 16 20:15:13.754402 n-d-846219-1 devstack@placement-api.service[112067]: INFO placement.requestlog [req-597d021a-d35d-424d-bece-ed89956ad4d1 req-fc4d45f5-cab8-4fcf-85b8-eee2e6826259 service placement] 10.222.0.62 "GET /placement/resource_providers/c731974e-5e0f-4fe4-8e64-16391e94e80b/allocations" status: 200 len: 443 microversion: 1.0
Jun 16 20:15:13.754943 n-d-846219-1 devstack@placement-api.service[112067]: [pid: 112067|app: 0|req: 648/1262] 10.222.0.62 () {58 vars in 1390 bytes} [Thu Jun 16 20:15:13 2022] GET /placement/resource_providers/c731974e-5e0f-4fe4-8e64-16391e94e80b/allocations => generated 443 bytes in 30 msecs (HTTP/1.1 200) 6 headers in 224 bytes (2 switches on core 0)
Jun 16 20:15:13.767399 n-d-846219-1 devstack@placement-api.service[112068]: DEBUG placement.wsgi_wrapper [None req-08d196f4-bb47-453d-b9f0-93b46278a95e service placement] Placement API returning an error response: No resource provider with uuid 8f3cd7e5-d40d-4f4b-9d11-d9eb2cea5fdc found for delete {{(pid=112068) call_func /opt/stack/placement/placement/wsgi_wrapper.py:31}}
Jun 16 20:15:13.767832 n-d-846219-1 devstack@placement-api.service[112067]: DEBUG placement.requestlog [req-597d021a-d35d-424d-bece-ed89956ad4d1 req-2dfa0f29-dde0-4d63-9011-c006cf01690b None None] Starting request: 10.222.0.62 "GET /placement/allocations/91140180-2c50-4181-ba8d-6d2f9ddf93dc" {{(pid=112067) __call__ /opt/stack/placement/placement/requestlog.py:55}}
Jun 16 20:15:13.768174 n-d-846219-1 devstack@placement-api.service[112068]: INFO placement.requestlog [None req-08d196f4-bb47-453d-b9f0-93b46278a95e service placement] 10.222.0.18 "DELETE /placement/resource_providers/8f3cd7e5-d40d-4f4b-9d11-d9eb2cea5fdc" status: 404 len: 246 microversion: 1.1
Jun 16 20:15:13.768812 n-d-846219-1 devstack@placement-api.service[112068]: [pid: 112068|app: 0|req: 615/1263] 10.222.0.18 () {60 vars in 1351 bytes} [Thu Jun 16 20:15:13 2022] DELETE /placement/resource_providers/8f3cd7e5-d40d-4f4b-9d11-d9eb2cea5fdc => generated 246 bytes in 15 msecs (HTTP/1.1 404) 6 headers in 231 bytes (2 switches on core 0)
Jun 16 20:15:13.786687 n-d-846219-1 devstack@placement-api.service[112067]: INFO placement.requestlog [req-597d021a-d35d-424d-bece-ed89956ad4d1 req-2dfa0f29-dde0-4d63-9011-c006cf01690b service placement] 10.222.0.62 "GET /placement/allocations/91140180-2c50-4181-ba8d-6d2f9ddf93dc" status: 200 len: 259 microversion: 1.28
Jun 16 20:15:13.787039 n-d-846219-1 devstack@placement-api.service[112067]: [pid: 112067|app: 0|req: 649/1264] 10.222.0.62 () {60 vars in 1377 bytes} [Thu Jun 16 20:15:13 2022] GET /placement/allocations/91140180-2c50-4181-ba8d-6d2f9ddf93dc => generated 259 bytes in 20 msecs (HTTP/1.1 200) 8 headers in 296 bytes (2 switches on core 0)
Jun 16 20:15:13.799344 n-d-846219-1 devstack@placement-api.service[112068]: DEBUG placement.requestlog [req-597d021a-d35d-424d-bece-ed89956ad4d1 req-b4f500e1-3906-47ef-bf45-7c1ad50374d6 None None] Starting request: 10.222.0.62 "GET /placement/allocations/97b4d1f3-367b-49eb-86fc-4c54ad9d5daf" {{(pid=112068) __call__ /opt/stack/placement/placement/requestlog.py:55}}
Jun 16 20:15:13.817132 n-d-846219-1 devstack@placement-api.service[112068]: INFO placement.requestlog [req-597d021a-d35d-424d-bece-ed89956ad4d1 req-b4f500e1-3906-47ef-bf45-7c1ad50374d6 service placement] 10.222.0.62 "GET /placement/allocations/97b4d1f3-367b-49eb-86fc-4c54ad9d5daf" status: 200 len: 259 microversion: 1.28
