Jul 20 10:12:29.419865 n-d-846218-11 devstack@keystone.service[80568]: DEBUG keystone.server.flask.request_processing.req_logging [None req-d8f1b517-5adf-4cae-9e61-24febe0dc60a None admin] REQUEST_METHOD: `GET` {{(pid=80568) log_request_info /opt/stack/keystone/keystone/server/flask/request_processing/req_logging.py:27}}
Jul 20 10:12:29.420835 n-d-846218-11 devstack@keystone.service[80568]: DEBUG keystone.server.flask.request_processing.req_logging [None req-d8f1b517-5adf-4cae-9e61-24febe0dc60a None admin] SCRIPT_NAME: `/identity` {{(pid=80568) log_request_info /opt/stack/keystone/keystone/server/flask/request_processing/req_logging.py:28}}
Jul 20 10:12:29.421418 n-d-846218-11 devstack@keystone.service[80568]: DEBUG keystone.server.flask.request_processing.req_logging [None req-d8f1b517-5adf-4cae-9e61-24febe0dc60a None admin] PATH_INFO: `/v3/auth/tokens` {{(pid=80568) log_request_info /opt/stack/keystone/keystone/server/flask/request_processing/req_logging.py:29}}
Jul 20 10:12:29.465482 n-d-846218-11 devstack@keystone.service[80569]: DEBUG dbcounter [-] [80569] Writing DB stats keystone:SELECT=100 {{(pid=80569) stat_writer /usr/local/lib/python3.8/dist-packages/dbcounter.py:114}}
Jul 20 10:12:29.485780 n-d-846218-11 devstack@keystone.service[80569]: [pid: 80569|app: 0|req: 217/429] 10.222.0.71 () {58 vars in 1023 bytes} [Wed Jul 20 10:12:29 2022] POST /identity/v3/auth/tokens => generated 799 bytes in 102 msecs (HTTP/1.1 201) 6 headers in 363 bytes (1 switches on core 0)
Jul 20 10:12:29.503142 n-d-846218-11 devstack@keystone.service[80568]: DEBUG dbcounter [-] [80568] Writing DB stats keystone:SELECT=100 {{(pid=80568) stat_writer /usr/local/lib/python3.8/dist-packages/dbcounter.py:114}}
Jul 20 10:12:29.507243 n-d-846218-11 devstack@keystone.service[80568]: DEBUG keystone.common.rbac_enforcer.enforcer [None req-d8f1b517-5adf-4cae-9e61-24febe0dc60a None admin] RBAC: Authorizing `identity:validate_token()` {{(pid=80568) enforce_call /opt/stack/keystone/keystone/common/rbac_enforcer/enforcer.py:449}}
Jul 20 10:12:29.508855 n-d-846218-11 devstack@keystone.service[80568]: DEBUG keystone.common.rbac_enforcer.enforcer [None req-d8f1b517-5adf-4cae-9e61-24febe0dc60a None admin] RBAC: Authorization granted {{(pid=80568) enforce_call /opt/stack/keystone/keystone/common/rbac_enforcer/enforcer.py:457}}
Jul 20 10:12:29.511865 n-d-846218-11 devstack@keystone.service[80569]: DEBUG keystone.server.flask.request_processing.middleware.auth_context [None req-35f24def-f0e1-4fdd-a71c-8e3260c21337 None None] Authenticating user token {{(pid=80569) process_request /usr/local/lib/python3.8/dist-packages/keystonemiddleware/auth_token/__init__.py:407}}
Jul 20 10:12:29.638746 n-d-846218-11 devstack@keystone.service[80568]: [pid: 80568|app: 0|req: 213/430] 10.222.0.71 () {58 vars in 1282 bytes} [Wed Jul 20 10:12:29 2022] GET /identity/v3/auth/tokens => generated 799 bytes in 402 msecs (HTTP/1.1 200) 6 headers in 358 bytes (1 switches on core 0)
Jul 20 10:12:29.646266 n-d-846218-11 devstack@keystone.service[80568]: DEBUG keystone.server.flask.request_processing.middleware.auth_context [None req-d8f1b517-5adf-4cae-9e61-24febe0dc60a None admin] Authenticating user token {{(pid=80568) process_request /usr/local/lib/python3.8/dist-packages/keystonemiddleware/auth_token/__init__.py:407}}
Jul 20 10:12:29.647722 n-d-846218-11 devstack@keystone.service[80569]: DEBUG keystone.server.flask.request_processing.middleware.auth_context [None req-35f24def-f0e1-4fdd-a71c-8e3260c21337 None None] Validating token access rules against request {{(pid=80569) validate_allowed_request /usr/local/lib/python3.8/dist-packages/keystonemiddleware/auth_token/__init__.py:545}}
Jul 20 10:12:29.696112 n-d-846218-11 devstack@keystone.service[80569]: DEBUG keystone.server.flask.request_processing.middleware.auth_context [None req-725528ab-49c6-45a1-b0b2-5c4915f74dcb None admin] RBAC: auth_context: {'token': , 'domain_id': None, 'trust_id': None, 'trustor_id': None, 'trustee_id': None, 'domain_name': None, 'group_ids': [], 'user_id': '67ca29ac3b184c3baf2e06e40ce97f02', 'user_domain_id': 'default', 'system_scope': 'all', 'project_id': None, 'project_domain_id': None, 'roles': ['admin', 'member', 'reader'], 'is_admin_project': True, 'service_user_id': None, 'service_user_domain_id': None, 'service_project_id': None, 'service_project_domain_id': None, 'service_roles': []} {{(pid=80569) fill_context /opt/stack/keystone/keystone/server/flask/request_processing/middleware/auth_context.py:478}}
Jul 20 10:12:29.696934 n-d-846218-11 devstack@keystone.service[80569]: DEBUG keystone.server.flask.request_processing.req_logging [None req-725528ab-49c6-45a1-b0b2-5c4915f74dcb None admin] REQUEST_METHOD: `GET` {{(pid=80569) log_request_info /opt/stack/keystone/keystone/server/flask/request_processing/req_logging.py:27}}
Jul 20 10:12:29.697216 n-d-846218-11 devstack@keystone.service[80569]: DEBUG keystone.server.flask.request_processing.req_logging [None req-725528ab-49c6-45a1-b0b2-5c4915f74dcb None admin] SCRIPT_NAME: `/identity` {{(pid=80569) log_request_info /opt/stack/keystone/keystone/server/flask/request_processing/req_logging.py:28}}
Jul 20 10:12:29.697490 n-d-846218-11 devstack@keystone.service[80569]: DEBUG keystone.server.flask.request_processing.req_logging [None req-725528ab-49c6-45a1-b0b2-5c4915f74dcb None admin] PATH_INFO: `/v3/roles/anotherrole` {{(pid=80569) log_request_info /opt/stack/keystone/keystone/server/flask/request_processing/req_logging.py:29}}
Jul 20 10:12:29.714468 n-d-846218-11 devstack@keystone.service[80569]: DEBUG keystone.common.rbac_enforcer.enforcer [None req-725528ab-49c6-45a1-b0b2-5c4915f74dcb None admin] Extracting inferred target data resulted in "NOT FOUND (404)". {{(pid=80569) enforce_call /opt/stack/keystone/keystone/common/rbac_enforcer/enforcer.py:409}}
Jul 20 10:12:29.726443 n-d-846218-11 devstack@keystone.service[80569]: ERROR keystone.server.flask.application [None req-725528ab-49c6-45a1-b0b2-5c4915f74dcb None admin] Could not find role: anotherrole.: keystone.exception.RoleNotFound: Could not find role: anotherrole.
Jul 20 10:12:29.726443 n-d-846218-11 devstack@keystone.service[80569]: ERROR keystone.server.flask.application
Traceback (most recent call last):
Jul 20 10:12:29.726443 n-d-846218-11 devstack@keystone.service[80569]: ERROR keystone.server.flask.application
File "/usr/local/lib/python3.8/dist-packages/flask/app.py", line 1523, in full_dispatch_request
Jul 20 10:12:29.726443 n-d-846218-11 devstack@keystone.service[80569]: ERROR keystone.server.flask.application rv = self.dispatch_request()
Jul 20 10:12:29.726443 n-d-846218-11 devstack@keystone.service[80569]: ERROR keystone.server.flask.application
File "/usr/local/lib/python3.8/dist-packages/flask/app.py", line 1509, in dispatch_request
Jul 20 10:12:29.726443 n-d-846218-11 devstack@keystone.service[80569]: ERROR keystone.server.flask.application return self.ensure_sync(self.view_functions[rule.endpoint])(**req.view_args)
Jul 20 10:12:29.726443 n-d-846218-11 devstack@keystone.service[80569]: ERROR keystone.server.flask.application
File "/usr/local/lib/python3.8/dist-packages/flask_restful/__init__.py", line 467, in wrapper
Jul 20 10:12:29.726443 n-d-846218-11 devstack@keystone.service[80569]: ERROR keystone.server.flask.application resp = resource(*args, **kwargs)
Jul 20 10:12:29.726443 n-d-846218-11 devstack@keystone.service[80569]: ERROR keystone.server.flask.application
File "/usr/local/lib/python3.8/dist-packages/flask/views.py", line 84, in view
Jul 20 10:12:29.726443 n-d-846218-11 devstack@keystone.service[80569]: ERROR keystone.server.flask.application return current_app.ensure_sync(self.dispatch_request)(*args, **kwargs)
Jul 20 10:12:29.726443 n-d-846218-11 devstack@keystone.service[80569]: ERROR keystone.server.flask.application
File "/usr/local/lib/python3.8/dist-packages/flask_restful/__init__.py", line 582, in dispatch_request
Jul 20 10:12:29.726443 n-d-846218-11 devstack@keystone.service[80569]: ERROR keystone.server.flask.application resp = meth(*args, **kwargs)
Jul 20 10:12:29.726443 n-d-846218-11 devstack@keystone.service[80569]: ERROR keystone.server.flask.application
File "/opt/stack/keystone/keystone/api/roles.py", line 50, in get
Jul 20 10:12:29.726443 n-d-846218-11 devstack@keystone.service[80569]: ERROR keystone.server.flask.application return self._get_role(role_id)
Jul 20 10:12:29.726443 n-d-846218-11 devstack@keystone.service[80569]: ERROR keystone.server.flask.application
File "/opt/stack/keystone/keystone/api/roles.py", line 70, in _get_role
Jul 20 10:12:29.726443 n-d-846218-11 devstack@keystone.service[80569]: ERROR keystone.server.flask.application ENFORCER.enforce_call(action='identity:get_role')
Jul 20 10:12:29.727451 n-d-846218-11 devstack@keystone.service[80569]: ERROR keystone.server.flask.application
File "/opt/stack/keystone/keystone/common/rbac_enforcer/enforcer.py", line 402, in enforce_call
Jul 20 10:12:29.727451 n-d-846218-11 devstack@keystone.service[80569]: ERROR keystone.server.flask.application policy_dict.update(cls._extract_member_target_data(
Jul 20 10:12:29.727451 n-d-846218-11 devstack@keystone.service[80569]: ERROR keystone.server.flask.application
File "/opt/stack/keystone/keystone/common/rbac_enforcer/enforcer.py", line 234, in _extract_member_target_data
Jul 20 10:12:29.727451 n-d-846218-11 devstack@keystone.service[80569]: ERROR keystone.server.flask.application member_name: func(flask.request.view_args[key])
Jul 20 10:12:29.727451 n-d-846218-11 devstack@keystone.service[80569]: ERROR keystone.server.flask.application
File "/opt/stack/keystone/keystone/common/manager.py", line 115, in wrapped
Jul 20 10:12:29.727451 n-d-846218-11 devstack@keystone.service[80569]: ERROR keystone.server.flask.application __ret_val = __f(*args, **kwargs)
Jul 20 10:12:29.727451 n-d-846218-11 devstack@keystone.service[80569]: ERROR keystone.server.flask.application
File "/usr/local/lib/python3.8/dist-packages/decorator.py", line 232, in fun
Jul 20 10:12:29.727451 n-d-846218-11 devstack@keystone.service[80569]: ERROR keystone.server.flask.application return caller(func, *(extras + args), **kw)
Jul 20 10:12:29.727451 n-d-846218-11 devstack@keystone.service[80569]: ERROR keystone.server.flask.application
File "/usr/local/lib/python3.8/dist-packages/dogpile/cache/region.py", line 1577, in get_or_create_for_user_func
Jul 20 10:12:29.727451 n-d-846218-11 devstack@keystone.service[80569]: ERROR keystone.server.flask.application return self.get_or_create(
Jul 20 10:12:29.727451 n-d-846218-11 devstack@keystone.service[80569]: ERROR keystone.server.flask.application
File "/usr/local/lib/python3.8/dist-packages/dogpile/cache/region.py", line 1042, in get_or_create
Jul 20 10:12:29.727451 n-d-846218-11 devstack@keystone.service[80569]: ERROR keystone.server.flask.application with Lock(
Jul 20 10:12:29.727451 n-d-846218-11 devstack@keystone.service[80569]: ERROR keystone.server.flask.application
File "/usr/local/lib/python3.8/dist-packages/dogpile/lock.py", line 185, in __enter__
Jul 20 10:12:29.727451 n-d-846218-11 devstack@keystone.service[80569]: ERROR keystone.server.flask.application return self._enter()
Jul 20 10:12:29.727451 n-d-846218-11 devstack@keystone.service[80569]: ERROR keystone.server.flask.application
File "/usr/local/lib/python3.8/dist-packages/dogpile/lock.py", line 94, in _enter
Jul 20 10:12:29.727451 n-d-846218-11 devstack@keystone.service[80569]: ERROR keystone.server.flask.application generated = self._enter_create(value, createdtime)
Jul 20 10:12:29.728665 n-d-846218-11 devstack@keystone.service[80569]: ERROR keystone.server.flask.application
File "/usr/local/lib/python3.8/dist-packages/dogpile/lock.py", line 178, in _enter_create
Jul 20 10:12:29.728665 n-d-846218-11 devstack@keystone.service[80569]: ERROR keystone.server.flask.application return self.creator()
Jul 20 10:12:29.728665 n-d-846218-11 devstack@keystone.service[80569]: ERROR keystone.server.flask.application
File "/usr/local/lib/python3.8/dist-packages/dogpile/cache/region.py", line 995, in gen_value
Jul 20 10:12:29.728665 n-d-846218-11 devstack@keystone.service[80569]: ERROR keystone.server.flask.application created_value = creator(
Jul 20 10:12:29.728665 n-d-846218-11 devstack@keystone.service[80569]: ERROR keystone.server.flask.application
File "/opt/stack/keystone/keystone/assignment/core.py", line 1276, in get_role
Jul 20 10:12:29.728665 n-d-846218-11 devstack@keystone.service[80569]: ERROR keystone.server.flask.application return self.driver.get_role(role_id)
Jul 20 10:12:29.728665 n-d-846218-11 devstack@keystone.service[80569]: ERROR keystone.server.flask.application
File "/opt/stack/keystone/keystone/assignment/role_backends/sql.py", line 70, in get_role
Jul 20 10:12:29.728665 n-d-846218-11 devstack@keystone.service[80569]: ERROR keystone.server.flask.application return self._get_role(session, role_id).to_dict()
Jul 20 10:12:29.728665 n-d-846218-11 devstack@keystone.service[80569]: ERROR keystone.server.flask.application
File "/opt/stack/keystone/keystone/assignment/role_backends/sql.py", line 65, in _get_role
Jul 20 10:12:29.728665 n-d-846218-11 devstack@keystone.service[80569]: ERROR keystone.server.flask.application raise exception.RoleNotFound(role_id=role_id)
Jul 20 10:12:29.728665 n-d-846218-11 devstack@keystone.service[80569]: ERROR keystone.server.flask.application keystone.exception.RoleNotFound: Could not find role: anotherrole.
Jul 20 10:12:29.728665 n-d-846218-11 devstack@keystone.service[80569]: ERROR keystone.server.flask.application
Jul 20 10:12:29.728665 n-d-846218-11 devstack@keystone.service[80569]: [pid: 80569|app: 0|req: 218/431] 10.222.0.71 () {56 vars in 1114 bytes} [Wed Jul 20 10:12:29 2022] GET /identity/v3/roles/anotherrole => generated 89 bytes in 217 msecs (HTTP/1.1 404) 5 headers in 183 bytes (1 switches on core 0)
Jul 20 10:12:29.735870 n-d-846218-11 devstack@keystone.service[80569]: DEBUG keystone.server.flask.request_processing.middleware.auth_context [None req-725528ab-49c6-45a1-b0b2-5c4915f74dcb None admin] Authenticating user token {{(pid=80569) process_request /usr/local/lib/python3.8/dist-packages/keystonemiddleware/auth_token/__init__.py:407}}
Jul 20 10:12:29.774326 n-d-846218-11 devstack@keystone.service[80568]: DEBUG dbcounter [-] [80568] Writing DB stats keystone:SELECT=100 {{(pid=80568) stat_writer /usr/local/lib/python3.8/dist-packages/dbcounter.py:114}}
Jul 20 10:12:29.782171 n-d-846218-11 devstack@keystone.service[80568]: DEBUG keystone.server.flask.request_processing.middleware.auth_context [None req-d8f1b517-5adf-4cae-9e61-24febe0dc60a None admin] Validating token access rules against request {{(pid=80568) validate_allowed_request /usr/local/lib/python3.8/dist-packages/keystonemiddleware/auth_token/__init__.py:545}}
Jul 20 10:12:29.801554 n-d-846218-11 devstack@keystone.service[80569]: DEBUG dbcounter [-] [80569] Writing DB stats keystone:SELECT=100 {{(pid=80569) stat_writer /usr/local/lib/python3.8/dist-packages/dbcounter.py:114}}
Jul 20 10:12:29.825017 n-d-846218-11 devstack@keystone.service[80568]: DEBUG keystone.server.flask.request_processing.middleware.auth_context [None req-09721a3d-5c20-4a6a-86fb-d9ef7f7b1ad9 None admin] RBAC: auth_context: {'token': , 'domain_id': None, 'trust_id': None, 'trustor_id': None, 'trustee_id': None, 'domain_name': None, 'group_ids': [], 'user_id': '67ca29ac3b184c3baf2e06e40ce97f02', 'user_domain_id': 'default', 'system_scope': 'all', 'project_id': None, 'project_domain_id': None, 'roles': ['admin', 'member', 'reader'], 'is_admin_project': True, 'service_user_id': None, 'service_user_domain_id': None, 'service_project_id': None, 'service_project_domain_id': None, 'service_roles': []} {{(pid=80568) fill_context /opt/stack/keystone/keystone/server/flask/request_processing/middleware/auth_context.py:478}}
Jul 20 10:12:29.825907 n-d-846218-11 devstack@keystone.service[80568]: DEBUG keystone.server.flask.request_processing.req_logging [None req-09721a3d-5c20-4a6a-86fb-d9ef7f7b1ad9 None admin] REQUEST_METHOD: `GET` {{(pid=80568) log_request_info /opt/stack/keystone/keystone/server/flask/request_processing/req_logging.py:27}}
Jul 20 10:12:29.826188 n-d-846218-11 devstack@keystone.service[80568]: DEBUG keystone.server.flask.request_processing.req_logging [None req-09721a3d-5c20-4a6a-86fb-d9ef7f7b1ad9 None admin] SCRIPT_NAME: `/identity` {{(pid=80568) log_request_info /opt/stack/keystone/keystone/server/flask/request_processing/req_logging.py:28}}
Jul 20 10:12:29.826460 n-d-846218-11 devstack@keystone.service[80568]: DEBUG keystone.server.flask.request_processing.req_logging [None req-09721a3d-5c20-4a6a-86fb-d9ef7f7b1ad9 None admin] PATH_INFO: `/v3/projects/753bdf9913944d1da72e67607fdd52f4` {{(pid=80568) log_request_info /opt/stack/keystone/keystone/server/flask/request_processing/req_logging.py:29}}
Jul 20 10:12:29.827684 n-d-846218-11 devstack@keystone.service[80568]: DEBUG keystone.common.rbac_enforcer.enforcer [None req-09721a3d-5c20-4a6a-86fb-d9ef7f7b1ad9 None admin] RBAC: Authorizing `identity:get_project(project_id=753bdf9913944d1da72e67607fdd52f4)` {{(pid=80568) enforce_call /opt/stack/keystone/keystone/common/rbac_enforcer/enforcer.py:449}}
Jul 20 10:12:29.829271 n-d-846218-11 devstack@keystone.service[80568]: DEBUG keystone.common.rbac_enforcer.enforcer [None req-09721a3d-5c20-4a6a-86fb-d9ef7f7b1ad9 None admin] RBAC: Authorization granted {{(pid=80568) enforce_call /opt/stack/keystone/keystone/common/rbac_enforcer/enforcer.py:457}}
Jul 20 10:12:29.832417 n-d-846218-11 devstack@keystone.service[80568]: [pid: 80568|app: 0|req: 214/432] 10.222.0.71 () {56 vars in 1186 bytes} [Wed Jul 20 10:12:29 2022] GET /identity/v3/projects/753bdf9913944d1da72e67607fdd52f4 => generated 302 bytes in 186 msecs (HTTP/1.1 200) 5 headers in 177 bytes (2 switches on core 0)
Jul 20 10:12:29.839780 n-d-846218-11 devstack@keystone.service[80568]: DEBUG keystone.server.flask.request_processing.middleware.auth_context [None req-09721a3d-5c20-4a6a-86fb-d9ef7f7b1ad9 None admin] Authenticating user token {{(pid=80568) process_request /usr/local/lib/python3.8/dist-packages/keystonemiddleware/auth_token/__init__.py:407}}
Jul 20 10:12:29.872048 n-d-846218-11 devstack@keystone.service[80569]: DEBUG keystone.server.flask.request_processing.middleware.auth_context [None req-725528ab-49c6-45a1-b0b2-5c4915f74dcb None admin] Validating token access rules against request {{(pid=80569) validate_allowed_request /usr/local/lib/python3.8/dist-packages/keystonemiddleware/auth_token/__init__.py:545}}
Jul 20 10:12:29.932588 n-d-846218-11 devstack@keystone.service[80569]: DEBUG keystone.server.flask.request_processing.middleware.auth_context [None req-3f8cee20-a5cc-42b0-8d5d-1ed24b630dcf None admin] RBAC: auth_context: {'token': , 'domain_id': None, 'trust_id': None, 'trustor_id': None, 'trustee_id': None, 'domain_name': None, 'group_ids': [], 'user_id': '67ca29ac3b184c3baf2e06e40ce97f02', 'user_domain_id': 'default', 'system_scope': 'all', 'project_id': None, 'project_domain_id': None, 'roles': ['admin', 'member', 'reader'], 'is_admin_project': True, 'service_user_id': None, 'service_user_domain_id': None, 'service_project_id': None, 'service_project_domain_id': None, 'service_roles': []} {{(pid=80569) fill_context /opt/stack/keystone/keystone/server/flask/request_processing/middleware/auth_context.py:478}}
Jul 20 10:12:29.933275 n-d-846218-11 devstack@keystone.service[80569]: DEBUG keystone.server.flask.request_processing.req_logging [None req-3f8cee20-a5cc-42b0-8d5d-1ed24b630dcf None admin] REQUEST_METHOD: `GET` {{(pid=80569) log_request_info /opt/stack/keystone/keystone/server/flask/request_processing/req_logging.py:27}}
Jul 20 10:12:29.933561 n-d-846218-11 devstack@keystone.service[80569]: DEBUG keystone.server.flask.request_processing.req_logging [None req-3f8cee20-a5cc-42b0-8d5d-1ed24b630dcf None admin] SCRIPT_NAME: `/identity` {{(pid=80569) log_request_info /opt/stack/keystone/keystone/server/flask/request_processing/req_logging.py:28}}
Jul 20 10:12:29.934461 n-d-846218-11 devstack@keystone.service[80569]: DEBUG keystone.server.flask.request_processing.req_logging [None req-3f8cee20-a5cc-42b0-8d5d-1ed24b630dcf None admin] PATH_INFO: `/v3/roles` {{(pid=80569) log_request_info /opt/stack/keystone/keystone/server/flask/request_processing/req_logging.py:29}}
Jul 20 10:12:29.935163 n-d-846218-11 devstack@keystone.service[80569]: DEBUG keystone.common.rbac_enforcer.enforcer [None req-3f8cee20-a5cc-42b0-8d5d-1ed24b630dcf None admin] RBAC: Adding query filter params (name=anotherrole) {{(pid=80569) _extract_filter_values /opt/stack/keystone/keystone/common/rbac_enforcer/enforcer.py:167}}
Jul 20 10:12:29.935466 n-d-846218-11 devstack@keystone.service[80569]: DEBUG keystone.common.rbac_enforcer.enforcer [None req-3f8cee20-a5cc-42b0-8d5d-1ed24b630dcf None admin] RBAC: Authorizing `identity:list_roles()` {{(pid=80569) enforce_call /opt/stack/keystone/keystone/common/rbac_enforcer/enforcer.py:449}}
Jul 20 10:12:29.936848 n-d-846218-11 devstack@keystone.service[80569]: DEBUG keystone.common.rbac_enforcer.enforcer [None req-3f8cee20-a5cc-42b0-8d5d-1ed24b630dcf None admin] RBAC: Authorization granted {{(pid=80569) enforce_call /opt/stack/keystone/keystone/common/rbac_enforcer/enforcer.py:457}}
Jul 20 10:12:29.949685 n-d-846218-11 devstack@keystone.service[80569]: [pid: 80569|app: 0|req: 219/433] 10.222.0.71 () {56 vars in 1111 bytes} [Wed Jul 20 10:12:29 2022] GET /identity/v3/roles?name=anotherrole => generated 334 bytes in 213 msecs (HTTP/1.1 200) 5 headers in 177 bytes (1 switches on core 0)
Jul 20 10:12:29.955010 n-d-846218-11 devstack@keystone.service[80569]: DEBUG keystone.server.flask.request_processing.middleware.auth_context [None req-3f8cee20-a5cc-42b0-8d5d-1ed24b630dcf None admin] Authenticating user token {{(pid=80569) process_request /usr/local/lib/python3.8/dist-packages/keystonemiddleware/auth_token/__init__.py:407}}
Jul 20 10:12:29.999150 n-d-846218-11 devstack@keystone.service[80568]: DEBUG keystone.server.flask.request_processing.middleware.auth_context [None req-09721a3d-5c20-4a6a-86fb-d9ef7f7b1ad9 None admin] Validating token access rules against request {{(pid=80568) validate_allowed_request /usr/local/lib/python3.8/dist-packages/keystonemiddleware/auth_token/__init__.py:545}}
Jul 20 10:12:30.039799 n-d-846218-11 devstack@keystone.service[80568]: DEBUG keystone.server.flask.request_processing.middleware.auth_context [None req-ceeef12f-fa16-42d6-a65e-08f36050c280 None admin] RBAC: auth_context: {'token': , 'domain_id': None, 'trust_id': None, 'trustor_id': None, 'trustee_id': None, 'domain_name': None, 'group_ids': [], 'user_id': '67ca29ac3b184c3baf2e06e40ce97f02', 'user_domain_id': 'default', 'system_scope': 'all', 'project_id': None, 'project_domain_id': None, 'roles': ['admin', 'member', 'reader'], 'is_admin_project': True, 'service_user_id': None, 'service_user_domain_id': None, 'service_project_id': None, 'service_project_domain_id': None, 'service_roles': []} {{(pid=80568) fill_context /opt/stack/keystone/keystone/server/flask/request_processing/middleware/auth_context.py:478}}
Jul 20 10:12:30.040672 n-d-846218-11 devstack@keystone.service[80568]: DEBUG keystone.server.flask.request_processing.req_logging [None req-ceeef12f-fa16-42d6-a65e-08f36050c280 None admin] REQUEST_METHOD: `GET` {{(pid=80568) log_request_info /opt/stack/keystone/keystone/server/flask/request_processing/req_logging.py:27}}
Jul 20 10:12:30.040953 n-d-846218-11 devstack@keystone.service[80568]: DEBUG keystone.server.flask.request_processing.req_logging [None req-ceeef12f-fa16-42d6-a65e-08f36050c280 None admin] SCRIPT_NAME: `/identity` {{(pid=80568) log_request_info /opt/stack/keystone/keystone/server/flask/request_processing/req_logging.py:28}}
Jul 20 10:12:30.041283 n-d-846218-11 devstack@keystone.service[80568]: DEBUG keystone.server.flask.request_processing.req_logging [None req-ceeef12f-fa16-42d6-a65e-08f36050c280 None admin] PATH_INFO: `/v3/groups/9cf66727b5964d9f8f53c14667b1c3ab` {{(pid=80568) log_request_info /opt/stack/keystone/keystone/server/flask/request_processing/req_logging.py:29}}
Jul 20 10:12:30.042471 n-d-846218-11 devstack@keystone.service[80568]: DEBUG keystone.common.rbac_enforcer.enforcer [None req-ceeef12f-fa16-42d6-a65e-08f36050c280 None admin] RBAC: Authorizing `identity:get_group(group_id=9cf66727b5964d9f8f53c14667b1c3ab)` {{(pid=80568) enforce_call /opt/stack/keystone/keystone/common/rbac_enforcer/enforcer.py:449}}
Jul 20 10:12:30.044546 n-d-846218-11 devstack@keystone.service[80568]: DEBUG keystone.common.rbac_enforcer.enforcer [None req-ceeef12f-fa16-42d6-a65e-08f36050c280 None admin] RBAC: Authorization granted {{(pid=80568) enforce_call /opt/stack/keystone/keystone/common/rbac_enforcer/enforcer.py:457}}
Jul 20 10:12:30.046504 n-d-846218-11 devstack@keystone.service[80568]: [pid: 80568|app: 0|req: 215/434] 10.222.0.71 () {56 vars in 1180 bytes} [Wed Jul 20 10:12:29 2022] GET /identity/v3/groups/9cf66727b5964d9f8f53c14667b1c3ab => generated 226 bytes in 207 msecs (HTTP/1.1 200) 5 headers in 177 bytes (1 switches on core 0)
Jul 20 10:12:30.055953 n-d-846218-11 devstack@keystone.service[80568]: DEBUG keystone.server.flask.request_processing.middleware.auth_context [None req-ceeef12f-fa16-42d6-a65e-08f36050c280 None admin] Authenticating user token {{(pid=80568) process_request /usr/local/lib/python3.8/dist-packages/keystonemiddleware/auth_token/__init__.py:407}}
Jul 20 10:12:30.101721 n-d-846218-11 devstack@keystone.service[80569]: DEBUG keystone.server.flask.request_processing.middleware.auth_context [None req-3f8cee20-a5cc-42b0-8d5d-1ed24b630dcf None admin] Validating token access rules against request {{(pid=80569) validate_allowed_request /usr/local/lib/python3.8/dist-packages/keystonemiddleware/auth_token/__init__.py:545}}
Jul 20 10:12:30.103120 n-d-846218-11 devstack@keystone.service[80568]: DEBUG dbcounter [-] [80568] Writing DB stats keystone:SELECT=100 {{(pid=80568) stat_writer /usr/local/lib/python3.8/dist-packages/dbcounter.py:114}}
Jul 20 10:12:30.113498 n-d-846218-11 devstack@keystone.service[80569]: DEBUG dbcounter [-] [80569] Writing DB stats keystone:SELECT=100 {{(pid=80569) stat_writer /usr/local/lib/python3.8/dist-packages/dbcounter.py:114}}
Jul 20 10:12:30.144339 n-d-846218-11 devstack@keystone.service[80569]: DEBUG keystone.server.flask.request_processing.middleware.auth_context [None req-5baa9cfa-d6dd-4edc-a196-b57ba9fe1f2b None admin] RBAC: auth_context: {'token': , 'domain_id': None, 'trust_id': None, 'trustor_id': None, 'trustee_id': None, 'domain_name': None, 'group_ids': [], 'user_id': '67ca29ac3b184c3baf2e06e40ce97f02', 'user_domain_id': 'default', 'system_scope': 'all', 'project_id': None, 'project_domain_id': None, 'roles': ['admin', 'member', 'reader'], 'is_admin_project': True, 'service_user_id': None, 'service_user_domain_id': None, 'service_project_id': None, 'service_project_domain_id': None, 'service_roles': []} {{(pid=80569) fill_context /opt/stack/keystone/keystone/server/flask/request_processing/middleware/auth_context.py:478}}
Jul 20 10:12:30.145169 n-d-846218-11 devstack@keystone.service[80569]: DEBUG keystone.server.flask.request_processing.req_logging [None req-5baa9cfa-d6dd-4edc-a196-b57ba9fe1f2b None admin] REQUEST_METHOD: `GET` {{(pid=80569) log_request_info /opt/stack/keystone/keystone/server/flask/request_processing/req_logging.py:27}}
Jul 20 10:12:30.145552 n-d-846218-11 devstack@keystone.service[80569]: DEBUG keystone.server.flask.request_processing.req_logging [None req-5baa9cfa-d6dd-4edc-a196-b57ba9fe1f2b None admin] SCRIPT_NAME: `/identity` {{(pid=80569) log_request_info /opt/stack/keystone/keystone/server/flask/request_processing/req_logging.py:28}}
Jul 20 10:12:30.145929 n-d-846218-11 devstack@keystone.service[80569]: DEBUG keystone.server.flask.request_processing.req_logging [None req-5baa9cfa-d6dd-4edc-a196-b57ba9fe1f2b None admin] PATH_INFO: `/v3/auth/tokens` {{(pid=80569) log_request_info /opt/stack/keystone/keystone/server/flask/request_processing/req_logging.py:29}}
Jul 20 10:12:30.192139 n-d-846218-11 devstack@keystone.service[80568]: DEBUG keystone.server.flask.request_processing.middleware.auth_context [None req-ceeef12f-fa16-42d6-a65e-08f36050c280 None admin] Validating token access rules against request {{(pid=80568) validate_allowed_request /usr/local/lib/python3.8/dist-packages/keystonemiddleware/auth_token/__init__.py:545}}
Jul 20 10:12:30.220636 n-d-846218-11 devstack@keystone.service[80569]: DEBUG keystone.common.rbac_enforcer.enforcer [None req-5baa9cfa-d6dd-4edc-a196-b57ba9fe1f2b None admin] RBAC: Authorizing `identity:validate_token()` {{(pid=80569) enforce_call /opt/stack/keystone/keystone/common/rbac_enforcer/enforcer.py:449}}
Jul 20 10:12:30.222231 n-d-846218-11 devstack@keystone.service[80569]: DEBUG keystone.common.rbac_enforcer.enforcer [None req-5baa9cfa-d6dd-4edc-a196-b57ba9fe1f2b None admin] RBAC: Authorization granted {{(pid=80569) enforce_call /opt/stack/keystone/keystone/common/rbac_enforcer/enforcer.py:457}}
Jul 20 10:12:30.240191 n-d-846218-11 devstack@keystone.service[80568]: DEBUG keystone.server.flask.request_processing.middleware.auth_context [None req-93e7510b-10e4-43d8-9a96-1e9ddbc56ed4 None admin] RBAC: auth_context: {'token': , 'domain_id': None, 'trust_id': None, 'trustor_id': None, 'trustee_id': None, 'domain_name': None, 'group_ids': [], 'user_id': '67ca29ac3b184c3baf2e06e40ce97f02', 'user_domain_id': 'default', 'system_scope': 'all', 'project_id': None, 'project_domain_id': None, 'roles': ['admin', 'member', 'reader'], 'is_admin_project': True, 'service_user_id': None, 'service_user_domain_id': None, 'service_project_id': None, 'service_project_domain_id': None, 'service_roles': []} {{(pid=80568) fill_context /opt/stack/keystone/keystone/server/flask/request_processing/middleware/auth_context.py:478}}
Jul 20 10:12:30.241230 n-d-846218-11 devstack@keystone.service[80568]: DEBUG keystone.server.flask.request_processing.req_logging [None req-93e7510b-10e4-43d8-9a96-1e9ddbc56ed4 None admin] REQUEST_METHOD: `GET` {{(pid=80568) log_request_info /opt/stack/keystone/keystone/server/flask/request_processing/req_logging.py:27}}
Jul 20 10:12:30.241693 n-d-846218-11 devstack@keystone.service[80568]: DEBUG keystone.server.flask.request_processing.req_logging [None req-93e7510b-10e4-43d8-9a96-1e9ddbc56ed4 None admin] SCRIPT_NAME: `/identity` {{(pid=80568) log_request_info /opt/stack/keystone/keystone/server/flask/request_processing/req_logging.py:28}}
Jul 20 10:12:30.242412 n-d-846218-11 devstack@keystone.service[80568]: DEBUG keystone.server.flask.request_processing.req_logging [None req-93e7510b-10e4-43d8-9a96-1e9ddbc56ed4 None admin] PATH_INFO: `/v3/role_assignments` {{(pid=80568) log_request_info /opt/stack/keystone/keystone/server/flask/request_processing/req_logging.py:29}}
Jul 20 10:12:30.243830 n-d-846218-11 devstack@keystone.service[80568]: DEBUG keystone.common.rbac_enforcer.enforcer [None req-93e7510b-10e4-43d8-9a96-1e9ddbc56ed4 None admin] RBAC: Adding query filter params (group.id=9cf66727b5964d9f8f53c14667b1c3ab, role.id=0c77e13cbd884f6db4c4e8093319bc37, scope.project.id=753bdf9913944d1da72e67607fdd52f4) {{(pid=80568) _extract_filter_values /opt/stack/keystone/keystone/common/rbac_enforcer/enforcer.py:167}}
Jul 20 10:12:30.244290 n-d-846218-11 devstack@keystone.service[80568]: DEBUG keystone.common.rbac_enforcer.enforcer [None req-93e7510b-10e4-43d8-9a96-1e9ddbc56ed4 None admin] RBAC: Authorizing `identity:list_role_assignments()` {{(pid=80568) enforce_call /opt/stack/keystone/keystone/common/rbac_enforcer/enforcer.py:449}}
Jul 20 10:12:30.245874 n-d-846218-11 devstack@keystone.service[80568]: DEBUG keystone.common.rbac_enforcer.enforcer [None req-93e7510b-10e4-43d8-9a96-1e9ddbc56ed4 None admin] RBAC: Authorization granted {{(pid=80568) enforce_call /opt/stack/keystone/keystone/common/rbac_enforcer/enforcer.py:457}}
Jul 20 10:12:30.263216 n-d-846218-11 devstack@keystone.service[80568]: [pid: 80568|app: 0|req: 216/435] 10.222.0.71 () {56 vars in 1376 bytes} [Wed Jul 20 10:12:30 2022] GET /identity/v3/role_assignments?group.id=9cf66727b5964d9f8f53c14667b1c3ab&scope.project.id=753bdf9913944d1da72e67607fdd52f4&role.id=0c77e13cbd884f6db4c4e8093319bc37 => generated 611 bytes in 207 msecs (HTTP/1.1 200) 5 headers in 177 bytes (1 switches on core 0)
Jul 20 10:12:30.337422 n-d-846218-11 devstack@keystone.service[80569]: [pid: 80569|app: 0|req: 220/436] 10.222.0.71 () {58 vars in 1282 bytes} [Wed Jul 20 10:12:29 2022] GET /identity/v3/auth/tokens => generated 799 bytes in 383 msecs (HTTP/1.1 200) 6 headers in 358 bytes (2 switches on core 0)
Jul 20 10:12:30.344119 n-d-846218-11 devstack@keystone.service[80568]: DEBUG keystone.server.flask.request_processing.middleware.auth_context [None req-93e7510b-10e4-43d8-9a96-1e9ddbc56ed4 None admin] Authenticating user token {{(pid=80568) process_request /usr/local/lib/python3.8/dist-packages/keystonemiddleware/auth_token/__init__.py:407}}
Jul 20 10:12:30.472302 n-d-846218-11 devstack@keystone.service[80568]: DEBUG dbcounter [-] [80568] Writing DB stats keystone:SELECT=100 {{(pid=80568) stat_writer /usr/local/lib/python3.8/dist-packages/dbcounter.py:114}}
Jul 20 10:12:30.476657 n-d-846218-11 devstack@keystone.service[80568]: DEBUG keystone.server.flask.request_processing.middleware.auth_context [None req-93e7510b-10e4-43d8-9a96-1e9ddbc56ed4 None admin] Validating token access rules against request {{(pid=80568) validate_allowed_request /usr/local/lib/python3.8/dist-packages/keystonemiddleware/auth_token/__init__.py:545}}
Jul 20 10:12:30.514139 n-d-846218-11 devstack@keystone.service[80568]: DEBUG keystone.server.flask.request_processing.middleware.auth_context [None req-ca51f645-8b27-4b85-ab88-5f7c3558f5d2 None admin] RBAC: auth_context: {'token': , 'domain_id': None, 'trust_id': None, 'trustor_id': None, 'trustee_id': None, 'domain_name': None, 'group_ids': [], 'user_id': '67ca29ac3b184c3baf2e06e40ce97f02', 'user_domain_id': 'default', 'system_scope': 'all', 'project_id': None, 'project_domain_id': None, 'roles': ['admin', 'member', 'reader'], 'is_admin_project': True, 'service_user_id': None, 'service_user_domain_id': None, 'service_project_id': None, 'service_project_domain_id': None, 'service_roles': []} {{(pid=80568) fill_context /opt/stack/keystone/keystone/server/flask/request_processing/middleware/auth_context.py:478}}
Jul 20 10:12:30.514954 n-d-846218-11 devstack@keystone.service[80568]: DEBUG keystone.server.flask.request_processing.req_logging [None req-ca51f645-8b27-4b85-ab88-5f7c3558f5d2 None admin] REQUEST_METHOD: `GET` {{(pid=80568) log_request_info /opt/stack/keystone/keystone/server/flask/request_processing/req_logging.py:27}}
Jul 20 10:12:30.515236 n-d-846218-11 devstack@keystone.service[80568]: DEBUG keystone.server.flask.request_processing.req_logging [None req-ca51f645-8b27-4b85-ab88-5f7c3558f5d2 None admin] SCRIPT_NAME: `/identity` {{(pid=80568) log_request_info /opt/stack/keystone/keystone/server/flask/request_processing/req_logging.py:28}}
Jul 20 10:12:30.515506 n-d-846218-11 devstack@keystone.service[80568]: DEBUG keystone.server.flask.request_processing.req_logging [None req-ca51f645-8b27-4b85-ab88-5f7c3558f5d2 None admin] PATH_INFO: `/v3/projects/b01d2bba490d49dba6cfeeab29ed45c8` {{(pid=80568) log_request_info /opt/stack/keystone/keystone/server/flask/request_processing/req_logging.py:29}}
Jul 20 10:12:30.516715 n-d-846218-11 devstack@keystone.service[80568]: DEBUG keystone.common.rbac_enforcer.enforcer [None req-ca51f645-8b27-4b85-ab88-5f7c3558f5d2 None admin] RBAC: Authorizing `identity:get_project(project_id=b01d2bba490d49dba6cfeeab29ed45c8)` {{(pid=80568) enforce_call /opt/stack/keystone/keystone/common/rbac_enforcer/enforcer.py:449}}
Jul 20 10:12:30.518172 n-d-846218-11 devstack@keystone.service[80568]: DEBUG keystone.common.rbac_enforcer.enforcer [None req-ca51f645-8b27-4b85-ab88-5f7c3558f5d2 None admin] RBAC: Authorization granted {{(pid=80568) enforce_call /opt/stack/keystone/keystone/common/rbac_enforcer/enforcer.py:457}}
Jul 20 10:12:30.520300 n-d-846218-11 devstack@keystone.service[80568]: [pid: 80568|app: 0|req: 217/437] 10.222.0.71 () {56 vars in 1186 bytes} [Wed Jul 20 10:12:30 2022] GET /identity/v3/projects/b01d2bba490d49dba6cfeeab29ed45c8 => generated 298 bytes in 177 msecs (HTTP/1.1 200) 5 headers in 177 bytes (1 switches on core 0)
Jul 20 10:12:30.526233 n-d-846218-11 devstack@keystone.service[80569]: DEBUG keystone.server.flask.request_processing.middleware.auth_context [None req-5baa9cfa-d6dd-4edc-a196-b57ba9fe1f2b None admin] Authenticating user token {{(pid=80569) process_request /usr/local/lib/python3.8/dist-packages/keystonemiddleware/auth_token/__init__.py:407}}
Jul 20 10:12:30.537259 n-d-846218-11 devstack@keystone.service[80569]: DEBUG dbcounter [-] [80569] Writing DB stats keystone:SELECT=100 {{(pid=80569) stat_writer /usr/local/lib/python3.8/dist-packages/dbcounter.py:114}}
Jul 20 10:12:30.623023 n-d-846218-11 devstack@keystone.service[80568]: DEBUG keystone.server.flask.request_processing.req_logging [None req-70e8ddc7-2b21-46fb-aa3e-81f7a3d3da76 None None] REQUEST_METHOD: `GET` {{(pid=80568) log_request_info /opt/stack/keystone/keystone/server/flask/request_processing/req_logging.py:27}}
Jul 20 10:12:30.623361 n-d-846218-11 devstack@keystone.service[80568]: DEBUG keystone.server.flask.request_processing.req_logging [None req-70e8ddc7-2b21-46fb-aa3e-81f7a3d3da76 None None] SCRIPT_NAME: `/identity` {{(pid=80568) log_request_info /opt/stack/keystone/keystone/server/flask/request_processing/req_logging.py:28}}
Jul 20 10:12:30.624032 n-d-846218-11 devstack@keystone.service[80568]: DEBUG keystone.server.flask.request_processing.req_logging [None req-70e8ddc7-2b21-46fb-aa3e-81f7a3d3da76 None None] PATH_INFO: `/` {{(pid=80568) log_request_info /opt/stack/keystone/keystone/server/flask/request_processing/req_logging.py:29}}
Jul 20 10:12:30.626027 n-d-846218-11 devstack@keystone.service[80568]: [pid: 80568|app: 0|req: 218/438] 10.222.0.71 () {54 vars in 926 bytes} [Wed Jul 20 10:12:30 2022] GET /identity => generated 270 bytes in 4 msecs (HTTP/1.1 300) 6 headers in 234 bytes (1 switches on core 0)
Jul 20 10:12:30.633085 n-d-846218-11 devstack@keystone.service[80569]: DEBUG keystone.server.flask.request_processing.middleware.auth_context [None req-5baa9cfa-d6dd-4edc-a196-b57ba9fe1f2b None admin] Validating token access rules against request {{(pid=80569) validate_allowed_request /usr/local/lib/python3.8/dist-packages/keystonemiddleware/auth_token/__init__.py:545}}
Jul 20 10:12:30.636080 n-d-846218-11 devstack@keystone.service[80568]: DEBUG keystone.server.flask.request_processing.req_logging [None req-5f21c239-f81e-45a6-809c-bb02f90a86af None None] REQUEST_METHOD: `POST` {{(pid=80568) log_request_info /opt/stack/keystone/keystone/server/flask/request_processing/req_logging.py:27}}
Jul 20 10:12:30.636364 n-d-846218-11 devstack@keystone.service[80568]: DEBUG keystone.server.flask.request_processing.req_logging [None req-5f21c239-f81e-45a6-809c-bb02f90a86af None None] SCRIPT_NAME: `/identity` {{(pid=80568) log_request_info /opt/stack/keystone/keystone/server/flask/request_processing/req_logging.py:28}}
Jul 20 10:12:30.636637 n-d-846218-11 devstack@keystone.service[80568]: DEBUG keystone.server.flask.request_processing.req_logging [None req-5f21c239-f81e-45a6-809c-bb02f90a86af None None] PATH_INFO: `/v3/auth/tokens` {{(pid=80568) log_request_info /opt/stack/keystone/keystone/server/flask/request_processing/req_logging.py:29}}
Jul 20 10:12:30.654369 n-d-846218-11 devstack@keystone.service[80568]: DEBUG keystone.auth.core [None req-5f21c239-f81e-45a6-809c-bb02f90a86af None None] MFA Rules not processed for user `67ca29ac3b184c3baf2e06e40ce97f02`. Rule list: `[]` (Enabled: `True`). {{(pid=80568) check_auth_methods_against_rules /opt/stack/keystone/keystone/auth/core.py:438}}
Jul 20 10:12:30.655687 n-d-846218-11 devstack@keystone.service[80568]: DEBUG keystone.common.fernet_utils [None req-5f21c239-f81e-45a6-809c-bb02f90a86af None None] Loaded 2 Fernet keys from /etc/keystone/fernet-keys/, but `[fernet_tokens] max_active_keys = 3`; perhaps there have not been enough key rotations to reach `max_active_keys` yet? {{(pid=80568) load_keys /opt/stack/keystone/keystone/common/fernet_utils.py:286}}
Jul 20 10:12:30.676948 n-d-846218-11 devstack@keystone.service[80569]: DEBUG keystone.server.flask.request_processing.middleware.auth_context [None req-0bbb0f03-1f79-40a0-9bfa-f2c4313dce01 None admin] RBAC: auth_context: {'token': , 'domain_id': None, 'trust_id': None, 'trustor_id': None, 'trustee_id': None, 'domain_name': None, 'group_ids': [], 'user_id': '67ca29ac3b184c3baf2e06e40ce97f02', 'user_domain_id': 'default', 'system_scope': 'all', 'project_id': None, 'project_domain_id': None, 'roles': ['admin', 'member', 'reader'], 'is_admin_project': True, 'service_user_id': None, 'service_user_domain_id': None, 'service_project_id': None, 'service_project_domain_id': None, 'service_roles': []} {{(pid=80569) fill_context /opt/stack/keystone/keystone/server/flask/request_processing/middleware/auth_context.py:478}}
Jul 20 10:12:30.678538 n-d-846218-11 devstack@keystone.service[80569]: DEBUG keystone.server.flask.request_processing.req_logging [None req-0bbb0f03-1f79-40a0-9bfa-f2c4313dce01 None admin] REQUEST_METHOD: `GET` {{(pid=80569) log_request_info /opt/stack/keystone/keystone/server/flask/request_processing/req_logging.py:27}}
Jul 20 10:12:30.678848 n-d-846218-11 devstack@keystone.service[80569]: DEBUG keystone.server.flask.request_processing.req_logging [None req-0bbb0f03-1f79-40a0-9bfa-f2c4313dce01 None admin] SCRIPT_NAME: `/identity` {{(pid=80569) log_request_info /opt/stack/keystone/keystone/server/flask/request_processing/req_logging.py:28}}
Jul 20 10:12:30.679130 n-d-846218-11 devstack@keystone.service[80569]: DEBUG keystone.server.flask.request_processing.req_logging [None req-0bbb0f03-1f79-40a0-9bfa-f2c4313dce01 None admin] PATH_INFO: `/v3/groups/9cf66727b5964d9f8f53c14667b1c3ab` {{(pid=80569) log_request_info /opt/stack/keystone/keystone/server/flask/request_processing/req_logging.py:29}}
Jul 20 10:12:30.680547 n-d-846218-11 devstack@keystone.service[80569]: DEBUG keystone.common.rbac_enforcer.enforcer [None req-0bbb0f03-1f79-40a0-9bfa-f2c4313dce01 None admin] RBAC: Authorizing `identity:get_group(group_id=9cf66727b5964d9f8f53c14667b1c3ab)` {{(pid=80569) enforce_call /opt/stack/keystone/keystone/common/rbac_enforcer/enforcer.py:449}}
Jul 20 10:12:30.682503 n-d-846218-11 devstack@keystone.service[80569]: DEBUG keystone.common.rbac_enforcer.enforcer [None req-0bbb0f03-1f79-40a0-9bfa-f2c4313dce01 None admin] RBAC: Authorization granted {{(pid=80569) enforce_call /opt/stack/keystone/keystone/common/rbac_enforcer/enforcer.py:457}}
Jul 20 10:12:30.684547 n-d-846218-11 devstack@keystone.service[80569]: [pid: 80569|app: 0|req: 221/439] 10.222.0.71 () {56 vars in 1180 bytes} [Wed Jul 20 10:12:30 2022] GET /identity/v3/groups/9cf66727b5964d9f8f53c14667b1c3ab => generated 226 bytes in 159 msecs (HTTP/1.1 200) 5 headers in 177 bytes (1 switches on core 0)
Jul 20 10:12:30.690789 n-d-846218-11 devstack@keystone.service[80569]: DEBUG keystone.server.flask.request_processing.middleware.auth_context [None req-0bbb0f03-1f79-40a0-9bfa-f2c4313dce01 None admin] Authenticating user token {{(pid=80569) process_request /usr/local/lib/python3.8/dist-packages/keystonemiddleware/auth_token/__init__.py:407}}
Jul 20 10:12:30.734210 n-d-846218-11 devstack@keystone.service[80568]: [pid: 80568|app: 0|req: 219/440] 10.222.0.71 () {58 vars in 1023 bytes} [Wed Jul 20 10:12:30 2022] POST /identity/v3/auth/tokens => generated 799 bytes in 99 msecs (HTTP/1.1 201) 6 headers in 363 bytes (1 switches on core 0)
Jul 20 10:12:30.757557 n-d-846218-11 devstack@keystone.service[80568]: DEBUG keystone.server.flask.request_processing.middleware.auth_context [None req-5f21c239-f81e-45a6-809c-bb02f90a86af None None] Authenticating user token {{(pid=80568) process_request /usr/local/lib/python3.8/dist-packages/keystonemiddleware/auth_token/__init__.py:407}}
Jul 20 10:12:30.779451 n-d-846218-11 devstack@keystone.service[80569]: DEBUG dbcounter [-] [80569] Writing DB stats keystone:SELECT=100 {{(pid=80569) stat_writer /usr/local/lib/python3.8/dist-packages/dbcounter.py:114}}
Jul 20 10:12:30.811635 n-d-846218-11 devstack@keystone.service[80569]: DEBUG keystone.server.flask.request_processing.middleware.auth_context [None req-0bbb0f03-1f79-40a0-9bfa-f2c4313dce01 None admin] Validating token access rules against request {{(pid=80569) validate_allowed_request /usr/local/lib/python3.8/dist-packages/keystonemiddleware/auth_token/__init__.py:545}}
Jul 20 10:12:30.855415 n-d-846218-11 devstack@keystone.service[80569]: DEBUG keystone.server.flask.request_processing.middleware.auth_context [None req-5f49f7aa-eab1-40b7-a380-db3b49b4dbb9 None admin] RBAC: auth_context: {'token': , 'domain_id': None, 'trust_id': None, 'trustor_id': None, 'trustee_id': None, 'domain_name': None, 'group_ids': [], 'user_id': '67ca29ac3b184c3baf2e06e40ce97f02', 'user_domain_id': 'default', 'system_scope': 'all', 'project_id': None, 'project_domain_id': None, 'roles': ['admin', 'member', 'reader'], 'is_admin_project': True, 'service_user_id': None, 'service_user_domain_id': None, 'service_project_id': None, 'service_project_domain_id': None, 'service_roles': []} {{(pid=80569) fill_context /opt/stack/keystone/keystone/server/flask/request_processing/middleware/auth_context.py:478}}
Jul 20 10:12:30.856935 n-d-846218-11 devstack@keystone.service[80569]: DEBUG keystone.server.flask.request_processing.req_logging [None req-5f49f7aa-eab1-40b7-a380-db3b49b4dbb9 None admin] REQUEST_METHOD: `GET` {{(pid=80569) log_request_info /opt/stack/keystone/keystone/server/flask/request_processing/req_logging.py:27}}
Jul 20 10:12:30.857214 n-d-846218-11 devstack@keystone.service[80569]: DEBUG keystone.server.flask.request_processing.req_logging [None req-5f49f7aa-eab1-40b7-a380-db3b49b4dbb9 None admin] SCRIPT_NAME: `/identity` {{(pid=80569) log_request_info /opt/stack/keystone/keystone/server/flask/request_processing/req_logging.py:28}}
Jul 20 10:12:30.857473 n-d-846218-11 devstack@keystone.service[80569]: DEBUG keystone.server.flask.request_processing.req_logging [None req-5f49f7aa-eab1-40b7-a380-db3b49b4dbb9 None admin] PATH_INFO: `/v3/role_assignments` {{(pid=80569) log_request_info /opt/stack/keystone/keystone/server/flask/request_processing/req_logging.py:29}}
Jul 20 10:12:30.858732 n-d-846218-11 devstack@keystone.service[80569]: DEBUG keystone.common.rbac_enforcer.enforcer [None req-5f49f7aa-eab1-40b7-a380-db3b49b4dbb9 None admin] RBAC: Adding query filter params (group.id=9cf66727b5964d9f8f53c14667b1c3ab, role.id=516d906cd6264fd1a736936f2e80aa3f, scope.project.id=b01d2bba490d49dba6cfeeab29ed45c8) {{(pid=80569) _extract_filter_values /opt/stack/keystone/keystone/common/rbac_enforcer/enforcer.py:167}}
Jul 20 10:12:30.859050 n-d-846218-11 devstack@keystone.service[80569]: DEBUG keystone.common.rbac_enforcer.enforcer [None req-5f49f7aa-eab1-40b7-a380-db3b49b4dbb9 None admin] RBAC: Authorizing `identity:list_role_assignments()` {{(pid=80569) enforce_call /opt/stack/keystone/keystone/common/rbac_enforcer/enforcer.py:449}}
Jul 20 10:12:30.861014 n-d-846218-11 devstack@keystone.service[80569]: DEBUG keystone.common.rbac_enforcer.enforcer [None req-5f49f7aa-eab1-40b7-a380-db3b49b4dbb9 None admin] RBAC: Authorization granted {{(pid=80569) enforce_call /opt/stack/keystone/keystone/common/rbac_enforcer/enforcer.py:457}}
Jul 20 10:12:30.878756 n-d-846218-11 devstack@keystone.service[80569]: [pid: 80569|app: 0|req: 222/441] 10.222.0.71 () {56 vars in 1376 bytes} [Wed Jul 20 10:12:30 2022] GET /identity/v3/role_assignments?group.id=9cf66727b5964d9f8f53c14667b1c3ab&scope.project.id=b01d2bba490d49dba6cfeeab29ed45c8&role.id=516d906cd6264fd1a736936f2e80aa3f => generated 611 bytes in 178 msecs (HTTP/1.1 200) 5 headers in 177 bytes (2 switches on core 0)
Jul 20 10:12:30.888440 n-d-846218-11 devstack@keystone.service[80568]: DEBUG dbcounter [-] [80568] Writing DB stats keystone:SELECT=100 {{(pid=80568) stat_writer /usr/local/lib/python3.8/dist-packages/dbcounter.py:114}}
Jul 20 10:12:30.896208 n-d-846218-11 devstack@keystone.service[80568]: DEBUG keystone.server.flask.request_processing.middleware.auth_context [None req-5f21c239-f81e-45a6-809c-bb02f90a86af None None] Validating token access rules against request {{(pid=80568) validate_allowed_request /usr/local/lib/python3.8/dist-packages/keystonemiddleware/auth_token/__init__.py:545}}
Jul 20 10:12:30.945152 n-d-846218-11 devstack@keystone.service[80568]: DEBUG keystone.server.flask.request_processing.middleware.auth_context [None req-3f44b3f5-feb8-4094-a218-0e3252e2aadb None admin] RBAC: auth_context: {'token': , 'domain_id': None, 'trust_id': None, 'trustor_id': None, 'trustee_id': None, 'domain_name': None, 'group_ids': [], 'user_id': '67ca29ac3b184c3baf2e06e40ce97f02', 'user_domain_id': 'default', 'system_scope': 'all', 'project_id': None, 'project_domain_id': None, 'roles': ['admin', 'member', 'reader'], 'is_admin_project': True, 'service_user_id': None, 'service_user_domain_id': None, 'service_project_id': None, 'service_project_domain_id': None, 'service_roles': []} {{(pid=80568) fill_context /opt/stack/keystone/keystone/server/flask/request_processing/middleware/auth_context.py:478}}
Jul 20 10:12:30.946091 n-d-846218-11 devstack@keystone.service[80568]: DEBUG keystone.server.flask.request_processing.req_logging [None req-3f44b3f5-feb8-4094-a218-0e3252e2aadb None admin] REQUEST_METHOD: `GET` {{(pid=80568) log_request_info /opt/stack/keystone/keystone/server/flask/request_processing/req_logging.py:27}}
