Jun 21 12:48:49.662142 n-d-846187-9 devstack@placement-api.service[117001]: INFO placement.requestlog [req-56508f4f-ad88-4ec0-90b9-b7145e95ed40 req-1e6beeb4-2794-4f4f-b422-32a26573c3d2 service placement] 10.222.0.48 "GET /placement/allocations/a020bd54-96e0-4db1-b0b7-7b4d6d59233f" status: 200 len: 259 microversion: 1.28
Jun 21 12:48:49.664281 n-d-846187-9 devstack@placement-api.service[117001]: [pid: 117001|app: 0|req: 89/173] 10.222.0.48 () {60 vars in 1377 bytes} [Tue Jun 21 12:48:49 2022] GET /placement/allocations/a020bd54-96e0-4db1-b0b7-7b4d6d59233f => generated 259 bytes in 66 msecs (HTTP/1.1 200) 8 headers in 296 bytes (1 switches on core 0)
Jun 21 12:48:49.673740 n-d-846187-9 devstack@placement-api.service[117000]: DEBUG placement.requestlog [req-56508f4f-ad88-4ec0-90b9-b7145e95ed40 req-6c1c5304-6e88-4c74-8867-d5e98ef4971c None None] Starting request: 10.222.0.48 "GET /placement/allocations/c617cc12-8d90-40b5-94a4-b8626316c8ba" {{(pid=117000) __call__ /opt/stack/placement/placement/requestlog.py:55}}
Jun 21 12:48:49.699890 n-d-846187-9 devstack@placement-api.service[117000]: INFO placement.requestlog [req-56508f4f-ad88-4ec0-90b9-b7145e95ed40 req-6c1c5304-6e88-4c74-8867-d5e98ef4971c service placement] 10.222.0.48 "GET /placement/allocations/c617cc12-8d90-40b5-94a4-b8626316c8ba" status: 200 len: 259 microversion: 1.28
Jun 21 12:48:49.707370 n-d-846187-9 devstack@placement-api.service[117000]: [pid: 117000|app: 0|req: 85/174] 10.222.0.48 () {60 vars in 1377 bytes} [Tue Jun 21 12:48:49 2022] GET /placement/allocations/c617cc12-8d90-40b5-94a4-b8626316c8ba => generated 259 bytes in 34 msecs (HTTP/1.1 200) 8 headers in 296 bytes (1 switches on core 0)
Jun 21 12:48:49.853540 n-d-846187-9 devstack@placement-api.service[117001]: DEBUG placement.requestlog [req-d9ad7348-5f6d-4fcb-8b74-cc30fc1ca2ff req-2266bdca-24ca-4e30-b87f-70f056089d92 None None] Starting request: 10.222.0.59 "GET /placement/allocation_candidates?limit=1000&resources=DISK_GB%3A1%2CMEMORY_MB%3A1024%2CVCPU%3A1&root_required=%21COMPUTE_STATUS_DISABLED" {{(pid=117001) __call__ /opt/stack/placement/placement/requestlog.py:55}}
Jun 21 12:48:49.929366 n-d-846187-9 devstack@placement-api.service[117001]: DEBUG placement.objects.research_context [req-d9ad7348-5f6d-4fcb-8b74-cc30fc1ca2ff req-2266bdca-24ca-4e30-b87f-70f056089d92 service placement] getting providers with 1 DISK_GB {{(pid=117001) __init__ /opt/stack/placement/placement/objects/research_context.py:136}}
Jun 21 12:48:49.961078 n-d-846187-9 devstack@placement-api.service[117001]: DEBUG placement.objects.research_context [req-d9ad7348-5f6d-4fcb-8b74-cc30fc1ca2ff req-2266bdca-24ca-4e30-b87f-70f056089d92 service placement] getting providers with 1024 MEMORY_MB {{(pid=117001) __init__ /opt/stack/placement/placement/objects/research_context.py:136}}
Jun 21 12:48:49.968786 n-d-846187-9 devstack@placement-api.service[117001]: DEBUG placement.objects.research_context [req-d9ad7348-5f6d-4fcb-8b74-cc30fc1ca2ff req-2266bdca-24ca-4e30-b87f-70f056089d92 service placement] getting providers with 1 VCPU {{(pid=117001) __init__ /opt/stack/placement/placement/objects/research_context.py:136}}
Jun 21 12:48:49.991388 n-d-846187-9 devstack@placement-api.service[117001]: DEBUG placement.objects.research_context [req-d9ad7348-5f6d-4fcb-8b74-cc30fc1ca2ff req-2266bdca-24ca-4e30-b87f-70f056089d92 service placement] found 2 providers with available 1 DISK_GB {{(pid=117001) get_provider_ids_matching /opt/stack/placement/placement/objects/research_context.py:563}}
Jun 21 12:48:49.994805 n-d-846187-9 devstack@placement-api.service[117001]: DEBUG placement.objects.research_context [req-d9ad7348-5f6d-4fcb-8b74-cc30fc1ca2ff req-2266bdca-24ca-4e30-b87f-70f056089d92 service placement] found 2 providers with available 1024 MEMORY_MB {{(pid=117001) get_provider_ids_matching /opt/stack/placement/placement/objects/research_context.py:563}}
Jun 21 12:48:49.995221 n-d-846187-9 devstack@placement-api.service[117001]: DEBUG placement.objects.research_context [req-d9ad7348-5f6d-4fcb-8b74-cc30fc1ca2ff req-2266bdca-24ca-4e30-b87f-70f056089d92 service placement] found 2 providers after filtering by previous result {{(pid=117001) get_provider_ids_matching /opt/stack/placement/placement/objects/research_context.py:594}}
Jun 21 12:48:49.995590 n-d-846187-9 devstack@placement-api.service[117001]: DEBUG placement.objects.research_context [req-d9ad7348-5f6d-4fcb-8b74-cc30fc1ca2ff req-2266bdca-24ca-4e30-b87f-70f056089d92 service placement] found 2 providers with available 1 VCPU {{(pid=117001) get_provider_ids_matching /opt/stack/placement/placement/objects/research_context.py:563}}
Jun 21 12:48:49.995963 n-d-846187-9 devstack@placement-api.service[117001]: DEBUG placement.objects.research_context [req-d9ad7348-5f6d-4fcb-8b74-cc30fc1ca2ff req-2266bdca-24ca-4e30-b87f-70f056089d92 service placement] found 2 providers after filtering by previous result {{(pid=117001) get_provider_ids_matching /opt/stack/placement/placement/objects/research_context.py:594}}
Jun 21 12:48:50.022871 n-d-846187-9 devstack@placement-api.service[117001]: DEBUG placement.objects.allocation_candidate [req-d9ad7348-5f6d-4fcb-8b74-cc30fc1ca2ff req-2266bdca-24ca-4e30-b87f-70f056089d92 service placement] RequestGroup(use_same_provider=False, resources={DISK_GB:1, MEMORY_MB:1024, VCPU:1}, traits=(), aggregates=[]) (suffix '') returned 2 matches {{(pid=117001) _get_by_requests /opt/stack/placement/placement/objects/allocation_candidate.py:156}}
Jun 21 12:48:50.025590 n-d-846187-9 devstack@placement-api.service[117001]: DEBUG placement.objects.allocation_candidate [req-d9ad7348-5f6d-4fcb-8b74-cc30fc1ca2ff req-2266bdca-24ca-4e30-b87f-70f056089d92 service placement] Merging candidates yields 2 allocation requests and 2 provider summaries {{(pid=117001) _merge_candidates /opt/stack/placement/placement/objects/allocation_candidate.py:809}}
Jun 21 12:48:50.029957 n-d-846187-9 devstack@placement-api.service[117001]: INFO placement.requestlog [req-d9ad7348-5f6d-4fcb-8b74-cc30fc1ca2ff req-2266bdca-24ca-4e30-b87f-70f056089d92 service placement] 10.222.0.59 "GET /placement/allocation_candidates?limit=1000&resources=DISK_GB%3A1%2CMEMORY_MB%3A1024%2CVCPU%3A1&root_required=%21COMPUTE_STATUS_DISABLED" status: 200 len: 1309 microversion: 1.36
Jun 21 12:48:50.030817 n-d-846187-9 devstack@placement-api.service[117001]: [pid: 117001|app: 0|req: 90/175] 10.222.0.59 () {60 vars in 1506 bytes} [Tue Jun 21 12:48:49 2022] GET /placement/allocation_candidates?limit=1000&resources=DISK_GB%3A1%2CMEMORY_MB%3A1024%2CVCPU%3A1&root_required=%21COMPUTE_STATUS_DISABLED => generated 1309 bytes in 177 msecs (HTTP/1.1 200) 8 headers in 297 bytes (1 switches on core 0)
Jun 21 12:48:50.263619 n-d-846187-9 devstack@placement-api.service[117000]: DEBUG placement.requestlog [req-7cd1a639-1599-4d1e-8f57-96ee97e3e697 req-3a5df7c8-afb9-4695-b581-ccb2e6f208b1 None None] Starting request: 10.222.0.59 "GET /placement/allocation_candidates?limit=1000&resources=DISK_GB%3A1%2CMEMORY_MB%3A1024%2CVCPU%3A1&root_required=%21COMPUTE_STATUS_DISABLED" {{(pid=117000) __call__ /opt/stack/placement/placement/requestlog.py:55}}
Jun 21 12:48:50.292696 n-d-846187-9 devstack@placement-api.service[117001]: DEBUG placement.requestlog [req-d9ad7348-5f6d-4fcb-8b74-cc30fc1ca2ff req-0315a00a-62f5-4447-8f9c-b438bc9f8a02 None None] Starting request: 10.222.0.59 "GET /placement/allocations/5ef654a6-7735-408c-ac9e-c9316dcb435a" {{(pid=117001) __call__ /opt/stack/placement/placement/requestlog.py:55}}
Jun 21 12:48:50.310438 n-d-846187-9 devstack@placement-api.service[117001]: INFO placement.requestlog [req-d9ad7348-5f6d-4fcb-8b74-cc30fc1ca2ff req-0315a00a-62f5-4447-8f9c-b438bc9f8a02 service placement] 10.222.0.59 "GET /placement/allocations/5ef654a6-7735-408c-ac9e-c9316dcb435a" status: 200 len: 19 microversion: 1.28
Jun 21 12:48:50.316403 n-d-846187-9 devstack@placement-api.service[117001]: [pid: 117001|app: 0|req: 91/176] 10.222.0.59 () {60 vars in 1380 bytes} [Tue Jun 21 12:48:50 2022] GET /placement/allocations/5ef654a6-7735-408c-ac9e-c9316dcb435a => generated 19 bytes in 24 msecs (HTTP/1.1 200) 8 headers in 295 bytes (1 switches on core 0)
Jun 21 12:48:50.318525 n-d-846187-9 devstack@placement-api.service[117001]: DEBUG placement.requestlog [req-d9ad7348-5f6d-4fcb-8b74-cc30fc1ca2ff req-9acc098b-da4d-4451-bb87-851858753767 None None] Starting request: 10.222.0.59 "PUT /placement/allocations/5ef654a6-7735-408c-ac9e-c9316dcb435a" {{(pid=117001) __call__ /opt/stack/placement/placement/requestlog.py:55}}
Jun 21 12:48:50.345795 n-d-846187-9 devstack@placement-api.service[117000]: DEBUG placement.objects.research_context [req-7cd1a639-1599-4d1e-8f57-96ee97e3e697 req-3a5df7c8-afb9-4695-b581-ccb2e6f208b1 service placement] getting providers with 1 DISK_GB {{(pid=117000) __init__ /opt/stack/placement/placement/objects/research_context.py:136}}
Jun 21 12:48:50.355339 n-d-846187-9 devstack@placement-api.service[117001]: DEBUG dbcounter [-] [117001] Writing DB stats placement:SELECT=91,placement:INSERT=5,placement:DELETE=2,placement:UPDATE=2 {{(pid=117001) stat_writer /usr/local/lib/python3.8/dist-packages/dbcounter.py:114}}
Jun 21 12:48:50.361491 n-d-846187-9 devstack@placement-api.service[117000]: DEBUG placement.objects.research_context [req-7cd1a639-1599-4d1e-8f57-96ee97e3e697 req-3a5df7c8-afb9-4695-b581-ccb2e6f208b1 service placement] getting providers with 1024 MEMORY_MB {{(pid=117000) __init__ /opt/stack/placement/placement/objects/research_context.py:136}}
Jun 21 12:48:50.376475 n-d-846187-9 devstack@placement-api.service[117000]: DEBUG placement.objects.research_context [req-7cd1a639-1599-4d1e-8f57-96ee97e3e697 req-3a5df7c8-afb9-4695-b581-ccb2e6f208b1 service placement] getting providers with 1 VCPU {{(pid=117000) __init__ /opt/stack/placement/placement/objects/research_context.py:136}}
Jun 21 12:48:50.406159 n-d-846187-9 devstack@placement-api.service[117000]: DEBUG placement.objects.research_context [req-7cd1a639-1599-4d1e-8f57-96ee97e3e697 req-3a5df7c8-afb9-4695-b581-ccb2e6f208b1 service placement] found 2 providers with available 1 DISK_GB {{(pid=117000) get_provider_ids_matching /opt/stack/placement/placement/objects/research_context.py:563}}
Jun 21 12:48:50.406820 n-d-846187-9 devstack@placement-api.service[117000]: DEBUG placement.objects.research_context [req-7cd1a639-1599-4d1e-8f57-96ee97e3e697 req-3a5df7c8-afb9-4695-b581-ccb2e6f208b1 service placement] found 2 providers with available 1024 MEMORY_MB {{(pid=117000) get_provider_ids_matching /opt/stack/placement/placement/objects/research_context.py:563}}
Jun 21 12:48:50.408900 n-d-846187-9 devstack@placement-api.service[117000]: DEBUG placement.objects.research_context [req-7cd1a639-1599-4d1e-8f57-96ee97e3e697 req-3a5df7c8-afb9-4695-b581-ccb2e6f208b1 service placement] found 2 providers after filtering by previous result {{(pid=117000) get_provider_ids_matching /opt/stack/placement/placement/objects/research_context.py:594}}
Jun 21 12:48:50.411365 n-d-846187-9 devstack@placement-api.service[117000]: DEBUG placement.objects.research_context [req-7cd1a639-1599-4d1e-8f57-96ee97e3e697 req-3a5df7c8-afb9-4695-b581-ccb2e6f208b1 service placement] found 2 providers with available 1 VCPU {{(pid=117000) get_provider_ids_matching /opt/stack/placement/placement/objects/research_context.py:563}}
Jun 21 12:48:50.413462 n-d-846187-9 devstack@placement-api.service[117000]: DEBUG placement.objects.research_context [req-7cd1a639-1599-4d1e-8f57-96ee97e3e697 req-3a5df7c8-afb9-4695-b581-ccb2e6f208b1 service placement] found 2 providers after filtering by previous result {{(pid=117000) get_provider_ids_matching /opt/stack/placement/placement/objects/research_context.py:594}}
Jun 21 12:48:50.433929 n-d-846187-9 devstack@placement-api.service[117000]: DEBUG placement.objects.allocation_candidate [req-7cd1a639-1599-4d1e-8f57-96ee97e3e697 req-3a5df7c8-afb9-4695-b581-ccb2e6f208b1 service placement] RequestGroup(use_same_provider=False, resources={DISK_GB:1, MEMORY_MB:1024, VCPU:1}, traits=(), aggregates=[]) (suffix '') returned 2 matches {{(pid=117000) _get_by_requests /opt/stack/placement/placement/objects/allocation_candidate.py:156}}
Jun 21 12:48:50.434634 n-d-846187-9 devstack@placement-api.service[117000]: DEBUG placement.objects.allocation_candidate [req-7cd1a639-1599-4d1e-8f57-96ee97e3e697 req-3a5df7c8-afb9-4695-b581-ccb2e6f208b1 service placement] Merging candidates yields 2 allocation requests and 2 provider summaries {{(pid=117000) _merge_candidates /opt/stack/placement/placement/objects/allocation_candidate.py:809}}
Jun 21 12:48:50.437695 n-d-846187-9 devstack@placement-api.service[117000]: INFO placement.requestlog [req-7cd1a639-1599-4d1e-8f57-96ee97e3e697 req-3a5df7c8-afb9-4695-b581-ccb2e6f208b1 service placement] 10.222.0.59 "GET /placement/allocation_candidates?limit=1000&resources=DISK_GB%3A1%2CMEMORY_MB%3A1024%2CVCPU%3A1&root_required=%21COMPUTE_STATUS_DISABLED" status: 200 len: 1309 microversion: 1.36
Jun 21 12:48:50.462394 n-d-846187-9 devstack@placement-api.service[117001]: DEBUG placement.handlers.allocation [req-d9ad7348-5f6d-4fcb-8b74-cc30fc1ca2ff req-9acc098b-da4d-4451-bb87-851858753767 service placement] Successfully wrote allocations [, , ] {{(pid=117001) _update_consumers_and_create_allocations /opt/stack/placement/placement/handlers/allocation.py:462}}
Jun 21 12:48:50.471038 n-d-846187-9 devstack@placement-api.service[117000]: [pid: 117000|app: 0|req: 86/177] 10.222.0.59 () {60 vars in 1506 bytes} [Tue Jun 21 12:48:50 2022] GET /placement/allocation_candidates?limit=1000&resources=DISK_GB%3A1%2CMEMORY_MB%3A1024%2CVCPU%3A1&root_required=%21COMPUTE_STATUS_DISABLED => generated 1309 bytes in 207 msecs (HTTP/1.1 200) 8 headers in 297 bytes (1 switches on core 0)
Jun 21 12:48:50.478307 n-d-846187-9 devstack@placement-api.service[117001]: INFO placement.requestlog [req-d9ad7348-5f6d-4fcb-8b74-cc30fc1ca2ff req-9acc098b-da4d-4451-bb87-851858753767 service placement] 10.222.0.59 "PUT /placement/allocations/5ef654a6-7735-408c-ac9e-c9316dcb435a" status: 204 len: 0 microversion: 1.36
Jun 21 12:48:50.479158 n-d-846187-9 devstack@placement-api.service[117001]: [pid: 117001|app: 0|req: 92/178] 10.222.0.59 () {64 vars in 1433 bytes} [Tue Jun 21 12:48:50 2022] PUT /placement/allocations/5ef654a6-7735-408c-ac9e-c9316dcb435a => generated 0 bytes in 161 msecs (HTTP/1.1 204) 5 headers in 199 bytes (1 switches on core 0)
Jun 21 12:48:50.616858 n-d-846187-9 devstack@placement-api.service[117000]: DEBUG placement.requestlog [req-7cd1a639-1599-4d1e-8f57-96ee97e3e697 req-b76bb5d5-1786-437b-986e-bef06a67a8f4 None None] Starting request: 10.222.0.59 "GET /placement/allocations/d5869259-b0e1-4007-b67a-1e095d6e5a8f" {{(pid=117000) __call__ /opt/stack/placement/placement/requestlog.py:55}}
Jun 21 12:48:50.631243 n-d-846187-9 devstack@placement-api.service[117000]: INFO placement.requestlog [req-7cd1a639-1599-4d1e-8f57-96ee97e3e697 req-b76bb5d5-1786-437b-986e-bef06a67a8f4 service placement] 10.222.0.59 "GET /placement/allocations/d5869259-b0e1-4007-b67a-1e095d6e5a8f" status: 200 len: 19 microversion: 1.28
Jun 21 12:48:50.638494 n-d-846187-9 devstack@placement-api.service[117000]: [pid: 117000|app: 0|req: 87/179] 10.222.0.59 () {60 vars in 1380 bytes} [Tue Jun 21 12:48:50 2022] GET /placement/allocations/d5869259-b0e1-4007-b67a-1e095d6e5a8f => generated 19 bytes in 22 msecs (HTTP/1.1 200) 8 headers in 295 bytes (1 switches on core 0)
Jun 21 12:48:50.641177 n-d-846187-9 devstack@placement-api.service[117001]: DEBUG placement.requestlog [req-7cd1a639-1599-4d1e-8f57-96ee97e3e697 req-b912aacf-f931-4e8d-ad2d-bb18ddabd9d4 None None] Starting request: 10.222.0.59 "PUT /placement/allocations/d5869259-b0e1-4007-b67a-1e095d6e5a8f" {{(pid=117001) __call__ /opt/stack/placement/placement/requestlog.py:55}}
Jun 21 12:48:50.723021 n-d-846187-9 devstack@placement-api.service[117001]: DEBUG placement.handlers.allocation [req-7cd1a639-1599-4d1e-8f57-96ee97e3e697 req-b912aacf-f931-4e8d-ad2d-bb18ddabd9d4 service placement] Successfully wrote allocations [, , ] {{(pid=117001) _update_consumers_and_create_allocations /opt/stack/placement/placement/handlers/allocation.py:462}}
Jun 21 12:48:50.731993 n-d-846187-9 devstack@placement-api.service[117001]: INFO placement.requestlog [req-7cd1a639-1599-4d1e-8f57-96ee97e3e697 req-b912aacf-f931-4e8d-ad2d-bb18ddabd9d4 service placement] 10.222.0.59 "PUT /placement/allocations/d5869259-b0e1-4007-b67a-1e095d6e5a8f" status: 204 len: 0 microversion: 1.36
Jun 21 12:48:50.741017 n-d-846187-9 devstack@placement-api.service[117001]: [pid: 117001|app: 0|req: 93/180] 10.222.0.59 () {64 vars in 1433 bytes} [Tue Jun 21 12:48:50 2022] PUT /placement/allocations/d5869259-b0e1-4007-b67a-1e095d6e5a8f => generated 0 bytes in 92 msecs (HTTP/1.1 204) 5 headers in 199 bytes (1 switches on core 0)
Jun 21 12:48:50.977741 n-d-846187-9 devstack@placement-api.service[117000]: DEBUG placement.requestlog [req-767efead-0d34-4c17-b1fa-dacc908014c4 req-d8712512-6992-4654-93e0-dcc46bf14b03 None None] Starting request: 10.222.0.48 "GET /placement/resource_providers/5c1711d0-207b-4c1b-9424-a20bd0982361/allocations" {{(pid=117000) __call__ /opt/stack/placement/placement/requestlog.py:55}}
Jun 21 12:48:51.056071 n-d-846187-9 devstack@placement-api.service[117000]: INFO placement.requestlog [req-767efead-0d34-4c17-b1fa-dacc908014c4 req-d8712512-6992-4654-93e0-dcc46bf14b03 service placement] 10.222.0.48 "GET /placement/resource_providers/5c1711d0-207b-4c1b-9424-a20bd0982361/allocations" status: 200 len: 255 microversion: 1.0
Jun 21 12:48:51.058355 n-d-846187-9 devstack@placement-api.service[117000]: [pid: 117000|app: 0|req: 88/181] 10.222.0.48 () {58 vars in 1390 bytes} [Tue Jun 21 12:48:50 2022] GET /placement/resource_providers/5c1711d0-207b-4c1b-9424-a20bd0982361/allocations => generated 255 bytes in 81 msecs (HTTP/1.1 200) 6 headers in 224 bytes (1 switches on core 0)
Jun 21 12:48:51.136387 n-d-846187-9 devstack@placement-api.service[117001]: DEBUG placement.requestlog [req-d9ad7348-5f6d-4fcb-8b74-cc30fc1ca2ff req-ccadd732-f15c-4d86-b788-35ef5e13ad34 None None] Starting request: 10.222.0.16 "GET /placement/allocations/5ef654a6-7735-408c-ac9e-c9316dcb435a" {{(pid=117001) __call__ /opt/stack/placement/placement/requestlog.py:55}}
Jun 21 12:48:51.166423 n-d-846187-9 devstack@placement-api.service[117001]: INFO placement.requestlog [req-d9ad7348-5f6d-4fcb-8b74-cc30fc1ca2ff req-ccadd732-f15c-4d86-b788-35ef5e13ad34 service placement] 10.222.0.16 "GET /placement/allocations/5ef654a6-7735-408c-ac9e-c9316dcb435a" status: 200 len: 258 microversion: 1.28
Jun 21 12:48:51.167458 n-d-846187-9 devstack@placement-api.service[117001]: [pid: 117001|app: 0|req: 94/182] 10.222.0.16 () {60 vars in 1377 bytes} [Tue Jun 21 12:48:51 2022] GET /placement/allocations/5ef654a6-7735-408c-ac9e-c9316dcb435a => generated 258 bytes in 31 msecs (HTTP/1.1 200) 8 headers in 296 bytes (1 switches on core 0)
Jun 21 12:48:51.395829 n-d-846187-9 devstack@placement-api.service[117000]: DEBUG placement.requestlog [req-767efead-0d34-4c17-b1fa-dacc908014c4 req-b8b240ae-fbc6-4794-b85d-a61f110144b7 None None] Starting request: 10.222.0.48 "GET /placement/resource_providers/5c1711d0-207b-4c1b-9424-a20bd0982361/allocations" {{(pid=117000) __call__ /opt/stack/placement/placement/requestlog.py:55}}
Jun 21 12:48:51.426997 n-d-846187-9 devstack@placement-api.service[117001]: DEBUG placement.requestlog [req-7cd1a639-1599-4d1e-8f57-96ee97e3e697 req-fad4f81f-6ccb-4362-8093-0b0c258120ed None None] Starting request: 10.222.0.16 "GET /placement/allocations/d5869259-b0e1-4007-b67a-1e095d6e5a8f" {{(pid=117001) __call__ /opt/stack/placement/placement/requestlog.py:55}}
Jun 21 12:48:51.444611 n-d-846187-9 devstack@placement-api.service[117000]: INFO placement.requestlog [req-767efead-0d34-4c17-b1fa-dacc908014c4 req-b8b240ae-fbc6-4794-b85d-a61f110144b7 service placement] 10.222.0.48 "GET /placement/resource_providers/5c1711d0-207b-4c1b-9424-a20bd0982361/allocations" status: 200 len: 255 microversion: 1.0
Jun 21 12:48:51.445303 n-d-846187-9 devstack@placement-api.service[117000]: [pid: 117000|app: 0|req: 89/183] 10.222.0.48 () {58 vars in 1390 bytes} [Tue Jun 21 12:48:51 2022] GET /placement/resource_providers/5c1711d0-207b-4c1b-9424-a20bd0982361/allocations => generated 255 bytes in 50 msecs (HTTP/1.1 200) 6 headers in 224 bytes (2 switches on core 0)
Jun 21 12:48:51.446562 n-d-846187-9 devstack@placement-api.service[117001]: INFO placement.requestlog [req-7cd1a639-1599-4d1e-8f57-96ee97e3e697 req-fad4f81f-6ccb-4362-8093-0b0c258120ed service placement] 10.222.0.16 "GET /placement/allocations/d5869259-b0e1-4007-b67a-1e095d6e5a8f" status: 200 len: 258 microversion: 1.28
Jun 21 12:48:51.447128 n-d-846187-9 devstack@placement-api.service[117001]: [pid: 117001|app: 0|req: 95/184] 10.222.0.16 () {60 vars in 1377 bytes} [Tue Jun 21 12:48:51 2022] GET /placement/allocations/d5869259-b0e1-4007-b67a-1e095d6e5a8f => generated 258 bytes in 20 msecs (HTTP/1.1 200) 8 headers in 296 bytes (2 switches on core 0)
Jun 21 12:48:51.461911 n-d-846187-9 devstack@placement-api.service[117000]: DEBUG placement.requestlog [req-767efead-0d34-4c17-b1fa-dacc908014c4 req-9c68723a-c688-4fec-a73e-0494ecec0113 None None] Starting request: 10.222.0.48 "GET /placement/allocations/a020bd54-96e0-4db1-b0b7-7b4d6d59233f" {{(pid=117000) __call__ /opt/stack/placement/placement/requestlog.py:55}}
Jun 21 12:48:51.485911 n-d-846187-9 devstack@placement-api.service[117000]: INFO placement.requestlog [req-767efead-0d34-4c17-b1fa-dacc908014c4 req-9c68723a-c688-4fec-a73e-0494ecec0113 service placement] 10.222.0.48 "GET /placement/allocations/a020bd54-96e0-4db1-b0b7-7b4d6d59233f" status: 200 len: 259 microversion: 1.28
Jun 21 12:48:51.486798 n-d-846187-9 devstack@placement-api.service[117000]: [pid: 117000|app: 0|req: 90/185] 10.222.0.48 () {60 vars in 1377 bytes} [Tue Jun 21 12:48:51 2022] GET /placement/allocations/a020bd54-96e0-4db1-b0b7-7b4d6d59233f => generated 259 bytes in 25 msecs (HTTP/1.1 200) 8 headers in 296 bytes (1 switches on core 0)
Jun 21 12:48:51.506256 n-d-846187-9 devstack@placement-api.service[117001]: DEBUG placement.requestlog [req-767efead-0d34-4c17-b1fa-dacc908014c4 req-8107ee9e-8386-4e16-a2a6-d752ffa30008 None None] Starting request: 10.222.0.48 "GET /placement/allocations/c617cc12-8d90-40b5-94a4-b8626316c8ba" {{(pid=117001) __call__ /opt/stack/placement/placement/requestlog.py:55}}
Jun 21 12:48:51.532418 n-d-846187-9 devstack@placement-api.service[117001]: INFO placement.requestlog [req-767efead-0d34-4c17-b1fa-dacc908014c4 req-8107ee9e-8386-4e16-a2a6-d752ffa30008 service placement] 10.222.0.48 "GET /placement/allocations/c617cc12-8d90-40b5-94a4-b8626316c8ba" status: 200 len: 259 microversion: 1.28
Jun 21 12:48:51.533293 n-d-846187-9 devstack@placement-api.service[117001]: [pid: 117001|app: 0|req: 96/186] 10.222.0.48 () {60 vars in 1377 bytes} [Tue Jun 21 12:48:51 2022] GET /placement/allocations/c617cc12-8d90-40b5-94a4-b8626316c8ba => generated 259 bytes in 27 msecs (HTTP/1.1 200) 8 headers in 296 bytes (1 switches on core 0)
Jun 21 12:48:51.746844 n-d-846187-9 devstack@placement-api.service[117000]: DEBUG placement.requestlog [req-d9ad7348-5f6d-4fcb-8b74-cc30fc1ca2ff req-6b146b82-fd4e-4189-9395-60c15525b55a None None] Starting request: 10.222.0.16 "GET /placement/resource_providers/48c85d95-e6d7-4bab-bc2a-d1c288f8b36c/allocations" {{(pid=117000) __call__ /opt/stack/placement/placement/requestlog.py:55}}
Jun 21 12:48:51.804663 n-d-846187-9 devstack@placement-api.service[117000]: INFO placement.requestlog [req-d9ad7348-5f6d-4fcb-8b74-cc30fc1ca2ff req-6b146b82-fd4e-4189-9395-60c15525b55a service placement] 10.222.0.16 "GET /placement/resource_providers/48c85d95-e6d7-4bab-bc2a-d1c288f8b36c/allocations" status: 200 len: 456 microversion: 1.0
Jun 21 12:48:51.805672 n-d-846187-9 devstack@placement-api.service[117000]: [pid: 117000|app: 0|req: 91/187] 10.222.0.16 () {58 vars in 1390 bytes} [Tue Jun 21 12:48:51 2022] GET /placement/resource_providers/48c85d95-e6d7-4bab-bc2a-d1c288f8b36c/allocations => generated 456 bytes in 60 msecs (HTTP/1.1 200) 6 headers in 224 bytes (1 switches on core 0)
Jun 21 12:48:51.811881 n-d-846187-9 devstack@placement-api.service[117001]: DEBUG placement.requestlog [req-d9ad7348-5f6d-4fcb-8b74-cc30fc1ca2ff req-602aee0d-5b41-401b-be41-4962b9741e75 None None] Starting request: 10.222.0.16 "GET /placement/allocations/c9e6d146-77fb-490f-a50f-21fe0eceaf57" {{(pid=117001) __call__ /opt/stack/placement/placement/requestlog.py:55}}
Jun 21 12:48:51.841395 n-d-846187-9 devstack@placement-api.service[117001]: INFO placement.requestlog [req-d9ad7348-5f6d-4fcb-8b74-cc30fc1ca2ff req-602aee0d-5b41-401b-be41-4962b9741e75 service placement] 10.222.0.16 "GET /placement/allocations/c9e6d146-77fb-490f-a50f-21fe0eceaf57" status: 200 len: 258 microversion: 1.28
Jun 21 12:48:51.844059 n-d-846187-9 devstack@placement-api.service[117001]: [pid: 117001|app: 0|req: 97/188] 10.222.0.16 () {60 vars in 1377 bytes} [Tue Jun 21 12:48:51 2022] GET /placement/allocations/c9e6d146-77fb-490f-a50f-21fe0eceaf57 => generated 258 bytes in 32 msecs (HTTP/1.1 200) 8 headers in 296 bytes (1 switches on core 0)
Jun 21 12:48:52.048584 n-d-846187-9 devstack@placement-api.service[117000]: DEBUG placement.requestlog [req-d9ad7348-5f6d-4fcb-8b74-cc30fc1ca2ff req-5657b9d4-edcc-4dfb-a61b-4db08cadec43 None None] Starting request: 10.222.0.16 "GET /placement/allocations/d5869259-b0e1-4007-b67a-1e095d6e5a8f" {{(pid=117000) __call__ /opt/stack/placement/placement/requestlog.py:55}}
Jun 21 12:48:52.049878 n-d-846187-9 devstack@placement-api.service[117001]: DEBUG placement.requestlog [req-7cd1a639-1599-4d1e-8f57-96ee97e3e697 req-a431cc82-27f6-459a-b0e1-5eb2a1e39881 None None] Starting request: 10.222.0.16 "GET /placement/resource_providers/48c85d95-e6d7-4bab-bc2a-d1c288f8b36c/allocations" {{(pid=117001) __call__ /opt/stack/placement/placement/requestlog.py:55}}
Jun 21 12:48:52.085419 n-d-846187-9 devstack@placement-api.service[117000]: INFO placement.requestlog [req-d9ad7348-5f6d-4fcb-8b74-cc30fc1ca2ff req-5657b9d4-edcc-4dfb-a61b-4db08cadec43 service placement] 10.222.0.16 "GET /placement/allocations/d5869259-b0e1-4007-b67a-1e095d6e5a8f" status: 200 len: 258 microversion: 1.28
Jun 21 12:48:52.090300 n-d-846187-9 devstack@placement-api.service[117000]: [pid: 117000|app: 0|req: 92/189] 10.222.0.16 () {60 vars in 1377 bytes} [Tue Jun 21 12:48:52 2022] GET /placement/allocations/d5869259-b0e1-4007-b67a-1e095d6e5a8f => generated 258 bytes in 42 msecs (HTTP/1.1 200) 8 headers in 296 bytes (1 switches on core 0)
Jun 21 12:48:52.097828 n-d-846187-9 devstack@placement-api.service[117000]: DEBUG placement.requestlog [req-d9ad7348-5f6d-4fcb-8b74-cc30fc1ca2ff req-4c4de235-de0b-4066-999e-1de27a805787 None None] Starting request: 10.222.0.16 "GET /placement/allocations/5ef654a6-7735-408c-ac9e-c9316dcb435a" {{(pid=117000) __call__ /opt/stack/placement/placement/requestlog.py:55}}
Jun 21 12:48:52.107154 n-d-846187-9 devstack@placement-api.service[117001]: INFO placement.requestlog [req-7cd1a639-1599-4d1e-8f57-96ee97e3e697 req-a431cc82-27f6-459a-b0e1-5eb2a1e39881 service placement] 10.222.0.16 "GET /placement/resource_providers/48c85d95-e6d7-4bab-bc2a-d1c288f8b36c/allocations" status: 200 len: 456 microversion: 1.0
Jun 21 12:48:52.107533 n-d-846187-9 devstack@placement-api.service[117001]: [pid: 117001|app: 0|req: 98/190] 10.222.0.16 () {58 vars in 1390 bytes} [Tue Jun 21 12:48:52 2022] GET /placement/resource_providers/48c85d95-e6d7-4bab-bc2a-d1c288f8b36c/allocations => generated 456 bytes in 58 msecs (HTTP/1.1 200) 6 headers in 224 bytes (1 switches on core 0)
Jun 21 12:48:52.116332 n-d-846187-9 devstack@placement-api.service[117001]: DEBUG placement.requestlog [req-7cd1a639-1599-4d1e-8f57-96ee97e3e697 req-2c47332f-4b1e-4592-a785-6ab9f284f51e None None] Starting request: 10.222.0.16 "GET /placement/allocations/c9e6d146-77fb-490f-a50f-21fe0eceaf57" {{(pid=117001) __call__ /opt/stack/placement/placement/requestlog.py:55}}
Jun 21 12:48:52.144186 n-d-846187-9 devstack@placement-api.service[117000]: INFO placement.requestlog [req-d9ad7348-5f6d-4fcb-8b74-cc30fc1ca2ff req-4c4de235-de0b-4066-999e-1de27a805787 service placement] 10.222.0.16 "GET /placement/allocations/5ef654a6-7735-408c-ac9e-c9316dcb435a" status: 200 len: 258 microversion: 1.28
Jun 21 12:48:52.146298 n-d-846187-9 devstack@placement-api.service[117000]: [pid: 117000|app: 0|req: 93/191] 10.222.0.16 () {60 vars in 1377 bytes} [Tue Jun 21 12:48:52 2022] GET /placement/allocations/5ef654a6-7735-408c-ac9e-c9316dcb435a => generated 258 bytes in 49 msecs (HTTP/1.1 200) 8 headers in 296 bytes (2 switches on core 0)
Jun 21 12:48:52.153812 n-d-846187-9 devstack@placement-api.service[117000]: DEBUG placement.requestlog [req-d9ad7348-5f6d-4fcb-8b74-cc30fc1ca2ff req-ef212f3b-8b85-4071-8cc3-163a075c8761 None None] Starting request: 10.222.0.16 "GET /placement/allocations/57895d41-1b72-437f-a64b-98eed8c02970" {{(pid=117000) __call__ /opt/stack/placement/placement/requestlog.py:55}}
Jun 21 12:48:52.164721 n-d-846187-9 devstack@placement-api.service[117001]: INFO placement.requestlog [req-7cd1a639-1599-4d1e-8f57-96ee97e3e697 req-2c47332f-4b1e-4592-a785-6ab9f284f51e service placement] 10.222.0.16 "GET /placement/allocations/c9e6d146-77fb-490f-a50f-21fe0eceaf57" status: 200 len: 258 microversion: 1.28
Jun 21 12:48:52.165931 n-d-846187-9 devstack@placement-api.service[117001]: [pid: 117001|app: 0|req: 99/192] 10.222.0.16 () {60 vars in 1377 bytes} [Tue Jun 21 12:48:52 2022] GET /placement/allocations/c9e6d146-77fb-490f-a50f-21fe0eceaf57 => generated 258 bytes in 50 msecs (HTTP/1.1 200) 8 headers in 296 bytes (1 switches on core 0)
Jun 21 12:48:52.171919 n-d-846187-9 devstack@placement-api.service[117001]: DEBUG placement.requestlog [req-7cd1a639-1599-4d1e-8f57-96ee97e3e697 req-27032ee5-8e96-4b00-b7a0-44e2202e4a5d None None] Starting request: 10.222.0.16 "GET /placement/allocations/d5869259-b0e1-4007-b67a-1e095d6e5a8f" {{(pid=117001) __call__ /opt/stack/placement/placement/requestlog.py:55}}
Jun 21 12:48:52.213842 n-d-846187-9 devstack@placement-api.service[117000]: INFO placement.requestlog [req-d9ad7348-5f6d-4fcb-8b74-cc30fc1ca2ff req-ef212f3b-8b85-4071-8cc3-163a075c8761 service placement] 10.222.0.16 "GET /placement/allocations/57895d41-1b72-437f-a64b-98eed8c02970" status: 200 len: 258 microversion: 1.28
Jun 21 12:48:52.214781 n-d-846187-9 devstack@placement-api.service[117000]: [pid: 117000|app: 0|req: 94/193] 10.222.0.16 () {60 vars in 1377 bytes} [Tue Jun 21 12:48:52 2022] GET /placement/allocations/57895d41-1b72-437f-a64b-98eed8c02970 => generated 258 bytes in 61 msecs (HTTP/1.1 200) 8 headers in 296 bytes (1 switches on core 0)
Jun 21 12:48:52.221108 n-d-846187-9 devstack@placement-api.service[117001]: INFO placement.requestlog [req-7cd1a639-1599-4d1e-8f57-96ee97e3e697 req-27032ee5-8e96-4b00-b7a0-44e2202e4a5d service placement] 10.222.0.16 "GET /placement/allocations/d5869259-b0e1-4007-b67a-1e095d6e5a8f" status: 200 len: 258 microversion: 1.28
Jun 21 12:48:52.222656 n-d-846187-9 devstack@placement-api.service[117001]: [pid: 117001|app: 0|req: 100/194] 10.222.0.16 () {60 vars in 1377 bytes} [Tue Jun 21 12:48:52 2022] GET /placement/allocations/d5869259-b0e1-4007-b67a-1e095d6e5a8f => generated 258 bytes in 50 msecs (HTTP/1.1 200) 8 headers in 296 bytes (2 switches on core 0)
Jun 21 12:48:52.245843 n-d-846187-9 devstack@placement-api.service[117000]: DEBUG placement.requestlog [req-7cd1a639-1599-4d1e-8f57-96ee97e3e697 req-be3ef48c-68ef-46f0-801d-d05675286998 None None] Starting request: 10.222.0.16 "GET /placement/allocations/5ef654a6-7735-408c-ac9e-c9316dcb435a" {{(pid=117000) __call__ /opt/stack/placement/placement/requestlog.py:55}}
Jun 21 12:48:52.278631 n-d-846187-9 devstack@placement-api.service[117000]: INFO placement.requestlog [req-7cd1a639-1599-4d1e-8f57-96ee97e3e697 req-be3ef48c-68ef-46f0-801d-d05675286998 service placement] 10.222.0.16 "GET /placement/allocations/5ef654a6-7735-408c-ac9e-c9316dcb435a" status: 200 len: 258 microversion: 1.28
Jun 21 12:48:52.280525 n-d-846187-9 devstack@placement-api.service[117000]: [pid: 117000|app: 0|req: 95/195] 10.222.0.16 () {60 vars in 1377 bytes} [Tue Jun 21 12:48:52 2022] GET /placement/allocations/5ef654a6-7735-408c-ac9e-c9316dcb435a => generated 258 bytes in 34 msecs (HTTP/1.1 200) 8 headers in 296 bytes (1 switches on core 0)
Jun 21 12:48:52.288102 n-d-846187-9 devstack@placement-api.service[117001]: DEBUG placement.requestlog [req-7cd1a639-1599-4d1e-8f57-96ee97e3e697 req-2d1ca063-6e25-46d2-b402-2046441880c8 None None] Starting request: 10.222.0.16 "GET /placement/allocations/57895d41-1b72-437f-a64b-98eed8c02970" {{(pid=117001) __call__ /opt/stack/placement/placement/requestlog.py:55}}
Jun 21 12:48:52.318176 n-d-846187-9 devstack@placement-api.service[117001]: INFO placement.requestlog [req-7cd1a639-1599-4d1e-8f57-96ee97e3e697 req-2d1ca063-6e25-46d2-b402-2046441880c8 service placement] 10.222.0.16 "GET /placement/allocations/57895d41-1b72-437f-a64b-98eed8c02970" status: 200 len: 258 microversion: 1.28
Jun 21 12:48:52.321017 n-d-846187-9 devstack@placement-api.service[117000]: DEBUG placement.requestlog [None req-7a349188-b3a8-43eb-b32b-e62a3eb172d8 None None] Starting request: 10.222.0.59 "GET /placement/resource_providers/8f302ce9-9216-4f62-b37a-aae9e7ce398d/aggregates" {{(pid=117000) __call__ /opt/stack/placement/placement/requestlog.py:55}}
Jun 21 12:48:52.321430 n-d-846187-9 devstack@placement-api.service[117001]: [pid: 117001|app: 0|req: 101/196] 10.222.0.16 () {60 vars in 1377 bytes} [Tue Jun 21 12:48:52 2022] GET /placement/allocations/57895d41-1b72-437f-a64b-98eed8c02970 => generated 258 bytes in 36 msecs (HTTP/1.1 200) 8 headers in 296 bytes (1 switches on core 0)
Jun 21 12:48:52.461374 n-d-846187-9 devstack@placement-api.service[117000]: INFO placement.requestlog [None req-7a349188-b3a8-43eb-b32b-e62a3eb172d8 service placement] 10.222.0.59 "GET /placement/resource_providers/8f302ce9-9216-4f62-b37a-aae9e7ce398d/aggregates" status: 404 len: 235 microversion: 1.1
Jun 21 12:48:52.462124 n-d-846187-9 devstack@placement-api.service[117000]: [pid: 117000|app: 0|req: 96/197] 10.222.0.59 () {58 vars in 1362 bytes} [Tue Jun 21 12:48:52 2022] GET /placement/resource_providers/8f302ce9-9216-4f62-b37a-aae9e7ce398d/aggregates => generated 235 bytes in 141 msecs (HTTP/1.1 404) 5 headers in 202 bytes (1 switches on core 0)
Jun 21 12:48:52.489685 n-d-846187-9 devstack@placement-api.service[117001]: DEBUG placement.requestlog [None req-4aaa16bb-1339-4c7e-8816-8643a865ca5f None None] Starting request: 10.222.0.59 "DELETE /placement/resource_providers/8f302ce9-9216-4f62-b37a-aae9e7ce398d" {{(pid=117001) __call__ /opt/stack/placement/placement/requestlog.py:55}}
Jun 21 12:48:52.509189 n-d-846187-9 devstack@placement-api.service[117001]: DEBUG placement.wsgi_wrapper [None req-4aaa16bb-1339-4c7e-8816-8643a865ca5f service placement] Placement API returning an error response: No resource provider with uuid 8f302ce9-9216-4f62-b37a-aae9e7ce398d found for delete {{(pid=117001) call_func /opt/stack/placement/placement/wsgi_wrapper.py:31}}
Jun 21 12:48:52.509995 n-d-846187-9 devstack@placement-api.service[117001]: INFO placement.requestlog [None req-4aaa16bb-1339-4c7e-8816-8643a865ca5f service placement] 10.222.0.59 "DELETE /placement/resource_providers/8f302ce9-9216-4f62-b37a-aae9e7ce398d" status: 404 len: 246 microversion: 1.1
Jun 21 12:48:52.510357 n-d-846187-9 devstack@placement-api.service[117001]: [pid: 117001|app: 0|req: 102/198] 10.222.0.59 () {60 vars in 1351 bytes} [Tue Jun 21 12:48:52 2022] DELETE /placement/resource_providers/8f302ce9-9216-4f62-b37a-aae9e7ce398d => generated 246 bytes in 23 msecs (HTTP/1.1 404) 6 headers in 231 bytes (1 switches on core 0)
Jun 21 12:48:57.261378 n-d-846187-9 devstack@placement-api.service[117000]: DEBUG placement.requestlog [req-fafad3c4-e864-452e-a286-a7e5598a2b05 req-3de7cc7e-edd4-4630-95cd-74dc0931c8f6 None None] Starting request: 10.222.0.16 "GET /placement/resource_providers/48c85d95-e6d7-4bab-bc2a-d1c288f8b36c/allocations" {{(pid=117000) __call__ /opt/stack/placement/placement/requestlog.py:55}}
Jun 21 12:48:57.322653 n-d-846187-9 devstack@placement-api.service[117000]: INFO placement.requestlog [req-fafad3c4-e864-452e-a286-a7e5598a2b05 req-3de7cc7e-edd4-4630-95cd-74dc0931c8f6 service placement] 10.222.0.16 "GET /placement/resource_providers/48c85d95-e6d7-4bab-bc2a-d1c288f8b36c/allocations" status: 200 len: 456 microversion: 1.0
Jun 21 12:48:57.323039 n-d-846187-9 devstack@placement-api.service[117000]: [pid: 117000|app: 0|req: 97/199] 10.222.0.16 () {58 vars in 1390 bytes} [Tue Jun 21 12:48:57 2022] GET /placement/resource_providers/48c85d95-e6d7-4bab-bc2a-d1c288f8b36c/allocations => generated 456 bytes in 62 msecs (HTTP/1.1 200) 6 headers in 224 bytes (1 switches on core 0)
Jun 21 12:48:57.666365 n-d-846187-9 devstack@placement-api.service[117001]: DEBUG placement.requestlog [req-fafad3c4-e864-452e-a286-a7e5598a2b05 req-7d64bb95-e39c-4309-a495-7af237758349 None None] Starting request: 10.222.0.16 "GET /placement/resource_providers/48c85d95-e6d7-4bab-bc2a-d1c288f8b36c/allocations" {{(pid=117001) __call__ /opt/stack/placement/placement/requestlog.py:55}}
Jun 21 12:48:57.696177 n-d-846187-9 devstack@placement-api.service[117001]: INFO placement.requestlog [req-fafad3c4-e864-452e-a286-a7e5598a2b05 req-7d64bb95-e39c-4309-a495-7af237758349 service placement] 10.222.0.16 "GET /placement/resource_providers/48c85d95-e6d7-4bab-bc2a-d1c288f8b36c/allocations" status: 200 len: 456 microversion: 1.0
Jun 21 12:48:57.697647 n-d-846187-9 devstack@placement-api.service[117001]: [pid: 117001|app: 0|req: 103/200] 10.222.0.16 () {58 vars in 1390 bytes} [Tue Jun 21 12:48:57 2022] GET /placement/resource_providers/48c85d95-e6d7-4bab-bc2a-d1c288f8b36c/allocations => generated 456 bytes in 32 msecs (HTTP/1.1 200) 6 headers in 224 bytes (1 switches on core 0)
Jun 21 12:48:57.704541 n-d-846187-9 devstack@placement-api.service[117000]: DEBUG placement.requestlog [req-fafad3c4-e864-452e-a286-a7e5598a2b05 req-a82dd98e-ff3d-4d9c-ab7b-2993e1b93729 None None] Starting request: 10.222.0.16 "GET /placement/allocations/c9e6d146-77fb-490f-a50f-21fe0eceaf57" {{(pid=117000) __call__ /opt/stack/placement/placement/requestlog.py:55}}
Jun 21 12:48:57.730155 n-d-846187-9 devstack@placement-api.service[117000]: INFO placement.requestlog [req-fafad3c4-e864-452e-a286-a7e5598a2b05 req-a82dd98e-ff3d-4d9c-ab7b-2993e1b93729 service placement] 10.222.0.16 "GET /placement/allocations/c9e6d146-77fb-490f-a50f-21fe0eceaf57" status: 200 len: 258 microversion: 1.28
Jun 21 12:48:57.730778 n-d-846187-9 devstack@placement-api.service[117000]: [pid: 117000|app: 0|req: 98/201] 10.222.0.16 () {60 vars in 1377 bytes} [Tue Jun 21 12:48:57 2022] GET /placement/allocations/c9e6d146-77fb-490f-a50f-21fe0eceaf57 => generated 258 bytes in 27 msecs (HTTP/1.1 200) 8 headers in 296 bytes (2 switches on core 0)
Jun 21 12:48:57.739892 n-d-846187-9 devstack@placement-api.service[117001]: DEBUG placement.requestlog [req-fafad3c4-e864-452e-a286-a7e5598a2b05 req-f60db644-2aab-45f2-be00-4bf16d44186e None None] Starting request: 10.222.0.16 "GET /placement/allocations/d5869259-b0e1-4007-b67a-1e095d6e5a8f" {{(pid=117001) __call__ /opt/stack/placement/placement/requestlog.py:55}}
Jun 21 12:48:57.761224 n-d-846187-9 devstack@placement-api.service[117001]: INFO placement.requestlog [req-fafad3c4-e864-452e-a286-a7e5598a2b05 req-f60db644-2aab-45f2-be00-4bf16d44186e service placement] 10.222.0.16 "GET /placement/allocations/d5869259-b0e1-4007-b67a-1e095d6e5a8f" status: 200 len: 258 microversion: 1.28
Jun 21 12:48:57.765419 n-d-846187-9 devstack@placement-api.service[117001]: [pid: 117001|app: 0|req: 104/202] 10.222.0.16 () {60 vars in 1377 bytes} [Tue Jun 21 12:48:57 2022] GET /placement/allocations/d5869259-b0e1-4007-b67a-1e095d6e5a8f => generated 258 bytes in 26 msecs (HTTP/1.1 200) 8 headers in 296 bytes (1 switches on core 0)
Jun 21 12:48:57.772411 n-d-846187-9 devstack@placement-api.service[117000]: DEBUG placement.requestlog [req-fafad3c4-e864-452e-a286-a7e5598a2b05 req-6a633170-84c6-4300-9317-e378339f826f None None] Starting request: 10.222.0.16 "GET /placement/allocations/5ef654a6-7735-408c-ac9e-c9316dcb435a" {{(pid=117000) __call__ /opt/stack/placement/placement/requestlog.py:55}}
Jun 21 12:48:57.796821 n-d-846187-9 devstack@placement-api.service[117000]: INFO placement.requestlog [req-fafad3c4-e864-452e-a286-a7e5598a2b05 req-6a633170-84c6-4300-9317-e378339f826f service placement] 10.222.0.16 "GET /placement/allocations/5ef654a6-7735-408c-ac9e-c9316dcb435a" status: 200 len: 258 microversion: 1.28
Jun 21 12:48:57.797984 n-d-846187-9 devstack@placement-api.service[117000]: [pid: 117000|app: 0|req: 99/203] 10.222.0.16 () {60 vars in 1377 bytes} [Tue Jun 21 12:48:57 2022] GET /placement/allocations/5ef654a6-7735-408c-ac9e-c9316dcb435a => generated 258 bytes in 26 msecs (HTTP/1.1 200) 8 headers in 296 bytes (1 switches on core 0)
Jun 21 12:48:57.804516 n-d-846187-9 devstack@placement-api.service[117001]: DEBUG placement.requestlog [req-fafad3c4-e864-452e-a286-a7e5598a2b05 req-16ada3a4-202e-4945-b22d-80a7785c8973 None None] Starting request: 10.222.0.16 "GET /placement/allocations/57895d41-1b72-437f-a64b-98eed8c02970" {{(pid=117001) __call__ /opt/stack/placement/placement/requestlog.py:55}}
Jun 21 12:48:57.835407 n-d-846187-9 devstack@placement-api.service[117001]: INFO placement.requestlog [req-fafad3c4-e864-452e-a286-a7e5598a2b05 req-16ada3a4-202e-4945-b22d-80a7785c8973 service placement] 10.222.0.16 "GET /placement/allocations/57895d41-1b72-437f-a64b-98eed8c02970" status: 200 len: 258 microversion: 1.28
Jun 21 12:48:57.836502 n-d-846187-9 devstack@placement-api.service[117001]: [pid: 117001|app: 0|req: 105/204] 10.222.0.16 () {60 vars in 1377 bytes} [Tue Jun 21 12:48:57 2022] GET /placement/allocations/57895d41-1b72-437f-a64b-98eed8c02970 => generated 258 bytes in 32 msecs (HTTP/1.1 200) 8 headers in 296 bytes (2 switches on core 0)
Jun 21 12:49:03.259413 n-d-846187-9 devstack@placement-api.service[117000]: DEBUG placement.requestlog [None req-97101806-6e7b-463e-b78f-b2e8bac1484c None None] Starting request: 10.222.0.59 "GET /placement/resource_providers/fc72850e-fa23-40bc-9543-6eb829ed8004/aggregates" {{(pid=117000) __call__ /opt/stack/placement/placement/requestlog.py:55}}
Jun 21 12:49:03.282495 n-d-846187-9 devstack@placement-api.service[117000]: INFO placement.requestlog [None req-97101806-6e7b-463e-b78f-b2e8bac1484c service placement] 10.222.0.59 "GET /placement/resource_providers/fc72850e-fa23-40bc-9543-6eb829ed8004/aggregates" status: 404 len: 235 microversion: 1.1
Jun 21 12:49:03.283332 n-d-846187-9 devstack@placement-api.service[117000]: [pid: 117000|app: 0|req: 100/205] 10.222.0.59 () {58 vars in 1362 bytes} [Tue Jun 21 12:49:03 2022] GET /placement/resource_providers/fc72850e-fa23-40bc-9543-6eb829ed8004/aggregates => generated 235 bytes in 24 msecs (HTTP/1.1 404) 5 headers in 202 bytes (1 switches on core 0)
Jun 21 12:49:03.306923 n-d-846187-9 devstack@placement-api.service[117001]: DEBUG placement.requestlog [None req-14723cc0-0fd7-4d4f-ab0e-55239dd6c180 None None] Starting request: 10.222.0.59 "DELETE /placement/resource_providers/fc72850e-fa23-40bc-9543-6eb829ed8004" {{(pid=117001) __call__ /opt/stack/placement/placement/requestlog.py:55}}
Jun 21 12:49:03.320539 n-d-846187-9 devstack@placement-api.service[117001]: DEBUG placement.wsgi_wrapper [None req-14723cc0-0fd7-4d4f-ab0e-55239dd6c180 service placement] Placement API returning an error response: No resource provider with uuid fc72850e-fa23-40bc-9543-6eb829ed8004 found for delete {{(pid=117001) call_func /opt/stack/placement/placement/wsgi_wrapper.py:31}}
Jun 21 12:49:03.321273 n-d-846187-9 devstack@placement-api.service[117001]: INFO placement.requestlog [None req-14723cc0-0fd7-4d4f-ab0e-55239dd6c180 service placement] 10.222.0.59 "DELETE /placement/resource_providers/fc72850e-fa23-40bc-9543-6eb829ed8004" status: 404 len: 246 microversion: 1.1
Jun 21 12:49:03.322119 n-d-846187-9 devstack@placement-api.service[117001]: [pid: 117001|app: 0|req: 106/206] 10.222.0.59 () {60 vars in 1351 bytes} [Tue Jun 21 12:49:03 2022] DELETE /placement/resource_providers/fc72850e-fa23-40bc-9543-6eb829ed8004 => generated 246 bytes in 15 msecs (HTTP/1.1 404) 6 headers in 231 bytes (1 switches on core 0)
Jun 21 12:49:07.485396 n-d-846187-9 devstack@placement-api.service[117000]: DEBUG placement.requestlog [req-396cfcfd-3f7f-46fd-87bf-7ac78f60b02e req-72a2e3b5-471f-4011-afdb-26eecf43487d None None] Starting request: 10.222.0.59 "GET /placement/allocation_candidates?limit=1000&resources=DISK_GB%3A1%2CMEMORY_MB%3A1024%2CVCPU%3A1&root_required=%21COMPUTE_STATUS_DISABLED" {{(pid=117000) __call__ /opt/stack/placement/placement/requestlog.py:55}}
Jun 21 12:49:07.580292 n-d-846187-9 devstack@placement-api.service[117000]: DEBUG placement.objects.research_context [req-396cfcfd-3f7f-46fd-87bf-7ac78f60b02e req-72a2e3b5-471f-4011-afdb-26eecf43487d service placement] getting providers with 1 DISK_GB {{(pid=117000) __init__ /opt/stack/placement/placement/objects/research_context.py:136}}
Jun 21 12:49:07.593506 n-d-846187-9 devstack@placement-api.service[117000]: DEBUG placement.objects.research_context [req-396cfcfd-3f7f-46fd-87bf-7ac78f60b02e req-72a2e3b5-471f-4011-afdb-26eecf43487d service placement] getting providers with 1024 MEMORY_MB {{(pid=117000) __init__ /opt/stack/placement/placement/objects/research_context.py:136}}
Jun 21 12:49:07.621584 n-d-846187-9 devstack@placement-api.service[117000]: DEBUG placement.objects.research_context [req-396cfcfd-3f7f-46fd-87bf-7ac78f60b02e req-72a2e3b5-471f-4011-afdb-26eecf43487d service placement] getting providers with 1 VCPU {{(pid=117000) __init__ /opt/stack/placement/placement/objects/research_context.py:136}}
Jun 21 12:49:07.630511 n-d-846187-9 devstack@placement-api.service[117000]: DEBUG placement.objects.research_context [req-396cfcfd-3f7f-46fd-87bf-7ac78f60b02e req-72a2e3b5-471f-4011-afdb-26eecf43487d service placement] found 2 providers with available 1 DISK_GB {{(pid=117000) get_provider_ids_matching /opt/stack/placement/placement/objects/research_context.py:563}}
Jun 21 12:49:07.637562 n-d-846187-9 devstack@placement-api.service[117000]: DEBUG placement.objects.research_context [req-396cfcfd-3f7f-46fd-87bf-7ac78f60b02e req-72a2e3b5-471f-4011-afdb-26eecf43487d service placement] found 2 providers with available 1024 MEMORY_MB {{(pid=117000) get_provider_ids_matching /opt/stack/placement/placement/objects/research_context.py:563}}
Jun 21 12:49:07.637889 n-d-846187-9 devstack@placement-api.service[117000]: DEBUG placement.objects.research_context [req-396cfcfd-3f7f-46fd-87bf-7ac78f60b02e req-72a2e3b5-471f-4011-afdb-26eecf43487d service placement] found 2 providers after filtering by previous result {{(pid=117000) get_provider_ids_matching /opt/stack/placement/placement/objects/research_context.py:594}}
Jun 21 12:49:07.638166 n-d-846187-9 devstack@placement-api.service[117000]: DEBUG placement.objects.research_context [req-396cfcfd-3f7f-46fd-87bf-7ac78f60b02e req-72a2e3b5-471f-4011-afdb-26eecf43487d service placement] found 2 providers with available 1 VCPU {{(pid=117000) get_provider_ids_matching /opt/stack/placement/placement/objects/research_context.py:563}}
Jun 21 12:49:07.638439 n-d-846187-9 devstack@placement-api.service[117000]: DEBUG placement.objects.research_context [req-396cfcfd-3f7f-46fd-87bf-7ac78f60b02e req-72a2e3b5-471f-4011-afdb-26eecf43487d service placement] found 2 providers after filtering by previous result {{(pid=117000) get_provider_ids_matching /opt/stack/placement/placement/objects/research_context.py:594}}
Jun 21 12:49:07.677041 n-d-846187-9 devstack@placement-api.service[117000]: DEBUG placement.objects.allocation_candidate [req-396cfcfd-3f7f-46fd-87bf-7ac78f60b02e req-72a2e3b5-471f-4011-afdb-26eecf43487d service placement] RequestGroup(use_same_provider=False, resources={DISK_GB:1, MEMORY_MB:1024, VCPU:1}, traits=(), aggregates=[]) (suffix '') returned 2 matches {{(pid=117000) _get_by_requests /opt/stack/placement/placement/objects/allocation_candidate.py:156}}
Jun 21 12:49:07.677699 n-d-846187-9 devstack@placement-api.service[117000]: DEBUG placement.objects.allocation_candidate [req-396cfcfd-3f7f-46fd-87bf-7ac78f60b02e req-72a2e3b5-471f-4011-afdb-26eecf43487d service placement] Merging candidates yields 2 allocation requests and 2 provider summaries {{(pid=117000) _merge_candidates /opt/stack/placement/placement/objects/allocation_candidate.py:809}}
Jun 21 12:49:07.694695 n-d-846187-9 devstack@placement-api.service[117000]: INFO placement.requestlog [req-396cfcfd-3f7f-46fd-87bf-7ac78f60b02e req-72a2e3b5-471f-4011-afdb-26eecf43487d service placement] 10.222.0.59 "GET /placement/allocation_candidates?limit=1000&resources=DISK_GB%3A1%2CMEMORY_MB%3A1024%2CVCPU%3A1&root_required=%21COMPUTE_STATUS_DISABLED" status: 200 len: 1309 microversion: 1.36
Jun 21 12:49:07.696995 n-d-846187-9 devstack@placement-api.service[117000]: [pid: 117000|app: 0|req: 101/207] 10.222.0.59 () {60 vars in 1506 bytes} [Tue Jun 21 12:49:07 2022] GET /placement/allocation_candidates?limit=1000&resources=DISK_GB%3A1%2CMEMORY_MB%3A1024%2CVCPU%3A1&root_required=%21COMPUTE_STATUS_DISABLED => generated 1309 bytes in 212 msecs (HTTP/1.1 200) 8 headers in 297 bytes (1 switches on core 0)
Jun 21 12:49:07.891357 n-d-846187-9 devstack@placement-api.service[117001]: DEBUG placement.requestlog [req-396cfcfd-3f7f-46fd-87bf-7ac78f60b02e req-4ced6e8b-e933-4b85-aa0a-adce37b3accb None None] Starting request: 10.222.0.59 "GET /placement/allocations/63f5fdc8-384b-46dd-ab60-0388b148c408" {{(pid=117001) __call__ /opt/stack/placement/placement/requestlog.py:55}}
