Jun 21 12:31:46.749499 n-d-846187-9 devstack@keystone.service[87188]: DEBUG keystone.common.rbac_enforcer.enforcer [None req-b6c0e81f-9520-47d2-9a15-19be4a597620 None admin] RBAC: Authorizing `identity:list_roles()` {{(pid=87188) enforce_call /opt/stack/keystone/keystone/common/rbac_enforcer/enforcer.py:449}}
Jun 21 12:31:46.750875 n-d-846187-9 devstack@keystone.service[87188]: DEBUG keystone.common.rbac_enforcer.enforcer [None req-b6c0e81f-9520-47d2-9a15-19be4a597620 None admin] RBAC: Authorization granted {{(pid=87188) enforce_call /opt/stack/keystone/keystone/common/rbac_enforcer/enforcer.py:457}}
Jun 21 12:31:46.757327 n-d-846187-9 devstack@keystone.service[87188]: DEBUG dbcounter [-] [87188] Writing DB stats keystone:SELECT=100 {{(pid=87188) stat_writer /usr/local/lib/python3.8/dist-packages/dbcounter.py:114}}
Jun 21 12:31:46.761517 n-d-846187-9 devstack@keystone.service[87188]: [pid: 87188|app: 0|req: 157/310] 10.222.0.59 () {56 vars in 1101 bytes} [Tue Jun 21 12:31:46 2022] GET /identity/v3/roles?name=reader => generated 341 bytes in 156 msecs (HTTP/1.1 200) 5 headers in 177 bytes (1 switches on core 0)
Jun 21 12:31:46.762641 n-d-846187-9 devstack@keystone.service[87188]: DEBUG keystone.server.flask.request_processing.middleware.auth_context [None req-b6c0e81f-9520-47d2-9a15-19be4a597620 None admin] Authenticating user token {{(pid=87188) process_request /usr/local/lib/python3.8/dist-packages/keystonemiddleware/auth_token/__init__.py:407}}
Jun 21 12:31:46.812433 n-d-846187-9 devstack@keystone.service[87187]: DEBUG keystone.server.flask.request_processing.middleware.auth_context [None req-babe516b-faf7-4ed0-b1eb-d11b97c81107 None admin] Validating token access rules against request {{(pid=87187) validate_allowed_request /usr/local/lib/python3.8/dist-packages/keystonemiddleware/auth_token/__init__.py:545}}
Jun 21 12:31:46.830287 n-d-846187-9 devstack@keystone.service[87187]: DEBUG dbcounter [-] [87187] Writing DB stats keystone:SELECT=100 {{(pid=87187) stat_writer /usr/local/lib/python3.8/dist-packages/dbcounter.py:114}}
Jun 21 12:31:46.851478 n-d-846187-9 devstack@keystone.service[87187]: DEBUG keystone.server.flask.request_processing.middleware.auth_context [None req-7fe789bd-ee16-4e57-8b19-f0f61275385d None admin] RBAC: auth_context: {'token': , 'domain_id': None, 'trust_id': None, 'trustor_id': None, 'trustee_id': None, 'domain_name': None, 'group_ids': [], 'user_id': 'a836398471354941a32e7dde5331e5eb', 'user_domain_id': 'default', 'system_scope': 'all', 'project_id': None, 'project_domain_id': None, 'roles': ['admin', 'member', 'reader'], 'is_admin_project': True, 'service_user_id': None, 'service_user_domain_id': None, 'service_project_id': None, 'service_project_domain_id': None, 'service_roles': []} {{(pid=87187) fill_context /opt/stack/keystone/keystone/server/flask/request_processing/middleware/auth_context.py:478}}
Jun 21 12:31:46.852215 n-d-846187-9 devstack@keystone.service[87187]: DEBUG keystone.server.flask.request_processing.req_logging [None req-7fe789bd-ee16-4e57-8b19-f0f61275385d None admin] REQUEST_METHOD: `GET` {{(pid=87187) log_request_info /opt/stack/keystone/keystone/server/flask/request_processing/req_logging.py:27}}
Jun 21 12:31:46.852504 n-d-846187-9 devstack@keystone.service[87187]: DEBUG keystone.server.flask.request_processing.req_logging [None req-7fe789bd-ee16-4e57-8b19-f0f61275385d None admin] SCRIPT_NAME: `/identity` {{(pid=87187) log_request_info /opt/stack/keystone/keystone/server/flask/request_processing/req_logging.py:28}}
Jun 21 12:31:46.853092 n-d-846187-9 devstack@keystone.service[87187]: DEBUG keystone.server.flask.request_processing.req_logging [None req-7fe789bd-ee16-4e57-8b19-f0f61275385d None admin] PATH_INFO: `/v3/roles` {{(pid=87187) log_request_info /opt/stack/keystone/keystone/server/flask/request_processing/req_logging.py:29}}
Jun 21 12:31:46.853845 n-d-846187-9 devstack@keystone.service[87187]: DEBUG keystone.common.rbac_enforcer.enforcer [None req-7fe789bd-ee16-4e57-8b19-f0f61275385d None admin] RBAC: Adding query filter params (name=reader) {{(pid=87187) _extract_filter_values /opt/stack/keystone/keystone/common/rbac_enforcer/enforcer.py:167}}
Jun 21 12:31:46.854152 n-d-846187-9 devstack@keystone.service[87187]: DEBUG keystone.common.rbac_enforcer.enforcer [None req-7fe789bd-ee16-4e57-8b19-f0f61275385d None admin] RBAC: Authorizing `identity:list_roles()` {{(pid=87187) enforce_call /opt/stack/keystone/keystone/common/rbac_enforcer/enforcer.py:449}}
Jun 21 12:31:46.855968 n-d-846187-9 devstack@keystone.service[87187]: DEBUG keystone.common.rbac_enforcer.enforcer [None req-7fe789bd-ee16-4e57-8b19-f0f61275385d None admin] RBAC: Authorization granted {{(pid=87187) enforce_call /opt/stack/keystone/keystone/common/rbac_enforcer/enforcer.py:457}}
Jun 21 12:31:46.866493 n-d-846187-9 devstack@keystone.service[87187]: [pid: 87187|app: 0|req: 154/311] 10.222.0.59 () {56 vars in 1101 bytes} [Tue Jun 21 12:31:46 2022] GET /identity/v3/roles?name=reader => generated 341 bytes in 172 msecs (HTTP/1.1 200) 5 headers in 177 bytes (1 switches on core 0)
Jun 21 12:31:46.867310 n-d-846187-9 devstack@keystone.service[87187]: DEBUG keystone.server.flask.request_processing.middleware.auth_context [None req-7fe789bd-ee16-4e57-8b19-f0f61275385d None admin] Authenticating user token {{(pid=87187) process_request /usr/local/lib/python3.8/dist-packages/keystonemiddleware/auth_token/__init__.py:407}}
Jun 21 12:31:46.873362 n-d-846187-9 devstack@keystone.service[87188]: DEBUG keystone.server.flask.request_processing.middleware.auth_context [None req-b6c0e81f-9520-47d2-9a15-19be4a597620 None admin] Validating token access rules against request {{(pid=87188) validate_allowed_request /usr/local/lib/python3.8/dist-packages/keystonemiddleware/auth_token/__init__.py:545}}
Jun 21 12:31:46.911927 n-d-846187-9 devstack@keystone.service[87188]: DEBUG keystone.server.flask.request_processing.middleware.auth_context [None req-5723a8e1-c0bb-4d3c-b5cd-c2c5f74d8554 None admin] RBAC: auth_context: {'token': , 'domain_id': None, 'trust_id': None, 'trustor_id': None, 'trustee_id': None, 'domain_name': None, 'group_ids': [], 'user_id': 'a836398471354941a32e7dde5331e5eb', 'user_domain_id': 'default', 'system_scope': 'all', 'project_id': None, 'project_domain_id': None, 'roles': ['admin', 'member', 'reader'], 'is_admin_project': True, 'service_user_id': None, 'service_user_domain_id': None, 'service_project_id': None, 'service_project_domain_id': None, 'service_roles': []} {{(pid=87188) fill_context /opt/stack/keystone/keystone/server/flask/request_processing/middleware/auth_context.py:478}}
Jun 21 12:31:46.913114 n-d-846187-9 devstack@keystone.service[87188]: DEBUG keystone.server.flask.request_processing.req_logging [None req-5723a8e1-c0bb-4d3c-b5cd-c2c5f74d8554 None admin] REQUEST_METHOD: `POST` {{(pid=87188) log_request_info /opt/stack/keystone/keystone/server/flask/request_processing/req_logging.py:27}}
Jun 21 12:31:46.913600 n-d-846187-9 devstack@keystone.service[87188]: DEBUG keystone.server.flask.request_processing.req_logging [None req-5723a8e1-c0bb-4d3c-b5cd-c2c5f74d8554 None admin] SCRIPT_NAME: `/identity` {{(pid=87188) log_request_info /opt/stack/keystone/keystone/server/flask/request_processing/req_logging.py:28}}
Jun 21 12:31:46.914086 n-d-846187-9 devstack@keystone.service[87188]: DEBUG keystone.server.flask.request_processing.req_logging [None req-5723a8e1-c0bb-4d3c-b5cd-c2c5f74d8554 None admin] PATH_INFO: `/v3/groups` {{(pid=87188) log_request_info /opt/stack/keystone/keystone/server/flask/request_processing/req_logging.py:29}}
Jun 21 12:31:46.914959 n-d-846187-9 devstack@keystone.service[87188]: DEBUG keystone.common.rbac_enforcer.enforcer [None req-5723a8e1-c0bb-4d3c-b5cd-c2c5f74d8554 None admin] RBAC: Authorizing `identity:create_group()` {{(pid=87188) enforce_call /opt/stack/keystone/keystone/common/rbac_enforcer/enforcer.py:449}}
Jun 21 12:31:46.916571 n-d-846187-9 devstack@keystone.service[87188]: DEBUG keystone.common.rbac_enforcer.enforcer [None req-5723a8e1-c0bb-4d3c-b5cd-c2c5f74d8554 None admin] RBAC: Authorization granted {{(pid=87188) enforce_call /opt/stack/keystone/keystone/common/rbac_enforcer/enforcer.py:457}}
Jun 21 12:31:46.932502 n-d-846187-9 devstack@keystone.service[87188]: [pid: 87188|app: 0|req: 158/312] 10.222.0.59 () {60 vars in 1134 bytes} [Tue Jun 21 12:31:46 2022] POST /identity/v3/groups => generated 229 bytes in 170 msecs (HTTP/1.1 201) 5 headers in 182 bytes (1 switches on core 0)
Jun 21 12:31:46.933491 n-d-846187-9 devstack@keystone.service[87188]: DEBUG keystone.server.flask.request_processing.middleware.auth_context [None req-5723a8e1-c0bb-4d3c-b5cd-c2c5f74d8554 None admin] Authenticating user token {{(pid=87188) process_request /usr/local/lib/python3.8/dist-packages/keystonemiddleware/auth_token/__init__.py:407}}
Jun 21 12:31:47.003861 n-d-846187-9 devstack@keystone.service[87188]: DEBUG dbcounter [-] [87188] Writing DB stats keystone:SELECT=99,keystone:INSERT=1 {{(pid=87188) stat_writer /usr/local/lib/python3.8/dist-packages/dbcounter.py:114}}
Jun 21 12:31:47.021023 n-d-846187-9 devstack@keystone.service[87187]: DEBUG keystone.server.flask.request_processing.middleware.auth_context [None req-7fe789bd-ee16-4e57-8b19-f0f61275385d None admin] Validating token access rules against request {{(pid=87187) validate_allowed_request /usr/local/lib/python3.8/dist-packages/keystonemiddleware/auth_token/__init__.py:545}}
Jun 21 12:31:47.055188 n-d-846187-9 devstack@keystone.service[87188]: DEBUG keystone.server.flask.request_processing.middleware.auth_context [None req-5723a8e1-c0bb-4d3c-b5cd-c2c5f74d8554 None admin] Validating token access rules against request {{(pid=87188) validate_allowed_request /usr/local/lib/python3.8/dist-packages/keystonemiddleware/auth_token/__init__.py:545}}
Jun 21 12:31:47.071555 n-d-846187-9 devstack@keystone.service[87187]: DEBUG keystone.server.flask.request_processing.middleware.auth_context [None req-4336f899-a08f-4ad8-b41c-7f480d7306f4 None admin] RBAC: auth_context: {'token': , 'domain_id': None, 'trust_id': None, 'trustor_id': None, 'trustee_id': None, 'domain_name': None, 'group_ids': [], 'user_id': 'a836398471354941a32e7dde5331e5eb', 'user_domain_id': 'default', 'system_scope': 'all', 'project_id': None, 'project_domain_id': None, 'roles': ['admin', 'member', 'reader'], 'is_admin_project': True, 'service_user_id': None, 'service_user_domain_id': None, 'service_project_id': None, 'service_project_domain_id': None, 'service_roles': []} {{(pid=87187) fill_context /opt/stack/keystone/keystone/server/flask/request_processing/middleware/auth_context.py:478}}
Jun 21 12:31:47.073342 n-d-846187-9 devstack@keystone.service[87187]: DEBUG keystone.server.flask.request_processing.req_logging [None req-4336f899-a08f-4ad8-b41c-7f480d7306f4 None admin] REQUEST_METHOD: `GET` {{(pid=87187) log_request_info /opt/stack/keystone/keystone/server/flask/request_processing/req_logging.py:27}}
Jun 21 12:31:47.074084 n-d-846187-9 devstack@keystone.service[87187]: DEBUG keystone.server.flask.request_processing.req_logging [None req-4336f899-a08f-4ad8-b41c-7f480d7306f4 None admin] SCRIPT_NAME: `/identity` {{(pid=87187) log_request_info /opt/stack/keystone/keystone/server/flask/request_processing/req_logging.py:28}}
Jun 21 12:31:47.074546 n-d-846187-9 devstack@keystone.service[87187]: DEBUG keystone.server.flask.request_processing.req_logging [None req-4336f899-a08f-4ad8-b41c-7f480d7306f4 None admin] PATH_INFO: `/v3/users/ef91266e4ffc42abb0158d5585838336` {{(pid=87187) log_request_info /opt/stack/keystone/keystone/server/flask/request_processing/req_logging.py:29}}
Jun 21 12:31:47.094627 n-d-846187-9 devstack@keystone.service[87187]: DEBUG keystone.common.rbac_enforcer.enforcer [None req-4336f899-a08f-4ad8-b41c-7f480d7306f4 None admin] RBAC: Authorizing `identity:get_user(user_id=ef91266e4ffc42abb0158d5585838336)` {{(pid=87187) enforce_call /opt/stack/keystone/keystone/common/rbac_enforcer/enforcer.py:449}}
Jun 21 12:31:47.096148 n-d-846187-9 devstack@keystone.service[87188]: DEBUG keystone.server.flask.request_processing.middleware.auth_context [None req-ff164ce6-2390-4258-a556-f5d2378e8740 None admin] RBAC: auth_context: {'token': , 'domain_id': None, 'trust_id': None, 'trustor_id': None, 'trustee_id': None, 'domain_name': None, 'group_ids': [], 'user_id': 'a836398471354941a32e7dde5331e5eb', 'user_domain_id': 'default', 'system_scope': 'all', 'project_id': None, 'project_domain_id': None, 'roles': ['admin', 'member', 'reader'], 'is_admin_project': True, 'service_user_id': None, 'service_user_domain_id': None, 'service_project_id': None, 'service_project_domain_id': None, 'service_roles': []} {{(pid=87188) fill_context /opt/stack/keystone/keystone/server/flask/request_processing/middleware/auth_context.py:478}}
Jun 21 12:31:47.096769 n-d-846187-9 devstack@keystone.service[87187]: DEBUG keystone.common.rbac_enforcer.enforcer [None req-4336f899-a08f-4ad8-b41c-7f480d7306f4 None admin] RBAC: Authorization granted {{(pid=87187) enforce_call /opt/stack/keystone/keystone/common/rbac_enforcer/enforcer.py:457}}
Jun 21 12:31:47.098608 n-d-846187-9 devstack@keystone.service[87188]: DEBUG keystone.server.flask.request_processing.req_logging [None req-ff164ce6-2390-4258-a556-f5d2378e8740 None admin] REQUEST_METHOD: `GET` {{(pid=87188) log_request_info /opt/stack/keystone/keystone/server/flask/request_processing/req_logging.py:27}}
Jun 21 12:31:47.098978 n-d-846187-9 devstack@keystone.service[87188]: DEBUG keystone.server.flask.request_processing.req_logging [None req-ff164ce6-2390-4258-a556-f5d2378e8740 None admin] SCRIPT_NAME: `/identity` {{(pid=87188) log_request_info /opt/stack/keystone/keystone/server/flask/request_processing/req_logging.py:28}}
Jun 21 12:31:47.099329 n-d-846187-9 devstack@keystone.service[87188]: DEBUG keystone.server.flask.request_processing.req_logging [None req-ff164ce6-2390-4258-a556-f5d2378e8740 None admin] PATH_INFO: `/v3/users/b20eb253bd664b79ae5e0d7810a37d2a` {{(pid=87188) log_request_info /opt/stack/keystone/keystone/server/flask/request_processing/req_logging.py:29}}
Jun 21 12:31:47.100637 n-d-846187-9 devstack@keystone.service[87187]: [pid: 87187|app: 0|req: 155/313] 10.222.0.59 () {56 vars in 1177 bytes} [Tue Jun 21 12:31:46 2022] GET /identity/v3/users/ef91266e4ffc42abb0158d5585838336 => generated 293 bytes in 233 msecs (HTTP/1.1 200) 5 headers in 177 bytes (1 switches on core 0)
Jun 21 12:31:47.105484 n-d-846187-9 devstack@keystone.service[87188]: DEBUG keystone.common.rbac_enforcer.enforcer [None req-ff164ce6-2390-4258-a556-f5d2378e8740 None admin] RBAC: Authorizing `identity:get_user(user_id=b20eb253bd664b79ae5e0d7810a37d2a)` {{(pid=87188) enforce_call /opt/stack/keystone/keystone/common/rbac_enforcer/enforcer.py:449}}
Jun 21 12:31:47.106204 n-d-846187-9 devstack@keystone.service[87187]: DEBUG keystone.server.flask.request_processing.middleware.auth_context [None req-4336f899-a08f-4ad8-b41c-7f480d7306f4 None admin] Authenticating user token {{(pid=87187) process_request /usr/local/lib/python3.8/dist-packages/keystonemiddleware/auth_token/__init__.py:407}}
Jun 21 12:31:47.107081 n-d-846187-9 devstack@keystone.service[87188]: DEBUG keystone.common.rbac_enforcer.enforcer [None req-ff164ce6-2390-4258-a556-f5d2378e8740 None admin] RBAC: Authorization granted {{(pid=87188) enforce_call /opt/stack/keystone/keystone/common/rbac_enforcer/enforcer.py:457}}
Jun 21 12:31:47.109006 n-d-846187-9 devstack@keystone.service[87188]: [pid: 87188|app: 0|req: 159/314] 10.222.0.59 () {56 vars in 1177 bytes} [Tue Jun 21 12:31:46 2022] GET /identity/v3/users/b20eb253bd664b79ae5e0d7810a37d2a => generated 297 bytes in 176 msecs (HTTP/1.1 200) 5 headers in 177 bytes (1 switches on core 0)
Jun 21 12:31:47.115450 n-d-846187-9 devstack@keystone.service[87188]: DEBUG keystone.server.flask.request_processing.middleware.auth_context [None req-ff164ce6-2390-4258-a556-f5d2378e8740 None admin] Authenticating user token {{(pid=87188) process_request /usr/local/lib/python3.8/dist-packages/keystonemiddleware/auth_token/__init__.py:407}}
Jun 21 12:31:47.157894 n-d-846187-9 devstack@keystone.service[87187]: DEBUG dbcounter [-] [87187] Writing DB stats keystone:SELECT=100 {{(pid=87187) stat_writer /usr/local/lib/python3.8/dist-packages/dbcounter.py:114}}
Jun 21 12:31:47.234836 n-d-846187-9 devstack@keystone.service[87188]: DEBUG keystone.server.flask.request_processing.middleware.auth_context [None req-ff164ce6-2390-4258-a556-f5d2378e8740 None admin] Validating token access rules against request {{(pid=87188) validate_allowed_request /usr/local/lib/python3.8/dist-packages/keystonemiddleware/auth_token/__init__.py:545}}
Jun 21 12:31:47.240403 n-d-846187-9 devstack@keystone.service[87187]: DEBUG keystone.server.flask.request_processing.middleware.auth_context [None req-4336f899-a08f-4ad8-b41c-7f480d7306f4 None admin] Validating token access rules against request {{(pid=87187) validate_allowed_request /usr/local/lib/python3.8/dist-packages/keystonemiddleware/auth_token/__init__.py:545}}
Jun 21 12:31:47.270446 n-d-846187-9 devstack@keystone.service[87188]: DEBUG keystone.server.flask.request_processing.middleware.auth_context [None req-cd696a30-ef25-4675-9057-d3c25d39e1e6 None admin] RBAC: auth_context: {'token': , 'domain_id': None, 'trust_id': None, 'trustor_id': None, 'trustee_id': None, 'domain_name': None, 'group_ids': [], 'user_id': 'a836398471354941a32e7dde5331e5eb', 'user_domain_id': 'default', 'system_scope': 'all', 'project_id': None, 'project_domain_id': None, 'roles': ['admin', 'member', 'reader'], 'is_admin_project': True, 'service_user_id': None, 'service_user_domain_id': None, 'service_project_id': None, 'service_project_domain_id': None, 'service_roles': []} {{(pid=87188) fill_context /opt/stack/keystone/keystone/server/flask/request_processing/middleware/auth_context.py:478}}
Jun 21 12:31:47.271199 n-d-846187-9 devstack@keystone.service[87188]: DEBUG keystone.server.flask.request_processing.req_logging [None req-cd696a30-ef25-4675-9057-d3c25d39e1e6 None admin] REQUEST_METHOD: `GET` {{(pid=87188) log_request_info /opt/stack/keystone/keystone/server/flask/request_processing/req_logging.py:27}}
Jun 21 12:31:47.271593 n-d-846187-9 devstack@keystone.service[87188]: DEBUG keystone.server.flask.request_processing.req_logging [None req-cd696a30-ef25-4675-9057-d3c25d39e1e6 None admin] SCRIPT_NAME: `/identity` {{(pid=87188) log_request_info /opt/stack/keystone/keystone/server/flask/request_processing/req_logging.py:28}}
Jun 21 12:31:47.271880 n-d-846187-9 devstack@keystone.service[87188]: DEBUG keystone.server.flask.request_processing.req_logging [None req-cd696a30-ef25-4675-9057-d3c25d39e1e6 None admin] PATH_INFO: `/v3/auth/tokens` {{(pid=87188) log_request_info /opt/stack/keystone/keystone/server/flask/request_processing/req_logging.py:29}}
Jun 21 12:31:47.273037 n-d-846187-9 devstack@keystone.service[87188]: DEBUG dbcounter [-] [87188] Writing DB stats keystone:SELECT=100 {{(pid=87188) stat_writer /usr/local/lib/python3.8/dist-packages/dbcounter.py:114}}
Jun 21 12:31:47.284086 n-d-846187-9 devstack@keystone.service[87187]: DEBUG keystone.server.flask.request_processing.middleware.auth_context [None req-e308d042-0113-497e-b0e9-cfaa3b6d0f57 None admin] RBAC: auth_context: {'token': , 'domain_id': None, 'trust_id': None, 'trustor_id': None, 'trustee_id': None, 'domain_name': None, 'group_ids': [], 'user_id': 'a836398471354941a32e7dde5331e5eb', 'user_domain_id': 'default', 'system_scope': 'all', 'project_id': None, 'project_domain_id': None, 'roles': ['admin', 'member', 'reader'], 'is_admin_project': True, 'service_user_id': None, 'service_user_domain_id': None, 'service_project_id': None, 'service_project_domain_id': None, 'service_roles': []} {{(pid=87187) fill_context /opt/stack/keystone/keystone/server/flask/request_processing/middleware/auth_context.py:478}}
Jun 21 12:31:47.285036 n-d-846187-9 devstack@keystone.service[87187]: DEBUG keystone.server.flask.request_processing.req_logging [None req-e308d042-0113-497e-b0e9-cfaa3b6d0f57 None admin] REQUEST_METHOD: `GET` {{(pid=87187) log_request_info /opt/stack/keystone/keystone/server/flask/request_processing/req_logging.py:27}}
Jun 21 12:31:47.285380 n-d-846187-9 devstack@keystone.service[87187]: DEBUG keystone.server.flask.request_processing.req_logging [None req-e308d042-0113-497e-b0e9-cfaa3b6d0f57 None admin] SCRIPT_NAME: `/identity` {{(pid=87187) log_request_info /opt/stack/keystone/keystone/server/flask/request_processing/req_logging.py:28}}
Jun 21 12:31:47.285719 n-d-846187-9 devstack@keystone.service[87187]: DEBUG keystone.server.flask.request_processing.req_logging [None req-e308d042-0113-497e-b0e9-cfaa3b6d0f57 None admin] PATH_INFO: `/v3/role_assignments` {{(pid=87187) log_request_info /opt/stack/keystone/keystone/server/flask/request_processing/req_logging.py:29}}
Jun 21 12:31:47.289654 n-d-846187-9 devstack@keystone.service[87187]: DEBUG keystone.common.rbac_enforcer.enforcer [None req-e308d042-0113-497e-b0e9-cfaa3b6d0f57 None admin] RBAC: Adding query filter params (role.id=3d3a839936664677a988ca67e9282625, user.id=ef91266e4ffc42abb0158d5585838336, scope.system=all) {{(pid=87187) _extract_filter_values /opt/stack/keystone/keystone/common/rbac_enforcer/enforcer.py:167}}
Jun 21 12:31:47.289654 n-d-846187-9 devstack@keystone.service[87187]: DEBUG keystone.common.rbac_enforcer.enforcer [None req-e308d042-0113-497e-b0e9-cfaa3b6d0f57 None admin] RBAC: Authorizing `identity:list_role_assignments()` {{(pid=87187) enforce_call /opt/stack/keystone/keystone/common/rbac_enforcer/enforcer.py:449}}
Jun 21 12:31:47.289874 n-d-846187-9 devstack@keystone.service[87187]: DEBUG keystone.common.rbac_enforcer.enforcer [None req-e308d042-0113-497e-b0e9-cfaa3b6d0f57 None admin] RBAC: Authorization granted {{(pid=87187) enforce_call /opt/stack/keystone/keystone/common/rbac_enforcer/enforcer.py:457}}
Jun 21 12:31:47.300198 n-d-846187-9 devstack@keystone.service[87187]: [pid: 87187|app: 0|req: 156/315] 10.222.0.59 () {56 vars in 1308 bytes} [Tue Jun 21 12:31:47 2022] GET /identity/v3/role_assignments?user.id=ef91266e4ffc42abb0158d5585838336&scope.system=all&role.id=3d3a839936664677a988ca67e9282625 => generated 226 bytes in 194 msecs (HTTP/1.1 200) 5 headers in 177 bytes (1 switches on core 0)
Jun 21 12:31:47.363716 n-d-846187-9 devstack@keystone.service[87188]: DEBUG keystone.common.rbac_enforcer.enforcer [None req-cd696a30-ef25-4675-9057-d3c25d39e1e6 None admin] RBAC: Authorizing `identity:validate_token()` {{(pid=87188) enforce_call /opt/stack/keystone/keystone/common/rbac_enforcer/enforcer.py:449}}
Jun 21 12:31:47.365256 n-d-846187-9 devstack@keystone.service[87188]: DEBUG keystone.common.rbac_enforcer.enforcer [None req-cd696a30-ef25-4675-9057-d3c25d39e1e6 None admin] RBAC: Authorization granted {{(pid=87188) enforce_call /opt/stack/keystone/keystone/common/rbac_enforcer/enforcer.py:457}}
Jun 21 12:31:47.479053 n-d-846187-9 devstack@keystone.service[87188]: [pid: 87188|app: 0|req: 160/316] 10.222.0.59 () {58 vars in 1282 bytes} [Tue Jun 21 12:31:47 2022] GET /identity/v3/auth/tokens => generated 799 bytes in 364 msecs (HTTP/1.1 200) 6 headers in 358 bytes (2 switches on core 0)
Jun 21 12:31:47.484405 n-d-846187-9 devstack@keystone.service[87187]: DEBUG keystone.server.flask.request_processing.middleware.auth_context [None req-e308d042-0113-497e-b0e9-cfaa3b6d0f57 None admin] Authenticating user token {{(pid=87187) process_request /usr/local/lib/python3.8/dist-packages/keystonemiddleware/auth_token/__init__.py:407}}
Jun 21 12:31:47.593630 n-d-846187-9 devstack@keystone.service[87187]: DEBUG dbcounter [-] [87187] Writing DB stats keystone:SELECT=100 {{(pid=87187) stat_writer /usr/local/lib/python3.8/dist-packages/dbcounter.py:114}}
Jun 21 12:31:47.597965 n-d-846187-9 devstack@keystone.service[87187]: DEBUG keystone.server.flask.request_processing.middleware.auth_context [None req-e308d042-0113-497e-b0e9-cfaa3b6d0f57 None admin] Validating token access rules against request {{(pid=87187) validate_allowed_request /usr/local/lib/python3.8/dist-packages/keystonemiddleware/auth_token/__init__.py:545}}
Jun 21 12:31:47.634317 n-d-846187-9 devstack@keystone.service[87187]: DEBUG keystone.server.flask.request_processing.middleware.auth_context [None req-72ee4af2-b365-460a-ac0e-402c9751faf2 None admin] RBAC: auth_context: {'token': , 'domain_id': None, 'trust_id': None, 'trustor_id': None, 'trustee_id': None, 'domain_name': None, 'group_ids': [], 'user_id': 'a836398471354941a32e7dde5331e5eb', 'user_domain_id': 'default', 'system_scope': 'all', 'project_id': None, 'project_domain_id': None, 'roles': ['admin', 'member', 'reader'], 'is_admin_project': True, 'service_user_id': None, 'service_user_domain_id': None, 'service_project_id': None, 'service_project_domain_id': None, 'service_roles': []} {{(pid=87187) fill_context /opt/stack/keystone/keystone/server/flask/request_processing/middleware/auth_context.py:478}}
Jun 21 12:31:47.635463 n-d-846187-9 devstack@keystone.service[87187]: DEBUG keystone.server.flask.request_processing.req_logging [None req-72ee4af2-b365-460a-ac0e-402c9751faf2 None admin] REQUEST_METHOD: `GET` {{(pid=87187) log_request_info /opt/stack/keystone/keystone/server/flask/request_processing/req_logging.py:27}}
Jun 21 12:31:47.635945 n-d-846187-9 devstack@keystone.service[87187]: DEBUG keystone.server.flask.request_processing.req_logging [None req-72ee4af2-b365-460a-ac0e-402c9751faf2 None admin] SCRIPT_NAME: `/identity` {{(pid=87187) log_request_info /opt/stack/keystone/keystone/server/flask/request_processing/req_logging.py:28}}
Jun 21 12:31:47.636399 n-d-846187-9 devstack@keystone.service[87187]: DEBUG keystone.server.flask.request_processing.req_logging [None req-72ee4af2-b365-460a-ac0e-402c9751faf2 None admin] PATH_INFO: `/v3/projects/2d4726f1ea9148178aa45e73947afc66` {{(pid=87187) log_request_info /opt/stack/keystone/keystone/server/flask/request_processing/req_logging.py:29}}
Jun 21 12:31:47.637799 n-d-846187-9 devstack@keystone.service[87187]: DEBUG keystone.common.rbac_enforcer.enforcer [None req-72ee4af2-b365-460a-ac0e-402c9751faf2 None admin] RBAC: Authorizing `identity:get_project(project_id=2d4726f1ea9148178aa45e73947afc66)` {{(pid=87187) enforce_call /opt/stack/keystone/keystone/common/rbac_enforcer/enforcer.py:449}}
Jun 21 12:31:47.639430 n-d-846187-9 devstack@keystone.service[87187]: DEBUG keystone.common.rbac_enforcer.enforcer [None req-72ee4af2-b365-460a-ac0e-402c9751faf2 None admin] RBAC: Authorization granted {{(pid=87187) enforce_call /opt/stack/keystone/keystone/common/rbac_enforcer/enforcer.py:457}}
Jun 21 12:31:47.641360 n-d-846187-9 devstack@keystone.service[87187]: [pid: 87187|app: 0|req: 157/317] 10.222.0.59 () {56 vars in 1186 bytes} [Tue Jun 21 12:31:47 2022] GET /identity/v3/projects/2d4726f1ea9148178aa45e73947afc66 => generated 302 bytes in 157 msecs (HTTP/1.1 200) 5 headers in 177 bytes (1 switches on core 0)
Jun 21 12:31:47.649540 n-d-846187-9 devstack@keystone.service[87188]: DEBUG keystone.server.flask.request_processing.middleware.auth_context [None req-cd696a30-ef25-4675-9057-d3c25d39e1e6 None admin] Authenticating user token {{(pid=87188) process_request /usr/local/lib/python3.8/dist-packages/keystonemiddleware/auth_token/__init__.py:407}}
Jun 21 12:31:47.679564 n-d-846187-9 devstack@keystone.service[87188]: DEBUG dbcounter [-] [87188] Writing DB stats keystone:SELECT=100 {{(pid=87188) stat_writer /usr/local/lib/python3.8/dist-packages/dbcounter.py:114}}
Jun 21 12:31:47.754882 n-d-846187-9 devstack@keystone.service[87188]: DEBUG keystone.server.flask.request_processing.middleware.auth_context [None req-cd696a30-ef25-4675-9057-d3c25d39e1e6 None admin] Validating token access rules against request {{(pid=87188) validate_allowed_request /usr/local/lib/python3.8/dist-packages/keystonemiddleware/auth_token/__init__.py:545}}
Jun 21 12:31:47.791519 n-d-846187-9 devstack@keystone.service[87188]: DEBUG keystone.server.flask.request_processing.middleware.auth_context [None req-338a7190-666a-437d-843d-8d4c52c4f9be None admin] RBAC: auth_context: {'token': , 'domain_id': None, 'trust_id': None, 'trustor_id': None, 'trustee_id': None, 'domain_name': None, 'group_ids': [], 'user_id': 'a836398471354941a32e7dde5331e5eb', 'user_domain_id': 'default', 'system_scope': 'all', 'project_id': None, 'project_domain_id': None, 'roles': ['admin', 'member', 'reader'], 'is_admin_project': True, 'service_user_id': None, 'service_user_domain_id': None, 'service_project_id': None, 'service_project_domain_id': None, 'service_roles': []} {{(pid=87188) fill_context /opt/stack/keystone/keystone/server/flask/request_processing/middleware/auth_context.py:478}}
Jun 21 12:31:47.792238 n-d-846187-9 devstack@keystone.service[87188]: DEBUG keystone.server.flask.request_processing.req_logging [None req-338a7190-666a-437d-843d-8d4c52c4f9be None admin] REQUEST_METHOD: `GET` {{(pid=87188) log_request_info /opt/stack/keystone/keystone/server/flask/request_processing/req_logging.py:27}}
Jun 21 12:31:47.792527 n-d-846187-9 devstack@keystone.service[87188]: DEBUG keystone.server.flask.request_processing.req_logging [None req-338a7190-666a-437d-843d-8d4c52c4f9be None admin] SCRIPT_NAME: `/identity` {{(pid=87188) log_request_info /opt/stack/keystone/keystone/server/flask/request_processing/req_logging.py:28}}
Jun 21 12:31:47.792849 n-d-846187-9 devstack@keystone.service[87188]: DEBUG keystone.server.flask.request_processing.req_logging [None req-338a7190-666a-437d-843d-8d4c52c4f9be None admin] PATH_INFO: `/v3/role_assignments` {{(pid=87188) log_request_info /opt/stack/keystone/keystone/server/flask/request_processing/req_logging.py:29}}
Jun 21 12:31:47.793739 n-d-846187-9 devstack@keystone.service[87188]: DEBUG keystone.common.rbac_enforcer.enforcer [None req-338a7190-666a-437d-843d-8d4c52c4f9be None admin] RBAC: Adding query filter params (role.id=3d3a839936664677a988ca67e9282625, scope.project.id=2d4726f1ea9148178aa45e73947afc66, user.id=b20eb253bd664b79ae5e0d7810a37d2a) {{(pid=87188) _extract_filter_values /opt/stack/keystone/keystone/common/rbac_enforcer/enforcer.py:167}}
Jun 21 12:31:47.794055 n-d-846187-9 devstack@keystone.service[87188]: DEBUG keystone.common.rbac_enforcer.enforcer [None req-338a7190-666a-437d-843d-8d4c52c4f9be None admin] RBAC: Authorizing `identity:list_role_assignments()` {{(pid=87188) enforce_call /opt/stack/keystone/keystone/common/rbac_enforcer/enforcer.py:449}}
Jun 21 12:31:47.795489 n-d-846187-9 devstack@keystone.service[87188]: DEBUG keystone.common.rbac_enforcer.enforcer [None req-338a7190-666a-437d-843d-8d4c52c4f9be None admin] RBAC: Authorization granted {{(pid=87188) enforce_call /opt/stack/keystone/keystone/common/rbac_enforcer/enforcer.py:457}}
Jun 21 12:31:47.801948 n-d-846187-9 devstack@keystone.service[87188]: [pid: 87188|app: 0|req: 161/318] 10.222.0.59 () {56 vars in 1374 bytes} [Tue Jun 21 12:31:47 2022] GET /identity/v3/role_assignments?user.id=b20eb253bd664b79ae5e0d7810a37d2a&scope.project.id=2d4726f1ea9148178aa45e73947afc66&role.id=3d3a839936664677a988ca67e9282625 => generated 608 bytes in 153 msecs (HTTP/1.1 200) 5 headers in 177 bytes (1 switches on core 0)
Jun 21 12:31:48.498524 n-d-846187-9 devstack@keystone.service[87187]: DEBUG keystone.server.flask.request_processing.req_logging [None req-d4abd053-831b-4f6d-a5b9-27d7dc7de55f None None] REQUEST_METHOD: `GET` {{(pid=87187) log_request_info /opt/stack/keystone/keystone/server/flask/request_processing/req_logging.py:27}}
Jun 21 12:31:48.498890 n-d-846187-9 devstack@keystone.service[87187]: DEBUG keystone.server.flask.request_processing.req_logging [None req-d4abd053-831b-4f6d-a5b9-27d7dc7de55f None None] SCRIPT_NAME: `/identity` {{(pid=87187) log_request_info /opt/stack/keystone/keystone/server/flask/request_processing/req_logging.py:28}}
Jun 21 12:31:48.499097 n-d-846187-9 devstack@keystone.service[87187]: DEBUG keystone.server.flask.request_processing.req_logging [None req-d4abd053-831b-4f6d-a5b9-27d7dc7de55f None None] PATH_INFO: `/` {{(pid=87187) log_request_info /opt/stack/keystone/keystone/server/flask/request_processing/req_logging.py:29}}
Jun 21 12:31:48.500627 n-d-846187-9 devstack@keystone.service[87187]: [pid: 87187|app: 0|req: 158/319] 10.222.0.59 () {54 vars in 926 bytes} [Tue Jun 21 12:31:48 2022] GET /identity => generated 270 bytes in 3 msecs (HTTP/1.1 300) 6 headers in 234 bytes (1 switches on core 0)
Jun 21 12:31:48.506140 n-d-846187-9 devstack@keystone.service[87188]: DEBUG keystone.server.flask.request_processing.req_logging [None req-9144b0e7-1aa5-4a87-9aa0-583a07c949b4 None None] REQUEST_METHOD: `POST` {{(pid=87188) log_request_info /opt/stack/keystone/keystone/server/flask/request_processing/req_logging.py:27}}
Jun 21 12:31:48.506436 n-d-846187-9 devstack@keystone.service[87188]: DEBUG keystone.server.flask.request_processing.req_logging [None req-9144b0e7-1aa5-4a87-9aa0-583a07c949b4 None None] SCRIPT_NAME: `/identity` {{(pid=87188) log_request_info /opt/stack/keystone/keystone/server/flask/request_processing/req_logging.py:28}}
Jun 21 12:31:48.506718 n-d-846187-9 devstack@keystone.service[87188]: DEBUG keystone.server.flask.request_processing.req_logging [None req-9144b0e7-1aa5-4a87-9aa0-583a07c949b4 None None] PATH_INFO: `/v3/auth/tokens` {{(pid=87188) log_request_info /opt/stack/keystone/keystone/server/flask/request_processing/req_logging.py:29}}
Jun 21 12:31:48.523753 n-d-846187-9 devstack@keystone.service[87188]: DEBUG keystone.auth.core [None req-9144b0e7-1aa5-4a87-9aa0-583a07c949b4 None None] MFA Rules not processed for user `a836398471354941a32e7dde5331e5eb`. Rule list: `[]` (Enabled: `True`). {{(pid=87188) check_auth_methods_against_rules /opt/stack/keystone/keystone/auth/core.py:438}}
Jun 21 12:31:48.524993 n-d-846187-9 devstack@keystone.service[87188]: DEBUG keystone.common.fernet_utils [None req-9144b0e7-1aa5-4a87-9aa0-583a07c949b4 None None] Loaded 2 Fernet keys from /etc/keystone/fernet-keys/, but `[fernet_tokens] max_active_keys = 3`; perhaps there have not been enough key rotations to reach `max_active_keys` yet? {{(pid=87188) load_keys /opt/stack/keystone/keystone/common/fernet_utils.py:286}}
Jun 21 12:31:48.591533 n-d-846187-9 devstack@keystone.service[87188]: [pid: 87188|app: 0|req: 162/320] 10.222.0.59 () {58 vars in 1023 bytes} [Tue Jun 21 12:31:48 2022] POST /identity/v3/auth/tokens => generated 799 bytes in 86 msecs (HTTP/1.1 201) 6 headers in 363 bytes (1 switches on core 0)
Jun 21 12:31:48.615304 n-d-846187-9 devstack@keystone.service[87187]: DEBUG keystone.server.flask.request_processing.middleware.auth_context [None req-d4abd053-831b-4f6d-a5b9-27d7dc7de55f None None] Authenticating user token {{(pid=87187) process_request /usr/local/lib/python3.8/dist-packages/keystonemiddleware/auth_token/__init__.py:407}}
Jun 21 12:31:48.716041 n-d-846187-9 devstack@keystone.service[87187]: DEBUG keystone.server.flask.request_processing.middleware.auth_context [None req-d4abd053-831b-4f6d-a5b9-27d7dc7de55f None None] Validating token access rules against request {{(pid=87187) validate_allowed_request /usr/local/lib/python3.8/dist-packages/keystonemiddleware/auth_token/__init__.py:545}}
Jun 21 12:31:48.749331 n-d-846187-9 devstack@keystone.service[87187]: DEBUG keystone.server.flask.request_processing.middleware.auth_context [None req-51b8be42-9072-4112-97a8-8185f4e8c581 None admin] RBAC: auth_context: {'token': , 'domain_id': None, 'trust_id': None, 'trustor_id': None, 'trustee_id': None, 'domain_name': None, 'group_ids': [], 'user_id': 'a836398471354941a32e7dde5331e5eb', 'user_domain_id': 'default', 'system_scope': 'all', 'project_id': None, 'project_domain_id': None, 'roles': ['admin', 'member', 'reader'], 'is_admin_project': True, 'service_user_id': None, 'service_user_domain_id': None, 'service_project_id': None, 'service_project_domain_id': None, 'service_roles': []} {{(pid=87187) fill_context /opt/stack/keystone/keystone/server/flask/request_processing/middleware/auth_context.py:478}}
Jun 21 12:31:48.750130 n-d-846187-9 devstack@keystone.service[87187]: DEBUG keystone.server.flask.request_processing.req_logging [None req-51b8be42-9072-4112-97a8-8185f4e8c581 None admin] REQUEST_METHOD: `GET` {{(pid=87187) log_request_info /opt/stack/keystone/keystone/server/flask/request_processing/req_logging.py:27}}
Jun 21 12:31:48.750420 n-d-846187-9 devstack@keystone.service[87187]: DEBUG keystone.server.flask.request_processing.req_logging [None req-51b8be42-9072-4112-97a8-8185f4e8c581 None admin] SCRIPT_NAME: `/identity` {{(pid=87187) log_request_info /opt/stack/keystone/keystone/server/flask/request_processing/req_logging.py:28}}
Jun 21 12:31:48.750701 n-d-846187-9 devstack@keystone.service[87187]: DEBUG keystone.server.flask.request_processing.req_logging [None req-51b8be42-9072-4112-97a8-8185f4e8c581 None admin] PATH_INFO: `/v3/roles/member` {{(pid=87187) log_request_info /opt/stack/keystone/keystone/server/flask/request_processing/req_logging.py:29}}
Jun 21 12:31:48.761607 n-d-846187-9 devstack@keystone.service[87187]: DEBUG keystone.common.rbac_enforcer.enforcer [None req-51b8be42-9072-4112-97a8-8185f4e8c581 None admin] Extracting inferred target data resulted in "NOT FOUND (404)". {{(pid=87187) enforce_call /opt/stack/keystone/keystone/common/rbac_enforcer/enforcer.py:409}}
Jun 21 12:31:48.770149 n-d-846187-9 devstack@keystone.service[87187]: ERROR keystone.server.flask.application [None req-51b8be42-9072-4112-97a8-8185f4e8c581 None admin] Could not find role: member.: keystone.exception.RoleNotFound: Could not find role: member.
Jun 21 12:31:48.770149 n-d-846187-9 devstack@keystone.service[87187]: ERROR keystone.server.flask.application
Traceback (most recent call last):
Jun 21 12:31:48.770149 n-d-846187-9 devstack@keystone.service[87187]: ERROR keystone.server.flask.application
File "/usr/local/lib/python3.8/dist-packages/flask/app.py", line 1523, in full_dispatch_request
Jun 21 12:31:48.770149 n-d-846187-9 devstack@keystone.service[87187]: ERROR keystone.server.flask.application rv = self.dispatch_request()
Jun 21 12:31:48.770149 n-d-846187-9 devstack@keystone.service[87187]: ERROR keystone.server.flask.application
File "/usr/local/lib/python3.8/dist-packages/flask/app.py", line 1509, in dispatch_request
Jun 21 12:31:48.770149 n-d-846187-9 devstack@keystone.service[87187]: ERROR keystone.server.flask.application return self.ensure_sync(self.view_functions[rule.endpoint])(**req.view_args)
Jun 21 12:31:48.770149 n-d-846187-9 devstack@keystone.service[87187]: ERROR keystone.server.flask.application
File "/usr/local/lib/python3.8/dist-packages/flask_restful/__init__.py", line 467, in wrapper
Jun 21 12:31:48.770149 n-d-846187-9 devstack@keystone.service[87187]: ERROR keystone.server.flask.application resp = resource(*args, **kwargs)
Jun 21 12:31:48.770149 n-d-846187-9 devstack@keystone.service[87187]: ERROR keystone.server.flask.application
File "/usr/local/lib/python3.8/dist-packages/flask/views.py", line 84, in view
Jun 21 12:31:48.770149 n-d-846187-9 devstack@keystone.service[87187]: ERROR keystone.server.flask.application return current_app.ensure_sync(self.dispatch_request)(*args, **kwargs)
Jun 21 12:31:48.770149 n-d-846187-9 devstack@keystone.service[87187]: ERROR keystone.server.flask.application
File "/usr/local/lib/python3.8/dist-packages/flask_restful/__init__.py", line 582, in dispatch_request
Jun 21 12:31:48.770149 n-d-846187-9 devstack@keystone.service[87187]: ERROR keystone.server.flask.application resp = meth(*args, **kwargs)
Jun 21 12:31:48.770149 n-d-846187-9 devstack@keystone.service[87187]: ERROR keystone.server.flask.application
File "/opt/stack/keystone/keystone/api/roles.py", line 50, in get
Jun 21 12:31:48.770149 n-d-846187-9 devstack@keystone.service[87187]: ERROR keystone.server.flask.application return self._get_role(role_id)
Jun 21 12:31:48.770149 n-d-846187-9 devstack@keystone.service[87187]: ERROR keystone.server.flask.application
File "/opt/stack/keystone/keystone/api/roles.py", line 70, in _get_role
Jun 21 12:31:48.770149 n-d-846187-9 devstack@keystone.service[87187]: ERROR keystone.server.flask.application ENFORCER.enforce_call(action='identity:get_role')
Jun 21 12:31:48.771018 n-d-846187-9 devstack@keystone.service[87187]: ERROR keystone.server.flask.application
File "/opt/stack/keystone/keystone/common/rbac_enforcer/enforcer.py", line 402, in enforce_call
Jun 21 12:31:48.771018 n-d-846187-9 devstack@keystone.service[87187]: ERROR keystone.server.flask.application policy_dict.update(cls._extract_member_target_data(
Jun 21 12:31:48.771018 n-d-846187-9 devstack@keystone.service[87187]: ERROR keystone.server.flask.application
File "/opt/stack/keystone/keystone/common/rbac_enforcer/enforcer.py", line 234, in _extract_member_target_data
Jun 21 12:31:48.771018 n-d-846187-9 devstack@keystone.service[87187]: ERROR keystone.server.flask.application member_name: func(flask.request.view_args[key])
Jun 21 12:31:48.771018 n-d-846187-9 devstack@keystone.service[87187]: ERROR keystone.server.flask.application
File "/opt/stack/keystone/keystone/common/manager.py", line 115, in wrapped
Jun 21 12:31:48.771018 n-d-846187-9 devstack@keystone.service[87187]: ERROR keystone.server.flask.application __ret_val = __f(*args, **kwargs)
Jun 21 12:31:48.771018 n-d-846187-9 devstack@keystone.service[87187]: ERROR keystone.server.flask.application
File "/usr/local/lib/python3.8/dist-packages/decorator.py", line 232, in fun
Jun 21 12:31:48.771018 n-d-846187-9 devstack@keystone.service[87187]: ERROR keystone.server.flask.application return caller(func, *(extras + args), **kw)
Jun 21 12:31:48.771018 n-d-846187-9 devstack@keystone.service[87187]: ERROR keystone.server.flask.application
File "/usr/local/lib/python3.8/dist-packages/dogpile/cache/region.py", line 1577, in get_or_create_for_user_func
Jun 21 12:31:48.771018 n-d-846187-9 devstack@keystone.service[87187]: ERROR keystone.server.flask.application return self.get_or_create(
Jun 21 12:31:48.771018 n-d-846187-9 devstack@keystone.service[87187]: ERROR keystone.server.flask.application
File "/usr/local/lib/python3.8/dist-packages/dogpile/cache/region.py", line 1042, in get_or_create
Jun 21 12:31:48.771018 n-d-846187-9 devstack@keystone.service[87187]: ERROR keystone.server.flask.application with Lock(
Jun 21 12:31:48.771018 n-d-846187-9 devstack@keystone.service[87187]: ERROR keystone.server.flask.application
File "/usr/local/lib/python3.8/dist-packages/dogpile/lock.py", line 185, in __enter__
Jun 21 12:31:48.771018 n-d-846187-9 devstack@keystone.service[87187]: ERROR keystone.server.flask.application return self._enter()
Jun 21 12:31:48.771018 n-d-846187-9 devstack@keystone.service[87187]: ERROR keystone.server.flask.application
File "/usr/local/lib/python3.8/dist-packages/dogpile/lock.py", line 94, in _enter
Jun 21 12:31:48.771018 n-d-846187-9 devstack@keystone.service[87187]: ERROR keystone.server.flask.application generated = self._enter_create(value, createdtime)
Jun 21 12:31:48.771786 n-d-846187-9 devstack@keystone.service[87187]: ERROR keystone.server.flask.application
File "/usr/local/lib/python3.8/dist-packages/dogpile/lock.py", line 178, in _enter_create
Jun 21 12:31:48.771786 n-d-846187-9 devstack@keystone.service[87187]: ERROR keystone.server.flask.application return self.creator()
Jun 21 12:31:48.771786 n-d-846187-9 devstack@keystone.service[87187]: ERROR keystone.server.flask.application
File "/usr/local/lib/python3.8/dist-packages/dogpile/cache/region.py", line 995, in gen_value
Jun 21 12:31:48.771786 n-d-846187-9 devstack@keystone.service[87187]: ERROR keystone.server.flask.application created_value = creator(
Jun 21 12:31:48.771786 n-d-846187-9 devstack@keystone.service[87187]: ERROR keystone.server.flask.application
File "/opt/stack/keystone/keystone/assignment/core.py", line 1276, in get_role
Jun 21 12:31:48.771786 n-d-846187-9 devstack@keystone.service[87187]: ERROR keystone.server.flask.application return self.driver.get_role(role_id)
Jun 21 12:31:48.771786 n-d-846187-9 devstack@keystone.service[87187]: ERROR keystone.server.flask.application
File "/opt/stack/keystone/keystone/assignment/role_backends/sql.py", line 70, in get_role
Jun 21 12:31:48.771786 n-d-846187-9 devstack@keystone.service[87187]: ERROR keystone.server.flask.application return self._get_role(session, role_id).to_dict()
Jun 21 12:31:48.771786 n-d-846187-9 devstack@keystone.service[87187]: ERROR keystone.server.flask.application
File "/opt/stack/keystone/keystone/assignment/role_backends/sql.py", line 65, in _get_role
Jun 21 12:31:48.771786 n-d-846187-9 devstack@keystone.service[87187]: ERROR keystone.server.flask.application raise exception.RoleNotFound(role_id=role_id)
Jun 21 12:31:48.771786 n-d-846187-9 devstack@keystone.service[87187]: ERROR keystone.server.flask.application keystone.exception.RoleNotFound: Could not find role: member.
Jun 21 12:31:48.771786 n-d-846187-9 devstack@keystone.service[87187]: ERROR keystone.server.flask.application
Jun 21 12:31:48.776296 n-d-846187-9 devstack@keystone.service[87187]: [pid: 87187|app: 0|req: 159/321] 10.222.0.59 () {56 vars in 1099 bytes} [Tue Jun 21 12:31:48 2022] GET /identity/v3/roles/member => generated 84 bytes in 161 msecs (HTTP/1.1 404) 5 headers in 183 bytes (1 switches on core 0)
Jun 21 12:31:48.777179 n-d-846187-9 devstack@keystone.service[87188]: DEBUG keystone.server.flask.request_processing.middleware.auth_context [None req-9144b0e7-1aa5-4a87-9aa0-583a07c949b4 None None] Authenticating user token {{(pid=87188) process_request /usr/local/lib/python3.8/dist-packages/keystonemiddleware/auth_token/__init__.py:407}}
Jun 21 12:31:48.801332 n-d-846187-9 devstack@keystone.service[87188]: DEBUG dbcounter [-] [87188] Writing DB stats keystone:SELECT=100 {{(pid=87188) stat_writer /usr/local/lib/python3.8/dist-packages/dbcounter.py:114}}
Jun 21 12:31:48.879927 n-d-846187-9 devstack@keystone.service[87188]: DEBUG keystone.server.flask.request_processing.middleware.auth_context [None req-9144b0e7-1aa5-4a87-9aa0-583a07c949b4 None None] Validating token access rules against request {{(pid=87188) validate_allowed_request /usr/local/lib/python3.8/dist-packages/keystonemiddleware/auth_token/__init__.py:545}}
Jun 21 12:31:48.915823 n-d-846187-9 devstack@keystone.service[87188]: DEBUG keystone.server.flask.request_processing.middleware.auth_context [None req-d89559bf-f966-43ec-979e-db93d5e99ad7 None admin] RBAC: auth_context: {'token': , 'domain_id': None, 'trust_id': None, 'trustor_id': None, 'trustee_id': None, 'domain_name': None, 'group_ids': [], 'user_id': 'a836398471354941a32e7dde5331e5eb', 'user_domain_id': 'default', 'system_scope': 'all', 'project_id': None, 'project_domain_id': None, 'roles': ['admin', 'member', 'reader'], 'is_admin_project': True, 'service_user_id': None, 'service_user_domain_id': None, 'service_project_id': None, 'service_project_domain_id': None, 'service_roles': []} {{(pid=87188) fill_context /opt/stack/keystone/keystone/server/flask/request_processing/middleware/auth_context.py:478}}
Jun 21 12:31:48.916502 n-d-846187-9 devstack@keystone.service[87188]: DEBUG keystone.server.flask.request_processing.req_logging [None req-d89559bf-f966-43ec-979e-db93d5e99ad7 None admin] REQUEST_METHOD: `GET` {{(pid=87188) log_request_info /opt/stack/keystone/keystone/server/flask/request_processing/req_logging.py:27}}
Jun 21 12:31:48.916816 n-d-846187-9 devstack@keystone.service[87188]: DEBUG keystone.server.flask.request_processing.req_logging [None req-d89559bf-f966-43ec-979e-db93d5e99ad7 None admin] SCRIPT_NAME: `/identity` {{(pid=87188) log_request_info /opt/stack/keystone/keystone/server/flask/request_processing/req_logging.py:28}}
Jun 21 12:31:48.917097 n-d-846187-9 devstack@keystone.service[87188]: DEBUG keystone.server.flask.request_processing.req_logging [None req-d89559bf-f966-43ec-979e-db93d5e99ad7 None admin] PATH_INFO: `/v3/roles` {{(pid=87188) log_request_info /opt/stack/keystone/keystone/server/flask/request_processing/req_logging.py:29}}
Jun 21 12:31:48.917856 n-d-846187-9 devstack@keystone.service[87188]: DEBUG keystone.common.rbac_enforcer.enforcer [None req-d89559bf-f966-43ec-979e-db93d5e99ad7 None admin] RBAC: Adding query filter params (name=member) {{(pid=87188) _extract_filter_values /opt/stack/keystone/keystone/common/rbac_enforcer/enforcer.py:167}}
Jun 21 12:31:48.918167 n-d-846187-9 devstack@keystone.service[87188]: DEBUG keystone.common.rbac_enforcer.enforcer [None req-d89559bf-f966-43ec-979e-db93d5e99ad7 None admin] RBAC: Authorizing `identity:list_roles()` {{(pid=87188) enforce_call /opt/stack/keystone/keystone/common/rbac_enforcer/enforcer.py:449}}
Jun 21 12:31:48.919542 n-d-846187-9 devstack@keystone.service[87188]: DEBUG keystone.common.rbac_enforcer.enforcer [None req-d89559bf-f966-43ec-979e-db93d5e99ad7 None admin] RBAC: Authorization granted {{(pid=87188) enforce_call /opt/stack/keystone/keystone/common/rbac_enforcer/enforcer.py:457}}
Jun 21 12:31:48.928293 n-d-846187-9 devstack@keystone.service[87188]: [pid: 87188|app: 0|req: 163/322] 10.222.0.59 () {56 vars in 1101 bytes} [Tue Jun 21 12:31:48 2022] GET /identity/v3/roles?name=member => generated 341 bytes in 151 msecs (HTTP/1.1 200) 5 headers in 177 bytes (1 switches on core 0)
Jun 21 12:31:48.933596 n-d-846187-9 devstack@keystone.service[87187]: DEBUG keystone.server.flask.request_processing.middleware.auth_context [None req-51b8be42-9072-4112-97a8-8185f4e8c581 None admin] Authenticating user token {{(pid=87187) process_request /usr/local/lib/python3.8/dist-packages/keystonemiddleware/auth_token/__init__.py:407}}
Jun 21 12:31:48.963336 n-d-846187-9 devstack@keystone.service[87187]: DEBUG dbcounter [-] [87187] Writing DB stats keystone:SELECT=100 {{(pid=87187) stat_writer /usr/local/lib/python3.8/dist-packages/dbcounter.py:114}}
