Jul 20 13:03:53.481696 n-d-846187-12 devstack@placement-api.service[116832]: DEBUG placement.requestlog [None req-50949efd-149d-4016-81d0-25b2486b4809 None None] Starting request: 10.222.0.25 "DELETE /placement/resource_providers/a8259e5c-619e-4dcd-bfbc-098ccac968c5" {{(pid=116832) __call__ /opt/stack/placement/placement/requestlog.py:55}}
Jul 20 13:03:53.491466 n-d-846187-12 devstack@placement-api.service[116832]: DEBUG dbcounter [-] [116832] Writing DB stats placement:SELECT=70,placement:INSERT=12,placement:DELETE=4,placement:UPDATE=4 {{(pid=116832) stat_writer /usr/local/lib/python3.8/dist-packages/dbcounter.py:114}}
Jul 20 13:03:53.499838 n-d-846187-12 devstack@placement-api.service[116832]: DEBUG placement.wsgi_wrapper [None req-50949efd-149d-4016-81d0-25b2486b4809 service placement] Placement API returning an error response: No resource provider with uuid a8259e5c-619e-4dcd-bfbc-098ccac968c5 found for delete {{(pid=116832) call_func /opt/stack/placement/placement/wsgi_wrapper.py:31}}
Jul 20 13:03:53.502625 n-d-846187-12 devstack@placement-api.service[116832]: INFO placement.requestlog [None req-50949efd-149d-4016-81d0-25b2486b4809 service placement] 10.222.0.25 "DELETE /placement/resource_providers/a8259e5c-619e-4dcd-bfbc-098ccac968c5" status: 404 len: 246 microversion: 1.1
Jul 20 13:03:53.511872 n-d-846187-12 devstack@placement-api.service[116832]: [pid: 116832|app: 0|req: 299/596] 10.222.0.25 () {60 vars in 1351 bytes} [Wed Jul 20 13:03:53 2022] DELETE /placement/resource_providers/a8259e5c-619e-4dcd-bfbc-098ccac968c5 => generated 246 bytes in 30 msecs (HTTP/1.1 404) 6 headers in 231 bytes (1 switches on core 0)
Jul 20 13:03:55.956429 n-d-846187-12 devstack@placement-api.service[116833]: DEBUG placement.requestlog [req-b855a4d8-5be8-4c71-9933-bed6d2945f99 req-deeaa888-4372-45e6-9522-859348e452df None None] Starting request: 10.222.0.45 "DELETE /placement/allocations/59bc63b8-40ac-4a31-b985-57672ed365b4" {{(pid=116833) __call__ /opt/stack/placement/placement/requestlog.py:55}}
Jul 20 13:03:56.021570 n-d-846187-12 devstack@placement-api.service[116833]: DEBUG placement.handlers.allocation [req-b855a4d8-5be8-4c71-9933-bed6d2945f99 req-deeaa888-4372-45e6-9522-859348e452df service placement] Successfully deleted allocations [, , ] {{(pid=116833) delete_allocations /opt/stack/placement/placement/handlers/allocation.py:627}}
Jul 20 13:03:56.022220 n-d-846187-12 devstack@placement-api.service[116833]: INFO placement.requestlog [req-b855a4d8-5be8-4c71-9933-bed6d2945f99 req-deeaa888-4372-45e6-9522-859348e452df service placement] 10.222.0.45 "DELETE /placement/allocations/59bc63b8-40ac-4a31-b985-57672ed365b4" status: 204 len: 0 microversion: 1.0
Jul 20 13:03:56.022909 n-d-846187-12 devstack@placement-api.service[116833]: [pid: 116833|app: 0|req: 298/597] 10.222.0.45 () {60 vars in 1355 bytes} [Wed Jul 20 13:03:55 2022] DELETE /placement/allocations/59bc63b8-40ac-4a31-b985-57672ed365b4 => generated 0 bytes in 67 msecs (HTTP/1.1 204) 5 headers in 198 bytes (1 switches on core 0)
Jul 20 13:03:58.865805 n-d-846187-12 devstack@placement-api.service[116832]: DEBUG placement.requestlog [None req-cd06aa55-0334-4cbc-9ea1-9051dc18fbc9 None None] Starting request: 10.222.0.25 "GET /placement/resource_providers/f2ecdcd5-454c-41a8-85b4-8dab02df3c68/aggregates" {{(pid=116832) __call__ /opt/stack/placement/placement/requestlog.py:55}}
Jul 20 13:03:58.878434 n-d-846187-12 devstack@placement-api.service[116832]: INFO placement.requestlog [None req-cd06aa55-0334-4cbc-9ea1-9051dc18fbc9 service placement] 10.222.0.25 "GET /placement/resource_providers/f2ecdcd5-454c-41a8-85b4-8dab02df3c68/aggregates" status: 404 len: 235 microversion: 1.1
Jul 20 13:03:58.879591 n-d-846187-12 devstack@placement-api.service[116832]: [pid: 116832|app: 0|req: 300/598] 10.222.0.25 () {58 vars in 1362 bytes} [Wed Jul 20 13:03:58 2022] GET /placement/resource_providers/f2ecdcd5-454c-41a8-85b4-8dab02df3c68/aggregates => generated 235 bytes in 14 msecs (HTTP/1.1 404) 5 headers in 202 bytes (1 switches on core 0)
Jul 20 13:03:58.889418 n-d-846187-12 devstack@placement-api.service[116833]: DEBUG placement.requestlog [None req-822cdd05-6e18-4642-b0dc-3316af9db236 None None] Starting request: 10.222.0.25 "DELETE /placement/resource_providers/f2ecdcd5-454c-41a8-85b4-8dab02df3c68" {{(pid=116833) __call__ /opt/stack/placement/placement/requestlog.py:55}}
Jul 20 13:03:58.924548 n-d-846187-12 devstack@placement-api.service[116833]: DEBUG placement.wsgi_wrapper [None req-822cdd05-6e18-4642-b0dc-3316af9db236 service placement] Placement API returning an error response: No resource provider with uuid f2ecdcd5-454c-41a8-85b4-8dab02df3c68 found for delete {{(pid=116833) call_func /opt/stack/placement/placement/wsgi_wrapper.py:31}}
Jul 20 13:03:58.925922 n-d-846187-12 devstack@placement-api.service[116833]: INFO placement.requestlog [None req-822cdd05-6e18-4642-b0dc-3316af9db236 service placement] 10.222.0.25 "DELETE /placement/resource_providers/f2ecdcd5-454c-41a8-85b4-8dab02df3c68" status: 404 len: 246 microversion: 1.1
Jul 20 13:03:58.926897 n-d-846187-12 devstack@placement-api.service[116833]: [pid: 116833|app: 0|req: 299/599] 10.222.0.25 () {60 vars in 1351 bytes} [Wed Jul 20 13:03:58 2022] DELETE /placement/resource_providers/f2ecdcd5-454c-41a8-85b4-8dab02df3c68 => generated 246 bytes in 38 msecs (HTTP/1.1 404) 6 headers in 231 bytes (1 switches on core 0)
Jul 20 13:04:01.784211 n-d-846187-12 devstack@placement-api.service[116832]: DEBUG placement.requestlog [req-bc468005-a9cb-4b56-959e-38d03d1f775d req-fb32de11-da61-4353-8edc-40011d98e072 None None] Starting request: 10.222.0.45 "GET /placement/resource_providers/f02cc363-b9bf-47dc-b0e7-cc3ae2752c95/allocations" {{(pid=116832) __call__ /opt/stack/placement/placement/requestlog.py:55}}
Jul 20 13:04:01.842982 n-d-846187-12 devstack@placement-api.service[116832]: INFO placement.requestlog [req-bc468005-a9cb-4b56-959e-38d03d1f775d req-fb32de11-da61-4353-8edc-40011d98e072 service placement] 10.222.0.45 "GET /placement/resource_providers/f02cc363-b9bf-47dc-b0e7-cc3ae2752c95/allocations" status: 200 len: 154 microversion: 1.0
Jul 20 13:04:01.845849 n-d-846187-12 devstack@placement-api.service[116832]: [pid: 116832|app: 0|req: 301/600] 10.222.0.45 () {58 vars in 1390 bytes} [Wed Jul 20 13:04:01 2022] GET /placement/resource_providers/f02cc363-b9bf-47dc-b0e7-cc3ae2752c95/allocations => generated 154 bytes in 62 msecs (HTTP/1.1 200) 6 headers in 224 bytes (1 switches on core 0)
Jul 20 13:04:03.705936 n-d-846187-12 devstack@placement-api.service[116833]: DEBUG placement.requestlog [req-a10250ed-782d-4967-92e9-a9cf3a87fee6 req-ddc88707-549f-4d03-a321-c318dadfcb62 None None] Starting request: 10.222.0.43 "GET /placement/resource_providers/1a28b7df-d75c-40c1-9cbe-2d4a59da8f5a/allocations" {{(pid=116833) __call__ /opt/stack/placement/placement/requestlog.py:55}}
Jul 20 13:04:03.713000 n-d-846187-12 devstack@placement-api.service[116833]: DEBUG dbcounter [-] [116833] Writing DB stats placement:SELECT=67,placement:INSERT=6,placement:DELETE=10,placement:UPDATE=2 {{(pid=116833) stat_writer /usr/local/lib/python3.8/dist-packages/dbcounter.py:114}}
Jul 20 13:04:03.742601 n-d-846187-12 devstack@placement-api.service[116833]: INFO placement.requestlog [req-a10250ed-782d-4967-92e9-a9cf3a87fee6 req-ddc88707-549f-4d03-a321-c318dadfcb62 service placement] 10.222.0.43 "GET /placement/resource_providers/1a28b7df-d75c-40c1-9cbe-2d4a59da8f5a/allocations" status: 200 len: 356 microversion: 1.0
Jul 20 13:04:03.743331 n-d-846187-12 devstack@placement-api.service[116833]: [pid: 116833|app: 0|req: 300/601] 10.222.0.43 () {58 vars in 1390 bytes} [Wed Jul 20 13:04:03 2022] GET /placement/resource_providers/1a28b7df-d75c-40c1-9cbe-2d4a59da8f5a/allocations => generated 356 bytes in 38 msecs (HTTP/1.1 200) 6 headers in 224 bytes (1 switches on core 0)
Jul 20 13:04:04.850534 n-d-846187-12 devstack@placement-api.service[116832]: DEBUG placement.requestlog [req-5d0ef0e2-f6df-42da-a83e-3ad99bc03110 req-dd75c822-dbfd-49db-8a1d-d4045f3475b9 None None] Starting request: 10.222.0.43 "DELETE /placement/allocations/d9311ef5-9785-4158-9b3d-1d7f6863c470" {{(pid=116832) __call__ /opt/stack/placement/placement/requestlog.py:55}}
Jul 20 13:04:04.889636 n-d-846187-12 devstack@placement-api.service[116832]: DEBUG placement.handlers.allocation [req-5d0ef0e2-f6df-42da-a83e-3ad99bc03110 req-dd75c822-dbfd-49db-8a1d-d4045f3475b9 service placement] Successfully deleted allocations [, , ] {{(pid=116832) delete_allocations /opt/stack/placement/placement/handlers/allocation.py:627}}
Jul 20 13:04:04.890466 n-d-846187-12 devstack@placement-api.service[116832]: INFO placement.requestlog [req-5d0ef0e2-f6df-42da-a83e-3ad99bc03110 req-dd75c822-dbfd-49db-8a1d-d4045f3475b9 service placement] 10.222.0.43 "DELETE /placement/allocations/d9311ef5-9785-4158-9b3d-1d7f6863c470" status: 204 len: 0 microversion: 1.0
Jul 20 13:04:04.891270 n-d-846187-12 devstack@placement-api.service[116832]: [pid: 116832|app: 0|req: 302/602] 10.222.0.43 () {60 vars in 1355 bytes} [Wed Jul 20 13:04:04 2022] DELETE /placement/allocations/d9311ef5-9785-4158-9b3d-1d7f6863c470 => generated 0 bytes in 41 msecs (HTTP/1.1 204) 5 headers in 198 bytes (1 switches on core 0)
Jul 20 13:04:06.878957 n-d-846187-12 devstack@placement-api.service[116833]: DEBUG placement.requestlog [req-c13f76a0-af93-47c9-ab93-a6a886f22eef req-77913c70-1ab8-438a-b1ac-968eaa19f116 None None] Starting request: 10.222.0.25 "GET /placement/allocation_candidates?limit=1000&resources=DISK_GB%3A1%2CMEMORY_MB%3A1024%2CVCPU%3A1&root_required=%21COMPUTE_STATUS_DISABLED" {{(pid=116833) __call__ /opt/stack/placement/placement/requestlog.py:55}}
Jul 20 13:04:06.958473 n-d-846187-12 devstack@placement-api.service[116833]: DEBUG placement.objects.research_context [req-c13f76a0-af93-47c9-ab93-a6a886f22eef req-77913c70-1ab8-438a-b1ac-968eaa19f116 service placement] getting providers with 1 DISK_GB {{(pid=116833) __init__ /opt/stack/placement/placement/objects/research_context.py:136}}
Jul 20 13:04:06.971890 n-d-846187-12 devstack@placement-api.service[116833]: DEBUG placement.objects.research_context [req-c13f76a0-af93-47c9-ab93-a6a886f22eef req-77913c70-1ab8-438a-b1ac-968eaa19f116 service placement] getting providers with 1024 MEMORY_MB {{(pid=116833) __init__ /opt/stack/placement/placement/objects/research_context.py:136}}
Jul 20 13:04:06.984494 n-d-846187-12 devstack@placement-api.service[116833]: DEBUG placement.objects.research_context [req-c13f76a0-af93-47c9-ab93-a6a886f22eef req-77913c70-1ab8-438a-b1ac-968eaa19f116 service placement] getting providers with 1 VCPU {{(pid=116833) __init__ /opt/stack/placement/placement/objects/research_context.py:136}}
Jul 20 13:04:06.990690 n-d-846187-12 devstack@placement-api.service[116833]: DEBUG placement.objects.research_context [req-c13f76a0-af93-47c9-ab93-a6a886f22eef req-77913c70-1ab8-438a-b1ac-968eaa19f116 service placement] found 2 providers with available 1 DISK_GB {{(pid=116833) get_provider_ids_matching /opt/stack/placement/placement/objects/research_context.py:563}}
Jul 20 13:04:06.991108 n-d-846187-12 devstack@placement-api.service[116833]: DEBUG placement.objects.research_context [req-c13f76a0-af93-47c9-ab93-a6a886f22eef req-77913c70-1ab8-438a-b1ac-968eaa19f116 service placement] found 2 providers with available 1024 MEMORY_MB {{(pid=116833) get_provider_ids_matching /opt/stack/placement/placement/objects/research_context.py:563}}
Jul 20 13:04:06.991646 n-d-846187-12 devstack@placement-api.service[116833]: DEBUG placement.objects.research_context [req-c13f76a0-af93-47c9-ab93-a6a886f22eef req-77913c70-1ab8-438a-b1ac-968eaa19f116 service placement] found 2 providers after filtering by previous result {{(pid=116833) get_provider_ids_matching /opt/stack/placement/placement/objects/research_context.py:594}}
Jul 20 13:04:06.992120 n-d-846187-12 devstack@placement-api.service[116833]: DEBUG placement.objects.research_context [req-c13f76a0-af93-47c9-ab93-a6a886f22eef req-77913c70-1ab8-438a-b1ac-968eaa19f116 service placement] found 2 providers with available 1 VCPU {{(pid=116833) get_provider_ids_matching /opt/stack/placement/placement/objects/research_context.py:563}}
Jul 20 13:04:06.992595 n-d-846187-12 devstack@placement-api.service[116833]: DEBUG placement.objects.research_context [req-c13f76a0-af93-47c9-ab93-a6a886f22eef req-77913c70-1ab8-438a-b1ac-968eaa19f116 service placement] found 2 providers after filtering by previous result {{(pid=116833) get_provider_ids_matching /opt/stack/placement/placement/objects/research_context.py:594}}
Jul 20 13:04:07.006620 n-d-846187-12 devstack@placement-api.service[116833]: DEBUG placement.objects.allocation_candidate [req-c13f76a0-af93-47c9-ab93-a6a886f22eef req-77913c70-1ab8-438a-b1ac-968eaa19f116 service placement] RequestGroup(use_same_provider=False, resources={DISK_GB:1, MEMORY_MB:1024, VCPU:1}, traits=(), aggregates=[]) (suffix '') returned 2 matches {{(pid=116833) _get_by_requests /opt/stack/placement/placement/objects/allocation_candidate.py:156}}
Jul 20 13:04:07.007302 n-d-846187-12 devstack@placement-api.service[116833]: DEBUG placement.objects.allocation_candidate [req-c13f76a0-af93-47c9-ab93-a6a886f22eef req-77913c70-1ab8-438a-b1ac-968eaa19f116 service placement] Merging candidates yields 2 allocation requests and 2 provider summaries {{(pid=116833) _merge_candidates /opt/stack/placement/placement/objects/allocation_candidate.py:809}}
Jul 20 13:04:07.009322 n-d-846187-12 devstack@placement-api.service[116833]: INFO placement.requestlog [req-c13f76a0-af93-47c9-ab93-a6a886f22eef req-77913c70-1ab8-438a-b1ac-968eaa19f116 service placement] 10.222.0.25 "GET /placement/allocation_candidates?limit=1000&resources=DISK_GB%3A1%2CMEMORY_MB%3A1024%2CVCPU%3A1&root_required=%21COMPUTE_STATUS_DISABLED" status: 200 len: 1309 microversion: 1.36
Jul 20 13:04:07.014829 n-d-846187-12 devstack@placement-api.service[116833]: [pid: 116833|app: 0|req: 301/603] 10.222.0.25 () {60 vars in 1506 bytes} [Wed Jul 20 13:04:06 2022] GET /placement/allocation_candidates?limit=1000&resources=DISK_GB%3A1%2CMEMORY_MB%3A1024%2CVCPU%3A1&root_required=%21COMPUTE_STATUS_DISABLED => generated 1309 bytes in 142 msecs (HTTP/1.1 200) 8 headers in 297 bytes (1 switches on core 0)
Jul 20 13:04:07.096612 n-d-846187-12 devstack@placement-api.service[116832]: DEBUG placement.requestlog [req-c13f76a0-af93-47c9-ab93-a6a886f22eef req-d976a1f4-4552-4f62-90ab-5db4125438dd None None] Starting request: 10.222.0.25 "GET /placement/allocations/e06afaca-706b-4d79-8068-51162ebd9864" {{(pid=116832) __call__ /opt/stack/placement/placement/requestlog.py:55}}
Jul 20 13:04:07.119560 n-d-846187-12 devstack@placement-api.service[116832]: INFO placement.requestlog [req-c13f76a0-af93-47c9-ab93-a6a886f22eef req-d976a1f4-4552-4f62-90ab-5db4125438dd service placement] 10.222.0.25 "GET /placement/allocations/e06afaca-706b-4d79-8068-51162ebd9864" status: 200 len: 19 microversion: 1.28
Jul 20 13:04:07.122798 n-d-846187-12 devstack@placement-api.service[116832]: [pid: 116832|app: 0|req: 303/604] 10.222.0.25 () {60 vars in 1380 bytes} [Wed Jul 20 13:04:07 2022] GET /placement/allocations/e06afaca-706b-4d79-8068-51162ebd9864 => generated 19 bytes in 26 msecs (HTTP/1.1 200) 8 headers in 295 bytes (1 switches on core 0)
Jul 20 13:04:07.128943 n-d-846187-12 devstack@placement-api.service[116833]: DEBUG placement.requestlog [req-c13f76a0-af93-47c9-ab93-a6a886f22eef req-94bc0727-e970-45b7-8629-5c5919053b8f None None] Starting request: 10.222.0.25 "PUT /placement/allocations/e06afaca-706b-4d79-8068-51162ebd9864" {{(pid=116833) __call__ /opt/stack/placement/placement/requestlog.py:55}}
Jul 20 13:04:07.232892 n-d-846187-12 devstack@placement-api.service[116833]: DEBUG placement.handlers.allocation [req-c13f76a0-af93-47c9-ab93-a6a886f22eef req-94bc0727-e970-45b7-8629-5c5919053b8f service placement] Successfully wrote allocations [, , ] {{(pid=116833) _update_consumers_and_create_allocations /opt/stack/placement/placement/handlers/allocation.py:462}}
Jul 20 13:04:07.237240 n-d-846187-12 devstack@placement-api.service[116833]: INFO placement.requestlog [req-c13f76a0-af93-47c9-ab93-a6a886f22eef req-94bc0727-e970-45b7-8629-5c5919053b8f service placement] 10.222.0.25 "PUT /placement/allocations/e06afaca-706b-4d79-8068-51162ebd9864" status: 204 len: 0 microversion: 1.36
Jul 20 13:04:07.245093 n-d-846187-12 devstack@placement-api.service[116833]: [pid: 116833|app: 0|req: 302/605] 10.222.0.25 () {64 vars in 1433 bytes} [Wed Jul 20 13:04:07 2022] PUT /placement/allocations/e06afaca-706b-4d79-8068-51162ebd9864 => generated 0 bytes in 109 msecs (HTTP/1.1 204) 5 headers in 199 bytes (1 switches on core 0)
Jul 20 13:04:07.766331 n-d-846187-12 devstack@placement-api.service[116832]: DEBUG placement.requestlog [req-c13f76a0-af93-47c9-ab93-a6a886f22eef req-8efa65a1-eea6-48df-ac60-7eecaa04de80 None None] Starting request: 10.222.0.43 "GET /placement/allocations/e06afaca-706b-4d79-8068-51162ebd9864" {{(pid=116832) __call__ /opt/stack/placement/placement/requestlog.py:55}}
Jul 20 13:04:07.798011 n-d-846187-12 devstack@placement-api.service[116832]: INFO placement.requestlog [req-c13f76a0-af93-47c9-ab93-a6a886f22eef req-8efa65a1-eea6-48df-ac60-7eecaa04de80 service placement] 10.222.0.43 "GET /placement/allocations/e06afaca-706b-4d79-8068-51162ebd9864" status: 200 len: 259 microversion: 1.28
Jul 20 13:04:07.798895 n-d-846187-12 devstack@placement-api.service[116832]: [pid: 116832|app: 0|req: 304/606] 10.222.0.43 () {60 vars in 1377 bytes} [Wed Jul 20 13:04:07 2022] GET /placement/allocations/e06afaca-706b-4d79-8068-51162ebd9864 => generated 259 bytes in 33 msecs (HTTP/1.1 200) 8 headers in 296 bytes (1 switches on core 0)
Jul 20 13:04:10.386398 n-d-846187-12 devstack@placement-api.service[116833]: DEBUG placement.requestlog [None req-83fe8b29-8113-4119-9bc3-2b69cf3682a2 None None] Starting request: 10.222.0.25 "GET /placement/resource_providers/6d12bd0b-7d4c-41bc-a6d6-bc7ea46462d5/aggregates" {{(pid=116833) __call__ /opt/stack/placement/placement/requestlog.py:55}}
Jul 20 13:04:10.404105 n-d-846187-12 devstack@placement-api.service[116833]: INFO placement.requestlog [None req-83fe8b29-8113-4119-9bc3-2b69cf3682a2 service placement] 10.222.0.25 "GET /placement/resource_providers/6d12bd0b-7d4c-41bc-a6d6-bc7ea46462d5/aggregates" status: 404 len: 235 microversion: 1.1
Jul 20 13:04:10.404542 n-d-846187-12 devstack@placement-api.service[116833]: [pid: 116833|app: 0|req: 303/607] 10.222.0.25 () {58 vars in 1362 bytes} [Wed Jul 20 13:04:10 2022] GET /placement/resource_providers/6d12bd0b-7d4c-41bc-a6d6-bc7ea46462d5/aggregates => generated 235 bytes in 19 msecs (HTTP/1.1 404) 5 headers in 202 bytes (1 switches on core 0)
Jul 20 13:04:10.423996 n-d-846187-12 devstack@placement-api.service[116832]: DEBUG placement.requestlog [None req-943a6a7d-91b0-41c4-b779-bf8a56874832 None None] Starting request: 10.222.0.25 "DELETE /placement/resource_providers/6d12bd0b-7d4c-41bc-a6d6-bc7ea46462d5" {{(pid=116832) __call__ /opt/stack/placement/placement/requestlog.py:55}}
Jul 20 13:04:10.436184 n-d-846187-12 devstack@placement-api.service[116832]: DEBUG placement.wsgi_wrapper [None req-943a6a7d-91b0-41c4-b779-bf8a56874832 service placement] Placement API returning an error response: No resource provider with uuid 6d12bd0b-7d4c-41bc-a6d6-bc7ea46462d5 found for delete {{(pid=116832) call_func /opt/stack/placement/placement/wsgi_wrapper.py:31}}
Jul 20 13:04:10.437230 n-d-846187-12 devstack@placement-api.service[116832]: INFO placement.requestlog [None req-943a6a7d-91b0-41c4-b779-bf8a56874832 service placement] 10.222.0.25 "DELETE /placement/resource_providers/6d12bd0b-7d4c-41bc-a6d6-bc7ea46462d5" status: 404 len: 246 microversion: 1.1
Jul 20 13:04:10.437768 n-d-846187-12 devstack@placement-api.service[116832]: [pid: 116832|app: 0|req: 305/608] 10.222.0.25 () {60 vars in 1351 bytes} [Wed Jul 20 13:04:10 2022] DELETE /placement/resource_providers/6d12bd0b-7d4c-41bc-a6d6-bc7ea46462d5 => generated 246 bytes in 15 msecs (HTTP/1.1 404) 6 headers in 231 bytes (1 switches on core 0)
Jul 20 13:04:20.399376 n-d-846187-12 devstack@placement-api.service[116833]: DEBUG dbcounter [-] [116833] Writing DB stats placement:SELECT=32,placement:INSERT=4,placement:DELETE=2,placement:UPDATE=2 {{(pid=116833) stat_writer /usr/local/lib/python3.8/dist-packages/dbcounter.py:114}}
Jul 20 13:04:20.435124 n-d-846187-12 devstack@placement-api.service[116832]: DEBUG dbcounter [-] [116832] Writing DB stats placement:SELECT=24,placement:DELETE=2 {{(pid=116832) stat_writer /usr/local/lib/python3.8/dist-packages/dbcounter.py:114}}
Jul 20 13:04:25.193859 n-d-846187-12 devstack@placement-api.service[116833]: DEBUG placement.requestlog [None req-5d4dc00a-b8e8-48a4-99bd-91eca9b48991 None None] Starting request: 10.222.0.25 "GET /placement/resource_providers/d22307c1-316d-4600-8657-cb67a5bdeb23/aggregates" {{(pid=116833) __call__ /opt/stack/placement/placement/requestlog.py:55}}
Jul 20 13:04:25.224119 n-d-846187-12 devstack@placement-api.service[116833]: INFO placement.requestlog [None req-5d4dc00a-b8e8-48a4-99bd-91eca9b48991 service placement] 10.222.0.25 "GET /placement/resource_providers/d22307c1-316d-4600-8657-cb67a5bdeb23/aggregates" status: 404 len: 235 microversion: 1.1
Jul 20 13:04:25.227738 n-d-846187-12 devstack@placement-api.service[116833]: [pid: 116833|app: 0|req: 304/609] 10.222.0.25 () {58 vars in 1362 bytes} [Wed Jul 20 13:04:25 2022] GET /placement/resource_providers/d22307c1-316d-4600-8657-cb67a5bdeb23/aggregates => generated 235 bytes in 34 msecs (HTTP/1.1 404) 5 headers in 202 bytes (1 switches on core 0)
Jul 20 13:04:25.281863 n-d-846187-12 devstack@placement-api.service[116832]: DEBUG placement.requestlog [None req-4d462a97-1347-423d-87be-234bc56da0a3 None None] Starting request: 10.222.0.25 "DELETE /placement/resource_providers/d22307c1-316d-4600-8657-cb67a5bdeb23" {{(pid=116832) __call__ /opt/stack/placement/placement/requestlog.py:55}}
Jul 20 13:04:25.292330 n-d-846187-12 devstack@placement-api.service[116832]: DEBUG placement.wsgi_wrapper [None req-4d462a97-1347-423d-87be-234bc56da0a3 service placement] Placement API returning an error response: No resource provider with uuid d22307c1-316d-4600-8657-cb67a5bdeb23 found for delete {{(pid=116832) call_func /opt/stack/placement/placement/wsgi_wrapper.py:31}}
Jul 20 13:04:25.294363 n-d-846187-12 devstack@placement-api.service[116832]: INFO placement.requestlog [None req-4d462a97-1347-423d-87be-234bc56da0a3 service placement] 10.222.0.25 "DELETE /placement/resource_providers/d22307c1-316d-4600-8657-cb67a5bdeb23" status: 404 len: 246 microversion: 1.1
Jul 20 13:04:25.299179 n-d-846187-12 devstack@placement-api.service[116832]: [pid: 116832|app: 0|req: 306/610] 10.222.0.25 () {60 vars in 1351 bytes} [Wed Jul 20 13:04:25 2022] DELETE /placement/resource_providers/d22307c1-316d-4600-8657-cb67a5bdeb23 => generated 246 bytes in 18 msecs (HTTP/1.1 404) 6 headers in 231 bytes (1 switches on core 0)
Jul 20 13:04:28.420566 n-d-846187-12 devstack@placement-api.service[116833]: DEBUG placement.requestlog [req-0e55d4fc-0ea8-48c9-b04c-0f9cb3f3519b req-034166de-27f5-430f-b92c-ccddcf9a7887 None None] Starting request: 10.222.0.45 "DELETE /placement/allocations/2c935f2e-df19-4aeb-9ac9-a39e72bcfce8" {{(pid=116833) __call__ /opt/stack/placement/placement/requestlog.py:55}}
Jul 20 13:04:28.489285 n-d-846187-12 devstack@placement-api.service[116833]: DEBUG placement.handlers.allocation [req-0e55d4fc-0ea8-48c9-b04c-0f9cb3f3519b req-034166de-27f5-430f-b92c-ccddcf9a7887 service placement] Successfully deleted allocations [, , ] {{(pid=116833) delete_allocations /opt/stack/placement/placement/handlers/allocation.py:627}}
Jul 20 13:04:28.489781 n-d-846187-12 devstack@placement-api.service[116833]: INFO placement.requestlog [req-0e55d4fc-0ea8-48c9-b04c-0f9cb3f3519b req-034166de-27f5-430f-b92c-ccddcf9a7887 service placement] 10.222.0.45 "DELETE /placement/allocations/2c935f2e-df19-4aeb-9ac9-a39e72bcfce8" status: 204 len: 0 microversion: 1.0
Jul 20 13:04:28.490629 n-d-846187-12 devstack@placement-api.service[116833]: [pid: 116833|app: 0|req: 305/611] 10.222.0.45 () {60 vars in 1355 bytes} [Wed Jul 20 13:04:28 2022] DELETE /placement/allocations/2c935f2e-df19-4aeb-9ac9-a39e72bcfce8 => generated 0 bytes in 75 msecs (HTTP/1.1 204) 5 headers in 198 bytes (1 switches on core 0)
Jul 20 13:04:29.425962 n-d-846187-12 devstack@placement-api.service[116832]: DEBUG placement.requestlog [None req-12e91d95-f9b1-4ded-aa7b-e08bdb2f0148 None None] Starting request: 10.222.0.25 "GET /placement/resource_providers/28f3ac27-0609-42fe-924c-55376e5a2dd4/aggregates" {{(pid=116832) __call__ /opt/stack/placement/placement/requestlog.py:55}}
Jul 20 13:04:29.458011 n-d-846187-12 devstack@placement-api.service[116832]: INFO placement.requestlog [None req-12e91d95-f9b1-4ded-aa7b-e08bdb2f0148 service placement] 10.222.0.25 "GET /placement/resource_providers/28f3ac27-0609-42fe-924c-55376e5a2dd4/aggregates" status: 404 len: 235 microversion: 1.1
Jul 20 13:04:29.458364 n-d-846187-12 devstack@placement-api.service[116832]: [pid: 116832|app: 0|req: 307/612] 10.222.0.25 () {58 vars in 1362 bytes} [Wed Jul 20 13:04:29 2022] GET /placement/resource_providers/28f3ac27-0609-42fe-924c-55376e5a2dd4/aggregates => generated 235 bytes in 33 msecs (HTTP/1.1 404) 5 headers in 202 bytes (1 switches on core 0)
Jul 20 13:04:29.940526 n-d-846187-12 devstack@placement-api.service[116833]: DEBUG placement.requestlog [None req-b035a28d-b9a1-4dfb-bc84-d6dfeb601f96 None None] Starting request: 10.222.0.25 "DELETE /placement/resource_providers/28f3ac27-0609-42fe-924c-55376e5a2dd4" {{(pid=116833) __call__ /opt/stack/placement/placement/requestlog.py:55}}
Jul 20 13:04:29.967436 n-d-846187-12 devstack@placement-api.service[116833]: DEBUG placement.wsgi_wrapper [None req-b035a28d-b9a1-4dfb-bc84-d6dfeb601f96 service placement] Placement API returning an error response: No resource provider with uuid 28f3ac27-0609-42fe-924c-55376e5a2dd4 found for delete {{(pid=116833) call_func /opt/stack/placement/placement/wsgi_wrapper.py:31}}
Jul 20 13:04:29.968275 n-d-846187-12 devstack@placement-api.service[116833]: INFO placement.requestlog [None req-b035a28d-b9a1-4dfb-bc84-d6dfeb601f96 service placement] 10.222.0.25 "DELETE /placement/resource_providers/28f3ac27-0609-42fe-924c-55376e5a2dd4" status: 404 len: 246 microversion: 1.1
Jul 20 13:04:29.968638 n-d-846187-12 devstack@placement-api.service[116833]: [pid: 116833|app: 0|req: 306/613] 10.222.0.25 () {60 vars in 1351 bytes} [Wed Jul 20 13:04:29 2022] DELETE /placement/resource_providers/28f3ac27-0609-42fe-924c-55376e5a2dd4 => generated 246 bytes in 28 msecs (HTTP/1.1 404) 6 headers in 231 bytes (1 switches on core 0)
Jul 20 13:04:30.458892 n-d-846187-12 devstack@placement-api.service[116832]: DEBUG placement.requestlog [req-f7f6c96a-0fc4-46ef-91a1-06bea23ef59f req-eeeebb53-d1c7-4bf5-971f-6d073a32c29d None None] Starting request: 10.222.0.25 "GET /placement/allocation_candidates?limit=1000&resources=DISK_GB%3A1%2CMEMORY_MB%3A1024%2CVCPU%3A1&root_required=%21COMPUTE_STATUS_DISABLED" {{(pid=116832) __call__ /opt/stack/placement/placement/requestlog.py:55}}
Jul 20 13:04:30.559664 n-d-846187-12 devstack@placement-api.service[116832]: DEBUG placement.objects.research_context [req-f7f6c96a-0fc4-46ef-91a1-06bea23ef59f req-eeeebb53-d1c7-4bf5-971f-6d073a32c29d service placement] getting providers with 1 DISK_GB {{(pid=116832) __init__ /opt/stack/placement/placement/objects/research_context.py:136}}
Jul 20 13:04:30.569291 n-d-846187-12 devstack@placement-api.service[116832]: DEBUG placement.objects.research_context [req-f7f6c96a-0fc4-46ef-91a1-06bea23ef59f req-eeeebb53-d1c7-4bf5-971f-6d073a32c29d service placement] getting providers with 1024 MEMORY_MB {{(pid=116832) __init__ /opt/stack/placement/placement/objects/research_context.py:136}}
Jul 20 13:04:30.578152 n-d-846187-12 devstack@placement-api.service[116832]: DEBUG placement.objects.research_context [req-f7f6c96a-0fc4-46ef-91a1-06bea23ef59f req-eeeebb53-d1c7-4bf5-971f-6d073a32c29d service placement] getting providers with 1 VCPU {{(pid=116832) __init__ /opt/stack/placement/placement/objects/research_context.py:136}}
Jul 20 13:04:30.586690 n-d-846187-12 devstack@placement-api.service[116832]: DEBUG placement.objects.research_context [req-f7f6c96a-0fc4-46ef-91a1-06bea23ef59f req-eeeebb53-d1c7-4bf5-971f-6d073a32c29d service placement] found 2 providers with available 1 DISK_GB {{(pid=116832) get_provider_ids_matching /opt/stack/placement/placement/objects/research_context.py:563}}
Jul 20 13:04:30.587808 n-d-846187-12 devstack@placement-api.service[116832]: DEBUG placement.objects.research_context [req-f7f6c96a-0fc4-46ef-91a1-06bea23ef59f req-eeeebb53-d1c7-4bf5-971f-6d073a32c29d service placement] found 2 providers with available 1024 MEMORY_MB {{(pid=116832) get_provider_ids_matching /opt/stack/placement/placement/objects/research_context.py:563}}
Jul 20 13:04:30.588341 n-d-846187-12 devstack@placement-api.service[116832]: DEBUG placement.objects.research_context [req-f7f6c96a-0fc4-46ef-91a1-06bea23ef59f req-eeeebb53-d1c7-4bf5-971f-6d073a32c29d service placement] found 2 providers after filtering by previous result {{(pid=116832) get_provider_ids_matching /opt/stack/placement/placement/objects/research_context.py:594}}
Jul 20 13:04:30.588836 n-d-846187-12 devstack@placement-api.service[116832]: DEBUG placement.objects.research_context [req-f7f6c96a-0fc4-46ef-91a1-06bea23ef59f req-eeeebb53-d1c7-4bf5-971f-6d073a32c29d service placement] found 2 providers with available 1 VCPU {{(pid=116832) get_provider_ids_matching /opt/stack/placement/placement/objects/research_context.py:563}}
Jul 20 13:04:30.589334 n-d-846187-12 devstack@placement-api.service[116832]: DEBUG placement.objects.research_context [req-f7f6c96a-0fc4-46ef-91a1-06bea23ef59f req-eeeebb53-d1c7-4bf5-971f-6d073a32c29d service placement] found 2 providers after filtering by previous result {{(pid=116832) get_provider_ids_matching /opt/stack/placement/placement/objects/research_context.py:594}}
Jul 20 13:04:30.604223 n-d-846187-12 devstack@placement-api.service[116832]: DEBUG placement.objects.allocation_candidate [req-f7f6c96a-0fc4-46ef-91a1-06bea23ef59f req-eeeebb53-d1c7-4bf5-971f-6d073a32c29d service placement] RequestGroup(use_same_provider=False, resources={DISK_GB:1, MEMORY_MB:1024, VCPU:1}, traits=(), aggregates=[]) (suffix '') returned 2 matches {{(pid=116832) _get_by_requests /opt/stack/placement/placement/objects/allocation_candidate.py:156}}
Jul 20 13:04:30.604969 n-d-846187-12 devstack@placement-api.service[116832]: DEBUG placement.objects.allocation_candidate [req-f7f6c96a-0fc4-46ef-91a1-06bea23ef59f req-eeeebb53-d1c7-4bf5-971f-6d073a32c29d service placement] Merging candidates yields 2 allocation requests and 2 provider summaries {{(pid=116832) _merge_candidates /opt/stack/placement/placement/objects/allocation_candidate.py:809}}
Jul 20 13:04:30.607062 n-d-846187-12 devstack@placement-api.service[116832]: INFO placement.requestlog [req-f7f6c96a-0fc4-46ef-91a1-06bea23ef59f req-eeeebb53-d1c7-4bf5-971f-6d073a32c29d service placement] 10.222.0.25 "GET /placement/allocation_candidates?limit=1000&resources=DISK_GB%3A1%2CMEMORY_MB%3A1024%2CVCPU%3A1&root_required=%21COMPUTE_STATUS_DISABLED" status: 200 len: 1306 microversion: 1.36
Jul 20 13:04:30.612969 n-d-846187-12 devstack@placement-api.service[116832]: [pid: 116832|app: 0|req: 308/614] 10.222.0.25 () {60 vars in 1506 bytes} [Wed Jul 20 13:04:30 2022] GET /placement/allocation_candidates?limit=1000&resources=DISK_GB%3A1%2CMEMORY_MB%3A1024%2CVCPU%3A1&root_required=%21COMPUTE_STATUS_DISABLED => generated 1306 bytes in 154 msecs (HTTP/1.1 200) 8 headers in 297 bytes (1 switches on core 0)
Jul 20 13:04:30.720156 n-d-846187-12 devstack@placement-api.service[116833]: DEBUG placement.requestlog [req-f7f6c96a-0fc4-46ef-91a1-06bea23ef59f req-d297d6fb-a607-4122-b0a0-6050b374d0a8 None None] Starting request: 10.222.0.25 "GET /placement/allocations/f134fc95-f867-47fc-8db6-b161b03336df" {{(pid=116833) __call__ /opt/stack/placement/placement/requestlog.py:55}}
Jul 20 13:04:30.735618 n-d-846187-12 devstack@placement-api.service[116833]: INFO placement.requestlog [req-f7f6c96a-0fc4-46ef-91a1-06bea23ef59f req-d297d6fb-a607-4122-b0a0-6050b374d0a8 service placement] 10.222.0.25 "GET /placement/allocations/f134fc95-f867-47fc-8db6-b161b03336df" status: 200 len: 19 microversion: 1.28
Jul 20 13:04:30.742076 n-d-846187-12 devstack@placement-api.service[116833]: [pid: 116833|app: 0|req: 307/615] 10.222.0.25 () {60 vars in 1380 bytes} [Wed Jul 20 13:04:30 2022] GET /placement/allocations/f134fc95-f867-47fc-8db6-b161b03336df => generated 19 bytes in 22 msecs (HTTP/1.1 200) 8 headers in 295 bytes (1 switches on core 0)
Jul 20 13:04:30.745690 n-d-846187-12 devstack@placement-api.service[116832]: DEBUG placement.requestlog [req-f7f6c96a-0fc4-46ef-91a1-06bea23ef59f req-aba010b1-c3e5-48fe-b53e-97e0915dc0e6 None None] Starting request: 10.222.0.25 "PUT /placement/allocations/f134fc95-f867-47fc-8db6-b161b03336df" {{(pid=116832) __call__ /opt/stack/placement/placement/requestlog.py:55}}
Jul 20 13:04:30.847140 n-d-846187-12 devstack@placement-api.service[116832]: DEBUG placement.handlers.allocation [req-f7f6c96a-0fc4-46ef-91a1-06bea23ef59f req-aba010b1-c3e5-48fe-b53e-97e0915dc0e6 service placement] Successfully wrote allocations [, , ] {{(pid=116832) _update_consumers_and_create_allocations /opt/stack/placement/placement/handlers/allocation.py:462}}
Jul 20 13:04:30.857868 n-d-846187-12 devstack@placement-api.service[116832]: INFO placement.requestlog [req-f7f6c96a-0fc4-46ef-91a1-06bea23ef59f req-aba010b1-c3e5-48fe-b53e-97e0915dc0e6 service placement] 10.222.0.25 "PUT /placement/allocations/f134fc95-f867-47fc-8db6-b161b03336df" status: 204 len: 0 microversion: 1.36
Jul 20 13:04:30.858702 n-d-846187-12 devstack@placement-api.service[116832]: [pid: 116832|app: 0|req: 309/616] 10.222.0.25 () {64 vars in 1433 bytes} [Wed Jul 20 13:04:30 2022] PUT /placement/allocations/f134fc95-f867-47fc-8db6-b161b03336df => generated 0 bytes in 113 msecs (HTTP/1.1 204) 5 headers in 199 bytes (2 switches on core 0)
Jul 20 13:04:31.502739 n-d-846187-12 devstack@placement-api.service[116833]: DEBUG placement.requestlog [req-f7f6c96a-0fc4-46ef-91a1-06bea23ef59f req-f894be8a-2647-480e-b67e-eb7b925cfde5 None None] Starting request: 10.222.0.45 "GET /placement/allocations/f134fc95-f867-47fc-8db6-b161b03336df" {{(pid=116833) __call__ /opt/stack/placement/placement/requestlog.py:55}}
Jul 20 13:04:31.533408 n-d-846187-12 devstack@placement-api.service[116833]: INFO placement.requestlog [req-f7f6c96a-0fc4-46ef-91a1-06bea23ef59f req-f894be8a-2647-480e-b67e-eb7b925cfde5 service placement] 10.222.0.45 "GET /placement/allocations/f134fc95-f867-47fc-8db6-b161b03336df" status: 200 len: 259 microversion: 1.28
Jul 20 13:04:31.534203 n-d-846187-12 devstack@placement-api.service[116833]: [pid: 116833|app: 0|req: 308/617] 10.222.0.45 () {60 vars in 1377 bytes} [Wed Jul 20 13:04:31 2022] GET /placement/allocations/f134fc95-f867-47fc-8db6-b161b03336df => generated 259 bytes in 31 msecs (HTTP/1.1 200) 8 headers in 296 bytes (1 switches on core 0)
Jul 20 13:04:31.966211 n-d-846187-12 devstack@placement-api.service[116832]: DEBUG placement.requestlog [req-58babce2-6643-489c-811c-294af73039f3 req-55b49ffc-517a-4d67-933e-5d7ebb7218df None None] Starting request: 10.222.0.25 "GET /placement/allocation_candidates?limit=1000&resources=MEMORY_MB%3A1024%2CVCPU%3A1&root_required=%21COMPUTE_STATUS_DISABLED" {{(pid=116832) __call__ /opt/stack/placement/placement/requestlog.py:55}}
Jul 20 13:04:32.031512 n-d-846187-12 devstack@placement-api.service[116832]: DEBUG placement.objects.research_context [req-58babce2-6643-489c-811c-294af73039f3 req-55b49ffc-517a-4d67-933e-5d7ebb7218df service placement] getting providers with 1024 MEMORY_MB {{(pid=116832) __init__ /opt/stack/placement/placement/objects/research_context.py:136}}
Jul 20 13:04:32.040576 n-d-846187-12 devstack@placement-api.service[116832]: DEBUG placement.objects.research_context [req-58babce2-6643-489c-811c-294af73039f3 req-55b49ffc-517a-4d67-933e-5d7ebb7218df service placement] getting providers with 1 VCPU {{(pid=116832) __init__ /opt/stack/placement/placement/objects/research_context.py:136}}
Jul 20 13:04:32.048941 n-d-846187-12 devstack@placement-api.service[116832]: DEBUG placement.objects.research_context [req-58babce2-6643-489c-811c-294af73039f3 req-55b49ffc-517a-4d67-933e-5d7ebb7218df service placement] found 2 providers with available 1024 MEMORY_MB {{(pid=116832) get_provider_ids_matching /opt/stack/placement/placement/objects/research_context.py:563}}
Jul 20 13:04:32.051543 n-d-846187-12 devstack@placement-api.service[116832]: DEBUG placement.objects.research_context [req-58babce2-6643-489c-811c-294af73039f3 req-55b49ffc-517a-4d67-933e-5d7ebb7218df service placement] found 2 providers with available 1 VCPU {{(pid=116832) get_provider_ids_matching /opt/stack/placement/placement/objects/research_context.py:563}}
Jul 20 13:04:32.052018 n-d-846187-12 devstack@placement-api.service[116832]: DEBUG placement.objects.research_context [req-58babce2-6643-489c-811c-294af73039f3 req-55b49ffc-517a-4d67-933e-5d7ebb7218df service placement] found 2 providers after filtering by previous result {{(pid=116832) get_provider_ids_matching /opt/stack/placement/placement/objects/research_context.py:594}}
Jul 20 13:04:32.080026 n-d-846187-12 devstack@placement-api.service[116832]: DEBUG placement.objects.allocation_candidate [req-58babce2-6643-489c-811c-294af73039f3 req-55b49ffc-517a-4d67-933e-5d7ebb7218df service placement] RequestGroup(use_same_provider=False, resources={MEMORY_MB:1024, VCPU:1}, traits=(), aggregates=[]) (suffix '') returned 2 matches {{(pid=116832) _get_by_requests /opt/stack/placement/placement/objects/allocation_candidate.py:156}}
Jul 20 13:04:32.080967 n-d-846187-12 devstack@placement-api.service[116832]: DEBUG placement.objects.allocation_candidate [req-58babce2-6643-489c-811c-294af73039f3 req-55b49ffc-517a-4d67-933e-5d7ebb7218df service placement] Merging candidates yields 2 allocation requests and 2 provider summaries {{(pid=116832) _merge_candidates /opt/stack/placement/placement/objects/allocation_candidate.py:809}}
Jul 20 13:04:32.082850 n-d-846187-12 devstack@placement-api.service[116832]: INFO placement.requestlog [req-58babce2-6643-489c-811c-294af73039f3 req-55b49ffc-517a-4d67-933e-5d7ebb7218df service placement] 10.222.0.25 "GET /placement/allocation_candidates?limit=1000&resources=MEMORY_MB%3A1024%2CVCPU%3A1&root_required=%21COMPUTE_STATUS_DISABLED" status: 200 len: 1281 microversion: 1.36
Jul 20 13:04:32.088355 n-d-846187-12 devstack@placement-api.service[116832]: [pid: 116832|app: 0|req: 310/618] 10.222.0.25 () {60 vars in 1478 bytes} [Wed Jul 20 13:04:31 2022] GET /placement/allocation_candidates?limit=1000&resources=MEMORY_MB%3A1024%2CVCPU%3A1&root_required=%21COMPUTE_STATUS_DISABLED => generated 1281 bytes in 122 msecs (HTTP/1.1 200) 8 headers in 297 bytes (1 switches on core 0)
Jul 20 13:04:32.252132 n-d-846187-12 devstack@placement-api.service[116833]: DEBUG placement.requestlog [req-58babce2-6643-489c-811c-294af73039f3 req-a77e3e6b-a69d-41cc-a5a2-c1d546dc4fd9 None None] Starting request: 10.222.0.25 "GET /placement/allocations/7463535d-6a30-4c3e-a5ce-de0cba51b404" {{(pid=116833) __call__ /opt/stack/placement/placement/requestlog.py:55}}
Jul 20 13:04:32.280843 n-d-846187-12 devstack@placement-api.service[116833]: INFO placement.requestlog [req-58babce2-6643-489c-811c-294af73039f3 req-a77e3e6b-a69d-41cc-a5a2-c1d546dc4fd9 service placement] 10.222.0.25 "GET /placement/allocations/7463535d-6a30-4c3e-a5ce-de0cba51b404" status: 200 len: 19 microversion: 1.28
Jul 20 13:04:32.281602 n-d-846187-12 devstack@placement-api.service[116833]: [pid: 116833|app: 0|req: 309/619] 10.222.0.25 () {60 vars in 1380 bytes} [Wed Jul 20 13:04:32 2022] GET /placement/allocations/7463535d-6a30-4c3e-a5ce-de0cba51b404 => generated 19 bytes in 30 msecs (HTTP/1.1 200) 8 headers in 295 bytes (1 switches on core 0)
Jul 20 13:04:32.291557 n-d-846187-12 devstack@placement-api.service[116832]: DEBUG placement.requestlog [req-58babce2-6643-489c-811c-294af73039f3 req-e33aa8e1-03a2-4026-b819-c38d4acd4da5 None None] Starting request: 10.222.0.25 "PUT /placement/allocations/7463535d-6a30-4c3e-a5ce-de0cba51b404" {{(pid=116832) __call__ /opt/stack/placement/placement/requestlog.py:55}}
Jul 20 13:04:32.439284 n-d-846187-12 devstack@placement-api.service[116832]: DEBUG placement.handlers.allocation [req-58babce2-6643-489c-811c-294af73039f3 req-e33aa8e1-03a2-4026-b819-c38d4acd4da5 service placement] Successfully wrote allocations [, ] {{(pid=116832) _update_consumers_and_create_allocations /opt/stack/placement/placement/handlers/allocation.py:462}}
Jul 20 13:04:32.455078 n-d-846187-12 devstack@placement-api.service[116832]: INFO placement.requestlog [req-58babce2-6643-489c-811c-294af73039f3 req-e33aa8e1-03a2-4026-b819-c38d4acd4da5 service placement] 10.222.0.25 "PUT /placement/allocations/7463535d-6a30-4c3e-a5ce-de0cba51b404" status: 204 len: 0 microversion: 1.36
Jul 20 13:04:32.455736 n-d-846187-12 devstack@placement-api.service[116832]: [pid: 116832|app: 0|req: 311/620] 10.222.0.25 () {64 vars in 1433 bytes} [Wed Jul 20 13:04:32 2022] PUT /placement/allocations/7463535d-6a30-4c3e-a5ce-de0cba51b404 => generated 0 bytes in 164 msecs (HTTP/1.1 204) 5 headers in 199 bytes (1 switches on core 0)
Jul 20 13:04:32.780049 n-d-846187-12 devstack@placement-api.service[116833]: DEBUG placement.requestlog [req-8255bf43-c6d6-4a45-b96e-f115b1bf04ad req-f6e573bb-db25-461d-a33a-3baaa9d4eab8 None None] Starting request: 10.222.0.25 "GET /placement/allocation_candidates?limit=1000&resources=DISK_GB%3A1%2CMEMORY_MB%3A1024%2CVCPU%3A1&root_required=%21COMPUTE_STATUS_DISABLED" {{(pid=116833) __call__ /opt/stack/placement/placement/requestlog.py:55}}
Jul 20 13:04:32.843224 n-d-846187-12 devstack@placement-api.service[116833]: DEBUG placement.objects.research_context [req-8255bf43-c6d6-4a45-b96e-f115b1bf04ad req-f6e573bb-db25-461d-a33a-3baaa9d4eab8 service placement] getting providers with 1 DISK_GB {{(pid=116833) __init__ /opt/stack/placement/placement/objects/research_context.py:136}}
Jul 20 13:04:32.851597 n-d-846187-12 devstack@placement-api.service[116833]: DEBUG placement.objects.research_context [req-8255bf43-c6d6-4a45-b96e-f115b1bf04ad req-f6e573bb-db25-461d-a33a-3baaa9d4eab8 service placement] getting providers with 1024 MEMORY_MB {{(pid=116833) __init__ /opt/stack/placement/placement/objects/research_context.py:136}}
Jul 20 13:04:32.861433 n-d-846187-12 devstack@placement-api.service[116833]: DEBUG placement.objects.research_context [req-8255bf43-c6d6-4a45-b96e-f115b1bf04ad req-f6e573bb-db25-461d-a33a-3baaa9d4eab8 service placement] getting providers with 1 VCPU {{(pid=116833) __init__ /opt/stack/placement/placement/objects/research_context.py:136}}
Jul 20 13:04:32.871947 n-d-846187-12 devstack@placement-api.service[116833]: DEBUG placement.objects.research_context [req-8255bf43-c6d6-4a45-b96e-f115b1bf04ad req-f6e573bb-db25-461d-a33a-3baaa9d4eab8 service placement] found 2 providers with available 1 DISK_GB {{(pid=116833) get_provider_ids_matching /opt/stack/placement/placement/objects/research_context.py:563}}
Jul 20 13:04:32.872549 n-d-846187-12 devstack@placement-api.service[116833]: DEBUG placement.objects.research_context [req-8255bf43-c6d6-4a45-b96e-f115b1bf04ad req-f6e573bb-db25-461d-a33a-3baaa9d4eab8 service placement] found 2 providers with available 1024 MEMORY_MB {{(pid=116833) get_provider_ids_matching /opt/stack/placement/placement/objects/research_context.py:563}}
Jul 20 13:04:32.873360 n-d-846187-12 devstack@placement-api.service[116833]: DEBUG placement.objects.research_context [req-8255bf43-c6d6-4a45-b96e-f115b1bf04ad req-f6e573bb-db25-461d-a33a-3baaa9d4eab8 service placement] found 2 providers after filtering by previous result {{(pid=116833) get_provider_ids_matching /opt/stack/placement/placement/objects/research_context.py:594}}
Jul 20 13:04:32.875781 n-d-846187-12 devstack@placement-api.service[116833]: DEBUG placement.objects.research_context [req-8255bf43-c6d6-4a45-b96e-f115b1bf04ad req-f6e573bb-db25-461d-a33a-3baaa9d4eab8 service placement] found 2 providers with available 1 VCPU {{(pid=116833) get_provider_ids_matching /opt/stack/placement/placement/objects/research_context.py:563}}
Jul 20 13:04:32.877852 n-d-846187-12 devstack@placement-api.service[116833]: DEBUG placement.objects.research_context [req-8255bf43-c6d6-4a45-b96e-f115b1bf04ad req-f6e573bb-db25-461d-a33a-3baaa9d4eab8 service placement] found 2 providers after filtering by previous result {{(pid=116833) get_provider_ids_matching /opt/stack/placement/placement/objects/research_context.py:594}}
Jul 20 13:04:32.897752 n-d-846187-12 devstack@placement-api.service[116833]: DEBUG placement.objects.allocation_candidate [req-8255bf43-c6d6-4a45-b96e-f115b1bf04ad req-f6e573bb-db25-461d-a33a-3baaa9d4eab8 service placement] RequestGroup(use_same_provider=False, resources={DISK_GB:1, MEMORY_MB:1024, VCPU:1}, traits=(), aggregates=[]) (suffix '') returned 2 matches {{(pid=116833) _get_by_requests /opt/stack/placement/placement/objects/allocation_candidate.py:156}}
Jul 20 13:04:32.898625 n-d-846187-12 devstack@placement-api.service[116833]: DEBUG placement.objects.allocation_candidate [req-8255bf43-c6d6-4a45-b96e-f115b1bf04ad req-f6e573bb-db25-461d-a33a-3baaa9d4eab8 service placement] Merging candidates yields 2 allocation requests and 2 provider summaries {{(pid=116833) _merge_candidates /opt/stack/placement/placement/objects/allocation_candidate.py:809}}
Jul 20 13:04:32.900639 n-d-846187-12 devstack@placement-api.service[116833]: INFO placement.requestlog [req-8255bf43-c6d6-4a45-b96e-f115b1bf04ad req-f6e573bb-db25-461d-a33a-3baaa9d4eab8 service placement] 10.222.0.25 "GET /placement/allocation_candidates?limit=1000&resources=DISK_GB%3A1%2CMEMORY_MB%3A1024%2CVCPU%3A1&root_required=%21COMPUTE_STATUS_DISABLED" status: 200 len: 1309 microversion: 1.36
Jul 20 13:04:32.916367 n-d-846187-12 devstack@placement-api.service[116833]: [pid: 116833|app: 0|req: 310/621] 10.222.0.25 () {60 vars in 1506 bytes} [Wed Jul 20 13:04:32 2022] GET /placement/allocation_candidates?limit=1000&resources=DISK_GB%3A1%2CMEMORY_MB%3A1024%2CVCPU%3A1&root_required=%21COMPUTE_STATUS_DISABLED => generated 1309 bytes in 136 msecs (HTTP/1.1 200) 8 headers in 297 bytes (1 switches on core 0)
Jul 20 13:04:33.083827 n-d-846187-12 devstack@placement-api.service[116832]: DEBUG placement.requestlog [req-8255bf43-c6d6-4a45-b96e-f115b1bf04ad req-350c38a7-e323-4a34-ae92-0f6e2e0632d7 None None] Starting request: 10.222.0.25 "GET /placement/allocations/606eb78c-0fd6-40c4-88ec-4ce5e7384c63" {{(pid=116832) __call__ /opt/stack/placement/placement/requestlog.py:55}}
Jul 20 13:04:33.103977 n-d-846187-12 devstack@placement-api.service[116832]: INFO placement.requestlog [req-8255bf43-c6d6-4a45-b96e-f115b1bf04ad req-350c38a7-e323-4a34-ae92-0f6e2e0632d7 service placement] 10.222.0.25 "GET /placement/allocations/606eb78c-0fd6-40c4-88ec-4ce5e7384c63" status: 200 len: 19 microversion: 1.28
Jul 20 13:04:33.104368 n-d-846187-12 devstack@placement-api.service[116832]: [pid: 116832|app: 0|req: 312/622] 10.222.0.25 () {60 vars in 1380 bytes} [Wed Jul 20 13:04:33 2022] GET /placement/allocations/606eb78c-0fd6-40c4-88ec-4ce5e7384c63 => generated 19 bytes in 21 msecs (HTTP/1.1 200) 8 headers in 295 bytes (1 switches on core 0)
Jul 20 13:04:33.114089 n-d-846187-12 devstack@placement-api.service[116833]: DEBUG placement.requestlog [req-8255bf43-c6d6-4a45-b96e-f115b1bf04ad req-c7a08b26-8781-4f09-981e-a6c3d0ca14ec None None] Starting request: 10.222.0.25 "PUT /placement/allocations/606eb78c-0fd6-40c4-88ec-4ce5e7384c63" {{(pid=116833) __call__ /opt/stack/placement/placement/requestlog.py:55}}
Jul 20 13:04:33.212391 n-d-846187-12 devstack@placement-api.service[116832]: DEBUG placement.requestlog [req-58babce2-6643-489c-811c-294af73039f3 req-1e86e866-b2f4-41b4-b3bd-2934bd9febec None None] Starting request: 10.222.0.45 "GET /placement/allocations/7463535d-6a30-4c3e-a5ce-de0cba51b404" {{(pid=116832) __call__ /opt/stack/placement/placement/requestlog.py:55}}
Jul 20 13:04:33.246079 n-d-846187-12 devstack@placement-api.service[116832]: INFO placement.requestlog [req-58babce2-6643-489c-811c-294af73039f3 req-1e86e866-b2f4-41b4-b3bd-2934bd9febec service placement] 10.222.0.45 "GET /placement/allocations/7463535d-6a30-4c3e-a5ce-de0cba51b404" status: 200 len: 245 microversion: 1.28
Jul 20 13:04:33.247581 n-d-846187-12 devstack@placement-api.service[116833]: DEBUG placement.handlers.allocation [req-8255bf43-c6d6-4a45-b96e-f115b1bf04ad req-c7a08b26-8781-4f09-981e-a6c3d0ca14ec service placement] Successfully wrote allocations [, , ] {{(pid=116833) _update_consumers_and_create_allocations /opt/stack/placement/placement/handlers/allocation.py:462}}
Jul 20 13:04:33.248160 n-d-846187-12 devstack@placement-api.service[116832]: [pid: 116832|app: 0|req: 313/623] 10.222.0.45 () {60 vars in 1377 bytes} [Wed Jul 20 13:04:33 2022] GET /placement/allocations/7463535d-6a30-4c3e-a5ce-de0cba51b404 => generated 245 bytes in 36 msecs (HTTP/1.1 200) 8 headers in 296 bytes (2 switches on core 0)
Jul 20 13:04:33.261926 n-d-846187-12 devstack@placement-api.service[116833]: INFO placement.requestlog [req-8255bf43-c6d6-4a45-b96e-f115b1bf04ad req-c7a08b26-8781-4f09-981e-a6c3d0ca14ec service placement] 10.222.0.25 "PUT /placement/allocations/606eb78c-0fd6-40c4-88ec-4ce5e7384c63" status: 204 len: 0 microversion: 1.36
Jul 20 13:04:33.262623 n-d-846187-12 devstack@placement-api.service[116833]: [pid: 116833|app: 0|req: 311/624] 10.222.0.25 () {64 vars in 1433 bytes} [Wed Jul 20 13:04:33 2022] PUT /placement/allocations/606eb78c-0fd6-40c4-88ec-4ce5e7384c63 => generated 0 bytes in 149 msecs (HTTP/1.1 204) 5 headers in 199 bytes (1 switches on core 0)
