Jun 15 15:11:05.122703 n-d-845995-1 devstack@placement-api.service[105099]: DEBUG placement.objects.research_context [req-d80b42c6-5aac-4198-b55e-58a3274611a2 req-90b99932-4aee-438e-a344-8b96dfb392aa service placement] found 2 providers after filtering by previous result {{(pid=105099) get_provider_ids_matching /opt/stack/placement/placement/objects/research_context.py:594}}
Jun 15 15:11:05.123163 n-d-845995-1 devstack@placement-api.service[105099]: DEBUG placement.objects.research_context [req-d80b42c6-5aac-4198-b55e-58a3274611a2 req-90b99932-4aee-438e-a344-8b96dfb392aa service placement] found 2 providers with available 1 VCPU {{(pid=105099) get_provider_ids_matching /opt/stack/placement/placement/objects/research_context.py:563}}
Jun 15 15:11:05.123641 n-d-845995-1 devstack@placement-api.service[105099]: DEBUG placement.objects.research_context [req-d80b42c6-5aac-4198-b55e-58a3274611a2 req-90b99932-4aee-438e-a344-8b96dfb392aa service placement] found 2 providers after filtering by previous result {{(pid=105099) get_provider_ids_matching /opt/stack/placement/placement/objects/research_context.py:594}}
Jun 15 15:11:05.175186 n-d-845995-1 devstack@placement-api.service[105099]: DEBUG placement.objects.allocation_candidate [req-d80b42c6-5aac-4198-b55e-58a3274611a2 req-90b99932-4aee-438e-a344-8b96dfb392aa service placement] RequestGroup(use_same_provider=False, resources={DISK_GB:1, MEMORY_MB:1024, VCPU:1}, traits=(), aggregates=[]) (suffix '') returned 2 matches {{(pid=105099) _get_by_requests /opt/stack/placement/placement/objects/allocation_candidate.py:156}}
Jun 15 15:11:05.175553 n-d-845995-1 devstack@placement-api.service[105099]: DEBUG placement.objects.allocation_candidate [req-d80b42c6-5aac-4198-b55e-58a3274611a2 req-90b99932-4aee-438e-a344-8b96dfb392aa service placement] Merging candidates yields 2 allocation requests and 2 provider summaries {{(pid=105099) _merge_candidates /opt/stack/placement/placement/objects/allocation_candidate.py:809}}
Jun 15 15:11:05.177482 n-d-845995-1 devstack@placement-api.service[105099]: INFO placement.requestlog [req-d80b42c6-5aac-4198-b55e-58a3274611a2 req-90b99932-4aee-438e-a344-8b96dfb392aa service placement] 10.222.0.79 "GET /placement/allocation_candidates?limit=1000&resources=DISK_GB%3A1%2CMEMORY_MB%3A1024%2CVCPU%3A1&root_required=%21COMPUTE_STATUS_DISABLED" status: 200 len: 1309 microversion: 1.36
Jun 15 15:11:05.179209 n-d-845995-1 devstack@placement-api.service[105099]: [pid: 105099|app: 0|req: 248/496] 10.222.0.79 () {60 vars in 1506 bytes} [Wed Jun 15 15:11:05 2022] GET /placement/allocation_candidates?limit=1000&resources=DISK_GB%3A1%2CMEMORY_MB%3A1024%2CVCPU%3A1&root_required=%21COMPUTE_STATUS_DISABLED => generated 1309 bytes in 150 msecs (HTTP/1.1 200) 8 headers in 297 bytes (1 switches on core 0)
Jun 15 15:11:05.298566 n-d-845995-1 devstack@placement-api.service[105100]: DEBUG placement.requestlog [req-d80b42c6-5aac-4198-b55e-58a3274611a2 req-fd3a8487-f4ab-4736-97b2-61b659ee71cf None None] Starting request: 10.222.0.79 "GET /placement/allocations/5cd59c96-d1d4-455b-be21-8dd59df32c51" {{(pid=105100) __call__ /opt/stack/placement/placement/requestlog.py:55}}
Jun 15 15:11:05.315445 n-d-845995-1 devstack@placement-api.service[105100]: INFO placement.requestlog [req-d80b42c6-5aac-4198-b55e-58a3274611a2 req-fd3a8487-f4ab-4736-97b2-61b659ee71cf service placement] 10.222.0.79 "GET /placement/allocations/5cd59c96-d1d4-455b-be21-8dd59df32c51" status: 200 len: 19 microversion: 1.28
Jun 15 15:11:05.315832 n-d-845995-1 devstack@placement-api.service[105100]: [pid: 105100|app: 0|req: 249/497] 10.222.0.79 () {60 vars in 1380 bytes} [Wed Jun 15 15:11:05 2022] GET /placement/allocations/5cd59c96-d1d4-455b-be21-8dd59df32c51 => generated 19 bytes in 18 msecs (HTTP/1.1 200) 8 headers in 295 bytes (1 switches on core 0)
Jun 15 15:11:05.321709 n-d-845995-1 devstack@placement-api.service[105099]: DEBUG placement.requestlog [req-d80b42c6-5aac-4198-b55e-58a3274611a2 req-460f8028-d7e3-4a6d-bcd5-6be6ac92f68a None None] Starting request: 10.222.0.79 "PUT /placement/allocations/5cd59c96-d1d4-455b-be21-8dd59df32c51" {{(pid=105099) __call__ /opt/stack/placement/placement/requestlog.py:55}}
Jun 15 15:11:05.418711 n-d-845995-1 devstack@placement-api.service[105099]: DEBUG placement.handlers.allocation [req-d80b42c6-5aac-4198-b55e-58a3274611a2 req-460f8028-d7e3-4a6d-bcd5-6be6ac92f68a service placement] Successfully wrote allocations [, , ] {{(pid=105099) _update_consumers_and_create_allocations /opt/stack/placement/placement/handlers/allocation.py:462}}
Jun 15 15:11:05.422198 n-d-845995-1 devstack@placement-api.service[105099]: INFO placement.requestlog [req-d80b42c6-5aac-4198-b55e-58a3274611a2 req-460f8028-d7e3-4a6d-bcd5-6be6ac92f68a service placement] 10.222.0.79 "PUT /placement/allocations/5cd59c96-d1d4-455b-be21-8dd59df32c51" status: 204 len: 0 microversion: 1.36
Jun 15 15:11:05.422828 n-d-845995-1 devstack@placement-api.service[105099]: [pid: 105099|app: 0|req: 249/498] 10.222.0.79 () {64 vars in 1433 bytes} [Wed Jun 15 15:11:05 2022] PUT /placement/allocations/5cd59c96-d1d4-455b-be21-8dd59df32c51 => generated 0 bytes in 101 msecs (HTTP/1.1 204) 5 headers in 199 bytes (1 switches on core 0)
Jun 15 15:11:05.804638 n-d-845995-1 devstack@placement-api.service[105100]: DEBUG placement.requestlog [req-d80b42c6-5aac-4198-b55e-58a3274611a2 req-840cb03c-1a36-4050-b56a-45dcb684e7a0 None None] Starting request: 10.222.0.83 "GET /placement/allocations/5cd59c96-d1d4-455b-be21-8dd59df32c51" {{(pid=105100) __call__ /opt/stack/placement/placement/requestlog.py:55}}
Jun 15 15:11:05.856472 n-d-845995-1 devstack@placement-api.service[105100]: INFO placement.requestlog [req-d80b42c6-5aac-4198-b55e-58a3274611a2 req-840cb03c-1a36-4050-b56a-45dcb684e7a0 service placement] 10.222.0.83 "GET /placement/allocations/5cd59c96-d1d4-455b-be21-8dd59df32c51" status: 200 len: 259 microversion: 1.28
Jun 15 15:11:05.856956 n-d-845995-1 devstack@placement-api.service[105100]: [pid: 105100|app: 0|req: 250/499] 10.222.0.83 () {60 vars in 1377 bytes} [Wed Jun 15 15:11:05 2022] GET /placement/allocations/5cd59c96-d1d4-455b-be21-8dd59df32c51 => generated 259 bytes in 53 msecs (HTTP/1.1 200) 8 headers in 296 bytes (1 switches on core 0)
Jun 15 15:11:05.912370 n-d-845995-1 devstack@placement-api.service[105099]: DEBUG placement.requestlog [req-59e04d45-f1d9-4c28-b95e-db90d7923417 req-5ec906c4-2ef6-4d3f-8685-589eac7a892a None None] Starting request: 10.222.0.86 "GET /placement/allocations/d1549153-ab0e-4601-b414-0c4fa20f3106" {{(pid=105099) __call__ /opt/stack/placement/placement/requestlog.py:55}}
Jun 15 15:11:05.942064 n-d-845995-1 devstack@placement-api.service[105099]: INFO placement.requestlog [req-59e04d45-f1d9-4c28-b95e-db90d7923417 req-5ec906c4-2ef6-4d3f-8685-589eac7a892a service placement] 10.222.0.86 "GET /placement/allocations/d1549153-ab0e-4601-b414-0c4fa20f3106" status: 200 len: 259 microversion: 1.28
Jun 15 15:11:05.943092 n-d-845995-1 devstack@placement-api.service[105099]: [pid: 105099|app: 0|req: 250/500] 10.222.0.86 () {60 vars in 1377 bytes} [Wed Jun 15 15:11:05 2022] GET /placement/allocations/d1549153-ab0e-4601-b414-0c4fa20f3106 => generated 259 bytes in 31 msecs (HTTP/1.1 200) 8 headers in 296 bytes (1 switches on core 0)
Jun 15 15:11:08.194773 n-d-845995-1 devstack@placement-api.service[105100]: DEBUG placement.requestlog [req-178207bb-d11a-4705-8ab0-5e1d750e8998 req-45647b4d-fd81-4f56-82a0-81de2c3fd181 None None] Starting request: 10.222.0.86 "DELETE /placement/allocations/3349b908-ef05-4501-a520-33d79d89139c" {{(pid=105100) __call__ /opt/stack/placement/placement/requestlog.py:55}}
Jun 15 15:11:08.257151 n-d-845995-1 devstack@placement-api.service[105100]: DEBUG placement.handlers.allocation [req-178207bb-d11a-4705-8ab0-5e1d750e8998 req-45647b4d-fd81-4f56-82a0-81de2c3fd181 service placement] Successfully deleted allocations [, , ] {{(pid=105100) delete_allocations /opt/stack/placement/placement/handlers/allocation.py:627}}
Jun 15 15:11:08.257151 n-d-845995-1 devstack@placement-api.service[105100]: INFO placement.requestlog [req-178207bb-d11a-4705-8ab0-5e1d750e8998 req-45647b4d-fd81-4f56-82a0-81de2c3fd181 service placement] 10.222.0.86 "DELETE /placement/allocations/3349b908-ef05-4501-a520-33d79d89139c" status: 204 len: 0 microversion: 1.0
Jun 15 15:11:08.257151 n-d-845995-1 devstack@placement-api.service[105100]: [pid: 105100|app: 0|req: 251/501] 10.222.0.86 () {60 vars in 1355 bytes} [Wed Jun 15 15:11:08 2022] DELETE /placement/allocations/3349b908-ef05-4501-a520-33d79d89139c => generated 0 bytes in 57 msecs (HTTP/1.1 204) 5 headers in 198 bytes (1 switches on core 0)
Jun 15 15:11:09.461876 n-d-845995-1 devstack@placement-api.service[105099]: DEBUG placement.requestlog [req-8ab45df6-df9c-4b4b-8416-a05b97e1667f req-f986994d-65e9-4116-b70b-0c30c415904b None None] Starting request: 10.222.0.83 "GET /placement/resource_providers/d15f5e25-db05-450b-9d18-87f749e87a1b/allocations" {{(pid=105099) __call__ /opt/stack/placement/placement/requestlog.py:55}}
Jun 15 15:11:09.501009 n-d-845995-1 devstack@placement-api.service[105099]: INFO placement.requestlog [req-8ab45df6-df9c-4b4b-8416-a05b97e1667f req-f986994d-65e9-4116-b70b-0c30c415904b service placement] 10.222.0.83 "GET /placement/resource_providers/d15f5e25-db05-450b-9d18-87f749e87a1b/allocations" status: 200 len: 645 microversion: 1.0
Jun 15 15:11:09.502028 n-d-845995-1 devstack@placement-api.service[105099]: [pid: 105099|app: 0|req: 251/502] 10.222.0.83 () {58 vars in 1390 bytes} [Wed Jun 15 15:11:09 2022] GET /placement/resource_providers/d15f5e25-db05-450b-9d18-87f749e87a1b/allocations => generated 645 bytes in 41 msecs (HTTP/1.1 200) 6 headers in 224 bytes (1 switches on core 0)
Jun 15 15:11:15.226452 n-d-845995-1 devstack@placement-api.service[105100]: DEBUG placement.requestlog [req-29a6666d-1246-4c45-8c64-32608749aea9 req-ad21e684-55a8-4233-aa39-8ceeb2635583 None None] Starting request: 10.222.0.83 "DELETE /placement/allocations/59142e3a-9098-4bb2-ab0f-58c2772b83b4" {{(pid=105100) __call__ /opt/stack/placement/placement/requestlog.py:55}}
Jun 15 15:11:15.264502 n-d-845995-1 devstack@placement-api.service[105100]: DEBUG placement.handlers.allocation [req-29a6666d-1246-4c45-8c64-32608749aea9 req-ad21e684-55a8-4233-aa39-8ceeb2635583 service placement] Successfully deleted allocations [, , ] {{(pid=105100) delete_allocations /opt/stack/placement/placement/handlers/allocation.py:627}}
Jun 15 15:11:15.265586 n-d-845995-1 devstack@placement-api.service[105100]: INFO placement.requestlog [req-29a6666d-1246-4c45-8c64-32608749aea9 req-ad21e684-55a8-4233-aa39-8ceeb2635583 service placement] 10.222.0.83 "DELETE /placement/allocations/59142e3a-9098-4bb2-ab0f-58c2772b83b4" status: 204 len: 0 microversion: 1.0
Jun 15 15:11:15.266612 n-d-845995-1 devstack@placement-api.service[105100]: [pid: 105100|app: 0|req: 252/503] 10.222.0.83 () {60 vars in 1355 bytes} [Wed Jun 15 15:11:15 2022] DELETE /placement/allocations/59142e3a-9098-4bb2-ab0f-58c2772b83b4 => generated 0 bytes in 40 msecs (HTTP/1.1 204) 5 headers in 198 bytes (2 switches on core 0)
Jun 15 15:11:15.599537 n-d-845995-1 devstack@placement-api.service[105099]: DEBUG placement.requestlog [req-d47f09ad-9fc3-479f-a8a3-fc1b45a174ea req-d6b0c15d-c1fb-425a-a8da-c3151449321d None None] Starting request: 10.222.0.86 "GET /placement/resource_providers/cb690bee-d045-4b63-b790-9902bf8ee30e/allocations" {{(pid=105099) __call__ /opt/stack/placement/placement/requestlog.py:55}}
Jun 15 15:11:15.641920 n-d-845995-1 devstack@placement-api.service[105099]: INFO placement.requestlog [req-d47f09ad-9fc3-479f-a8a3-fc1b45a174ea req-d6b0c15d-c1fb-425a-a8da-c3151449321d service placement] 10.222.0.86 "GET /placement/resource_providers/cb690bee-d045-4b63-b790-9902bf8ee30e/allocations" status: 200 len: 558 microversion: 1.0
Jun 15 15:11:15.642574 n-d-845995-1 devstack@placement-api.service[105099]: [pid: 105099|app: 0|req: 252/504] 10.222.0.86 () {58 vars in 1390 bytes} [Wed Jun 15 15:11:15 2022] GET /placement/resource_providers/cb690bee-d045-4b63-b790-9902bf8ee30e/allocations => generated 558 bytes in 43 msecs (HTTP/1.1 200) 6 headers in 224 bytes (1 switches on core 0)
Jun 15 15:11:16.266611 n-d-845995-1 devstack@placement-api.service[105100]: DEBUG placement.requestlog [req-4ca24c58-0474-4e00-9421-6bc4c71a40dd req-2c40af75-6c10-412a-aea6-aa304de5ea09 None None] Starting request: 10.222.0.79 "GET /placement/allocation_candidates?limit=1000&resources=MEMORY_MB%3A1024%2CVCPU%3A1&root_required=%21COMPUTE_STATUS_DISABLED" {{(pid=105100) __call__ /opt/stack/placement/placement/requestlog.py:55}}
Jun 15 15:11:16.321371 n-d-845995-1 devstack@placement-api.service[105100]: DEBUG placement.objects.research_context [req-4ca24c58-0474-4e00-9421-6bc4c71a40dd req-2c40af75-6c10-412a-aea6-aa304de5ea09 service placement] getting providers with 1024 MEMORY_MB {{(pid=105100) __init__ /opt/stack/placement/placement/objects/research_context.py:136}}
Jun 15 15:11:16.329227 n-d-845995-1 devstack@placement-api.service[105100]: DEBUG placement.objects.research_context [req-4ca24c58-0474-4e00-9421-6bc4c71a40dd req-2c40af75-6c10-412a-aea6-aa304de5ea09 service placement] getting providers with 1 VCPU {{(pid=105100) __init__ /opt/stack/placement/placement/objects/research_context.py:136}}
Jun 15 15:11:16.348966 n-d-845995-1 devstack@placement-api.service[105100]: DEBUG placement.objects.research_context [req-4ca24c58-0474-4e00-9421-6bc4c71a40dd req-2c40af75-6c10-412a-aea6-aa304de5ea09 service placement] found 2 providers with available 1024 MEMORY_MB {{(pid=105100) get_provider_ids_matching /opt/stack/placement/placement/objects/research_context.py:563}}
Jun 15 15:11:16.349365 n-d-845995-1 devstack@placement-api.service[105100]: DEBUG placement.objects.research_context [req-4ca24c58-0474-4e00-9421-6bc4c71a40dd req-2c40af75-6c10-412a-aea6-aa304de5ea09 service placement] found 2 providers with available 1 VCPU {{(pid=105100) get_provider_ids_matching /opt/stack/placement/placement/objects/research_context.py:563}}
Jun 15 15:11:16.349721 n-d-845995-1 devstack@placement-api.service[105100]: DEBUG placement.objects.research_context [req-4ca24c58-0474-4e00-9421-6bc4c71a40dd req-2c40af75-6c10-412a-aea6-aa304de5ea09 service placement] found 2 providers after filtering by previous result {{(pid=105100) get_provider_ids_matching /opt/stack/placement/placement/objects/research_context.py:594}}
Jun 15 15:11:16.366561 n-d-845995-1 devstack@placement-api.service[105100]: DEBUG placement.objects.allocation_candidate [req-4ca24c58-0474-4e00-9421-6bc4c71a40dd req-2c40af75-6c10-412a-aea6-aa304de5ea09 service placement] RequestGroup(use_same_provider=False, resources={MEMORY_MB:1024, VCPU:1}, traits=(), aggregates=[]) (suffix '') returned 2 matches {{(pid=105100) _get_by_requests /opt/stack/placement/placement/objects/allocation_candidate.py:156}}
Jun 15 15:11:16.367016 n-d-845995-1 devstack@placement-api.service[105100]: DEBUG placement.objects.allocation_candidate [req-4ca24c58-0474-4e00-9421-6bc4c71a40dd req-2c40af75-6c10-412a-aea6-aa304de5ea09 service placement] Merging candidates yields 2 allocation requests and 2 provider summaries {{(pid=105100) _merge_candidates /opt/stack/placement/placement/objects/allocation_candidate.py:809}}
Jun 15 15:11:16.369866 n-d-845995-1 devstack@placement-api.service[105100]: INFO placement.requestlog [req-4ca24c58-0474-4e00-9421-6bc4c71a40dd req-2c40af75-6c10-412a-aea6-aa304de5ea09 service placement] 10.222.0.79 "GET /placement/allocation_candidates?limit=1000&resources=MEMORY_MB%3A1024%2CVCPU%3A1&root_required=%21COMPUTE_STATUS_DISABLED" status: 200 len: 1281 microversion: 1.36
Jun 15 15:11:16.371128 n-d-845995-1 devstack@placement-api.service[105100]: [pid: 105100|app: 0|req: 253/505] 10.222.0.79 () {60 vars in 1478 bytes} [Wed Jun 15 15:11:16 2022] GET /placement/allocation_candidates?limit=1000&resources=MEMORY_MB%3A1024%2CVCPU%3A1&root_required=%21COMPUTE_STATUS_DISABLED => generated 1281 bytes in 105 msecs (HTTP/1.1 200) 8 headers in 297 bytes (1 switches on core 0)
Jun 15 15:11:16.438517 n-d-845995-1 devstack@placement-api.service[105099]: DEBUG placement.requestlog [req-4ca24c58-0474-4e00-9421-6bc4c71a40dd req-4f40670a-f0b1-4e3f-8297-5efc762b4df4 None None] Starting request: 10.222.0.79 "GET /placement/allocations/21533e23-d59d-4e7b-b195-af6da01cdecc" {{(pid=105099) __call__ /opt/stack/placement/placement/requestlog.py:55}}
Jun 15 15:11:16.450416 n-d-845995-1 devstack@placement-api.service[105099]: INFO placement.requestlog [req-4ca24c58-0474-4e00-9421-6bc4c71a40dd req-4f40670a-f0b1-4e3f-8297-5efc762b4df4 service placement] 10.222.0.79 "GET /placement/allocations/21533e23-d59d-4e7b-b195-af6da01cdecc" status: 200 len: 19 microversion: 1.28
Jun 15 15:11:16.457200 n-d-845995-1 devstack@placement-api.service[105100]: DEBUG placement.requestlog [req-4ca24c58-0474-4e00-9421-6bc4c71a40dd req-94030905-6298-47c9-bcf3-0ecb9c55dddf None None] Starting request: 10.222.0.79 "PUT /placement/allocations/21533e23-d59d-4e7b-b195-af6da01cdecc" {{(pid=105100) __call__ /opt/stack/placement/placement/requestlog.py:55}}
Jun 15 15:11:16.458071 n-d-845995-1 devstack@placement-api.service[105099]: [pid: 105099|app: 0|req: 253/506] 10.222.0.79 () {60 vars in 1380 bytes} [Wed Jun 15 15:11:16 2022] GET /placement/allocations/21533e23-d59d-4e7b-b195-af6da01cdecc => generated 19 bytes in 18 msecs (HTTP/1.1 200) 8 headers in 295 bytes (1 switches on core 0)
Jun 15 15:11:16.517921 n-d-845995-1 devstack@placement-api.service[105100]: DEBUG placement.handlers.allocation [req-4ca24c58-0474-4e00-9421-6bc4c71a40dd req-94030905-6298-47c9-bcf3-0ecb9c55dddf service placement] Successfully wrote allocations [, ] {{(pid=105100) _update_consumers_and_create_allocations /opt/stack/placement/placement/handlers/allocation.py:462}}
Jun 15 15:11:16.527858 n-d-845995-1 devstack@placement-api.service[105100]: INFO placement.requestlog [req-4ca24c58-0474-4e00-9421-6bc4c71a40dd req-94030905-6298-47c9-bcf3-0ecb9c55dddf service placement] 10.222.0.79 "PUT /placement/allocations/21533e23-d59d-4e7b-b195-af6da01cdecc" status: 204 len: 0 microversion: 1.36
Jun 15 15:11:16.528491 n-d-845995-1 devstack@placement-api.service[105100]: [pid: 105100|app: 0|req: 254/507] 10.222.0.79 () {64 vars in 1433 bytes} [Wed Jun 15 15:11:16 2022] PUT /placement/allocations/21533e23-d59d-4e7b-b195-af6da01cdecc => generated 0 bytes in 71 msecs (HTTP/1.1 204) 5 headers in 199 bytes (2 switches on core 0)
Jun 15 15:11:17.136273 n-d-845995-1 devstack@placement-api.service[105099]: DEBUG placement.requestlog [req-4ca24c58-0474-4e00-9421-6bc4c71a40dd req-12f6eea5-da62-4f54-9b4b-00c34b233bd1 None None] Starting request: 10.222.0.83 "GET /placement/allocations/21533e23-d59d-4e7b-b195-af6da01cdecc" {{(pid=105099) __call__ /opt/stack/placement/placement/requestlog.py:55}}
Jun 15 15:11:17.160572 n-d-845995-1 devstack@placement-api.service[105099]: INFO placement.requestlog [req-4ca24c58-0474-4e00-9421-6bc4c71a40dd req-12f6eea5-da62-4f54-9b4b-00c34b233bd1 service placement] 10.222.0.83 "GET /placement/allocations/21533e23-d59d-4e7b-b195-af6da01cdecc" status: 200 len: 245 microversion: 1.28
Jun 15 15:11:17.162620 n-d-845995-1 devstack@placement-api.service[105099]: [pid: 105099|app: 0|req: 254/508] 10.222.0.83 () {60 vars in 1377 bytes} [Wed Jun 15 15:11:17 2022] GET /placement/allocations/21533e23-d59d-4e7b-b195-af6da01cdecc => generated 245 bytes in 26 msecs (HTTP/1.1 200) 8 headers in 296 bytes (1 switches on core 0)
Jun 15 15:11:17.226976 n-d-845995-1 devstack@placement-api.service[105100]: DEBUG placement.requestlog [None req-d811d066-19f9-45dd-afe6-ac71da9bc148 None None] Starting request: 10.222.0.79 "GET /placement/resource_providers/3aca2486-3e0d-417e-9b26-b0477814a5df/aggregates" {{(pid=105100) __call__ /opt/stack/placement/placement/requestlog.py:55}}
Jun 15 15:11:17.240952 n-d-845995-1 devstack@placement-api.service[105100]: INFO placement.requestlog [None req-d811d066-19f9-45dd-afe6-ac71da9bc148 service placement] 10.222.0.79 "GET /placement/resource_providers/3aca2486-3e0d-417e-9b26-b0477814a5df/aggregates" status: 404 len: 235 microversion: 1.1
Jun 15 15:11:17.241322 n-d-845995-1 devstack@placement-api.service[105100]: [pid: 105100|app: 0|req: 255/509] 10.222.0.79 () {58 vars in 1362 bytes} [Wed Jun 15 15:11:17 2022] GET /placement/resource_providers/3aca2486-3e0d-417e-9b26-b0477814a5df/aggregates => generated 235 bytes in 15 msecs (HTTP/1.1 404) 5 headers in 202 bytes (1 switches on core 0)
Jun 15 15:11:17.248767 n-d-845995-1 devstack@placement-api.service[105099]: DEBUG placement.requestlog [None req-9e97065c-00f4-49f4-a9a0-4955a43f4df8 None None] Starting request: 10.222.0.79 "DELETE /placement/resource_providers/3aca2486-3e0d-417e-9b26-b0477814a5df" {{(pid=105099) __call__ /opt/stack/placement/placement/requestlog.py:55}}
Jun 15 15:11:17.258972 n-d-845995-1 devstack@placement-api.service[105099]: DEBUG placement.wsgi_wrapper [None req-9e97065c-00f4-49f4-a9a0-4955a43f4df8 service placement] Placement API returning an error response: No resource provider with uuid 3aca2486-3e0d-417e-9b26-b0477814a5df found for delete {{(pid=105099) call_func /opt/stack/placement/placement/wsgi_wrapper.py:31}}
Jun 15 15:11:17.259939 n-d-845995-1 devstack@placement-api.service[105099]: INFO placement.requestlog [None req-9e97065c-00f4-49f4-a9a0-4955a43f4df8 service placement] 10.222.0.79 "DELETE /placement/resource_providers/3aca2486-3e0d-417e-9b26-b0477814a5df" status: 404 len: 246 microversion: 1.1
Jun 15 15:11:17.260786 n-d-845995-1 devstack@placement-api.service[105099]: [pid: 105099|app: 0|req: 255/510] 10.222.0.79 () {60 vars in 1351 bytes} [Wed Jun 15 15:11:17 2022] DELETE /placement/resource_providers/3aca2486-3e0d-417e-9b26-b0477814a5df => generated 246 bytes in 12 msecs (HTTP/1.1 404) 6 headers in 231 bytes (1 switches on core 0)
Jun 15 15:11:24.154407 n-d-845995-1 devstack@placement-api.service[105100]: DEBUG placement.requestlog [req-de7fdc57-f6e0-49fb-90ef-14d02ad9c906 req-0e4775cc-fb50-470b-9586-3f28b2c4ae5d None None] Starting request: 10.222.0.86 "DELETE /placement/allocations/ba64b28e-31ad-439b-83bb-d9f25e9343d8" {{(pid=105100) __call__ /opt/stack/placement/placement/requestlog.py:55}}
Jun 15 15:11:24.165472 n-d-845995-1 devstack@placement-api.service[105100]: DEBUG dbcounter [-] [105100] Writing DB stats placement:SELECT=61,placement:DELETE=10,placement:INSERT=3,placement:UPDATE=2 {{(pid=105100) stat_writer /usr/local/lib/python3.8/dist-packages/dbcounter.py:114}}
Jun 15 15:11:24.208910 n-d-845995-1 devstack@placement-api.service[105099]: DEBUG placement.requestlog [None req-30af23ed-f14f-43c9-a88a-0803980a17b1 None None] Starting request: 10.222.0.79 "GET /placement/resource_providers/2f774391-7252-4d51-a9d6-8b887947599e/aggregates" {{(pid=105099) __call__ /opt/stack/placement/placement/requestlog.py:55}}
Jun 15 15:11:24.222459 n-d-845995-1 devstack@placement-api.service[105100]: DEBUG placement.handlers.allocation [req-de7fdc57-f6e0-49fb-90ef-14d02ad9c906 req-0e4775cc-fb50-470b-9586-3f28b2c4ae5d service placement] Successfully deleted allocations [, , ] {{(pid=105100) delete_allocations /opt/stack/placement/placement/handlers/allocation.py:627}}
Jun 15 15:11:24.224415 n-d-845995-1 devstack@placement-api.service[105100]: INFO placement.requestlog [req-de7fdc57-f6e0-49fb-90ef-14d02ad9c906 req-0e4775cc-fb50-470b-9586-3f28b2c4ae5d service placement] 10.222.0.86 "DELETE /placement/allocations/ba64b28e-31ad-439b-83bb-d9f25e9343d8" status: 204 len: 0 microversion: 1.0
Jun 15 15:11:24.226432 n-d-845995-1 devstack@placement-api.service[105100]: [pid: 105100|app: 0|req: 256/511] 10.222.0.86 () {60 vars in 1355 bytes} [Wed Jun 15 15:11:24 2022] DELETE /placement/allocations/ba64b28e-31ad-439b-83bb-d9f25e9343d8 => generated 0 bytes in 73 msecs (HTTP/1.1 204) 5 headers in 198 bytes (1 switches on core 0)
Jun 15 15:11:24.227662 n-d-845995-1 devstack@placement-api.service[105099]: INFO placement.requestlog [None req-30af23ed-f14f-43c9-a88a-0803980a17b1 service placement] 10.222.0.79 "GET /placement/resource_providers/2f774391-7252-4d51-a9d6-8b887947599e/aggregates" status: 404 len: 235 microversion: 1.1
Jun 15 15:11:24.228912 n-d-845995-1 devstack@placement-api.service[105099]: [pid: 105099|app: 0|req: 256/512] 10.222.0.79 () {58 vars in 1362 bytes} [Wed Jun 15 15:11:24 2022] GET /placement/resource_providers/2f774391-7252-4d51-a9d6-8b887947599e/aggregates => generated 235 bytes in 21 msecs (HTTP/1.1 404) 5 headers in 202 bytes (1 switches on core 0)
Jun 15 15:11:24.266952 n-d-845995-1 devstack@placement-api.service[105100]: DEBUG placement.requestlog [None req-cb994b88-c7e6-41a4-887e-8df0657705f1 None None] Starting request: 10.222.0.79 "DELETE /placement/resource_providers/2f774391-7252-4d51-a9d6-8b887947599e" {{(pid=105100) __call__ /opt/stack/placement/placement/requestlog.py:55}}
Jun 15 15:11:24.290436 n-d-845995-1 devstack@placement-api.service[105100]: DEBUG placement.wsgi_wrapper [None req-cb994b88-c7e6-41a4-887e-8df0657705f1 service placement] Placement API returning an error response: No resource provider with uuid 2f774391-7252-4d51-a9d6-8b887947599e found for delete {{(pid=105100) call_func /opt/stack/placement/placement/wsgi_wrapper.py:31}}
Jun 15 15:11:24.291675 n-d-845995-1 devstack@placement-api.service[105100]: INFO placement.requestlog [None req-cb994b88-c7e6-41a4-887e-8df0657705f1 service placement] 10.222.0.79 "DELETE /placement/resource_providers/2f774391-7252-4d51-a9d6-8b887947599e" status: 404 len: 246 microversion: 1.1
Jun 15 15:11:24.292525 n-d-845995-1 devstack@placement-api.service[105100]: [pid: 105100|app: 0|req: 257/513] 10.222.0.79 () {60 vars in 1351 bytes} [Wed Jun 15 15:11:24 2022] DELETE /placement/resource_providers/2f774391-7252-4d51-a9d6-8b887947599e => generated 246 bytes in 26 msecs (HTTP/1.1 404) 6 headers in 231 bytes (1 switches on core 0)
Jun 15 15:11:27.335388 n-d-845995-1 devstack@placement-api.service[105099]: DEBUG placement.requestlog [req-c5e250dd-6bd5-415e-a817-c33bf800b419 req-428b228e-313d-4f7b-8db5-f14fc9452be1 None None] Starting request: 10.222.0.83 "DELETE /placement/allocations/5cd59c96-d1d4-455b-be21-8dd59df32c51" {{(pid=105099) __call__ /opt/stack/placement/placement/requestlog.py:55}}
Jun 15 15:11:27.386645 n-d-845995-1 devstack@placement-api.service[105099]: DEBUG placement.handlers.allocation [req-c5e250dd-6bd5-415e-a817-c33bf800b419 req-428b228e-313d-4f7b-8db5-f14fc9452be1 service placement] Successfully deleted allocations [, , ] {{(pid=105099) delete_allocations /opt/stack/placement/placement/handlers/allocation.py:627}}
Jun 15 15:11:27.387344 n-d-845995-1 devstack@placement-api.service[105099]: INFO placement.requestlog [req-c5e250dd-6bd5-415e-a817-c33bf800b419 req-428b228e-313d-4f7b-8db5-f14fc9452be1 service placement] 10.222.0.83 "DELETE /placement/allocations/5cd59c96-d1d4-455b-be21-8dd59df32c51" status: 204 len: 0 microversion: 1.0
Jun 15 15:11:27.387825 n-d-845995-1 devstack@placement-api.service[105099]: [pid: 105099|app: 0|req: 257/514] 10.222.0.83 () {60 vars in 1355 bytes} [Wed Jun 15 15:11:27 2022] DELETE /placement/allocations/5cd59c96-d1d4-455b-be21-8dd59df32c51 => generated 0 bytes in 55 msecs (HTTP/1.1 204) 5 headers in 198 bytes (1 switches on core 0)
Jun 15 15:11:27.400767 n-d-845995-1 devstack@placement-api.service[105100]: DEBUG placement.requestlog [req-d9c58455-210f-4e3d-bdb7-355ae4d236a6 req-af6cecb8-d442-4bd9-8243-9590393d52aa None None] Starting request: 10.222.0.83 "DELETE /placement/allocations/16462c3e-8fb3-4e7a-8d38-75088932c2e0" {{(pid=105100) __call__ /opt/stack/placement/placement/requestlog.py:55}}
Jun 15 15:11:27.434811 n-d-845995-1 devstack@placement-api.service[105100]: DEBUG placement.handlers.allocation [req-d9c58455-210f-4e3d-bdb7-355ae4d236a6 req-af6cecb8-d442-4bd9-8243-9590393d52aa service placement] Successfully deleted allocations [, , ] {{(pid=105100) delete_allocations /opt/stack/placement/placement/handlers/allocation.py:627}}
Jun 15 15:11:27.435429 n-d-845995-1 devstack@placement-api.service[105100]: INFO placement.requestlog [req-d9c58455-210f-4e3d-bdb7-355ae4d236a6 req-af6cecb8-d442-4bd9-8243-9590393d52aa service placement] 10.222.0.83 "DELETE /placement/allocations/16462c3e-8fb3-4e7a-8d38-75088932c2e0" status: 204 len: 0 microversion: 1.0
Jun 15 15:11:27.436282 n-d-845995-1 devstack@placement-api.service[105100]: [pid: 105100|app: 0|req: 258/515] 10.222.0.83 () {60 vars in 1355 bytes} [Wed Jun 15 15:11:27 2022] DELETE /placement/allocations/16462c3e-8fb3-4e7a-8d38-75088932c2e0 => generated 0 bytes in 36 msecs (HTTP/1.1 204) 5 headers in 198 bytes (1 switches on core 0)
Jun 15 15:11:30.200503 n-d-845995-1 devstack@placement-api.service[105099]: DEBUG placement.requestlog [req-7eb8968f-fecd-4f75-9436-9b4f5133527a req-42a1c718-b140-4269-9c58-1bba6ee1d8d9 None None] Starting request: 10.222.0.86 "DELETE /placement/allocations/6cdf748e-33ff-48f2-8a98-74e4b1a46787" {{(pid=105099) __call__ /opt/stack/placement/placement/requestlog.py:55}}
Jun 15 15:11:30.245121 n-d-845995-1 devstack@placement-api.service[105099]: DEBUG placement.handlers.allocation [req-7eb8968f-fecd-4f75-9436-9b4f5133527a req-42a1c718-b140-4269-9c58-1bba6ee1d8d9 service placement] Successfully deleted allocations [, , ] {{(pid=105099) delete_allocations /opt/stack/placement/placement/handlers/allocation.py:627}}
Jun 15 15:11:30.245881 n-d-845995-1 devstack@placement-api.service[105099]: INFO placement.requestlog [req-7eb8968f-fecd-4f75-9436-9b4f5133527a req-42a1c718-b140-4269-9c58-1bba6ee1d8d9 service placement] 10.222.0.86 "DELETE /placement/allocations/6cdf748e-33ff-48f2-8a98-74e4b1a46787" status: 204 len: 0 microversion: 1.0
Jun 15 15:11:30.246296 n-d-845995-1 devstack@placement-api.service[105099]: [pid: 105099|app: 0|req: 258/516] 10.222.0.86 () {60 vars in 1355 bytes} [Wed Jun 15 15:11:30 2022] DELETE /placement/allocations/6cdf748e-33ff-48f2-8a98-74e4b1a46787 => generated 0 bytes in 46 msecs (HTTP/1.1 204) 5 headers in 198 bytes (1 switches on core 0)
Jun 15 15:11:31.996075 n-d-845995-1 devstack@placement-api.service[105100]: DEBUG placement.requestlog [req-c474b909-0858-4288-83e8-395daf4a6a13 req-d5d1a31f-ab67-4985-aed3-f9aff7f77d89 None None] Starting request: 10.222.0.79 "GET /placement/allocation_candidates?limit=1000&resources=DISK_GB%3A1%2CMEMORY_MB%3A1024%2CVCPU%3A1&root_required=%21COMPUTE_STATUS_DISABLED" {{(pid=105100) __call__ /opt/stack/placement/placement/requestlog.py:55}}
Jun 15 15:11:32.054502 n-d-845995-1 devstack@placement-api.service[105100]: DEBUG placement.objects.research_context [req-c474b909-0858-4288-83e8-395daf4a6a13 req-d5d1a31f-ab67-4985-aed3-f9aff7f77d89 service placement] getting providers with 1 DISK_GB {{(pid=105100) __init__ /opt/stack/placement/placement/objects/research_context.py:136}}
Jun 15 15:11:32.061149 n-d-845995-1 devstack@placement-api.service[105100]: DEBUG placement.objects.research_context [req-c474b909-0858-4288-83e8-395daf4a6a13 req-d5d1a31f-ab67-4985-aed3-f9aff7f77d89 service placement] getting providers with 1024 MEMORY_MB {{(pid=105100) __init__ /opt/stack/placement/placement/objects/research_context.py:136}}
Jun 15 15:11:32.067977 n-d-845995-1 devstack@placement-api.service[105100]: DEBUG placement.objects.research_context [req-c474b909-0858-4288-83e8-395daf4a6a13 req-d5d1a31f-ab67-4985-aed3-f9aff7f77d89 service placement] getting providers with 1 VCPU {{(pid=105100) __init__ /opt/stack/placement/placement/objects/research_context.py:136}}
Jun 15 15:11:32.093370 n-d-845995-1 devstack@placement-api.service[105100]: DEBUG placement.objects.research_context [req-c474b909-0858-4288-83e8-395daf4a6a13 req-d5d1a31f-ab67-4985-aed3-f9aff7f77d89 service placement] found 2 providers with available 1 DISK_GB {{(pid=105100) get_provider_ids_matching /opt/stack/placement/placement/objects/research_context.py:563}}
Jun 15 15:11:32.104736 n-d-845995-1 devstack@placement-api.service[105100]: DEBUG placement.objects.research_context [req-c474b909-0858-4288-83e8-395daf4a6a13 req-d5d1a31f-ab67-4985-aed3-f9aff7f77d89 service placement] found 2 providers with available 1024 MEMORY_MB {{(pid=105100) get_provider_ids_matching /opt/stack/placement/placement/objects/research_context.py:563}}
Jun 15 15:11:32.105244 n-d-845995-1 devstack@placement-api.service[105100]: DEBUG placement.objects.research_context [req-c474b909-0858-4288-83e8-395daf4a6a13 req-d5d1a31f-ab67-4985-aed3-f9aff7f77d89 service placement] found 2 providers after filtering by previous result {{(pid=105100) get_provider_ids_matching /opt/stack/placement/placement/objects/research_context.py:594}}
Jun 15 15:11:32.105517 n-d-845995-1 devstack@placement-api.service[105100]: DEBUG placement.objects.research_context [req-c474b909-0858-4288-83e8-395daf4a6a13 req-d5d1a31f-ab67-4985-aed3-f9aff7f77d89 service placement] found 2 providers with available 1 VCPU {{(pid=105100) get_provider_ids_matching /opt/stack/placement/placement/objects/research_context.py:563}}
Jun 15 15:11:32.105922 n-d-845995-1 devstack@placement-api.service[105100]: DEBUG placement.objects.research_context [req-c474b909-0858-4288-83e8-395daf4a6a13 req-d5d1a31f-ab67-4985-aed3-f9aff7f77d89 service placement] found 2 providers after filtering by previous result {{(pid=105100) get_provider_ids_matching /opt/stack/placement/placement/objects/research_context.py:594}}
Jun 15 15:11:32.119623 n-d-845995-1 devstack@placement-api.service[105100]: DEBUG placement.objects.allocation_candidate [req-c474b909-0858-4288-83e8-395daf4a6a13 req-d5d1a31f-ab67-4985-aed3-f9aff7f77d89 service placement] RequestGroup(use_same_provider=False, resources={DISK_GB:1, MEMORY_MB:1024, VCPU:1}, traits=(), aggregates=[]) (suffix '') returned 2 matches {{(pid=105100) _get_by_requests /opt/stack/placement/placement/objects/allocation_candidate.py:156}}
Jun 15 15:11:32.120286 n-d-845995-1 devstack@placement-api.service[105100]: DEBUG placement.objects.allocation_candidate [req-c474b909-0858-4288-83e8-395daf4a6a13 req-d5d1a31f-ab67-4985-aed3-f9aff7f77d89 service placement] Merging candidates yields 2 allocation requests and 2 provider summaries {{(pid=105100) _merge_candidates /opt/stack/placement/placement/objects/allocation_candidate.py:809}}
Jun 15 15:11:32.121984 n-d-845995-1 devstack@placement-api.service[105100]: INFO placement.requestlog [req-c474b909-0858-4288-83e8-395daf4a6a13 req-d5d1a31f-ab67-4985-aed3-f9aff7f77d89 service placement] 10.222.0.79 "GET /placement/allocation_candidates?limit=1000&resources=DISK_GB%3A1%2CMEMORY_MB%3A1024%2CVCPU%3A1&root_required=%21COMPUTE_STATUS_DISABLED" status: 200 len: 1309 microversion: 1.36
Jun 15 15:11:32.127859 n-d-845995-1 devstack@placement-api.service[105100]: [pid: 105100|app: 0|req: 259/517] 10.222.0.79 () {60 vars in 1506 bytes} [Wed Jun 15 15:11:31 2022] GET /placement/allocation_candidates?limit=1000&resources=DISK_GB%3A1%2CMEMORY_MB%3A1024%2CVCPU%3A1&root_required=%21COMPUTE_STATUS_DISABLED => generated 1309 bytes in 133 msecs (HTTP/1.1 200) 8 headers in 297 bytes (2 switches on core 0)
Jun 15 15:11:32.231456 n-d-845995-1 devstack@placement-api.service[105099]: DEBUG placement.requestlog [req-c474b909-0858-4288-83e8-395daf4a6a13 req-669dad9a-e507-4fbd-bcec-773ff401dd36 None None] Starting request: 10.222.0.79 "GET /placement/allocations/8fc7cfec-7b63-4b92-9b69-3fe69d2bad12" {{(pid=105099) __call__ /opt/stack/placement/placement/requestlog.py:55}}
Jun 15 15:11:32.244505 n-d-845995-1 devstack@placement-api.service[105099]: INFO placement.requestlog [req-c474b909-0858-4288-83e8-395daf4a6a13 req-669dad9a-e507-4fbd-bcec-773ff401dd36 service placement] 10.222.0.79 "GET /placement/allocations/8fc7cfec-7b63-4b92-9b69-3fe69d2bad12" status: 200 len: 19 microversion: 1.28
Jun 15 15:11:32.245381 n-d-845995-1 devstack@placement-api.service[105099]: [pid: 105099|app: 0|req: 259/518] 10.222.0.79 () {60 vars in 1380 bytes} [Wed Jun 15 15:11:32 2022] GET /placement/allocations/8fc7cfec-7b63-4b92-9b69-3fe69d2bad12 => generated 19 bytes in 14 msecs (HTTP/1.1 200) 8 headers in 295 bytes (1 switches on core 0)
Jun 15 15:11:32.261912 n-d-845995-1 devstack@placement-api.service[105100]: DEBUG placement.requestlog [req-c474b909-0858-4288-83e8-395daf4a6a13 req-039240a9-aa30-4682-aa58-bcf5b8621078 None None] Starting request: 10.222.0.79 "PUT /placement/allocations/8fc7cfec-7b63-4b92-9b69-3fe69d2bad12" {{(pid=105100) __call__ /opt/stack/placement/placement/requestlog.py:55}}
Jun 15 15:11:32.385034 n-d-845995-1 devstack@placement-api.service[105100]: DEBUG placement.handlers.allocation [req-c474b909-0858-4288-83e8-395daf4a6a13 req-039240a9-aa30-4682-aa58-bcf5b8621078 service placement] Successfully wrote allocations [, , ] {{(pid=105100) _update_consumers_and_create_allocations /opt/stack/placement/placement/handlers/allocation.py:462}}
Jun 15 15:11:32.393459 n-d-845995-1 devstack@placement-api.service[105100]: INFO placement.requestlog [req-c474b909-0858-4288-83e8-395daf4a6a13 req-039240a9-aa30-4682-aa58-bcf5b8621078 service placement] 10.222.0.79 "PUT /placement/allocations/8fc7cfec-7b63-4b92-9b69-3fe69d2bad12" status: 204 len: 0 microversion: 1.36
Jun 15 15:11:32.394183 n-d-845995-1 devstack@placement-api.service[105100]: [pid: 105100|app: 0|req: 260/519] 10.222.0.79 () {64 vars in 1433 bytes} [Wed Jun 15 15:11:32 2022] PUT /placement/allocations/8fc7cfec-7b63-4b92-9b69-3fe69d2bad12 => generated 0 bytes in 133 msecs (HTTP/1.1 204) 5 headers in 199 bytes (2 switches on core 0)
Jun 15 15:11:32.859187 n-d-845995-1 devstack@placement-api.service[105099]: DEBUG placement.requestlog [req-c474b909-0858-4288-83e8-395daf4a6a13 req-269ae4bc-9564-44e3-b42b-5a483e6a6ebd None None] Starting request: 10.222.0.86 "GET /placement/allocations/8fc7cfec-7b63-4b92-9b69-3fe69d2bad12" {{(pid=105099) __call__ /opt/stack/placement/placement/requestlog.py:55}}
Jun 15 15:11:32.886358 n-d-845995-1 devstack@placement-api.service[105099]: INFO placement.requestlog [req-c474b909-0858-4288-83e8-395daf4a6a13 req-269ae4bc-9564-44e3-b42b-5a483e6a6ebd service placement] 10.222.0.86 "GET /placement/allocations/8fc7cfec-7b63-4b92-9b69-3fe69d2bad12" status: 200 len: 259 microversion: 1.28
Jun 15 15:11:32.888011 n-d-845995-1 devstack@placement-api.service[105099]: [pid: 105099|app: 0|req: 260/520] 10.222.0.86 () {60 vars in 1377 bytes} [Wed Jun 15 15:11:32 2022] GET /placement/allocations/8fc7cfec-7b63-4b92-9b69-3fe69d2bad12 => generated 259 bytes in 29 msecs (HTTP/1.1 200) 8 headers in 296 bytes (1 switches on core 0)
Jun 15 15:11:35.323226 n-d-845995-1 devstack@placement-api.service[105100]: DEBUG placement.requestlog [None req-6b4ecebf-05de-4aa9-8e08-30fce462b8ec None None] Starting request: 10.222.0.79 "GET /placement/resource_providers/0d9c742c-ceec-4c55-928b-f35dac899a87/aggregates" {{(pid=105100) __call__ /opt/stack/placement/placement/requestlog.py:55}}
Jun 15 15:11:35.338987 n-d-845995-1 devstack@placement-api.service[105100]: INFO placement.requestlog [None req-6b4ecebf-05de-4aa9-8e08-30fce462b8ec service placement] 10.222.0.79 "GET /placement/resource_providers/0d9c742c-ceec-4c55-928b-f35dac899a87/aggregates" status: 404 len: 235 microversion: 1.1
Jun 15 15:11:35.340764 n-d-845995-1 devstack@placement-api.service[105100]: [pid: 105100|app: 0|req: 261/521] 10.222.0.79 () {58 vars in 1362 bytes} [Wed Jun 15 15:11:35 2022] GET /placement/resource_providers/0d9c742c-ceec-4c55-928b-f35dac899a87/aggregates => generated 235 bytes in 18 msecs (HTTP/1.1 404) 5 headers in 202 bytes (1 switches on core 0)
Jun 15 15:11:35.400416 n-d-845995-1 devstack@placement-api.service[105099]: DEBUG placement.requestlog [None req-9f8b5b66-8336-427d-8108-25f687b66be2 None None] Starting request: 10.222.0.79 "DELETE /placement/resource_providers/0d9c742c-ceec-4c55-928b-f35dac899a87" {{(pid=105099) __call__ /opt/stack/placement/placement/requestlog.py:55}}
Jun 15 15:11:35.420567 n-d-845995-1 devstack@placement-api.service[105099]: DEBUG dbcounter [-] [105099] Writing DB stats placement:SELECT=74,placement:INSERT=6,placement:DELETE=6,placement:UPDATE=2 {{(pid=105099) stat_writer /usr/local/lib/python3.8/dist-packages/dbcounter.py:114}}
Jun 15 15:11:35.432898 n-d-845995-1 devstack@placement-api.service[105099]: DEBUG placement.wsgi_wrapper [None req-9f8b5b66-8336-427d-8108-25f687b66be2 service placement] Placement API returning an error response: No resource provider with uuid 0d9c742c-ceec-4c55-928b-f35dac899a87 found for delete {{(pid=105099) call_func /opt/stack/placement/placement/wsgi_wrapper.py:31}}
Jun 15 15:11:35.434356 n-d-845995-1 devstack@placement-api.service[105099]: INFO placement.requestlog [None req-9f8b5b66-8336-427d-8108-25f687b66be2 service placement] 10.222.0.79 "DELETE /placement/resource_providers/0d9c742c-ceec-4c55-928b-f35dac899a87" status: 404 len: 246 microversion: 1.1
Jun 15 15:11:35.437472 n-d-845995-1 devstack@placement-api.service[105099]: [pid: 105099|app: 0|req: 261/522] 10.222.0.79 () {60 vars in 1351 bytes} [Wed Jun 15 15:11:35 2022] DELETE /placement/resource_providers/0d9c742c-ceec-4c55-928b-f35dac899a87 => generated 246 bytes in 38 msecs (HTTP/1.1 404) 6 headers in 231 bytes (1 switches on core 0)
Jun 15 15:11:37.473614 n-d-845995-1 devstack@placement-api.service[105100]: DEBUG placement.requestlog [None req-e1114f6d-b05c-4c45-9a71-df0a64dd96e2 None None] Starting request: 10.222.0.79 "GET /placement/resource_providers/56d8cccd-a3ea-4ce1-a6a3-c8ac3bc7efa3/aggregates" {{(pid=105100) __call__ /opt/stack/placement/placement/requestlog.py:55}}
Jun 15 15:11:37.494436 n-d-845995-1 devstack@placement-api.service[105100]: INFO placement.requestlog [None req-e1114f6d-b05c-4c45-9a71-df0a64dd96e2 service placement] 10.222.0.79 "GET /placement/resource_providers/56d8cccd-a3ea-4ce1-a6a3-c8ac3bc7efa3/aggregates" status: 404 len: 235 microversion: 1.1
Jun 15 15:11:37.496451 n-d-845995-1 devstack@placement-api.service[105100]: [pid: 105100|app: 0|req: 262/523] 10.222.0.79 () {58 vars in 1362 bytes} [Wed Jun 15 15:11:37 2022] GET /placement/resource_providers/56d8cccd-a3ea-4ce1-a6a3-c8ac3bc7efa3/aggregates => generated 235 bytes in 23 msecs (HTTP/1.1 404) 5 headers in 202 bytes (1 switches on core 0)
Jun 15 15:11:37.507554 n-d-845995-1 devstack@placement-api.service[105099]: DEBUG placement.requestlog [None req-cbab8f95-58c6-4f4e-8a30-9c5c06685cd4 None None] Starting request: 10.222.0.79 "DELETE /placement/resource_providers/56d8cccd-a3ea-4ce1-a6a3-c8ac3bc7efa3" {{(pid=105099) __call__ /opt/stack/placement/placement/requestlog.py:55}}
Jun 15 15:11:37.522656 n-d-845995-1 devstack@placement-api.service[105099]: DEBUG placement.wsgi_wrapper [None req-cbab8f95-58c6-4f4e-8a30-9c5c06685cd4 service placement] Placement API returning an error response: No resource provider with uuid 56d8cccd-a3ea-4ce1-a6a3-c8ac3bc7efa3 found for delete {{(pid=105099) call_func /opt/stack/placement/placement/wsgi_wrapper.py:31}}
Jun 15 15:11:37.523983 n-d-845995-1 devstack@placement-api.service[105099]: INFO placement.requestlog [None req-cbab8f95-58c6-4f4e-8a30-9c5c06685cd4 service placement] 10.222.0.79 "DELETE /placement/resource_providers/56d8cccd-a3ea-4ce1-a6a3-c8ac3bc7efa3" status: 404 len: 246 microversion: 1.1
Jun 15 15:11:37.526842 n-d-845995-1 devstack@placement-api.service[105099]: [pid: 105099|app: 0|req: 262/524] 10.222.0.79 () {60 vars in 1351 bytes} [Wed Jun 15 15:11:37 2022] DELETE /placement/resource_providers/56d8cccd-a3ea-4ce1-a6a3-c8ac3bc7efa3 => generated 246 bytes in 20 msecs (HTTP/1.1 404) 6 headers in 231 bytes (1 switches on core 0)
Jun 15 15:11:41.084664 n-d-845995-1 devstack@placement-api.service[105100]: DEBUG placement.requestlog [None req-3e0281dd-78b9-4537-b044-707106e08eab None None] Starting request: 10.222.0.79 "GET /placement/" {{(pid=105100) __call__ /opt/stack/placement/placement/requestlog.py:55}}
Jun 15 15:11:41.086386 n-d-845995-1 devstack@placement-api.service[105100]: INFO placement.requestlog [None req-3e0281dd-78b9-4537-b044-707106e08eab None None] 10.222.0.79 "GET /placement/" status: 200 len: 136 microversion: 1.0
Jun 15 15:11:41.087166 n-d-845995-1 devstack@placement-api.service[105100]: [pid: 105100|app: 0|req: 263/525] 10.222.0.79 () {54 vars in 916 bytes} [Wed Jun 15 15:11:41 2022] GET /placement => generated 136 bytes in 3 msecs (HTTP/1.1 200) 6 headers in 224 bytes (1 switches on core 0)
Jun 15 15:11:41.100827 n-d-845995-1 devstack@placement-api.service[105099]: DEBUG placement.requestlog [req-7a0ecc69-f6bc-4000-85ab-269b62694b35 req-2d02030b-0d97-4131-8f9f-3d58dcf984b9 None None] Starting request: 10.222.0.79 "GET /placement/allocations/21533e23-d59d-4e7b-b195-af6da01cdecc" {{(pid=105099) __call__ /opt/stack/placement/placement/requestlog.py:55}}
Jun 15 15:11:41.250299 n-d-845995-1 devstack@placement-api.service[105099]: INFO placement.requestlog [req-7a0ecc69-f6bc-4000-85ab-269b62694b35 req-2d02030b-0d97-4131-8f9f-3d58dcf984b9 service placement] 10.222.0.79 "GET /placement/allocations/21533e23-d59d-4e7b-b195-af6da01cdecc" status: 200 len: 245 microversion: 1.28
Jun 15 15:11:41.252376 n-d-845995-1 devstack@placement-api.service[105099]: [pid: 105099|app: 0|req: 263/526] 10.222.0.79 () {60 vars in 1380 bytes} [Wed Jun 15 15:11:41 2022] GET /placement/allocations/21533e23-d59d-4e7b-b195-af6da01cdecc => generated 245 bytes in 153 msecs (HTTP/1.1 200) 8 headers in 296 bytes (1 switches on core 0)
Jun 15 15:11:41.257617 n-d-845995-1 devstack@placement-api.service[105100]: DEBUG placement.requestlog [req-7a0ecc69-f6bc-4000-85ab-269b62694b35 req-45dcd885-03c2-44b4-b321-5bde1f10710d None None] Starting request: 10.222.0.79 "GET /placement/allocations/21533e23-d59d-4e7b-b195-af6da01cdecc" {{(pid=105100) __call__ /opt/stack/placement/placement/requestlog.py:55}}
Jun 15 15:11:41.280508 n-d-845995-1 devstack@placement-api.service[105100]: INFO placement.requestlog [req-7a0ecc69-f6bc-4000-85ab-269b62694b35 req-45dcd885-03c2-44b4-b321-5bde1f10710d service placement] 10.222.0.79 "GET /placement/allocations/21533e23-d59d-4e7b-b195-af6da01cdecc" status: 200 len: 245 microversion: 1.28
Jun 15 15:11:41.288177 n-d-845995-1 devstack@placement-api.service[105099]: DEBUG placement.requestlog [req-7a0ecc69-f6bc-4000-85ab-269b62694b35 req-98661c5a-8b8b-4106-91bc-ba28be821283 None None] Starting request: 10.222.0.79 "GET /placement/allocations/c58c96fe-df41-48e2-bb98-c7a83f74d8fa" {{(pid=105099) __call__ /opt/stack/placement/placement/requestlog.py:55}}
Jun 15 15:11:41.292810 n-d-845995-1 devstack@placement-api.service[105100]: [pid: 105100|app: 0|req: 264/527] 10.222.0.79 () {60 vars in 1380 bytes} [Wed Jun 15 15:11:41 2022] GET /placement/allocations/21533e23-d59d-4e7b-b195-af6da01cdecc => generated 245 bytes in 35 msecs (HTTP/1.1 200) 8 headers in 296 bytes (1 switches on core 0)
Jun 15 15:11:41.308581 n-d-845995-1 devstack@placement-api.service[105099]: INFO placement.requestlog [req-7a0ecc69-f6bc-4000-85ab-269b62694b35 req-98661c5a-8b8b-4106-91bc-ba28be821283 service placement] 10.222.0.79 "GET /placement/allocations/c58c96fe-df41-48e2-bb98-c7a83f74d8fa" status: 200 len: 19 microversion: 1.28
Jun 15 15:11:41.308960 n-d-845995-1 devstack@placement-api.service[105099]: [pid: 105099|app: 0|req: 264/528] 10.222.0.79 () {60 vars in 1380 bytes} [Wed Jun 15 15:11:41 2022] GET /placement/allocations/c58c96fe-df41-48e2-bb98-c7a83f74d8fa => generated 19 bytes in 21 msecs (HTTP/1.1 200) 8 headers in 295 bytes (1 switches on core 0)
Jun 15 15:11:41.315206 n-d-845995-1 devstack@placement-api.service[105100]: DEBUG placement.requestlog [req-7a0ecc69-f6bc-4000-85ab-269b62694b35 req-4074315a-b86b-43bb-9e76-14941867981a None None] Starting request: 10.222.0.79 "POST /placement/allocations" {{(pid=105100) __call__ /opt/stack/placement/placement/requestlog.py:55}}
Jun 15 15:11:41.475950 n-d-845995-1 devstack@placement-api.service[105100]: DEBUG placement.handlers.allocation [req-7a0ecc69-f6bc-4000-85ab-269b62694b35 req-4074315a-b86b-43bb-9e76-14941867981a service placement] Successfully wrote allocations [, , , ] {{(pid=105100) _update_consumers_and_create_allocations /opt/stack/placement/placement/handlers/allocation.py:572}}
Jun 15 15:11:41.483304 n-d-845995-1 devstack@placement-api.service[105100]: INFO placement.requestlog [req-7a0ecc69-f6bc-4000-85ab-269b62694b35 req-4074315a-b86b-43bb-9e76-14941867981a service placement] 10.222.0.79 "POST /placement/allocations" status: 204 len: 0 microversion: 1.28
Jun 15 15:11:41.484271 n-d-845995-1 devstack@placement-api.service[105100]: [pid: 105100|app: 0|req: 265/529] 10.222.0.79 () {64 vars in 1323 bytes} [Wed Jun 15 15:11:41 2022] POST /placement/allocations => generated 0 bytes in 169 msecs (HTTP/1.1 204) 5 headers in 199 bytes (1 switches on core 0)
Jun 15 15:11:41.572974 n-d-845995-1 devstack@placement-api.service[105099]: DEBUG placement.requestlog [req-7a0ecc69-f6bc-4000-85ab-269b62694b35 req-7fb4ab40-1ab2-46c4-8540-12ef6105fc04 None None] Starting request: 10.222.0.79 "GET /placement/allocations/21533e23-d59d-4e7b-b195-af6da01cdecc" {{(pid=105099) __call__ /opt/stack/placement/placement/requestlog.py:55}}
Jun 15 15:11:41.594073 n-d-845995-1 devstack@placement-api.service[105099]: INFO placement.requestlog [req-7a0ecc69-f6bc-4000-85ab-269b62694b35 req-7fb4ab40-1ab2-46c4-8540-12ef6105fc04 service placement] 10.222.0.79 "GET /placement/allocations/21533e23-d59d-4e7b-b195-af6da01cdecc" status: 200 len: 19 microversion: 1.28
Jun 15 15:11:41.595731 n-d-845995-1 devstack@placement-api.service[105099]: [pid: 105099|app: 0|req: 265/530] 10.222.0.79 () {60 vars in 1380 bytes} [Wed Jun 15 15:11:41 2022] GET /placement/allocations/21533e23-d59d-4e7b-b195-af6da01cdecc => generated 19 bytes in 23 msecs (HTTP/1.1 200) 8 headers in 295 bytes (1 switches on core 0)
