Jun 15 08:53:35.919677 n-d-845896-1 devstack@keystone.service[80714]: DEBUG keystone.server.flask.request_processing.req_logging [None req-f6741218-a860-4e7a-a725-c725ce73c0c3 admin admin] REQUEST_METHOD: `GET` {{(pid=80714) log_request_info /opt/stack/keystone/keystone/server/flask/request_processing/req_logging.py:27}}
Jun 15 08:53:35.919965 n-d-845896-1 devstack@keystone.service[80714]: DEBUG keystone.server.flask.request_processing.req_logging [None req-f6741218-a860-4e7a-a725-c725ce73c0c3 admin admin] SCRIPT_NAME: `/identity` {{(pid=80714) log_request_info /opt/stack/keystone/keystone/server/flask/request_processing/req_logging.py:28}}
Jun 15 08:53:35.920270 n-d-845896-1 devstack@keystone.service[80714]: DEBUG keystone.server.flask.request_processing.req_logging [None req-f6741218-a860-4e7a-a725-c725ce73c0c3 admin admin] PATH_INFO: `/v3/auth/tokens` {{(pid=80714) log_request_info /opt/stack/keystone/keystone/server/flask/request_processing/req_logging.py:29}}
Jun 15 08:53:35.928792 n-d-845896-1 devstack@keystone.service[80714]: DEBUG keystone.common.rbac_enforcer.enforcer [None req-f6741218-a860-4e7a-a725-c725ce73c0c3 admin admin] RBAC: Authorizing `identity:validate_token()` {{(pid=80714) enforce_call /opt/stack/keystone/keystone/common/rbac_enforcer/enforcer.py:449}}
Jun 15 08:53:35.980481 n-d-845896-1 devstack@keystone.service[80714]: WARNING keystone.common.rbac_enforcer.enforcer [None req-f6741218-a860-4e7a-a725-c725ce73c0c3 admin admin] Deprecated policy rules found. Use oslopolicy-policy-generator and oslopolicy-policy-upgrade to detect and resolve deprecated policies in your configuration.
Jun 15 08:53:35.980827 n-d-845896-1 devstack@keystone.service[80714]: DEBUG keystone.common.rbac_enforcer.enforcer [None req-f6741218-a860-4e7a-a725-c725ce73c0c3 admin admin] RBAC: Authorization granted {{(pid=80714) enforce_call /opt/stack/keystone/keystone/common/rbac_enforcer/enforcer.py:457}}
Jun 15 08:53:35.990783 n-d-845896-1 devstack@keystone.service[80714]: [pid: 80714|app: 0|req: 2/4] 10.222.0.15 () {58 vars in 1324 bytes} [Wed Jun 15 08:53:35 2022] GET /identity/v3/auth/tokens => generated 914 bytes in 290 msecs (HTTP/1.1 200) 6 headers in 379 bytes (1 switches on core 0)
Jun 15 08:53:35.997817 n-d-845896-1 devstack@keystone.service[80715]: DEBUG keystone.server.flask.request_processing.middleware.auth_context [None req-2bf28d11-3a79-4c2f-bef4-0d21d9edfacd None None] Authenticating user token {{(pid=80715) process_request /usr/local/lib/python3.8/dist-packages/keystonemiddleware/auth_token/__init__.py:407}}
Jun 15 08:53:36.014640 n-d-845896-1 devstack@keystone.service[80715]: DEBUG keystone.server.flask.request_processing.middleware.auth_context [None req-2bf28d11-3a79-4c2f-bef4-0d21d9edfacd None None] Validating token access rules against request {{(pid=80715) validate_allowed_request /usr/local/lib/python3.8/dist-packages/keystonemiddleware/auth_token/__init__.py:545}}
Jun 15 08:53:36.018954 n-d-845896-1 devstack@keystone.service[80715]: DEBUG keystone.server.flask.request_processing.middleware.auth_context [None req-0248f532-52a3-4294-8bc9-8ea978ae74e6 admin admin] RBAC: auth_context: {'token': , 'domain_id': None, 'trust_id': None, 'trustor_id': None, 'trustee_id': None, 'domain_name': None, 'group_ids': [], 'user_id': '152b5f50ee994e1c8e4d277e000821fe', 'user_domain_id': 'default', 'system_scope': None, 'project_id': 'd12145311f51446588bf1cec2ce97fe5', 'project_domain_id': 'default', 'roles': ['admin', 'member', 'reader'], 'is_admin_project': True, 'service_user_id': None, 'service_user_domain_id': None, 'service_project_id': None, 'service_project_domain_id': None, 'service_roles': []} {{(pid=80715) fill_context /opt/stack/keystone/keystone/server/flask/request_processing/middleware/auth_context.py:478}}
Jun 15 08:53:36.020076 n-d-845896-1 devstack@keystone.service[80715]: DEBUG keystone.server.flask.request_processing.req_logging [None req-0248f532-52a3-4294-8bc9-8ea978ae74e6 admin admin] REQUEST_METHOD: `GET` {{(pid=80715) log_request_info /opt/stack/keystone/keystone/server/flask/request_processing/req_logging.py:27}}
Jun 15 08:53:36.020368 n-d-845896-1 devstack@keystone.service[80715]: DEBUG keystone.server.flask.request_processing.req_logging [None req-0248f532-52a3-4294-8bc9-8ea978ae74e6 admin admin] SCRIPT_NAME: `/identity` {{(pid=80715) log_request_info /opt/stack/keystone/keystone/server/flask/request_processing/req_logging.py:28}}
Jun 15 08:53:36.020646 n-d-845896-1 devstack@keystone.service[80715]: DEBUG keystone.server.flask.request_processing.req_logging [None req-0248f532-52a3-4294-8bc9-8ea978ae74e6 admin admin] PATH_INFO: `/v3/projects/d12145311f51446588bf1cec2ce97fe5` {{(pid=80715) log_request_info /opt/stack/keystone/keystone/server/flask/request_processing/req_logging.py:29}}
Jun 15 08:53:36.022143 n-d-845896-1 devstack@keystone.service[80715]: DEBUG keystone.common.rbac_enforcer.enforcer [None req-0248f532-52a3-4294-8bc9-8ea978ae74e6 admin admin] RBAC: Authorizing `identity:get_project(project_id=d12145311f51446588bf1cec2ce97fe5)` {{(pid=80715) enforce_call /opt/stack/keystone/keystone/common/rbac_enforcer/enforcer.py:449}}
Jun 15 08:53:36.075861 n-d-845896-1 devstack@keystone.service[80715]: WARNING keystone.common.rbac_enforcer.enforcer [None req-0248f532-52a3-4294-8bc9-8ea978ae74e6 admin admin] Deprecated policy rules found. Use oslopolicy-policy-generator and oslopolicy-policy-upgrade to detect and resolve deprecated policies in your configuration.
Jun 15 08:53:36.076239 n-d-845896-1 devstack@keystone.service[80715]: DEBUG keystone.common.rbac_enforcer.enforcer [None req-0248f532-52a3-4294-8bc9-8ea978ae74e6 admin admin] RBAC: Authorization granted {{(pid=80715) enforce_call /opt/stack/keystone/keystone/common/rbac_enforcer/enforcer.py:457}}
Jun 15 08:53:36.080834 n-d-845896-1 devstack@keystone.service[80715]: [pid: 80715|app: 0|req: 3/5] 10.222.0.15 () {56 vars in 1207 bytes} [Wed Jun 15 08:53:35 2022] GET /identity/v3/projects/d12145311f51446588bf1cec2ce97fe5 => generated 344 bytes in 84 msecs (HTTP/1.1 200) 5 headers in 177 bytes (2 switches on core 0)
Jun 15 08:53:38.141403 n-d-845896-1 devstack@keystone.service[80714]: DEBUG keystone.server.flask.request_processing.req_logging [None req-64898266-77f6-424f-b9b0-ea3c391eb0f0 None None] REQUEST_METHOD: `GET` {{(pid=80714) log_request_info /opt/stack/keystone/keystone/server/flask/request_processing/req_logging.py:27}}
Jun 15 08:53:38.141940 n-d-845896-1 devstack@keystone.service[80714]: DEBUG keystone.server.flask.request_processing.req_logging [None req-64898266-77f6-424f-b9b0-ea3c391eb0f0 None None] SCRIPT_NAME: `/identity` {{(pid=80714) log_request_info /opt/stack/keystone/keystone/server/flask/request_processing/req_logging.py:28}}
Jun 15 08:53:38.141940 n-d-845896-1 devstack@keystone.service[80714]: DEBUG keystone.server.flask.request_processing.req_logging [None req-64898266-77f6-424f-b9b0-ea3c391eb0f0 None None] PATH_INFO: `/` {{(pid=80714) log_request_info /opt/stack/keystone/keystone/server/flask/request_processing/req_logging.py:29}}
Jun 15 08:53:38.146110 n-d-845896-1 devstack@keystone.service[80714]: [pid: 80714|app: 0|req: 3/6] 10.222.0.15 () {54 vars in 926 bytes} [Wed Jun 15 08:53:38 2022] GET /identity => generated 270 bytes in 6 msecs (HTTP/1.1 300) 6 headers in 234 bytes (1 switches on core 0)
Jun 15 08:53:38.151414 n-d-845896-1 devstack@keystone.service[80715]: DEBUG keystone.server.flask.request_processing.req_logging [None req-e6961259-9249-4f23-97a5-5dd843927ab0 None None] REQUEST_METHOD: `POST` {{(pid=80715) log_request_info /opt/stack/keystone/keystone/server/flask/request_processing/req_logging.py:27}}
Jun 15 08:53:38.151837 n-d-845896-1 devstack@keystone.service[80715]: DEBUG keystone.server.flask.request_processing.req_logging [None req-e6961259-9249-4f23-97a5-5dd843927ab0 None None] SCRIPT_NAME: `/identity` {{(pid=80715) log_request_info /opt/stack/keystone/keystone/server/flask/request_processing/req_logging.py:28}}
Jun 15 08:53:38.151981 n-d-845896-1 devstack@keystone.service[80715]: DEBUG keystone.server.flask.request_processing.req_logging [None req-e6961259-9249-4f23-97a5-5dd843927ab0 None None] PATH_INFO: `/v3/auth/tokens` {{(pid=80715) log_request_info /opt/stack/keystone/keystone/server/flask/request_processing/req_logging.py:29}}
Jun 15 08:53:38.170282 n-d-845896-1 devstack@keystone.service[80715]: DEBUG keystone.auth.core [None req-e6961259-9249-4f23-97a5-5dd843927ab0 None None] MFA Rules not processed for user `152b5f50ee994e1c8e4d277e000821fe`. Rule list: `[]` (Enabled: `True`). {{(pid=80715) check_auth_methods_against_rules /opt/stack/keystone/keystone/auth/core.py:438}}
Jun 15 08:53:38.171836 n-d-845896-1 devstack@keystone.service[80715]: DEBUG keystone.common.fernet_utils [None req-e6961259-9249-4f23-97a5-5dd843927ab0 None None] Loaded 2 Fernet keys from /etc/keystone/fernet-keys/, but `[fernet_tokens] max_active_keys = 3`; perhaps there have not been enough key rotations to reach `max_active_keys` yet? {{(pid=80715) load_keys /opt/stack/keystone/keystone/common/fernet_utils.py:286}}
Jun 15 08:53:38.180122 n-d-845896-1 devstack@keystone.service[80715]: [pid: 80715|app: 0|req: 4/7] 10.222.0.15 () {58 vars in 1023 bytes} [Wed Jun 15 08:53:38 2022] POST /identity/v3/auth/tokens => generated 914 bytes in 30 msecs (HTTP/1.1 201) 6 headers in 384 bytes (2 switches on core 0)
Jun 15 08:53:38.202667 n-d-845896-1 devstack@keystone.service[80714]: DEBUG keystone.server.flask.request_processing.middleware.auth_context [None req-64898266-77f6-424f-b9b0-ea3c391eb0f0 None None] Authenticating user token {{(pid=80714) process_request /usr/local/lib/python3.8/dist-packages/keystonemiddleware/auth_token/__init__.py:407}}
Jun 15 08:53:38.214554 n-d-845896-1 devstack@keystone.service[80714]: DEBUG keystone.server.flask.request_processing.middleware.auth_context [None req-64898266-77f6-424f-b9b0-ea3c391eb0f0 None None] Validating token access rules against request {{(pid=80714) validate_allowed_request /usr/local/lib/python3.8/dist-packages/keystonemiddleware/auth_token/__init__.py:545}}
Jun 15 08:53:38.218685 n-d-845896-1 devstack@keystone.service[80714]: DEBUG keystone.server.flask.request_processing.middleware.auth_context [None req-9a175b85-1453-4270-b965-3ea460d973f4 admin admin] RBAC: auth_context: {'token': , 'domain_id': None, 'trust_id': None, 'trustor_id': None, 'trustee_id': None, 'domain_name': None, 'group_ids': [], 'user_id': '152b5f50ee994e1c8e4d277e000821fe', 'user_domain_id': 'default', 'system_scope': None, 'project_id': 'd12145311f51446588bf1cec2ce97fe5', 'project_domain_id': 'default', 'roles': ['admin', 'member', 'reader'], 'is_admin_project': True, 'service_user_id': None, 'service_user_domain_id': None, 'service_project_id': None, 'service_project_domain_id': None, 'service_roles': []} {{(pid=80714) fill_context /opt/stack/keystone/keystone/server/flask/request_processing/middleware/auth_context.py:478}}
Jun 15 08:53:38.219316 n-d-845896-1 devstack@keystone.service[80714]: DEBUG keystone.server.flask.request_processing.req_logging [None req-9a175b85-1453-4270-b965-3ea460d973f4 admin admin] REQUEST_METHOD: `GET` {{(pid=80714) log_request_info /opt/stack/keystone/keystone/server/flask/request_processing/req_logging.py:27}}
Jun 15 08:53:38.219606 n-d-845896-1 devstack@keystone.service[80714]: DEBUG keystone.server.flask.request_processing.req_logging [None req-9a175b85-1453-4270-b965-3ea460d973f4 admin admin] SCRIPT_NAME: `/identity` {{(pid=80714) log_request_info /opt/stack/keystone/keystone/server/flask/request_processing/req_logging.py:28}}
Jun 15 08:53:38.219888 n-d-845896-1 devstack@keystone.service[80714]: DEBUG keystone.server.flask.request_processing.req_logging [None req-9a175b85-1453-4270-b965-3ea460d973f4 admin admin] PATH_INFO: `/v3/auth/tokens` {{(pid=80714) log_request_info /opt/stack/keystone/keystone/server/flask/request_processing/req_logging.py:29}}
Jun 15 08:53:38.228134 n-d-845896-1 devstack@keystone.service[80714]: DEBUG keystone.common.rbac_enforcer.enforcer [None req-9a175b85-1453-4270-b965-3ea460d973f4 admin admin] RBAC: Authorizing `identity:validate_token()` {{(pid=80714) enforce_call /opt/stack/keystone/keystone/common/rbac_enforcer/enforcer.py:449}}
Jun 15 08:53:38.229916 n-d-845896-1 devstack@keystone.service[80714]: DEBUG keystone.common.rbac_enforcer.enforcer [None req-9a175b85-1453-4270-b965-3ea460d973f4 admin admin] RBAC: Authorization granted {{(pid=80714) enforce_call /opt/stack/keystone/keystone/common/rbac_enforcer/enforcer.py:457}}
Jun 15 08:53:38.239038 n-d-845896-1 devstack@keystone.service[80714]: [pid: 80714|app: 0|req: 4/8] 10.222.0.15 () {58 vars in 1324 bytes} [Wed Jun 15 08:53:38 2022] GET /identity/v3/auth/tokens => generated 914 bytes in 37 msecs (HTTP/1.1 200) 6 headers in 379 bytes (1 switches on core 0)
Jun 15 08:53:38.244344 n-d-845896-1 devstack@keystone.service[80715]: DEBUG keystone.server.flask.request_processing.middleware.auth_context [None req-e6961259-9249-4f23-97a5-5dd843927ab0 None None] Authenticating user token {{(pid=80715) process_request /usr/local/lib/python3.8/dist-packages/keystonemiddleware/auth_token/__init__.py:407}}
Jun 15 08:53:38.253416 n-d-845896-1 devstack@keystone.service[80715]: DEBUG keystone.server.flask.request_processing.middleware.auth_context [None req-e6961259-9249-4f23-97a5-5dd843927ab0 None None] Validating token access rules against request {{(pid=80715) validate_allowed_request /usr/local/lib/python3.8/dist-packages/keystonemiddleware/auth_token/__init__.py:545}}
Jun 15 08:53:38.258235 n-d-845896-1 devstack@keystone.service[80715]: DEBUG keystone.server.flask.request_processing.middleware.auth_context [None req-3cb28117-837e-44ad-892d-e006a2aed9e8 admin admin] RBAC: auth_context: {'token': , 'domain_id': None, 'trust_id': None, 'trustor_id': None, 'trustee_id': None, 'domain_name': None, 'group_ids': [], 'user_id': '152b5f50ee994e1c8e4d277e000821fe', 'user_domain_id': 'default', 'system_scope': None, 'project_id': 'd12145311f51446588bf1cec2ce97fe5', 'project_domain_id': 'default', 'roles': ['admin', 'member', 'reader'], 'is_admin_project': True, 'service_user_id': None, 'service_user_domain_id': None, 'service_project_id': None, 'service_project_domain_id': None, 'service_roles': []} {{(pid=80715) fill_context /opt/stack/keystone/keystone/server/flask/request_processing/middleware/auth_context.py:478}}
Jun 15 08:53:38.258621 n-d-845896-1 devstack@keystone.service[80715]: DEBUG keystone.server.flask.request_processing.req_logging [None req-3cb28117-837e-44ad-892d-e006a2aed9e8 admin admin] REQUEST_METHOD: `GET` {{(pid=80715) log_request_info /opt/stack/keystone/keystone/server/flask/request_processing/req_logging.py:27}}
Jun 15 08:53:38.258908 n-d-845896-1 devstack@keystone.service[80715]: DEBUG keystone.server.flask.request_processing.req_logging [None req-3cb28117-837e-44ad-892d-e006a2aed9e8 admin admin] SCRIPT_NAME: `/identity` {{(pid=80715) log_request_info /opt/stack/keystone/keystone/server/flask/request_processing/req_logging.py:28}}
Jun 15 08:53:38.259187 n-d-845896-1 devstack@keystone.service[80715]: DEBUG keystone.server.flask.request_processing.req_logging [None req-3cb28117-837e-44ad-892d-e006a2aed9e8 admin admin] PATH_INFO: `/v3/users/152b5f50ee994e1c8e4d277e000821fe` {{(pid=80715) log_request_info /opt/stack/keystone/keystone/server/flask/request_processing/req_logging.py:29}}
Jun 15 08:53:38.260602 n-d-845896-1 devstack@keystone.service[80715]: DEBUG keystone.common.rbac_enforcer.enforcer [None req-3cb28117-837e-44ad-892d-e006a2aed9e8 admin admin] RBAC: Authorizing `identity:get_user(user_id=152b5f50ee994e1c8e4d277e000821fe)` {{(pid=80715) enforce_call /opt/stack/keystone/keystone/common/rbac_enforcer/enforcer.py:449}}
Jun 15 08:53:38.262438 n-d-845896-1 devstack@keystone.service[80715]: DEBUG keystone.common.rbac_enforcer.enforcer [None req-3cb28117-837e-44ad-892d-e006a2aed9e8 admin admin] RBAC: Authorization granted {{(pid=80715) enforce_call /opt/stack/keystone/keystone/common/rbac_enforcer/enforcer.py:457}}
Jun 15 08:53:38.264003 n-d-845896-1 devstack@keystone.service[80715]: [pid: 80715|app: 0|req: 5/9] 10.222.0.15 () {56 vars in 1198 bytes} [Wed Jun 15 08:53:38 2022] GET /identity/v3/users/152b5f50ee994e1c8e4d277e000821fe => generated 247 bytes in 20 msecs (HTTP/1.1 200) 5 headers in 177 bytes (1 switches on core 0)
Jun 15 08:53:40.417849 n-d-845896-1 devstack@keystone.service[80714]: DEBUG keystone.server.flask.request_processing.req_logging [None req-64b0a62c-aefb-4260-b1b1-6d6a5b7c2414 None None] REQUEST_METHOD: `GET` {{(pid=80714) log_request_info /opt/stack/keystone/keystone/server/flask/request_processing/req_logging.py:27}}
Jun 15 08:53:40.418373 n-d-845896-1 devstack@keystone.service[80714]: DEBUG keystone.server.flask.request_processing.req_logging [None req-64b0a62c-aefb-4260-b1b1-6d6a5b7c2414 None None] SCRIPT_NAME: `/identity` {{(pid=80714) log_request_info /opt/stack/keystone/keystone/server/flask/request_processing/req_logging.py:28}}
Jun 15 08:53:40.418466 n-d-845896-1 devstack@keystone.service[80714]: DEBUG keystone.server.flask.request_processing.req_logging [None req-64b0a62c-aefb-4260-b1b1-6d6a5b7c2414 None None] PATH_INFO: `/` {{(pid=80714) log_request_info /opt/stack/keystone/keystone/server/flask/request_processing/req_logging.py:29}}
Jun 15 08:53:40.419739 n-d-845896-1 devstack@keystone.service[80714]: [pid: 80714|app: 0|req: 5/10] 10.222.0.15 () {54 vars in 926 bytes} [Wed Jun 15 08:53:40 2022] GET /identity => generated 270 bytes in 3 msecs (HTTP/1.1 300) 6 headers in 234 bytes (1 switches on core 0)
Jun 15 08:53:40.424824 n-d-845896-1 devstack@keystone.service[80715]: DEBUG keystone.server.flask.request_processing.req_logging [None req-5491ccb6-0f01-4e48-b958-89fb046a5584 None None] REQUEST_METHOD: `POST` {{(pid=80715) log_request_info /opt/stack/keystone/keystone/server/flask/request_processing/req_logging.py:27}}
Jun 15 08:53:40.425241 n-d-845896-1 devstack@keystone.service[80715]: DEBUG keystone.server.flask.request_processing.req_logging [None req-5491ccb6-0f01-4e48-b958-89fb046a5584 None None] SCRIPT_NAME: `/identity` {{(pid=80715) log_request_info /opt/stack/keystone/keystone/server/flask/request_processing/req_logging.py:28}}
Jun 15 08:53:40.425511 n-d-845896-1 devstack@keystone.service[80715]: DEBUG keystone.server.flask.request_processing.req_logging [None req-5491ccb6-0f01-4e48-b958-89fb046a5584 None None] PATH_INFO: `/v3/auth/tokens` {{(pid=80715) log_request_info /opt/stack/keystone/keystone/server/flask/request_processing/req_logging.py:29}}
Jun 15 08:53:40.442300 n-d-845896-1 devstack@keystone.service[80715]: DEBUG keystone.auth.core [None req-5491ccb6-0f01-4e48-b958-89fb046a5584 None None] MFA Rules not processed for user `152b5f50ee994e1c8e4d277e000821fe`. Rule list: `[]` (Enabled: `True`). {{(pid=80715) check_auth_methods_against_rules /opt/stack/keystone/keystone/auth/core.py:438}}
Jun 15 08:53:40.443471 n-d-845896-1 devstack@keystone.service[80715]: DEBUG keystone.common.fernet_utils [None req-5491ccb6-0f01-4e48-b958-89fb046a5584 None None] Loaded 2 Fernet keys from /etc/keystone/fernet-keys/, but `[fernet_tokens] max_active_keys = 3`; perhaps there have not been enough key rotations to reach `max_active_keys` yet? {{(pid=80715) load_keys /opt/stack/keystone/keystone/common/fernet_utils.py:286}}
Jun 15 08:53:40.443570 n-d-845896-1 devstack@keystone.service[80714]: DEBUG keystone.server.flask.request_processing.req_logging [None req-af4fed1a-ea14-4e01-a10c-ba6895e2e988 None None] REQUEST_METHOD: `GET` {{(pid=80714) log_request_info /opt/stack/keystone/keystone/server/flask/request_processing/req_logging.py:27}}
Jun 15 08:53:40.443863 n-d-845896-1 devstack@keystone.service[80714]: DEBUG keystone.server.flask.request_processing.req_logging [None req-af4fed1a-ea14-4e01-a10c-ba6895e2e988 None None] SCRIPT_NAME: `/identity` {{(pid=80714) log_request_info /opt/stack/keystone/keystone/server/flask/request_processing/req_logging.py:28}}
Jun 15 08:53:40.444173 n-d-845896-1 devstack@keystone.service[80714]: DEBUG keystone.server.flask.request_processing.req_logging [None req-af4fed1a-ea14-4e01-a10c-ba6895e2e988 None None] PATH_INFO: `/` {{(pid=80714) log_request_info /opt/stack/keystone/keystone/server/flask/request_processing/req_logging.py:29}}
Jun 15 08:53:40.445493 n-d-845896-1 devstack@keystone.service[80714]: [pid: 80714|app: 0|req: 6/11] 10.222.0.15 () {54 vars in 926 bytes} [Wed Jun 15 08:53:40 2022] GET /identity => generated 270 bytes in 3 msecs (HTTP/1.1 300) 6 headers in 234 bytes (2 switches on core 0)
Jun 15 08:53:40.450396 n-d-845896-1 devstack@keystone.service[80714]: DEBUG keystone.server.flask.request_processing.req_logging [None req-e5a3be87-efc0-4df2-b70b-f2968f56a1b2 None None] REQUEST_METHOD: `POST` {{(pid=80714) log_request_info /opt/stack/keystone/keystone/server/flask/request_processing/req_logging.py:27}}
Jun 15 08:53:40.450689 n-d-845896-1 devstack@keystone.service[80714]: DEBUG keystone.server.flask.request_processing.req_logging [None req-e5a3be87-efc0-4df2-b70b-f2968f56a1b2 None None] SCRIPT_NAME: `/identity` {{(pid=80714) log_request_info /opt/stack/keystone/keystone/server/flask/request_processing/req_logging.py:28}}
Jun 15 08:53:40.450978 n-d-845896-1 devstack@keystone.service[80714]: DEBUG keystone.server.flask.request_processing.req_logging [None req-e5a3be87-efc0-4df2-b70b-f2968f56a1b2 None None] PATH_INFO: `/v3/auth/tokens` {{(pid=80714) log_request_info /opt/stack/keystone/keystone/server/flask/request_processing/req_logging.py:29}}
Jun 15 08:53:40.489810 n-d-845896-1 devstack@keystone.service[80714]: DEBUG passlib.handlers.bcrypt [None req-e5a3be87-efc0-4df2-b70b-f2968f56a1b2 None None] detected 'bcrypt' backend, version '3.2.2' {{(pid=80714) _load_backend_mixin /usr/local/lib/python3.8/dist-packages/passlib/handlers/bcrypt.py:625}}
Jun 15 08:53:40.490235 n-d-845896-1 devstack@keystone.service[80714]: DEBUG passlib.handlers.bcrypt [None req-e5a3be87-efc0-4df2-b70b-f2968f56a1b2 None None] 'bcrypt' backend lacks $2$ support, enabling workaround {{(pid=80714) _finalize_backend_mixin /usr/local/lib/python3.8/dist-packages/passlib/handlers/bcrypt.py:406}}
Jun 15 08:53:40.523485 n-d-845896-1 devstack@keystone.service[80715]: [pid: 80715|app: 0|req: 6/12] 10.222.0.15 () {58 vars in 1023 bytes} [Wed Jun 15 08:53:40 2022] POST /identity/v3/auth/tokens => generated 799 bytes in 100 msecs (HTTP/1.1 201) 6 headers in 363 bytes (1 switches on core 0)
Jun 15 08:53:40.536263 n-d-845896-1 devstack@keystone.service[80714]: DEBUG keystone.auth.core [None req-e5a3be87-efc0-4df2-b70b-f2968f56a1b2 None None] MFA Rules not processed for user `152b5f50ee994e1c8e4d277e000821fe`. Rule list: `[]` (Enabled: `True`). {{(pid=80714) check_auth_methods_against_rules /opt/stack/keystone/keystone/auth/core.py:438}}
Jun 15 08:53:40.537833 n-d-845896-1 devstack@keystone.service[80714]: DEBUG keystone.common.fernet_utils [None req-e5a3be87-efc0-4df2-b70b-f2968f56a1b2 None None] Loaded 2 Fernet keys from /etc/keystone/fernet-keys/, but `[fernet_tokens] max_active_keys = 3`; perhaps there have not been enough key rotations to reach `max_active_keys` yet? {{(pid=80714) load_keys /opt/stack/keystone/keystone/common/fernet_utils.py:286}}
Jun 15 08:53:40.546332 n-d-845896-1 devstack@keystone.service[80715]: DEBUG keystone.server.flask.request_processing.middleware.auth_context [None req-5491ccb6-0f01-4e48-b958-89fb046a5584 None None] Authenticating user token {{(pid=80715) process_request /usr/local/lib/python3.8/dist-packages/keystonemiddleware/auth_token/__init__.py:407}}
Jun 15 08:53:40.569636 n-d-845896-1 devstack@keystone.service[80715]: DEBUG dbcounter [-] [80715] Writing DB stats keystone:SELECT=100 {{(pid=80715) stat_writer /usr/local/lib/python3.8/dist-packages/dbcounter.py:114}}
Jun 15 08:53:40.636375 n-d-845896-1 devstack@keystone.service[80714]: [pid: 80714|app: 0|req: 7/13] 10.222.0.15 () {58 vars in 1023 bytes} [Wed Jun 15 08:53:40 2022] POST /identity/v3/auth/tokens => generated 799 bytes in 187 msecs (HTTP/1.1 201) 6 headers in 363 bytes (2 switches on core 0)
Jun 15 08:53:40.646602 n-d-845896-1 devstack@keystone.service[80715]: DEBUG keystone.server.flask.request_processing.middleware.auth_context [None req-5491ccb6-0f01-4e48-b958-89fb046a5584 None None] Validating token access rules against request {{(pid=80715) validate_allowed_request /usr/local/lib/python3.8/dist-packages/keystonemiddleware/auth_token/__init__.py:545}}
Jun 15 08:53:40.659554 n-d-845896-1 devstack@keystone.service[80714]: DEBUG keystone.server.flask.request_processing.middleware.auth_context [None req-e5a3be87-efc0-4df2-b70b-f2968f56a1b2 None None] Authenticating user token {{(pid=80714) process_request /usr/local/lib/python3.8/dist-packages/keystonemiddleware/auth_token/__init__.py:407}}
Jun 15 08:53:40.680007 n-d-845896-1 devstack@keystone.service[80715]: DEBUG keystone.server.flask.request_processing.middleware.auth_context [None req-f180d601-7fb4-4457-89a2-b98534311dec None admin] RBAC: auth_context: {'token': , 'domain_id': None, 'trust_id': None, 'trustor_id': None, 'trustee_id': None, 'domain_name': None, 'group_ids': [], 'user_id': '152b5f50ee994e1c8e4d277e000821fe', 'user_domain_id': 'default', 'system_scope': 'all', 'project_id': None, 'project_domain_id': None, 'roles': ['admin', 'member', 'reader'], 'is_admin_project': True, 'service_user_id': None, 'service_user_domain_id': None, 'service_project_id': None, 'service_project_domain_id': None, 'service_roles': []} {{(pid=80715) fill_context /opt/stack/keystone/keystone/server/flask/request_processing/middleware/auth_context.py:478}}
Jun 15 08:53:40.680826 n-d-845896-1 devstack@keystone.service[80715]: DEBUG keystone.server.flask.request_processing.req_logging [None req-f180d601-7fb4-4457-89a2-b98534311dec None admin] REQUEST_METHOD: `GET` {{(pid=80715) log_request_info /opt/stack/keystone/keystone/server/flask/request_processing/req_logging.py:27}}
Jun 15 08:53:40.681115 n-d-845896-1 devstack@keystone.service[80715]: DEBUG keystone.server.flask.request_processing.req_logging [None req-f180d601-7fb4-4457-89a2-b98534311dec None admin] SCRIPT_NAME: `/identity` {{(pid=80715) log_request_info /opt/stack/keystone/keystone/server/flask/request_processing/req_logging.py:28}}
Jun 15 08:53:40.681397 n-d-845896-1 devstack@keystone.service[80715]: DEBUG keystone.server.flask.request_processing.req_logging [None req-f180d601-7fb4-4457-89a2-b98534311dec None admin] PATH_INFO: `/v3/roles/admin` {{(pid=80715) log_request_info /opt/stack/keystone/keystone/server/flask/request_processing/req_logging.py:29}}
Jun 15 08:53:40.692756 n-d-845896-1 devstack@keystone.service[80715]: DEBUG keystone.common.rbac_enforcer.enforcer [None req-f180d601-7fb4-4457-89a2-b98534311dec None admin] Extracting inferred target data resulted in "NOT FOUND (404)". {{(pid=80715) enforce_call /opt/stack/keystone/keystone/common/rbac_enforcer/enforcer.py:409}}
Jun 15 08:53:40.703802 n-d-845896-1 devstack@keystone.service[80715]: ERROR keystone.server.flask.application [None req-f180d601-7fb4-4457-89a2-b98534311dec None admin] Could not find role: admin.: keystone.exception.RoleNotFound: Could not find role: admin.
Jun 15 08:53:40.703802 n-d-845896-1 devstack@keystone.service[80715]: ERROR keystone.server.flask.application
Traceback (most recent call last):
Jun 15 08:53:40.703802 n-d-845896-1 devstack@keystone.service[80715]: ERROR keystone.server.flask.application
File "/usr/local/lib/python3.8/dist-packages/flask/app.py", line 1523, in full_dispatch_request
Jun 15 08:53:40.703802 n-d-845896-1 devstack@keystone.service[80715]: ERROR keystone.server.flask.application rv = self.dispatch_request()
Jun 15 08:53:40.703802 n-d-845896-1 devstack@keystone.service[80715]: ERROR keystone.server.flask.application
File "/usr/local/lib/python3.8/dist-packages/flask/app.py", line 1509, in dispatch_request
Jun 15 08:53:40.703802 n-d-845896-1 devstack@keystone.service[80715]: ERROR keystone.server.flask.application return self.ensure_sync(self.view_functions[rule.endpoint])(**req.view_args)
Jun 15 08:53:40.703802 n-d-845896-1 devstack@keystone.service[80715]: ERROR keystone.server.flask.application
File "/usr/local/lib/python3.8/dist-packages/flask_restful/__init__.py", line 467, in wrapper
Jun 15 08:53:40.703802 n-d-845896-1 devstack@keystone.service[80715]: ERROR keystone.server.flask.application resp = resource(*args, **kwargs)
Jun 15 08:53:40.703802 n-d-845896-1 devstack@keystone.service[80715]: ERROR keystone.server.flask.application
File "/usr/local/lib/python3.8/dist-packages/flask/views.py", line 84, in view
Jun 15 08:53:40.703802 n-d-845896-1 devstack@keystone.service[80715]: ERROR keystone.server.flask.application return current_app.ensure_sync(self.dispatch_request)(*args, **kwargs)
Jun 15 08:53:40.703802 n-d-845896-1 devstack@keystone.service[80715]: ERROR keystone.server.flask.application
File "/usr/local/lib/python3.8/dist-packages/flask_restful/__init__.py", line 582, in dispatch_request
Jun 15 08:53:40.703802 n-d-845896-1 devstack@keystone.service[80715]: ERROR keystone.server.flask.application resp = meth(*args, **kwargs)
Jun 15 08:53:40.703802 n-d-845896-1 devstack@keystone.service[80715]: ERROR keystone.server.flask.application
File "/opt/stack/keystone/keystone/api/roles.py", line 50, in get
Jun 15 08:53:40.703802 n-d-845896-1 devstack@keystone.service[80715]: ERROR keystone.server.flask.application return self._get_role(role_id)
Jun 15 08:53:40.703802 n-d-845896-1 devstack@keystone.service[80715]: ERROR keystone.server.flask.application
File "/opt/stack/keystone/keystone/api/roles.py", line 70, in _get_role
Jun 15 08:53:40.703802 n-d-845896-1 devstack@keystone.service[80715]: ERROR keystone.server.flask.application ENFORCER.enforce_call(action='identity:get_role')
Jun 15 08:53:40.704813 n-d-845896-1 devstack@keystone.service[80715]: ERROR keystone.server.flask.application
File "/opt/stack/keystone/keystone/common/rbac_enforcer/enforcer.py", line 402, in enforce_call
Jun 15 08:53:40.704813 n-d-845896-1 devstack@keystone.service[80715]: ERROR keystone.server.flask.application policy_dict.update(cls._extract_member_target_data(
Jun 15 08:53:40.704813 n-d-845896-1 devstack@keystone.service[80715]: ERROR keystone.server.flask.application
File "/opt/stack/keystone/keystone/common/rbac_enforcer/enforcer.py", line 234, in _extract_member_target_data
Jun 15 08:53:40.704813 n-d-845896-1 devstack@keystone.service[80715]: ERROR keystone.server.flask.application member_name: func(flask.request.view_args[key])
Jun 15 08:53:40.704813 n-d-845896-1 devstack@keystone.service[80715]: ERROR keystone.server.flask.application
File "/opt/stack/keystone/keystone/common/manager.py", line 115, in wrapped
Jun 15 08:53:40.704813 n-d-845896-1 devstack@keystone.service[80715]: ERROR keystone.server.flask.application __ret_val = __f(*args, **kwargs)
Jun 15 08:53:40.704813 n-d-845896-1 devstack@keystone.service[80715]: ERROR keystone.server.flask.application
File "/usr/local/lib/python3.8/dist-packages/decorator.py", line 232, in fun
Jun 15 08:53:40.704813 n-d-845896-1 devstack@keystone.service[80715]: ERROR keystone.server.flask.application return caller(func, *(extras + args), **kw)
Jun 15 08:53:40.704813 n-d-845896-1 devstack@keystone.service[80715]: ERROR keystone.server.flask.application
File "/usr/local/lib/python3.8/dist-packages/dogpile/cache/region.py", line 1577, in get_or_create_for_user_func
Jun 15 08:53:40.704813 n-d-845896-1 devstack@keystone.service[80715]: ERROR keystone.server.flask.application return self.get_or_create(
Jun 15 08:53:40.704813 n-d-845896-1 devstack@keystone.service[80715]: ERROR keystone.server.flask.application
File "/usr/local/lib/python3.8/dist-packages/dogpile/cache/region.py", line 1042, in get_or_create
Jun 15 08:53:40.704813 n-d-845896-1 devstack@keystone.service[80715]: ERROR keystone.server.flask.application with Lock(
Jun 15 08:53:40.704813 n-d-845896-1 devstack@keystone.service[80715]: ERROR keystone.server.flask.application
File "/usr/local/lib/python3.8/dist-packages/dogpile/lock.py", line 185, in __enter__
Jun 15 08:53:40.704813 n-d-845896-1 devstack@keystone.service[80715]: ERROR keystone.server.flask.application return self._enter()
Jun 15 08:53:40.704813 n-d-845896-1 devstack@keystone.service[80715]: ERROR keystone.server.flask.application
File "/usr/local/lib/python3.8/dist-packages/dogpile/lock.py", line 94, in _enter
Jun 15 08:53:40.704813 n-d-845896-1 devstack@keystone.service[80715]: ERROR keystone.server.flask.application generated = self._enter_create(value, createdtime)
Jun 15 08:53:40.705707 n-d-845896-1 devstack@keystone.service[80715]: ERROR keystone.server.flask.application
File "/usr/local/lib/python3.8/dist-packages/dogpile/lock.py", line 178, in _enter_create
Jun 15 08:53:40.705707 n-d-845896-1 devstack@keystone.service[80715]: ERROR keystone.server.flask.application return self.creator()
Jun 15 08:53:40.705707 n-d-845896-1 devstack@keystone.service[80715]: ERROR keystone.server.flask.application
File "/usr/local/lib/python3.8/dist-packages/dogpile/cache/region.py", line 995, in gen_value
Jun 15 08:53:40.705707 n-d-845896-1 devstack@keystone.service[80715]: ERROR keystone.server.flask.application created_value = creator(
Jun 15 08:53:40.705707 n-d-845896-1 devstack@keystone.service[80715]: ERROR keystone.server.flask.application
File "/opt/stack/keystone/keystone/assignment/core.py", line 1276, in get_role
Jun 15 08:53:40.705707 n-d-845896-1 devstack@keystone.service[80715]: ERROR keystone.server.flask.application return self.driver.get_role(role_id)
Jun 15 08:53:40.705707 n-d-845896-1 devstack@keystone.service[80715]: ERROR keystone.server.flask.application
File "/opt/stack/keystone/keystone/assignment/role_backends/sql.py", line 70, in get_role
Jun 15 08:53:40.705707 n-d-845896-1 devstack@keystone.service[80715]: ERROR keystone.server.flask.application return self._get_role(session, role_id).to_dict()
Jun 15 08:53:40.705707 n-d-845896-1 devstack@keystone.service[80715]: ERROR keystone.server.flask.application
File "/opt/stack/keystone/keystone/assignment/role_backends/sql.py", line 65, in _get_role
Jun 15 08:53:40.705707 n-d-845896-1 devstack@keystone.service[80715]: ERROR keystone.server.flask.application raise exception.RoleNotFound(role_id=role_id)
Jun 15 08:53:40.705707 n-d-845896-1 devstack@keystone.service[80715]: ERROR keystone.server.flask.application keystone.exception.RoleNotFound: Could not find role: admin.
Jun 15 08:53:40.705707 n-d-845896-1 devstack@keystone.service[80715]: ERROR keystone.server.flask.application
Jun 15 08:53:40.705707 n-d-845896-1 devstack@keystone.service[80715]: [pid: 80715|app: 0|req: 7/14] 10.222.0.15 () {56 vars in 1096 bytes} [Wed Jun 15 08:53:40 2022] GET /identity/v3/roles/admin => generated 83 bytes in 159 msecs (HTTP/1.1 404) 5 headers in 183 bytes (2 switches on core 0)
Jun 15 08:53:40.711422 n-d-845896-1 devstack@keystone.service[80715]: DEBUG keystone.server.flask.request_processing.middleware.auth_context [None req-f180d601-7fb4-4457-89a2-b98534311dec None admin] Authenticating user token {{(pid=80715) process_request /usr/local/lib/python3.8/dist-packages/keystonemiddleware/auth_token/__init__.py:407}}
Jun 15 08:53:40.757635 n-d-845896-1 devstack@keystone.service[80714]: DEBUG keystone.server.flask.request_processing.middleware.auth_context [None req-e5a3be87-efc0-4df2-b70b-f2968f56a1b2 None None] Validating token access rules against request {{(pid=80714) validate_allowed_request /usr/local/lib/python3.8/dist-packages/keystonemiddleware/auth_token/__init__.py:545}}
Jun 15 08:53:40.759858 n-d-845896-1 devstack@keystone.service[80714]: DEBUG dbcounter [-] [80714] Writing DB stats keystone:SELECT=100 {{(pid=80714) stat_writer /usr/local/lib/python3.8/dist-packages/dbcounter.py:114}}
Jun 15 08:53:40.790842 n-d-845896-1 devstack@keystone.service[80715]: DEBUG dbcounter [-] [80715] Writing DB stats keystone:SELECT=100 {{(pid=80715) stat_writer /usr/local/lib/python3.8/dist-packages/dbcounter.py:114}}
Jun 15 08:53:40.794709 n-d-845896-1 devstack@keystone.service[80714]: DEBUG keystone.server.flask.request_processing.middleware.auth_context [None req-71f998ed-270a-46fe-9b50-eea78b2c8a23 None admin] RBAC: auth_context: {'token': , 'domain_id': None, 'trust_id': None, 'trustor_id': None, 'trustee_id': None, 'domain_name': None, 'group_ids': [], 'user_id': '152b5f50ee994e1c8e4d277e000821fe', 'user_domain_id': 'default', 'system_scope': 'all', 'project_id': None, 'project_domain_id': None, 'roles': ['admin', 'member', 'reader'], 'is_admin_project': True, 'service_user_id': None, 'service_user_domain_id': None, 'service_project_id': None, 'service_project_domain_id': None, 'service_roles': []} {{(pid=80714) fill_context /opt/stack/keystone/keystone/server/flask/request_processing/middleware/auth_context.py:478}}
Jun 15 08:53:40.795610 n-d-845896-1 devstack@keystone.service[80714]: DEBUG keystone.server.flask.request_processing.req_logging [None req-71f998ed-270a-46fe-9b50-eea78b2c8a23 None admin] REQUEST_METHOD: `GET` {{(pid=80714) log_request_info /opt/stack/keystone/keystone/server/flask/request_processing/req_logging.py:27}}
Jun 15 08:53:40.796153 n-d-845896-1 devstack@keystone.service[80714]: DEBUG keystone.server.flask.request_processing.req_logging [None req-71f998ed-270a-46fe-9b50-eea78b2c8a23 None admin] SCRIPT_NAME: `/identity` {{(pid=80714) log_request_info /opt/stack/keystone/keystone/server/flask/request_processing/req_logging.py:28}}
Jun 15 08:53:40.796578 n-d-845896-1 devstack@keystone.service[80714]: DEBUG keystone.server.flask.request_processing.req_logging [None req-71f998ed-270a-46fe-9b50-eea78b2c8a23 None admin] PATH_INFO: `/v3/auth/tokens` {{(pid=80714) log_request_info /opt/stack/keystone/keystone/server/flask/request_processing/req_logging.py:29}}
Jun 15 08:53:40.809077 n-d-845896-1 devstack@keystone.service[80715]: DEBUG keystone.server.flask.request_processing.middleware.auth_context [None req-f180d601-7fb4-4457-89a2-b98534311dec None admin] Validating token access rules against request {{(pid=80715) validate_allowed_request /usr/local/lib/python3.8/dist-packages/keystonemiddleware/auth_token/__init__.py:545}}
Jun 15 08:53:40.842106 n-d-845896-1 devstack@keystone.service[80715]: DEBUG keystone.server.flask.request_processing.middleware.auth_context [None req-f17dad7b-b871-4e23-8f8a-7f42c232528e None admin] RBAC: auth_context: {'token': , 'domain_id': None, 'trust_id': None, 'trustor_id': None, 'trustee_id': None, 'domain_name': None, 'group_ids': [], 'user_id': '152b5f50ee994e1c8e4d277e000821fe', 'user_domain_id': 'default', 'system_scope': 'all', 'project_id': None, 'project_domain_id': None, 'roles': ['admin', 'member', 'reader'], 'is_admin_project': True, 'service_user_id': None, 'service_user_domain_id': None, 'service_project_id': None, 'service_project_domain_id': None, 'service_roles': []} {{(pid=80715) fill_context /opt/stack/keystone/keystone/server/flask/request_processing/middleware/auth_context.py:478}}
Jun 15 08:53:40.842774 n-d-845896-1 devstack@keystone.service[80715]: DEBUG keystone.server.flask.request_processing.req_logging [None req-f17dad7b-b871-4e23-8f8a-7f42c232528e None admin] REQUEST_METHOD: `GET` {{(pid=80715) log_request_info /opt/stack/keystone/keystone/server/flask/request_processing/req_logging.py:27}}
Jun 15 08:53:40.843056 n-d-845896-1 devstack@keystone.service[80715]: DEBUG keystone.server.flask.request_processing.req_logging [None req-f17dad7b-b871-4e23-8f8a-7f42c232528e None admin] SCRIPT_NAME: `/identity` {{(pid=80715) log_request_info /opt/stack/keystone/keystone/server/flask/request_processing/req_logging.py:28}}
Jun 15 08:53:40.843338 n-d-845896-1 devstack@keystone.service[80715]: DEBUG keystone.server.flask.request_processing.req_logging [None req-f17dad7b-b871-4e23-8f8a-7f42c232528e None admin] PATH_INFO: `/v3/roles` {{(pid=80715) log_request_info /opt/stack/keystone/keystone/server/flask/request_processing/req_logging.py:29}}
Jun 15 08:53:40.844114 n-d-845896-1 devstack@keystone.service[80715]: DEBUG keystone.common.rbac_enforcer.enforcer [None req-f17dad7b-b871-4e23-8f8a-7f42c232528e None admin] RBAC: Adding query filter params (name=admin) {{(pid=80715) _extract_filter_values /opt/stack/keystone/keystone/common/rbac_enforcer/enforcer.py:167}}
Jun 15 08:53:40.844430 n-d-845896-1 devstack@keystone.service[80715]: DEBUG keystone.common.rbac_enforcer.enforcer [None req-f17dad7b-b871-4e23-8f8a-7f42c232528e None admin] RBAC: Authorizing `identity:list_roles()` {{(pid=80715) enforce_call /opt/stack/keystone/keystone/common/rbac_enforcer/enforcer.py:449}}
Jun 15 08:53:40.845827 n-d-845896-1 devstack@keystone.service[80715]: DEBUG keystone.common.rbac_enforcer.enforcer [None req-f17dad7b-b871-4e23-8f8a-7f42c232528e None admin] RBAC: Authorization granted {{(pid=80715) enforce_call /opt/stack/keystone/keystone/common/rbac_enforcer/enforcer.py:457}}
Jun 15 08:53:40.857286 n-d-845896-1 devstack@keystone.service[80715]: [pid: 80715|app: 0|req: 8/15] 10.222.0.15 () {56 vars in 1099 bytes} [Wed Jun 15 08:53:40 2022] GET /identity/v3/roles?name=admin => generated 339 bytes in 146 msecs (HTTP/1.1 200) 5 headers in 177 bytes (2 switches on core 0)
Jun 15 08:53:40.862887 n-d-845896-1 devstack@keystone.service[80715]: DEBUG keystone.server.flask.request_processing.middleware.auth_context [None req-f17dad7b-b871-4e23-8f8a-7f42c232528e None admin] Authenticating user token {{(pid=80715) process_request /usr/local/lib/python3.8/dist-packages/keystonemiddleware/auth_token/__init__.py:407}}
Jun 15 08:53:40.864466 n-d-845896-1 devstack@keystone.service[80714]: DEBUG keystone.common.rbac_enforcer.enforcer [None req-71f998ed-270a-46fe-9b50-eea78b2c8a23 None admin] RBAC: Authorizing `identity:validate_token()` {{(pid=80714) enforce_call /opt/stack/keystone/keystone/common/rbac_enforcer/enforcer.py:449}}
Jun 15 08:53:40.865986 n-d-845896-1 devstack@keystone.service[80714]: DEBUG keystone.common.rbac_enforcer.enforcer [None req-71f998ed-270a-46fe-9b50-eea78b2c8a23 None admin] RBAC: Authorization granted {{(pid=80714) enforce_call /opt/stack/keystone/keystone/common/rbac_enforcer/enforcer.py:457}}
Jun 15 08:53:40.958657 n-d-845896-1 devstack@keystone.service[80715]: DEBUG keystone.server.flask.request_processing.middleware.auth_context [None req-f17dad7b-b871-4e23-8f8a-7f42c232528e None admin] Validating token access rules against request {{(pid=80715) validate_allowed_request /usr/local/lib/python3.8/dist-packages/keystonemiddleware/auth_token/__init__.py:545}}
Jun 15 08:53:40.961482 n-d-845896-1 devstack@keystone.service[80714]: [pid: 80714|app: 0|req: 8/16] 10.222.0.15 () {58 vars in 1282 bytes} [Wed Jun 15 08:53:40 2022] GET /identity/v3/auth/tokens => generated 799 bytes in 302 msecs (HTTP/1.1 200) 6 headers in 358 bytes (2 switches on core 0)
Jun 15 08:53:40.966940 n-d-845896-1 devstack@keystone.service[80714]: DEBUG keystone.server.flask.request_processing.middleware.auth_context [None req-71f998ed-270a-46fe-9b50-eea78b2c8a23 None admin] Authenticating user token {{(pid=80714) process_request /usr/local/lib/python3.8/dist-packages/keystonemiddleware/auth_token/__init__.py:407}}
Jun 15 08:53:40.969557 n-d-845896-1 devstack@keystone.service[80714]: DEBUG dbcounter [-] [80714] Writing DB stats keystone:SELECT=100 {{(pid=80714) stat_writer /usr/local/lib/python3.8/dist-packages/dbcounter.py:114}}
Jun 15 08:53:40.991917 n-d-845896-1 devstack@keystone.service[80715]: DEBUG keystone.server.flask.request_processing.middleware.auth_context [None req-e4d8eb40-e0ba-4edc-8739-ac1ba6e6b02a None admin] RBAC: auth_context: {'token': , 'domain_id': None, 'trust_id': None, 'trustor_id': None, 'trustee_id': None, 'domain_name': None, 'group_ids': [], 'user_id': '152b5f50ee994e1c8e4d277e000821fe', 'user_domain_id': 'default', 'system_scope': 'all', 'project_id': None, 'project_domain_id': None, 'roles': ['admin', 'member', 'reader'], 'is_admin_project': True, 'service_user_id': None, 'service_user_domain_id': None, 'service_project_id': None, 'service_project_domain_id': None, 'service_roles': []} {{(pid=80715) fill_context /opt/stack/keystone/keystone/server/flask/request_processing/middleware/auth_context.py:478}}
Jun 15 08:53:40.992818 n-d-845896-1 devstack@keystone.service[80715]: DEBUG keystone.server.flask.request_processing.req_logging [None req-e4d8eb40-e0ba-4edc-8739-ac1ba6e6b02a None admin] REQUEST_METHOD: `GET` {{(pid=80715) log_request_info /opt/stack/keystone/keystone/server/flask/request_processing/req_logging.py:27}}
Jun 15 08:53:40.993101 n-d-845896-1 devstack@keystone.service[80715]: DEBUG keystone.server.flask.request_processing.req_logging [None req-e4d8eb40-e0ba-4edc-8739-ac1ba6e6b02a None admin] SCRIPT_NAME: `/identity` {{(pid=80715) log_request_info /opt/stack/keystone/keystone/server/flask/request_processing/req_logging.py:28}}
Jun 15 08:53:40.993374 n-d-845896-1 devstack@keystone.service[80715]: DEBUG keystone.server.flask.request_processing.req_logging [None req-e4d8eb40-e0ba-4edc-8739-ac1ba6e6b02a None admin] PATH_INFO: `/v3/users/152b5f50ee994e1c8e4d277e000821fe` {{(pid=80715) log_request_info /opt/stack/keystone/keystone/server/flask/request_processing/req_logging.py:29}}
Jun 15 08:53:40.994564 n-d-845896-1 devstack@keystone.service[80715]: DEBUG keystone.common.rbac_enforcer.enforcer [None req-e4d8eb40-e0ba-4edc-8739-ac1ba6e6b02a None admin] RBAC: Authorizing `identity:get_user(user_id=152b5f50ee994e1c8e4d277e000821fe)` {{(pid=80715) enforce_call /opt/stack/keystone/keystone/common/rbac_enforcer/enforcer.py:449}}
Jun 15 08:53:40.996051 n-d-845896-1 devstack@keystone.service[80715]: DEBUG keystone.common.rbac_enforcer.enforcer [None req-e4d8eb40-e0ba-4edc-8739-ac1ba6e6b02a None admin] RBAC: Authorization granted {{(pid=80715) enforce_call /opt/stack/keystone/keystone/common/rbac_enforcer/enforcer.py:457}}
Jun 15 08:53:40.997653 n-d-845896-1 devstack@keystone.service[80715]: [pid: 80715|app: 0|req: 9/17] 10.222.0.15 () {56 vars in 1177 bytes} [Wed Jun 15 08:53:40 2022] GET /identity/v3/users/152b5f50ee994e1c8e4d277e000821fe => generated 247 bytes in 135 msecs (HTTP/1.1 200) 5 headers in 177 bytes (2 switches on core 0)
Jun 15 08:53:41.002840 n-d-845896-1 devstack@keystone.service[80715]: DEBUG keystone.server.flask.request_processing.middleware.auth_context [None req-e4d8eb40-e0ba-4edc-8739-ac1ba6e6b02a None admin] Authenticating user token {{(pid=80715) process_request /usr/local/lib/python3.8/dist-packages/keystonemiddleware/auth_token/__init__.py:407}}
Jun 15 08:53:41.016846 n-d-845896-1 devstack@keystone.service[80715]: DEBUG dbcounter [-] [80715] Writing DB stats keystone:SELECT=100 {{(pid=80715) stat_writer /usr/local/lib/python3.8/dist-packages/dbcounter.py:114}}
Jun 15 08:53:41.062668 n-d-845896-1 devstack@keystone.service[80714]: DEBUG keystone.server.flask.request_processing.middleware.auth_context [None req-71f998ed-270a-46fe-9b50-eea78b2c8a23 None admin] Validating token access rules against request {{(pid=80714) validate_allowed_request /usr/local/lib/python3.8/dist-packages/keystonemiddleware/auth_token/__init__.py:545}}
Jun 15 08:53:41.096544 n-d-845896-1 devstack@keystone.service[80714]: DEBUG keystone.server.flask.request_processing.middleware.auth_context [None req-03aa93f5-67ac-46cc-9a4d-533fbf54aa56 None admin] RBAC: auth_context: {'token': , 'domain_id': None, 'trust_id': None, 'trustor_id': None, 'trustee_id': None, 'domain_name': None, 'group_ids': [], 'user_id': '152b5f50ee994e1c8e4d277e000821fe', 'user_domain_id': 'default', 'system_scope': 'all', 'project_id': None, 'project_domain_id': None, 'roles': ['admin', 'member', 'reader'], 'is_admin_project': True, 'service_user_id': None, 'service_user_domain_id': None, 'service_project_id': None, 'service_project_domain_id': None, 'service_roles': []} {{(pid=80714) fill_context /opt/stack/keystone/keystone/server/flask/request_processing/middleware/auth_context.py:478}}
Jun 15 08:53:41.097331 n-d-845896-1 devstack@keystone.service[80714]: DEBUG keystone.server.flask.request_processing.req_logging [None req-03aa93f5-67ac-46cc-9a4d-533fbf54aa56 None admin] REQUEST_METHOD: `GET` {{(pid=80714) log_request_info /opt/stack/keystone/keystone/server/flask/request_processing/req_logging.py:27}}
Jun 15 08:53:41.097636 n-d-845896-1 devstack@keystone.service[80714]: DEBUG keystone.server.flask.request_processing.req_logging [None req-03aa93f5-67ac-46cc-9a4d-533fbf54aa56 None admin] SCRIPT_NAME: `/identity` {{(pid=80714) log_request_info /opt/stack/keystone/keystone/server/flask/request_processing/req_logging.py:28}}
Jun 15 08:53:41.097910 n-d-845896-1 devstack@keystone.service[80714]: DEBUG keystone.server.flask.request_processing.req_logging [None req-03aa93f5-67ac-46cc-9a4d-533fbf54aa56 None admin] PATH_INFO: `/v3/domains/Default` {{(pid=80714) log_request_info /opt/stack/keystone/keystone/server/flask/request_processing/req_logging.py:29}}
Jun 15 08:53:41.101797 n-d-845896-1 devstack@keystone.service[80715]: DEBUG keystone.server.flask.request_processing.middleware.auth_context [None req-e4d8eb40-e0ba-4edc-8739-ac1ba6e6b02a None admin] Validating token access rules against request {{(pid=80715) validate_allowed_request /usr/local/lib/python3.8/dist-packages/keystonemiddleware/auth_token/__init__.py:545}}
Jun 15 08:53:41.116186 n-d-845896-1 devstack@keystone.service[80714]: DEBUG keystone.common.rbac_enforcer.enforcer [None req-03aa93f5-67ac-46cc-9a4d-533fbf54aa56 None admin] RBAC: Authorizing `identity:get_domain(domain_id=Default)` {{(pid=80714) enforce_call /opt/stack/keystone/keystone/common/rbac_enforcer/enforcer.py:449}}
Jun 15 08:53:41.117652 n-d-845896-1 devstack@keystone.service[80714]: DEBUG keystone.common.rbac_enforcer.enforcer [None req-03aa93f5-67ac-46cc-9a4d-533fbf54aa56 None admin] RBAC: Authorization granted {{(pid=80714) enforce_call /opt/stack/keystone/keystone/common/rbac_enforcer/enforcer.py:457}}
