Jun 14 17:12:04.854765 n-d-845781-1 devstack@placement-api.service[105693]: DEBUG placement.requestlog [req-ad61f21c-72c3-4487-96b7-173d743f3857 req-6ef7b541-cb57-4571-9f96-55a4603f3c1d None None] Starting request: 10.222.0.65 "GET /placement/allocations/5eb2ef26-b7ef-4a20-aa55-c38bca20b611" {{(pid=105693) __call__ /opt/stack/placement/placement/requestlog.py:55}}
Jun 14 17:12:04.871381 n-d-845781-1 devstack@placement-api.service[105693]: INFO placement.requestlog [req-ad61f21c-72c3-4487-96b7-173d743f3857 req-6ef7b541-cb57-4571-9f96-55a4603f3c1d service placement] 10.222.0.65 "GET /placement/allocations/5eb2ef26-b7ef-4a20-aa55-c38bca20b611" status: 200 len: 19 microversion: 1.28
Jun 14 17:12:04.871762 n-d-845781-1 devstack@placement-api.service[105693]: [pid: 105693|app: 0|req: 95/186] 10.222.0.65 () {60 vars in 1380 bytes} [Tue Jun 14 17:12:04 2022] GET /placement/allocations/5eb2ef26-b7ef-4a20-aa55-c38bca20b611 => generated 19 bytes in 17 msecs (HTTP/1.1 200) 8 headers in 295 bytes (1 switches on core 0)
Jun 14 17:12:04.880461 n-d-845781-1 devstack@placement-api.service[105694]: DEBUG placement.requestlog [req-ad61f21c-72c3-4487-96b7-173d743f3857 req-c0d79e4a-b272-4472-a0a6-a9c80b23c4dc None None] Starting request: 10.222.0.65 "PUT /placement/allocations/5eb2ef26-b7ef-4a20-aa55-c38bca20b611" {{(pid=105694) __call__ /opt/stack/placement/placement/requestlog.py:55}}
Jun 14 17:12:05.144977 n-d-845781-1 devstack@placement-api.service[105694]: DEBUG placement.handlers.allocation [req-ad61f21c-72c3-4487-96b7-173d743f3857 req-c0d79e4a-b272-4472-a0a6-a9c80b23c4dc service placement] Successfully wrote allocations [, , ] {{(pid=105694) _update_consumers_and_create_allocations /opt/stack/placement/placement/handlers/allocation.py:462}}
Jun 14 17:12:05.460635 n-d-845781-1 devstack@placement-api.service[105693]: DEBUG placement.requestlog [req-c2a48c22-9f3f-404c-aca9-449e6660ab93 req-8c0ca8cc-344f-40a5-9cce-83953ea16133 None None] Starting request: 10.222.0.52 "GET /placement/resource_providers/06dbce00-0946-4225-b25a-189d6c0ef7ab/allocations" {{(pid=105693) __call__ /opt/stack/placement/placement/requestlog.py:55}}
Jun 14 17:12:05.489895 n-d-845781-1 devstack@placement-api.service[105694]: INFO placement.requestlog [req-ad61f21c-72c3-4487-96b7-173d743f3857 req-c0d79e4a-b272-4472-a0a6-a9c80b23c4dc service placement] 10.222.0.65 "PUT /placement/allocations/5eb2ef26-b7ef-4a20-aa55-c38bca20b611" status: 204 len: 0 microversion: 1.28
Jun 14 17:12:05.495493 n-d-845781-1 devstack@placement-api.service[105694]: [pid: 105694|app: 0|req: 92/187] 10.222.0.65 () {64 vars in 1433 bytes} [Tue Jun 14 17:12:04 2022] PUT /placement/allocations/5eb2ef26-b7ef-4a20-aa55-c38bca20b611 => generated 0 bytes in 613 msecs (HTTP/1.1 204) 5 headers in 199 bytes (1 switches on core 0)
Jun 14 17:12:05.873913 n-d-845781-1 devstack@placement-api.service[105693]: INFO placement.requestlog [req-c2a48c22-9f3f-404c-aca9-449e6660ab93 req-8c0ca8cc-344f-40a5-9cce-83953ea16133 service placement] 10.222.0.52 "GET /placement/resource_providers/06dbce00-0946-4225-b25a-189d6c0ef7ab/allocations" status: 200 len: 659 microversion: 1.0
Jun 14 17:12:05.897987 n-d-845781-1 devstack@placement-api.service[105693]: [pid: 105693|app: 0|req: 96/188] 10.222.0.52 () {58 vars in 1390 bytes} [Tue Jun 14 17:12:05 2022] GET /placement/resource_providers/06dbce00-0946-4225-b25a-189d6c0ef7ab/allocations => generated 659 bytes in 430 msecs (HTTP/1.1 200) 6 headers in 224 bytes (1 switches on core 0)
Jun 14 17:12:05.898766 n-d-845781-1 devstack@placement-api.service[105694]: DEBUG placement.requestlog [req-ad61f21c-72c3-4487-96b7-173d743f3857 req-41bceb6a-026a-4f68-9ac0-0edb9666bf16 None None] Starting request: 10.222.0.52 "GET /placement/allocations/5eb2ef26-b7ef-4a20-aa55-c38bca20b611" {{(pid=105694) __call__ /opt/stack/placement/placement/requestlog.py:55}}
Jun 14 17:12:05.938666 n-d-845781-1 devstack@placement-api.service[105694]: INFO placement.requestlog [req-ad61f21c-72c3-4487-96b7-173d743f3857 req-41bceb6a-026a-4f68-9ac0-0edb9666bf16 service placement] 10.222.0.52 "GET /placement/allocations/5eb2ef26-b7ef-4a20-aa55-c38bca20b611" status: 200 len: 259 microversion: 1.28
Jun 14 17:12:05.939878 n-d-845781-1 devstack@placement-api.service[105694]: [pid: 105694|app: 0|req: 93/189] 10.222.0.52 () {60 vars in 1377 bytes} [Tue Jun 14 17:12:05 2022] GET /placement/allocations/5eb2ef26-b7ef-4a20-aa55-c38bca20b611 => generated 259 bytes in 42 msecs (HTTP/1.1 200) 8 headers in 296 bytes (1 switches on core 0)
Jun 14 17:12:06.219303 n-d-845781-1 devstack@placement-api.service[105693]: DEBUG placement.requestlog [req-c2a48c22-9f3f-404c-aca9-449e6660ab93 req-e11d0e3e-7e84-4ab7-9454-9ad6ed48d1d3 None None] Starting request: 10.222.0.52 "GET /placement/resource_providers?in_tree=06dbce00-0946-4225-b25a-189d6c0ef7ab" {{(pid=105693) __call__ /opt/stack/placement/placement/requestlog.py:55}}
Jun 14 17:12:06.265275 n-d-845781-1 devstack@placement-api.service[105693]: DEBUG dbcounter [-] [105693] Writing DB stats placement:UPDATE=8,placement:SELECT=77,placement:DELETE=7,placement:INSERT=8 {{(pid=105693) stat_writer /usr/local/lib/python3.8/dist-packages/dbcounter.py:114}}
Jun 14 17:12:06.277786 n-d-845781-1 devstack@placement-api.service[105693]: INFO placement.requestlog [req-c2a48c22-9f3f-404c-aca9-449e6660ab93 req-e11d0e3e-7e84-4ab7-9454-9ad6ed48d1d3 service placement] 10.222.0.52 "GET /placement/resource_providers?in_tree=06dbce00-0946-4225-b25a-189d6c0ef7ab" status: 200 len: 863 microversion: 1.14
Jun 14 17:12:06.283583 n-d-845781-1 devstack@placement-api.service[105693]: [pid: 105693|app: 0|req: 97/190] 10.222.0.52 () {60 vars in 1376 bytes} [Tue Jun 14 17:12:06 2022] GET /placement/resource_providers?in_tree=06dbce00-0946-4225-b25a-189d6c0ef7ab => generated 863 bytes in 65 msecs (HTTP/1.1 200) 6 headers in 225 bytes (1 switches on core 0)
Jun 14 17:12:06.298171 n-d-845781-1 devstack@placement-api.service[105694]: DEBUG placement.requestlog [req-c2a48c22-9f3f-404c-aca9-449e6660ab93 req-fe2fda10-ee9d-4400-8d71-5a9a11a9bab9 None None] Starting request: 10.222.0.52 "GET /placement/resource_providers/06dbce00-0946-4225-b25a-189d6c0ef7ab/inventories" {{(pid=105694) __call__ /opt/stack/placement/placement/requestlog.py:55}}
Jun 14 17:12:06.359617 n-d-845781-1 devstack@placement-api.service[105694]: INFO placement.requestlog [req-c2a48c22-9f3f-404c-aca9-449e6660ab93 req-fe2fda10-ee9d-4400-8d71-5a9a11a9bab9 service placement] 10.222.0.52 "GET /placement/resource_providers/06dbce00-0946-4225-b25a-189d6c0ef7ab/inventories" status: 200 len: 398 microversion: 1.0
Jun 14 17:12:06.361219 n-d-845781-1 devstack@placement-api.service[105694]: [pid: 105694|app: 0|req: 94/191] 10.222.0.52 () {58 vars in 1390 bytes} [Tue Jun 14 17:12:06 2022] GET /placement/resource_providers/06dbce00-0946-4225-b25a-189d6c0ef7ab/inventories => generated 398 bytes in 63 msecs (HTTP/1.1 200) 6 headers in 224 bytes (1 switches on core 0)
Jun 14 17:12:06.370902 n-d-845781-1 devstack@placement-api.service[105693]: DEBUG placement.requestlog [req-c2a48c22-9f3f-404c-aca9-449e6660ab93 req-41107965-64f3-4dbe-bbe5-be4a617f093e None None] Starting request: 10.222.0.52 "GET /placement/resource_providers/06dbce00-0946-4225-b25a-189d6c0ef7ab/aggregates" {{(pid=105693) __call__ /opt/stack/placement/placement/requestlog.py:55}}
Jun 14 17:12:06.409750 n-d-845781-1 devstack@placement-api.service[105693]: INFO placement.requestlog [req-c2a48c22-9f3f-404c-aca9-449e6660ab93 req-41107965-64f3-4dbe-bbe5-be4a617f093e service placement] 10.222.0.52 "GET /placement/resource_providers/06dbce00-0946-4225-b25a-189d6c0ef7ab/aggregates" status: 200 len: 54 microversion: 1.19
Jun 14 17:12:06.410430 n-d-845781-1 devstack@placement-api.service[105693]: [pid: 105693|app: 0|req: 98/192] 10.222.0.52 () {60 vars in 1431 bytes} [Tue Jun 14 17:12:06 2022] GET /placement/resource_providers/06dbce00-0946-4225-b25a-189d6c0ef7ab/aggregates => generated 54 bytes in 40 msecs (HTTP/1.1 200) 8 headers in 295 bytes (1 switches on core 0)
Jun 14 17:12:06.419135 n-d-845781-1 devstack@placement-api.service[105694]: DEBUG placement.requestlog [req-c2a48c22-9f3f-404c-aca9-449e6660ab93 req-d2633afd-288c-4212-b5fe-a6931b7e23f5 None None] Starting request: 10.222.0.52 "GET /placement/resource_providers/06dbce00-0946-4225-b25a-189d6c0ef7ab/traits" {{(pid=105694) __call__ /opt/stack/placement/placement/requestlog.py:55}}
Jun 14 17:12:06.431236 n-d-845781-1 devstack@placement-api.service[105694]: DEBUG dbcounter [-] [105694] Writing DB stats placement:SELECT=76,placement:INSERT=11,placement:DELETE=7,placement:UPDATE=6 {{(pid=105694) stat_writer /usr/local/lib/python3.8/dist-packages/dbcounter.py:114}}
Jun 14 17:12:06.496128 n-d-845781-1 devstack@placement-api.service[105693]: DEBUG placement.requestlog [req-64b341f2-220b-4f03-8fa9-689e31a1faae req-298361ab-7d49-4ceb-acc6-8201ca12cbc8 None None] Starting request: 10.222.0.73 "GET /placement/allocations/87b31bd8-9fd8-4594-8138-d0873e538b06" {{(pid=105693) __call__ /opt/stack/placement/placement/requestlog.py:55}}
Jun 14 17:12:06.517249 n-d-845781-1 devstack@placement-api.service[105694]: INFO placement.requestlog [req-c2a48c22-9f3f-404c-aca9-449e6660ab93 req-d2633afd-288c-4212-b5fe-a6931b7e23f5 service placement] 10.222.0.52 "GET /placement/resource_providers/06dbce00-0946-4225-b25a-189d6c0ef7ab/traits" status: 200 len: 212 microversion: 1.6
Jun 14 17:12:06.519865 n-d-845781-1 devstack@placement-api.service[105694]: [pid: 105694|app: 0|req: 95/193] 10.222.0.52 () {60 vars in 1418 bytes} [Tue Jun 14 17:12:06 2022] GET /placement/resource_providers/06dbce00-0946-4225-b25a-189d6c0ef7ab/traits => generated 212 bytes in 101 msecs (HTTP/1.1 200) 6 headers in 224 bytes (1 switches on core 0)
Jun 14 17:12:06.538357 n-d-845781-1 devstack@placement-api.service[105693]: INFO placement.requestlog [req-64b341f2-220b-4f03-8fa9-689e31a1faae req-298361ab-7d49-4ceb-acc6-8201ca12cbc8 service placement] 10.222.0.73 "GET /placement/allocations/87b31bd8-9fd8-4594-8138-d0873e538b06" status: 200 len: 259 microversion: 1.28
Jun 14 17:12:06.542217 n-d-845781-1 devstack@placement-api.service[105693]: [pid: 105693|app: 0|req: 99/194] 10.222.0.73 () {60 vars in 1377 bytes} [Tue Jun 14 17:12:06 2022] GET /placement/allocations/87b31bd8-9fd8-4594-8138-d0873e538b06 => generated 259 bytes in 45 msecs (HTTP/1.1 200) 8 headers in 296 bytes (2 switches on core 0)
Jun 14 17:12:07.234448 n-d-845781-1 devstack@placement-api.service[105694]: DEBUG placement.requestlog [req-7a65e26a-3d70-4e34-8741-c1cb6b36ba70 req-db699568-ff50-473d-acd5-c461710c70f2 None None] Starting request: 10.222.0.52 "DELETE /placement/allocations/e9642f13-e120-438e-836d-7951588fd162" {{(pid=105694) __call__ /opt/stack/placement/placement/requestlog.py:55}}
Jun 14 17:12:07.522784 n-d-845781-1 devstack@placement-api.service[105694]: DEBUG placement.handlers.allocation [req-7a65e26a-3d70-4e34-8741-c1cb6b36ba70 req-db699568-ff50-473d-acd5-c461710c70f2 service placement] Successfully deleted allocations [, , ] {{(pid=105694) delete_allocations /opt/stack/placement/placement/handlers/allocation.py:627}}
Jun 14 17:12:07.523618 n-d-845781-1 devstack@placement-api.service[105694]: INFO placement.requestlog [req-7a65e26a-3d70-4e34-8741-c1cb6b36ba70 req-db699568-ff50-473d-acd5-c461710c70f2 service placement] 10.222.0.52 "DELETE /placement/allocations/e9642f13-e120-438e-836d-7951588fd162" status: 204 len: 0 microversion: 1.0
Jun 14 17:12:07.524509 n-d-845781-1 devstack@placement-api.service[105694]: [pid: 105694|app: 0|req: 96/195] 10.222.0.52 () {60 vars in 1355 bytes} [Tue Jun 14 17:12:07 2022] DELETE /placement/allocations/e9642f13-e120-438e-836d-7951588fd162 => generated 0 bytes in 291 msecs (HTTP/1.1 204) 5 headers in 198 bytes (1 switches on core 0)
Jun 14 17:12:09.614814 n-d-845781-1 devstack@placement-api.service[105693]: DEBUG placement.requestlog [req-41020d1a-f907-4a29-85e5-367571c2c93a req-1d4dc005-3bd5-4b1b-9710-caccd0c7143a None None] Starting request: 10.222.0.65 "GET /placement/allocation_candidates?limit=1000&resources=DISK_GB%3A1%2CMEMORY_MB%3A1024%2CVCPU%3A1&root_required=%21COMPUTE_STATUS_DISABLED" {{(pid=105693) __call__ /opt/stack/placement/placement/requestlog.py:55}}
Jun 14 17:12:09.676757 n-d-845781-1 devstack@placement-api.service[105693]: DEBUG placement.objects.research_context [req-41020d1a-f907-4a29-85e5-367571c2c93a req-1d4dc005-3bd5-4b1b-9710-caccd0c7143a service placement] getting providers with 1 DISK_GB {{(pid=105693) __init__ /opt/stack/placement/placement/objects/research_context.py:136}}
Jun 14 17:12:09.687405 n-d-845781-1 devstack@placement-api.service[105693]: DEBUG placement.objects.research_context [req-41020d1a-f907-4a29-85e5-367571c2c93a req-1d4dc005-3bd5-4b1b-9710-caccd0c7143a service placement] getting providers with 1024 MEMORY_MB {{(pid=105693) __init__ /opt/stack/placement/placement/objects/research_context.py:136}}
Jun 14 17:12:09.701181 n-d-845781-1 devstack@placement-api.service[105693]: DEBUG placement.objects.research_context [req-41020d1a-f907-4a29-85e5-367571c2c93a req-1d4dc005-3bd5-4b1b-9710-caccd0c7143a service placement] getting providers with 1 VCPU {{(pid=105693) __init__ /opt/stack/placement/placement/objects/research_context.py:136}}
Jun 14 17:12:09.757301 n-d-845781-1 devstack@placement-api.service[105693]: DEBUG placement.objects.research_context [req-41020d1a-f907-4a29-85e5-367571c2c93a req-1d4dc005-3bd5-4b1b-9710-caccd0c7143a service placement] found 2 providers with available 1 DISK_GB {{(pid=105693) get_provider_ids_matching /opt/stack/placement/placement/objects/research_context.py:563}}
Jun 14 17:12:09.757588 n-d-845781-1 devstack@placement-api.service[105693]: DEBUG placement.objects.research_context [req-41020d1a-f907-4a29-85e5-367571c2c93a req-1d4dc005-3bd5-4b1b-9710-caccd0c7143a service placement] found 2 providers with available 1024 MEMORY_MB {{(pid=105693) get_provider_ids_matching /opt/stack/placement/placement/objects/research_context.py:563}}
Jun 14 17:12:09.757868 n-d-845781-1 devstack@placement-api.service[105693]: DEBUG placement.objects.research_context [req-41020d1a-f907-4a29-85e5-367571c2c93a req-1d4dc005-3bd5-4b1b-9710-caccd0c7143a service placement] found 2 providers after filtering by previous result {{(pid=105693) get_provider_ids_matching /opt/stack/placement/placement/objects/research_context.py:594}}
Jun 14 17:12:09.758132 n-d-845781-1 devstack@placement-api.service[105693]: DEBUG placement.objects.research_context [req-41020d1a-f907-4a29-85e5-367571c2c93a req-1d4dc005-3bd5-4b1b-9710-caccd0c7143a service placement] found 2 providers with available 1 VCPU {{(pid=105693) get_provider_ids_matching /opt/stack/placement/placement/objects/research_context.py:563}}
Jun 14 17:12:09.759670 n-d-845781-1 devstack@placement-api.service[105693]: DEBUG placement.objects.research_context [req-41020d1a-f907-4a29-85e5-367571c2c93a req-1d4dc005-3bd5-4b1b-9710-caccd0c7143a service placement] found 2 providers after filtering by previous result {{(pid=105693) get_provider_ids_matching /opt/stack/placement/placement/objects/research_context.py:594}}
Jun 14 17:12:09.812166 n-d-845781-1 devstack@placement-api.service[105693]: DEBUG placement.objects.allocation_candidate [req-41020d1a-f907-4a29-85e5-367571c2c93a req-1d4dc005-3bd5-4b1b-9710-caccd0c7143a service placement] RequestGroup(use_same_provider=False, resources={DISK_GB:1, MEMORY_MB:1024, VCPU:1}, traits=(), aggregates=[]) (suffix '') returned 2 matches {{(pid=105693) _get_by_requests /opt/stack/placement/placement/objects/allocation_candidate.py:156}}
Jun 14 17:12:09.812558 n-d-845781-1 devstack@placement-api.service[105693]: DEBUG placement.objects.allocation_candidate [req-41020d1a-f907-4a29-85e5-367571c2c93a req-1d4dc005-3bd5-4b1b-9710-caccd0c7143a service placement] Merging candidates yields 2 allocation requests and 2 provider summaries {{(pid=105693) _merge_candidates /opt/stack/placement/placement/objects/allocation_candidate.py:809}}
Jun 14 17:12:09.820922 n-d-845781-1 devstack@placement-api.service[105693]: INFO placement.requestlog [req-41020d1a-f907-4a29-85e5-367571c2c93a req-1d4dc005-3bd5-4b1b-9710-caccd0c7143a service placement] 10.222.0.65 "GET /placement/allocation_candidates?limit=1000&resources=DISK_GB%3A1%2CMEMORY_MB%3A1024%2CVCPU%3A1&root_required=%21COMPUTE_STATUS_DISABLED" status: 200 len: 1309 microversion: 1.36
Jun 14 17:12:09.823900 n-d-845781-1 devstack@placement-api.service[105693]: [pid: 105693|app: 0|req: 100/196] 10.222.0.65 () {60 vars in 1506 bytes} [Tue Jun 14 17:12:09 2022] GET /placement/allocation_candidates?limit=1000&resources=DISK_GB%3A1%2CMEMORY_MB%3A1024%2CVCPU%3A1&root_required=%21COMPUTE_STATUS_DISABLED => generated 1309 bytes in 209 msecs (HTTP/1.1 200) 8 headers in 297 bytes (2 switches on core 0)
Jun 14 17:12:10.009920 n-d-845781-1 devstack@placement-api.service[105694]: DEBUG placement.requestlog [req-41020d1a-f907-4a29-85e5-367571c2c93a req-a156bee4-cb36-4174-b8a3-5f49e7eeead7 None None] Starting request: 10.222.0.65 "GET /placement/allocations/b6701d76-d7c5-4e7f-96f9-71453562302c" {{(pid=105694) __call__ /opt/stack/placement/placement/requestlog.py:55}}
Jun 14 17:12:10.047809 n-d-845781-1 devstack@placement-api.service[105694]: INFO placement.requestlog [req-41020d1a-f907-4a29-85e5-367571c2c93a req-a156bee4-cb36-4174-b8a3-5f49e7eeead7 service placement] 10.222.0.65 "GET /placement/allocations/b6701d76-d7c5-4e7f-96f9-71453562302c" status: 200 len: 19 microversion: 1.28
Jun 14 17:12:10.050821 n-d-845781-1 devstack@placement-api.service[105694]: [pid: 105694|app: 0|req: 97/197] 10.222.0.65 () {60 vars in 1380 bytes} [Tue Jun 14 17:12:10 2022] GET /placement/allocations/b6701d76-d7c5-4e7f-96f9-71453562302c => generated 19 bytes in 41 msecs (HTTP/1.1 200) 8 headers in 295 bytes (1 switches on core 0)
Jun 14 17:12:10.055429 n-d-845781-1 devstack@placement-api.service[105693]: DEBUG placement.requestlog [req-41020d1a-f907-4a29-85e5-367571c2c93a req-49e035aa-ddf4-41b6-a436-8ca10acd1a8d None None] Starting request: 10.222.0.65 "PUT /placement/allocations/b6701d76-d7c5-4e7f-96f9-71453562302c" {{(pid=105693) __call__ /opt/stack/placement/placement/requestlog.py:55}}
Jun 14 17:12:10.573628 n-d-845781-1 devstack@placement-api.service[105693]: DEBUG placement.handlers.allocation [req-41020d1a-f907-4a29-85e5-367571c2c93a req-49e035aa-ddf4-41b6-a436-8ca10acd1a8d service placement] Successfully wrote allocations [, , ] {{(pid=105693) _update_consumers_and_create_allocations /opt/stack/placement/placement/handlers/allocation.py:462}}
Jun 14 17:12:10.687168 n-d-845781-1 devstack@placement-api.service[105693]: INFO placement.requestlog [req-41020d1a-f907-4a29-85e5-367571c2c93a req-49e035aa-ddf4-41b6-a436-8ca10acd1a8d service placement] 10.222.0.65 "PUT /placement/allocations/b6701d76-d7c5-4e7f-96f9-71453562302c" status: 204 len: 0 microversion: 1.36
Jun 14 17:12:10.687168 n-d-845781-1 devstack@placement-api.service[105693]: [pid: 105693|app: 0|req: 101/198] 10.222.0.65 () {64 vars in 1433 bytes} [Tue Jun 14 17:12:10 2022] PUT /placement/allocations/b6701d76-d7c5-4e7f-96f9-71453562302c => generated 0 bytes in 627 msecs (HTTP/1.1 204) 5 headers in 199 bytes (1 switches on core 0)
Jun 14 17:12:12.750627 n-d-845781-1 devstack@placement-api.service[105694]: DEBUG placement.requestlog [req-41020d1a-f907-4a29-85e5-367571c2c93a req-fa3e6a3f-277c-4d3c-92fe-4b18b44fbc38 None None] Starting request: 10.222.0.73 "GET /placement/allocations/b6701d76-d7c5-4e7f-96f9-71453562302c" {{(pid=105694) __call__ /opt/stack/placement/placement/requestlog.py:55}}
Jun 14 17:12:12.783195 n-d-845781-1 devstack@placement-api.service[105694]: INFO placement.requestlog [req-41020d1a-f907-4a29-85e5-367571c2c93a req-fa3e6a3f-277c-4d3c-92fe-4b18b44fbc38 service placement] 10.222.0.73 "GET /placement/allocations/b6701d76-d7c5-4e7f-96f9-71453562302c" status: 200 len: 259 microversion: 1.28
Jun 14 17:12:12.783195 n-d-845781-1 devstack@placement-api.service[105694]: [pid: 105694|app: 0|req: 98/199] 10.222.0.73 () {60 vars in 1377 bytes} [Tue Jun 14 17:12:12 2022] GET /placement/allocations/b6701d76-d7c5-4e7f-96f9-71453562302c => generated 259 bytes in 31 msecs (HTTP/1.1 200) 8 headers in 296 bytes (1 switches on core 0)
Jun 14 17:12:18.072074 n-d-845781-1 devstack@placement-api.service[105693]: DEBUG placement.requestlog [req-08d4422e-d2b3-482e-b3d0-a9b765db53a0 req-cd6e6ad4-b3b1-4beb-b25b-c26f2e0abc2b None None] Starting request: 10.222.0.73 "GET /placement/resource_providers/41981cb8-b8af-428d-996e-576bd52074a0/allocations" {{(pid=105693) __call__ /opt/stack/placement/placement/requestlog.py:55}}
Jun 14 17:12:18.126660 n-d-845781-1 devstack@placement-api.service[105693]: INFO placement.requestlog [req-08d4422e-d2b3-482e-b3d0-a9b765db53a0 req-cd6e6ad4-b3b1-4beb-b25b-c26f2e0abc2b service placement] 10.222.0.73 "GET /placement/resource_providers/41981cb8-b8af-428d-996e-576bd52074a0/allocations" status: 200 len: 457 microversion: 1.0
Jun 14 17:12:18.132240 n-d-845781-1 devstack@placement-api.service[105693]: [pid: 105693|app: 0|req: 102/200] 10.222.0.73 () {58 vars in 1390 bytes} [Tue Jun 14 17:12:18 2022] GET /placement/resource_providers/41981cb8-b8af-428d-996e-576bd52074a0/allocations => generated 457 bytes in 60 msecs (HTTP/1.1 200) 6 headers in 224 bytes (1 switches on core 0)
Jun 14 17:12:21.503735 n-d-845781-1 devstack@placement-api.service[105694]: DEBUG placement.requestlog [None req-4d60d22f-af22-4c54-a7e8-e5e6da1f9fd3 None None] Starting request: 10.222.0.65 "GET /placement/resource_providers/da25aba1-e3d1-4af7-971b-ae35682155da/aggregates" {{(pid=105694) __call__ /opt/stack/placement/placement/requestlog.py:55}}
Jun 14 17:12:21.517106 n-d-845781-1 devstack@placement-api.service[105694]: INFO placement.requestlog [None req-4d60d22f-af22-4c54-a7e8-e5e6da1f9fd3 service placement] 10.222.0.65 "GET /placement/resource_providers/da25aba1-e3d1-4af7-971b-ae35682155da/aggregates" status: 404 len: 235 microversion: 1.1
Jun 14 17:12:21.517625 n-d-845781-1 devstack@placement-api.service[105694]: [pid: 105694|app: 0|req: 99/201] 10.222.0.65 () {58 vars in 1362 bytes} [Tue Jun 14 17:12:21 2022] GET /placement/resource_providers/da25aba1-e3d1-4af7-971b-ae35682155da/aggregates => generated 235 bytes in 14 msecs (HTTP/1.1 404) 5 headers in 202 bytes (1 switches on core 0)
Jun 14 17:12:21.539945 n-d-845781-1 devstack@placement-api.service[105693]: DEBUG placement.requestlog [None req-c4ebe6ab-80c1-4f97-875d-a76ba33592b3 None None] Starting request: 10.222.0.65 "DELETE /placement/resource_providers/da25aba1-e3d1-4af7-971b-ae35682155da" {{(pid=105693) __call__ /opt/stack/placement/placement/requestlog.py:55}}
Jun 14 17:12:21.550589 n-d-845781-1 devstack@placement-api.service[105693]: DEBUG placement.wsgi_wrapper [None req-c4ebe6ab-80c1-4f97-875d-a76ba33592b3 service placement] Placement API returning an error response: No resource provider with uuid da25aba1-e3d1-4af7-971b-ae35682155da found for delete {{(pid=105693) call_func /opt/stack/placement/placement/wsgi_wrapper.py:31}}
Jun 14 17:12:21.551782 n-d-845781-1 devstack@placement-api.service[105693]: INFO placement.requestlog [None req-c4ebe6ab-80c1-4f97-875d-a76ba33592b3 service placement] 10.222.0.65 "DELETE /placement/resource_providers/da25aba1-e3d1-4af7-971b-ae35682155da" status: 404 len: 246 microversion: 1.1
Jun 14 17:12:21.552348 n-d-845781-1 devstack@placement-api.service[105693]: [pid: 105693|app: 0|req: 103/202] 10.222.0.65 () {60 vars in 1351 bytes} [Tue Jun 14 17:12:21 2022] DELETE /placement/resource_providers/da25aba1-e3d1-4af7-971b-ae35682155da => generated 246 bytes in 13 msecs (HTTP/1.1 404) 6 headers in 231 bytes (1 switches on core 0)
Jun 14 17:12:24.600091 n-d-845781-1 devstack@placement-api.service[105694]: DEBUG placement.requestlog [req-ad0f8c08-8a01-459d-b82a-c94a75fb63f4 req-7949f380-4839-4229-8377-e5572ae65b6f None None] Starting request: 10.222.0.52 "DELETE /placement/allocations/cc3d57d7-1f4e-440a-99b3-50ae00921858" {{(pid=105694) __call__ /opt/stack/placement/placement/requestlog.py:55}}
Jun 14 17:12:24.937242 n-d-845781-1 devstack@placement-api.service[105694]: DEBUG placement.handlers.allocation [req-ad0f8c08-8a01-459d-b82a-c94a75fb63f4 req-7949f380-4839-4229-8377-e5572ae65b6f service placement] Successfully deleted allocations [, , ] {{(pid=105694) delete_allocations /opt/stack/placement/placement/handlers/allocation.py:627}}
Jun 14 17:12:24.938384 n-d-845781-1 devstack@placement-api.service[105694]: INFO placement.requestlog [req-ad0f8c08-8a01-459d-b82a-c94a75fb63f4 req-7949f380-4839-4229-8377-e5572ae65b6f service placement] 10.222.0.52 "DELETE /placement/allocations/cc3d57d7-1f4e-440a-99b3-50ae00921858" status: 204 len: 0 microversion: 1.0
Jun 14 17:12:24.938519 n-d-845781-1 devstack@placement-api.service[105694]: [pid: 105694|app: 0|req: 100/203] 10.222.0.52 () {60 vars in 1355 bytes} [Tue Jun 14 17:12:24 2022] DELETE /placement/allocations/cc3d57d7-1f4e-440a-99b3-50ae00921858 => generated 0 bytes in 339 msecs (HTTP/1.1 204) 5 headers in 198 bytes (1 switches on core 0)
Jun 14 17:12:26.651734 n-d-845781-1 devstack@placement-api.service[105693]: DEBUG placement.requestlog [None req-968451a9-187b-4e60-a214-38df39e7eba6 None None] Starting request: 10.222.0.65 "GET /placement/resource_providers/864a545c-bc98-49cd-a83d-d79332107b9f/aggregates" {{(pid=105693) __call__ /opt/stack/placement/placement/requestlog.py:55}}
Jun 14 17:12:26.777781 n-d-845781-1 devstack@placement-api.service[105693]: INFO placement.requestlog [None req-968451a9-187b-4e60-a214-38df39e7eba6 service placement] 10.222.0.65 "GET /placement/resource_providers/864a545c-bc98-49cd-a83d-d79332107b9f/aggregates" status: 404 len: 235 microversion: 1.1
Jun 14 17:12:26.778210 n-d-845781-1 devstack@placement-api.service[105693]: [pid: 105693|app: 0|req: 104/204] 10.222.0.65 () {58 vars in 1362 bytes} [Tue Jun 14 17:12:26 2022] GET /placement/resource_providers/864a545c-bc98-49cd-a83d-d79332107b9f/aggregates => generated 235 bytes in 127 msecs (HTTP/1.1 404) 5 headers in 202 bytes (1 switches on core 0)
Jun 14 17:12:26.784267 n-d-845781-1 devstack@placement-api.service[105694]: DEBUG placement.requestlog [None req-0f1922fa-38ef-45c9-b93c-563783107a79 None None] Starting request: 10.222.0.65 "DELETE /placement/resource_providers/864a545c-bc98-49cd-a83d-d79332107b9f" {{(pid=105694) __call__ /opt/stack/placement/placement/requestlog.py:55}}
Jun 14 17:12:26.794843 n-d-845781-1 devstack@placement-api.service[105694]: DEBUG placement.wsgi_wrapper [None req-0f1922fa-38ef-45c9-b93c-563783107a79 service placement] Placement API returning an error response: No resource provider with uuid 864a545c-bc98-49cd-a83d-d79332107b9f found for delete {{(pid=105694) call_func /opt/stack/placement/placement/wsgi_wrapper.py:31}}
Jun 14 17:12:26.795572 n-d-845781-1 devstack@placement-api.service[105694]: INFO placement.requestlog [None req-0f1922fa-38ef-45c9-b93c-563783107a79 service placement] 10.222.0.65 "DELETE /placement/resource_providers/864a545c-bc98-49cd-a83d-d79332107b9f" status: 404 len: 246 microversion: 1.1
Jun 14 17:12:26.795883 n-d-845781-1 devstack@placement-api.service[105694]: [pid: 105694|app: 0|req: 101/205] 10.222.0.65 () {60 vars in 1351 bytes} [Tue Jun 14 17:12:26 2022] DELETE /placement/resource_providers/864a545c-bc98-49cd-a83d-d79332107b9f => generated 246 bytes in 12 msecs (HTTP/1.1 404) 6 headers in 231 bytes (2 switches on core 0)
Jun 14 17:12:28.963402 n-d-845781-1 devstack@placement-api.service[105693]: DEBUG placement.requestlog [req-f0da0ec8-f9d4-4cfc-b9fb-975b4b31f072 req-38f42441-50d5-4759-9469-9de264f64626 None None] Starting request: 10.222.0.65 "GET /placement/allocation_candidates?limit=1000&resources=DISK_GB%3A1%2CMEMORY_MB%3A1024%2CVCPU%3A1&root_required=%21COMPUTE_STATUS_DISABLED" {{(pid=105693) __call__ /opt/stack/placement/placement/requestlog.py:55}}
Jun 14 17:12:29.039885 n-d-845781-1 devstack@placement-api.service[105693]: DEBUG placement.objects.research_context [req-f0da0ec8-f9d4-4cfc-b9fb-975b4b31f072 req-38f42441-50d5-4759-9469-9de264f64626 service placement] getting providers with 1 DISK_GB {{(pid=105693) __init__ /opt/stack/placement/placement/objects/research_context.py:136}}
Jun 14 17:12:29.046298 n-d-845781-1 devstack@placement-api.service[105693]: DEBUG placement.objects.research_context [req-f0da0ec8-f9d4-4cfc-b9fb-975b4b31f072 req-38f42441-50d5-4759-9469-9de264f64626 service placement] getting providers with 1024 MEMORY_MB {{(pid=105693) __init__ /opt/stack/placement/placement/objects/research_context.py:136}}
Jun 14 17:12:29.052966 n-d-845781-1 devstack@placement-api.service[105693]: DEBUG placement.objects.research_context [req-f0da0ec8-f9d4-4cfc-b9fb-975b4b31f072 req-38f42441-50d5-4759-9469-9de264f64626 service placement] getting providers with 1 VCPU {{(pid=105693) __init__ /opt/stack/placement/placement/objects/research_context.py:136}}
Jun 14 17:12:29.059460 n-d-845781-1 devstack@placement-api.service[105693]: DEBUG placement.objects.research_context [req-f0da0ec8-f9d4-4cfc-b9fb-975b4b31f072 req-38f42441-50d5-4759-9469-9de264f64626 service placement] found 2 providers with available 1 DISK_GB {{(pid=105693) get_provider_ids_matching /opt/stack/placement/placement/objects/research_context.py:563}}
Jun 14 17:12:29.060000 n-d-845781-1 devstack@placement-api.service[105693]: DEBUG placement.objects.research_context [req-f0da0ec8-f9d4-4cfc-b9fb-975b4b31f072 req-38f42441-50d5-4759-9469-9de264f64626 service placement] found 2 providers with available 1024 MEMORY_MB {{(pid=105693) get_provider_ids_matching /opt/stack/placement/placement/objects/research_context.py:563}}
Jun 14 17:12:29.060612 n-d-845781-1 devstack@placement-api.service[105693]: DEBUG placement.objects.research_context [req-f0da0ec8-f9d4-4cfc-b9fb-975b4b31f072 req-38f42441-50d5-4759-9469-9de264f64626 service placement] found 2 providers after filtering by previous result {{(pid=105693) get_provider_ids_matching /opt/stack/placement/placement/objects/research_context.py:594}}
Jun 14 17:12:29.061080 n-d-845781-1 devstack@placement-api.service[105693]: DEBUG placement.objects.research_context [req-f0da0ec8-f9d4-4cfc-b9fb-975b4b31f072 req-38f42441-50d5-4759-9469-9de264f64626 service placement] found 2 providers with available 1 VCPU {{(pid=105693) get_provider_ids_matching /opt/stack/placement/placement/objects/research_context.py:563}}
Jun 14 17:12:29.061543 n-d-845781-1 devstack@placement-api.service[105693]: DEBUG placement.objects.research_context [req-f0da0ec8-f9d4-4cfc-b9fb-975b4b31f072 req-38f42441-50d5-4759-9469-9de264f64626 service placement] found 2 providers after filtering by previous result {{(pid=105693) get_provider_ids_matching /opt/stack/placement/placement/objects/research_context.py:594}}
Jun 14 17:12:29.075313 n-d-845781-1 devstack@placement-api.service[105693]: DEBUG placement.objects.allocation_candidate [req-f0da0ec8-f9d4-4cfc-b9fb-975b4b31f072 req-38f42441-50d5-4759-9469-9de264f64626 service placement] RequestGroup(use_same_provider=False, resources={DISK_GB:1, MEMORY_MB:1024, VCPU:1}, traits=(), aggregates=[]) (suffix '') returned 2 matches {{(pid=105693) _get_by_requests /opt/stack/placement/placement/objects/allocation_candidate.py:156}}
Jun 14 17:12:29.076093 n-d-845781-1 devstack@placement-api.service[105693]: DEBUG placement.objects.allocation_candidate [req-f0da0ec8-f9d4-4cfc-b9fb-975b4b31f072 req-38f42441-50d5-4759-9469-9de264f64626 service placement] Merging candidates yields 2 allocation requests and 2 provider summaries {{(pid=105693) _merge_candidates /opt/stack/placement/placement/objects/allocation_candidate.py:809}}
Jun 14 17:12:29.078269 n-d-845781-1 devstack@placement-api.service[105693]: INFO placement.requestlog [req-f0da0ec8-f9d4-4cfc-b9fb-975b4b31f072 req-38f42441-50d5-4759-9469-9de264f64626 service placement] 10.222.0.65 "GET /placement/allocation_candidates?limit=1000&resources=DISK_GB%3A1%2CMEMORY_MB%3A1024%2CVCPU%3A1&root_required=%21COMPUTE_STATUS_DISABLED" status: 200 len: 1309 microversion: 1.36
Jun 14 17:12:29.079723 n-d-845781-1 devstack@placement-api.service[105693]: [pid: 105693|app: 0|req: 105/206] 10.222.0.65 () {60 vars in 1506 bytes} [Tue Jun 14 17:12:28 2022] GET /placement/allocation_candidates?limit=1000&resources=DISK_GB%3A1%2CMEMORY_MB%3A1024%2CVCPU%3A1&root_required=%21COMPUTE_STATUS_DISABLED => generated 1309 bytes in 117 msecs (HTTP/1.1 200) 8 headers in 297 bytes (1 switches on core 0)
Jun 14 17:12:29.172281 n-d-845781-1 devstack@placement-api.service[105694]: DEBUG placement.requestlog [req-f0da0ec8-f9d4-4cfc-b9fb-975b4b31f072 req-a2568e29-e4b2-465e-a8c8-c645bb0cf55e None None] Starting request: 10.222.0.65 "GET /placement/allocations/b7e4fe20-1108-4c9c-b899-f43023292d43" {{(pid=105694) __call__ /opt/stack/placement/placement/requestlog.py:55}}
Jun 14 17:12:29.201045 n-d-845781-1 devstack@placement-api.service[105694]: INFO placement.requestlog [req-f0da0ec8-f9d4-4cfc-b9fb-975b4b31f072 req-a2568e29-e4b2-465e-a8c8-c645bb0cf55e service placement] 10.222.0.65 "GET /placement/allocations/b7e4fe20-1108-4c9c-b899-f43023292d43" status: 200 len: 19 microversion: 1.28
Jun 14 17:12:29.201541 n-d-845781-1 devstack@placement-api.service[105694]: [pid: 105694|app: 0|req: 102/207] 10.222.0.65 () {60 vars in 1380 bytes} [Tue Jun 14 17:12:29 2022] GET /placement/allocations/b7e4fe20-1108-4c9c-b899-f43023292d43 => generated 19 bytes in 30 msecs (HTTP/1.1 200) 8 headers in 295 bytes (1 switches on core 0)
Jun 14 17:12:29.210768 n-d-845781-1 devstack@placement-api.service[105693]: DEBUG placement.requestlog [req-f0da0ec8-f9d4-4cfc-b9fb-975b4b31f072 req-0967d0e5-fa21-4abb-af01-eeb5c503b064 None None] Starting request: 10.222.0.65 "PUT /placement/allocations/b7e4fe20-1108-4c9c-b899-f43023292d43" {{(pid=105693) __call__ /opt/stack/placement/placement/requestlog.py:55}}
Jun 14 17:12:29.580374 n-d-845781-1 devstack@placement-api.service[105693]: DEBUG placement.handlers.allocation [req-f0da0ec8-f9d4-4cfc-b9fb-975b4b31f072 req-0967d0e5-fa21-4abb-af01-eeb5c503b064 service placement] Successfully wrote allocations [, , ] {{(pid=105693) _update_consumers_and_create_allocations /opt/stack/placement/placement/handlers/allocation.py:462}}
Jun 14 17:12:29.716378 n-d-845781-1 devstack@placement-api.service[105693]: INFO placement.requestlog [req-f0da0ec8-f9d4-4cfc-b9fb-975b4b31f072 req-0967d0e5-fa21-4abb-af01-eeb5c503b064 service placement] 10.222.0.65 "PUT /placement/allocations/b7e4fe20-1108-4c9c-b899-f43023292d43" status: 204 len: 0 microversion: 1.36
Jun 14 17:12:29.718875 n-d-845781-1 devstack@placement-api.service[105693]: [pid: 105693|app: 0|req: 106/208] 10.222.0.65 () {64 vars in 1433 bytes} [Tue Jun 14 17:12:29 2022] PUT /placement/allocations/b7e4fe20-1108-4c9c-b899-f43023292d43 => generated 0 bytes in 506 msecs (HTTP/1.1 204) 5 headers in 199 bytes (1 switches on core 0)
Jun 14 17:12:31.665136 n-d-845781-1 devstack@placement-api.service[105694]: DEBUG placement.requestlog [req-f0da0ec8-f9d4-4cfc-b9fb-975b4b31f072 req-effeb50c-8eb6-454e-b869-2ee53aa3920b None None] Starting request: 10.222.0.52 "GET /placement/allocations/b7e4fe20-1108-4c9c-b899-f43023292d43" {{(pid=105694) __call__ /opt/stack/placement/placement/requestlog.py:55}}
Jun 14 17:12:31.690683 n-d-845781-1 devstack@placement-api.service[105694]: INFO placement.requestlog [req-f0da0ec8-f9d4-4cfc-b9fb-975b4b31f072 req-effeb50c-8eb6-454e-b869-2ee53aa3920b service placement] 10.222.0.52 "GET /placement/allocations/b7e4fe20-1108-4c9c-b899-f43023292d43" status: 200 len: 259 microversion: 1.28
Jun 14 17:12:31.691545 n-d-845781-1 devstack@placement-api.service[105694]: [pid: 105694|app: 0|req: 103/209] 10.222.0.52 () {60 vars in 1377 bytes} [Tue Jun 14 17:12:31 2022] GET /placement/allocations/b7e4fe20-1108-4c9c-b899-f43023292d43 => generated 259 bytes in 26 msecs (HTTP/1.1 200) 8 headers in 296 bytes (1 switches on core 0)
Jun 14 17:12:32.889945 n-d-845781-1 devstack@placement-api.service[105693]: DEBUG placement.requestlog [req-2f7fef66-d8d4-4fbd-b283-094af4ca49a0 req-a0791f0c-6ac1-4658-9db6-42b3d7abfc9a None None] Starting request: 10.222.0.73 "GET /placement/resource_providers?in_tree=41981cb8-b8af-428d-996e-576bd52074a0" {{(pid=105693) __call__ /opt/stack/placement/placement/requestlog.py:55}}
Jun 14 17:12:33.251297 n-d-845781-1 devstack@placement-api.service[105693]: INFO placement.requestlog [req-2f7fef66-d8d4-4fbd-b283-094af4ca49a0 req-a0791f0c-6ac1-4658-9db6-42b3d7abfc9a service placement] 10.222.0.73 "GET /placement/resource_providers?in_tree=41981cb8-b8af-428d-996e-576bd52074a0" status: 200 len: 863 microversion: 1.14
Jun 14 17:12:33.252146 n-d-845781-1 devstack@placement-api.service[105693]: [pid: 105693|app: 0|req: 107/210] 10.222.0.73 () {60 vars in 1376 bytes} [Tue Jun 14 17:12:32 2022] GET /placement/resource_providers?in_tree=41981cb8-b8af-428d-996e-576bd52074a0 => generated 863 bytes in 362 msecs (HTTP/1.1 200) 6 headers in 225 bytes (1 switches on core 0)
Jun 14 17:12:33.284486 n-d-845781-1 devstack@placement-api.service[105694]: DEBUG placement.requestlog [req-2f7fef66-d8d4-4fbd-b283-094af4ca49a0 req-caa9cc80-904c-482d-a361-6e2b93b75997 None None] Starting request: 10.222.0.73 "GET /placement/resource_providers/41981cb8-b8af-428d-996e-576bd52074a0/inventories" {{(pid=105694) __call__ /opt/stack/placement/placement/requestlog.py:55}}
Jun 14 17:12:33.311608 n-d-845781-1 devstack@placement-api.service[105694]: INFO placement.requestlog [req-2f7fef66-d8d4-4fbd-b283-094af4ca49a0 req-caa9cc80-904c-482d-a361-6e2b93b75997 service placement] 10.222.0.73 "GET /placement/resource_providers/41981cb8-b8af-428d-996e-576bd52074a0/inventories" status: 200 len: 398 microversion: 1.0
Jun 14 17:12:33.314453 n-d-845781-1 devstack@placement-api.service[105694]: [pid: 105694|app: 0|req: 104/211] 10.222.0.73 () {58 vars in 1390 bytes} [Tue Jun 14 17:12:33 2022] GET /placement/resource_providers/41981cb8-b8af-428d-996e-576bd52074a0/inventories => generated 398 bytes in 30 msecs (HTTP/1.1 200) 6 headers in 224 bytes (1 switches on core 0)
Jun 14 17:12:33.348827 n-d-845781-1 devstack@placement-api.service[105693]: DEBUG placement.requestlog [req-2f7fef66-d8d4-4fbd-b283-094af4ca49a0 req-0146ab57-11a7-41af-b5a0-cfa571514e5f None None] Starting request: 10.222.0.73 "GET /placement/resource_providers/41981cb8-b8af-428d-996e-576bd52074a0/aggregates" {{(pid=105693) __call__ /opt/stack/placement/placement/requestlog.py:55}}
Jun 14 17:12:33.380938 n-d-845781-1 devstack@placement-api.service[105693]: INFO placement.requestlog [req-2f7fef66-d8d4-4fbd-b283-094af4ca49a0 req-0146ab57-11a7-41af-b5a0-cfa571514e5f service placement] 10.222.0.73 "GET /placement/resource_providers/41981cb8-b8af-428d-996e-576bd52074a0/aggregates" status: 200 len: 54 microversion: 1.19
Jun 14 17:12:33.381328 n-d-845781-1 devstack@placement-api.service[105693]: [pid: 105693|app: 0|req: 108/212] 10.222.0.73 () {60 vars in 1431 bytes} [Tue Jun 14 17:12:33 2022] GET /placement/resource_providers/41981cb8-b8af-428d-996e-576bd52074a0/aggregates => generated 54 bytes in 33 msecs (HTTP/1.1 200) 8 headers in 295 bytes (1 switches on core 0)
Jun 14 17:12:33.389468 n-d-845781-1 devstack@placement-api.service[105694]: DEBUG placement.requestlog [None req-4faefa6b-7d66-4c79-81d8-5d2ad1524088 None None] Starting request: 10.222.0.65 "GET /placement/" {{(pid=105694) __call__ /opt/stack/placement/placement/requestlog.py:55}}
Jun 14 17:12:33.395240 n-d-845781-1 devstack@placement-api.service[105694]: INFO placement.requestlog [None req-4faefa6b-7d66-4c79-81d8-5d2ad1524088 None None] 10.222.0.65 "GET /placement/" status: 200 len: 136 microversion: 1.0
Jun 14 17:12:33.395836 n-d-845781-1 devstack@placement-api.service[105694]: [pid: 105694|app: 0|req: 105/213] 10.222.0.65 () {54 vars in 916 bytes} [Tue Jun 14 17:12:33 2022] GET /placement => generated 136 bytes in 7 msecs (HTTP/1.1 200) 6 headers in 224 bytes (1 switches on core 0)
Jun 14 17:12:33.412036 n-d-845781-1 devstack@placement-api.service[105693]: DEBUG placement.requestlog [req-b33fae8a-0df3-4b48-a961-43f0d1adf1cf req-560570ed-d800-4c60-8368-b24012e53f07 None None] Starting request: 10.222.0.65 "GET /placement/allocations/87b31bd8-9fd8-4594-8138-d0873e538b06" {{(pid=105693) __call__ /opt/stack/placement/placement/requestlog.py:55}}
Jun 14 17:12:33.425272 n-d-845781-1 devstack@placement-api.service[105694]: DEBUG placement.requestlog [req-2f7fef66-d8d4-4fbd-b283-094af4ca49a0 req-5d3ff324-3f0a-4a03-9895-40bfc88746c1 None None] Starting request: 10.222.0.73 "GET /placement/resource_providers/41981cb8-b8af-428d-996e-576bd52074a0/traits" {{(pid=105694) __call__ /opt/stack/placement/placement/requestlog.py:55}}
Jun 14 17:12:33.489500 n-d-845781-1 devstack@placement-api.service[105694]: INFO placement.requestlog [req-2f7fef66-d8d4-4fbd-b283-094af4ca49a0 req-5d3ff324-3f0a-4a03-9895-40bfc88746c1 service placement] 10.222.0.73 "GET /placement/resource_providers/41981cb8-b8af-428d-996e-576bd52074a0/traits" status: 200 len: 212 microversion: 1.6
Jun 14 17:12:33.489891 n-d-845781-1 devstack@placement-api.service[105694]: [pid: 105694|app: 0|req: 106/214] 10.222.0.73 () {60 vars in 1418 bytes} [Tue Jun 14 17:12:33 2022] GET /placement/resource_providers/41981cb8-b8af-428d-996e-576bd52074a0/traits => generated 212 bytes in 65 msecs (HTTP/1.1 200) 6 headers in 224 bytes (1 switches on core 0)
Jun 14 17:12:33.540940 n-d-845781-1 devstack@placement-api.service[105693]: DEBUG dbcounter [-] [105693] Writing DB stats placement:SELECT=80,placement:INSERT=12,placement:DELETE=4,placement:UPDATE=4 {{(pid=105693) stat_writer /usr/local/lib/python3.8/dist-packages/dbcounter.py:114}}
Jun 14 17:12:33.554420 n-d-845781-1 devstack@placement-api.service[105693]: INFO placement.requestlog [req-b33fae8a-0df3-4b48-a961-43f0d1adf1cf req-560570ed-d800-4c60-8368-b24012e53f07 service placement] 10.222.0.65 "GET /placement/allocations/87b31bd8-9fd8-4594-8138-d0873e538b06" status: 200 len: 259 microversion: 1.28
Jun 14 17:12:33.555817 n-d-845781-1 devstack@placement-api.service[105693]: [pid: 105693|app: 0|req: 109/215] 10.222.0.65 () {60 vars in 1380 bytes} [Tue Jun 14 17:12:33 2022] GET /placement/allocations/87b31bd8-9fd8-4594-8138-d0873e538b06 => generated 259 bytes in 144 msecs (HTTP/1.1 200) 8 headers in 296 bytes (1 switches on core 0)
Jun 14 17:12:33.561506 n-d-845781-1 devstack@placement-api.service[105694]: DEBUG placement.requestlog [req-b33fae8a-0df3-4b48-a961-43f0d1adf1cf req-d4b6f4ea-7902-47bf-b722-33d227294777 None None] Starting request: 10.222.0.65 "GET /placement/allocations/87b31bd8-9fd8-4594-8138-d0873e538b06" {{(pid=105694) __call__ /opt/stack/placement/placement/requestlog.py:55}}
Jun 14 17:12:33.590042 n-d-845781-1 devstack@placement-api.service[105694]: INFO placement.requestlog [req-b33fae8a-0df3-4b48-a961-43f0d1adf1cf req-d4b6f4ea-7902-47bf-b722-33d227294777 service placement] 10.222.0.65 "GET /placement/allocations/87b31bd8-9fd8-4594-8138-d0873e538b06" status: 200 len: 259 microversion: 1.28
Jun 14 17:12:33.591532 n-d-845781-1 devstack@placement-api.service[105694]: [pid: 105694|app: 0|req: 107/216] 10.222.0.65 () {60 vars in 1380 bytes} [Tue Jun 14 17:12:33 2022] GET /placement/allocations/87b31bd8-9fd8-4594-8138-d0873e538b06 => generated 259 bytes in 30 msecs (HTTP/1.1 200) 8 headers in 296 bytes (1 switches on core 0)
Jun 14 17:12:33.598213 n-d-845781-1 devstack@placement-api.service[105693]: DEBUG placement.requestlog [req-b33fae8a-0df3-4b48-a961-43f0d1adf1cf req-c86f090e-ca3d-402c-990f-733ffe3c8158 None None] Starting request: 10.222.0.65 "GET /placement/allocations/736e779d-5f6a-43c7-b84f-dda76428ef5a" {{(pid=105693) __call__ /opt/stack/placement/placement/requestlog.py:55}}
Jun 14 17:12:33.611332 n-d-845781-1 devstack@placement-api.service[105693]: INFO placement.requestlog [req-b33fae8a-0df3-4b48-a961-43f0d1adf1cf req-c86f090e-ca3d-402c-990f-733ffe3c8158 service placement] 10.222.0.65 "GET /placement/allocations/736e779d-5f6a-43c7-b84f-dda76428ef5a" status: 200 len: 19 microversion: 1.28
Jun 14 17:12:33.612319 n-d-845781-1 devstack@placement-api.service[105693]: [pid: 105693|app: 0|req: 110/217] 10.222.0.65 () {60 vars in 1380 bytes} [Tue Jun 14 17:12:33 2022] GET /placement/allocations/736e779d-5f6a-43c7-b84f-dda76428ef5a => generated 19 bytes in 15 msecs (HTTP/1.1 200) 8 headers in 295 bytes (2 switches on core 0)
Jun 14 17:12:33.618862 n-d-845781-1 devstack@placement-api.service[105694]: DEBUG placement.requestlog [req-b33fae8a-0df3-4b48-a961-43f0d1adf1cf req-77f97a8b-c9bf-4519-8fdd-0a3d023d0dcf None None] Starting request: 10.222.0.65 "POST /placement/allocations" {{(pid=105694) __call__ /opt/stack/placement/placement/requestlog.py:55}}
Jun 14 17:12:33.813136 n-d-845781-1 devstack@placement-api.service[105693]: DEBUG placement.requestlog [req-2f7fef66-d8d4-4fbd-b283-094af4ca49a0 req-fcb47e09-cdb3-40b9-bced-2869ab5f3849 None None] Starting request: 10.222.0.73 "DELETE /placement/allocations/0bead5b7-e098-40d9-bd47-4e56e2966ed2" {{(pid=105693) __call__ /opt/stack/placement/placement/requestlog.py:55}}
Jun 14 17:12:33.869890 n-d-845781-1 devstack@placement-api.service[105694]: DEBUG placement.handlers.allocation [req-b33fae8a-0df3-4b48-a961-43f0d1adf1cf req-77f97a8b-c9bf-4519-8fdd-0a3d023d0dcf service placement] Successfully wrote allocations [, , , , , ] {{(pid=105694) _update_consumers_and_create_allocations /opt/stack/placement/placement/handlers/allocation.py:572}}
Jun 14 17:12:33.959155 n-d-845781-1 devstack@placement-api.service[105694]: INFO placement.requestlog [req-b33fae8a-0df3-4b48-a961-43f0d1adf1cf req-77f97a8b-c9bf-4519-8fdd-0a3d023d0dcf service placement] 10.222.0.65 "POST /placement/allocations" status: 204 len: 0 microversion: 1.28
Jun 14 17:12:33.964454 n-d-845781-1 devstack@placement-api.service[105694]: [pid: 105694|app: 0|req: 108/218] 10.222.0.65 () {64 vars in 1323 bytes} [Tue Jun 14 17:12:33 2022] POST /placement/allocations => generated 0 bytes in 345 msecs (HTTP/1.1 204) 5 headers in 199 bytes (1 switches on core 0)
Jun 14 17:12:34.020335 n-d-845781-1 devstack@placement-api.service[105694]: DEBUG placement.requestlog [req-b33fae8a-0df3-4b48-a961-43f0d1adf1cf req-91d4d7f0-ecd6-4a20-bf68-1ae6c7662016 None None] Starting request: 10.222.0.65 "GET /placement/allocations/87b31bd8-9fd8-4594-8138-d0873e538b06" {{(pid=105694) __call__ /opt/stack/placement/placement/requestlog.py:55}}
Jun 14 17:12:34.033062 n-d-845781-1 devstack@placement-api.service[105694]: INFO placement.requestlog [req-b33fae8a-0df3-4b48-a961-43f0d1adf1cf req-91d4d7f0-ecd6-4a20-bf68-1ae6c7662016 service placement] 10.222.0.65 "GET /placement/allocations/87b31bd8-9fd8-4594-8138-d0873e538b06" status: 200 len: 19 microversion: 1.28
Jun 14 17:12:34.033695 n-d-845781-1 devstack@placement-api.service[105694]: [pid: 105694|app: 0|req: 109/219] 10.222.0.65 () {60 vars in 1380 bytes} [Tue Jun 14 17:12:34 2022] GET /placement/allocations/87b31bd8-9fd8-4594-8138-d0873e538b06 => generated 19 bytes in 14 msecs (HTTP/1.1 200) 8 headers in 295 bytes (1 switches on core 0)
Jun 14 17:12:34.041091 n-d-845781-1 devstack@placement-api.service[105694]: DEBUG placement.requestlog [req-b33fae8a-0df3-4b48-a961-43f0d1adf1cf req-6c5f56c2-b62c-4975-b5d5-7747f9157bd2 None None] Starting request: 10.222.0.65 "PUT /placement/allocations/87b31bd8-9fd8-4594-8138-d0873e538b06" {{(pid=105694) __call__ /opt/stack/placement/placement/requestlog.py:55}}
Jun 14 17:12:34.076755 n-d-845781-1 devstack@placement-api.service[105693]: DEBUG placement.handlers.allocation [req-2f7fef66-d8d4-4fbd-b283-094af4ca49a0 req-fcb47e09-cdb3-40b9-bced-2869ab5f3849 service placement] Successfully deleted allocations [, , ] {{(pid=105693) delete_allocations /opt/stack/placement/placement/handlers/allocation.py:627}}
Jun 14 17:12:34.077233 n-d-845781-1 devstack@placement-api.service[105693]: INFO placement.requestlog [req-2f7fef66-d8d4-4fbd-b283-094af4ca49a0 req-fcb47e09-cdb3-40b9-bced-2869ab5f3849 service placement] 10.222.0.73 "DELETE /placement/allocations/0bead5b7-e098-40d9-bd47-4e56e2966ed2" status: 204 len: 0 microversion: 1.0
Jun 14 17:12:34.077632 n-d-845781-1 devstack@placement-api.service[105693]: [pid: 105693|app: 0|req: 111/220] 10.222.0.73 () {60 vars in 1355 bytes} [Tue Jun 14 17:12:33 2022] DELETE /placement/allocations/0bead5b7-e098-40d9-bd47-4e56e2966ed2 => generated 0 bytes in 265 msecs (HTTP/1.1 204) 5 headers in 198 bytes (1 switches on core 0)
Jun 14 17:12:34.228915 n-d-845781-1 devstack@placement-api.service[105694]: DEBUG dbcounter [-] [105694] Writing DB stats placement:SELECT=84,placement:DELETE=8,placement:INSERT=5,placement:UPDATE=3 {{(pid=105694) stat_writer /usr/local/lib/python3.8/dist-packages/dbcounter.py:114}}
Jun 14 17:12:34.247393 n-d-845781-1 devstack@placement-api.service[105694]: DEBUG placement.handlers.allocation [req-b33fae8a-0df3-4b48-a961-43f0d1adf1cf req-6c5f56c2-b62c-4975-b5d5-7747f9157bd2 service placement] Successfully wrote allocations [, , ] {{(pid=105694) _update_consumers_and_create_allocations /opt/stack/placement/placement/handlers/allocation.py:462}}
Jun 14 17:12:34.368489 n-d-845781-1 devstack@placement-api.service[105694]: INFO placement.requestlog [req-b33fae8a-0df3-4b48-a961-43f0d1adf1cf req-6c5f56c2-b62c-4975-b5d5-7747f9157bd2 service placement] 10.222.0.65 "PUT /placement/allocations/87b31bd8-9fd8-4594-8138-d0873e538b06" status: 204 len: 0 microversion: 1.28
Jun 14 17:12:34.369722 n-d-845781-1 devstack@placement-api.service[105694]: [pid: 105694|app: 0|req: 110/221] 10.222.0.65 () {64 vars in 1433 bytes} [Tue Jun 14 17:12:34 2022] PUT /placement/allocations/87b31bd8-9fd8-4594-8138-d0873e538b06 => generated 0 bytes in 329 msecs (HTTP/1.1 204) 5 headers in 199 bytes (1 switches on core 0)
