Jun 14 17:04:55.243625 n-d-845780-1 devstack@placement-api.service[112124]: DEBUG placement.requestlog [req-060e3ef3-0d2a-4010-b6ba-3ddac249df08 req-5dc27a08-2a83-4e54-9a81-5eb3fe3707ce None None] Starting request: 10.222.0.40 "GET /placement/allocation_candidates?limit=1000&resources=MEMORY_MB%3A1024%2CVCPU%3A1&root_required=%21COMPUTE_STATUS_DISABLED" {{(pid=112124) __call__ /opt/stack/placement/placement/requestlog.py:55}}
Jun 14 17:04:55.370719 n-d-845780-1 devstack@placement-api.service[112124]: DEBUG placement.objects.research_context [req-060e3ef3-0d2a-4010-b6ba-3ddac249df08 req-5dc27a08-2a83-4e54-9a81-5eb3fe3707ce service placement] getting providers with 1024 MEMORY_MB {{(pid=112124) __init__ /opt/stack/placement/placement/objects/research_context.py:136}}
Jun 14 17:04:55.384501 n-d-845780-1 devstack@placement-api.service[112124]: DEBUG placement.objects.research_context [req-060e3ef3-0d2a-4010-b6ba-3ddac249df08 req-5dc27a08-2a83-4e54-9a81-5eb3fe3707ce service placement] getting providers with 1 VCPU {{(pid=112124) __init__ /opt/stack/placement/placement/objects/research_context.py:136}}
Jun 14 17:04:55.404147 n-d-845780-1 devstack@placement-api.service[112124]: DEBUG placement.objects.research_context [req-060e3ef3-0d2a-4010-b6ba-3ddac249df08 req-5dc27a08-2a83-4e54-9a81-5eb3fe3707ce service placement] found 2 providers with available 1024 MEMORY_MB {{(pid=112124) get_provider_ids_matching /opt/stack/placement/placement/objects/research_context.py:563}}
Jun 14 17:04:55.404427 n-d-845780-1 devstack@placement-api.service[112124]: DEBUG placement.objects.research_context [req-060e3ef3-0d2a-4010-b6ba-3ddac249df08 req-5dc27a08-2a83-4e54-9a81-5eb3fe3707ce service placement] found 2 providers with available 1 VCPU {{(pid=112124) get_provider_ids_matching /opt/stack/placement/placement/objects/research_context.py:563}}
Jun 14 17:04:55.406248 n-d-845780-1 devstack@placement-api.service[112124]: DEBUG placement.objects.research_context [req-060e3ef3-0d2a-4010-b6ba-3ddac249df08 req-5dc27a08-2a83-4e54-9a81-5eb3fe3707ce service placement] found 2 providers after filtering by previous result {{(pid=112124) get_provider_ids_matching /opt/stack/placement/placement/objects/research_context.py:594}}
Jun 14 17:04:55.431070 n-d-845780-1 devstack@placement-api.service[112124]: DEBUG placement.objects.allocation_candidate [req-060e3ef3-0d2a-4010-b6ba-3ddac249df08 req-5dc27a08-2a83-4e54-9a81-5eb3fe3707ce service placement] RequestGroup(use_same_provider=False, resources={MEMORY_MB:1024, VCPU:1}, traits=(), aggregates=[]) (suffix '') returned 2 matches {{(pid=112124) _get_by_requests /opt/stack/placement/placement/objects/allocation_candidate.py:156}}
Jun 14 17:04:55.435633 n-d-845780-1 devstack@placement-api.service[112124]: DEBUG placement.objects.allocation_candidate [req-060e3ef3-0d2a-4010-b6ba-3ddac249df08 req-5dc27a08-2a83-4e54-9a81-5eb3fe3707ce service placement] Merging candidates yields 2 allocation requests and 2 provider summaries {{(pid=112124) _merge_candidates /opt/stack/placement/placement/objects/allocation_candidate.py:809}}
Jun 14 17:04:55.450583 n-d-845780-1 devstack@placement-api.service[112124]: INFO placement.requestlog [req-060e3ef3-0d2a-4010-b6ba-3ddac249df08 req-5dc27a08-2a83-4e54-9a81-5eb3fe3707ce service placement] 10.222.0.40 "GET /placement/allocation_candidates?limit=1000&resources=MEMORY_MB%3A1024%2CVCPU%3A1&root_required=%21COMPUTE_STATUS_DISABLED" status: 200 len: 1282 microversion: 1.36
Jun 14 17:04:55.452270 n-d-845780-1 devstack@placement-api.service[112124]: [pid: 112124|app: 0|req: 195/396] 10.222.0.40 () {60 vars in 1478 bytes} [Tue Jun 14 17:04:55 2022] GET /placement/allocation_candidates?limit=1000&resources=MEMORY_MB%3A1024%2CVCPU%3A1&root_required=%21COMPUTE_STATUS_DISABLED => generated 1282 bytes in 209 msecs (HTTP/1.1 200) 8 headers in 297 bytes (1 switches on core 0)
Jun 14 17:04:55.530774 n-d-845780-1 devstack@placement-api.service[112123]: DEBUG placement.requestlog [req-060e3ef3-0d2a-4010-b6ba-3ddac249df08 req-c2bc644a-3b9e-46a8-9c94-d6bcfeecc614 None None] Starting request: 10.222.0.40 "GET /placement/allocations/958e567d-91d0-49db-b851-e8b4498dd578" {{(pid=112123) __call__ /opt/stack/placement/placement/requestlog.py:55}}
Jun 14 17:04:55.559534 n-d-845780-1 devstack@placement-api.service[112123]: INFO placement.requestlog [req-060e3ef3-0d2a-4010-b6ba-3ddac249df08 req-c2bc644a-3b9e-46a8-9c94-d6bcfeecc614 service placement] 10.222.0.40 "GET /placement/allocations/958e567d-91d0-49db-b851-e8b4498dd578" status: 200 len: 19 microversion: 1.28
Jun 14 17:04:55.564811 n-d-845780-1 devstack@placement-api.service[112123]: [pid: 112123|app: 0|req: 202/397] 10.222.0.40 () {60 vars in 1380 bytes} [Tue Jun 14 17:04:55 2022] GET /placement/allocations/958e567d-91d0-49db-b851-e8b4498dd578 => generated 19 bytes in 33 msecs (HTTP/1.1 200) 8 headers in 295 bytes (1 switches on core 0)
Jun 14 17:04:55.570202 n-d-845780-1 devstack@placement-api.service[112124]: DEBUG placement.requestlog [req-060e3ef3-0d2a-4010-b6ba-3ddac249df08 req-4908aafe-d7bc-470e-8206-3e1b5e610a7e None None] Starting request: 10.222.0.40 "PUT /placement/allocations/958e567d-91d0-49db-b851-e8b4498dd578" {{(pid=112124) __call__ /opt/stack/placement/placement/requestlog.py:55}}
Jun 14 17:04:55.773426 n-d-845780-1 devstack@placement-api.service[112124]: DEBUG placement.handlers.allocation [req-060e3ef3-0d2a-4010-b6ba-3ddac249df08 req-4908aafe-d7bc-470e-8206-3e1b5e610a7e service placement] Successfully wrote allocations [, ] {{(pid=112124) _update_consumers_and_create_allocations /opt/stack/placement/placement/handlers/allocation.py:462}}
Jun 14 17:04:55.838246 n-d-845780-1 devstack@placement-api.service[112124]: INFO placement.requestlog [req-060e3ef3-0d2a-4010-b6ba-3ddac249df08 req-4908aafe-d7bc-470e-8206-3e1b5e610a7e service placement] 10.222.0.40 "PUT /placement/allocations/958e567d-91d0-49db-b851-e8b4498dd578" status: 204 len: 0 microversion: 1.36
Jun 14 17:04:55.839138 n-d-845780-1 devstack@placement-api.service[112124]: [pid: 112124|app: 0|req: 196/398] 10.222.0.40 () {64 vars in 1433 bytes} [Tue Jun 14 17:04:55 2022] PUT /placement/allocations/958e567d-91d0-49db-b851-e8b4498dd578 => generated 0 bytes in 269 msecs (HTTP/1.1 204) 5 headers in 199 bytes (1 switches on core 0)
Jun 14 17:04:57.285539 n-d-845780-1 devstack@placement-api.service[112123]: DEBUG placement.requestlog [req-060e3ef3-0d2a-4010-b6ba-3ddac249df08 req-b771f09e-75db-4df9-ac46-a7bc79a1b54e None None] Starting request: 10.222.0.50 "GET /placement/allocations/958e567d-91d0-49db-b851-e8b4498dd578" {{(pid=112123) __call__ /opt/stack/placement/placement/requestlog.py:55}}
Jun 14 17:04:57.316343 n-d-845780-1 devstack@placement-api.service[112123]: INFO placement.requestlog [req-060e3ef3-0d2a-4010-b6ba-3ddac249df08 req-b771f09e-75db-4df9-ac46-a7bc79a1b54e service placement] 10.222.0.50 "GET /placement/allocations/958e567d-91d0-49db-b851-e8b4498dd578" status: 200 len: 245 microversion: 1.28
Jun 14 17:04:57.319135 n-d-845780-1 devstack@placement-api.service[112123]: [pid: 112123|app: 0|req: 203/399] 10.222.0.50 () {60 vars in 1377 bytes} [Tue Jun 14 17:04:57 2022] GET /placement/allocations/958e567d-91d0-49db-b851-e8b4498dd578 => generated 245 bytes in 33 msecs (HTTP/1.1 200) 8 headers in 296 bytes (1 switches on core 0)
Jun 14 17:04:59.112025 n-d-845780-1 devstack@placement-api.service[112124]: DEBUG placement.requestlog [req-5e4b9d5b-e9ea-4c2e-b7ef-93c6c82afafb req-e2a8ebd3-7183-49d3-897d-fc113d52b676 None None] Starting request: 10.222.0.45 "GET /placement/resource_providers/f9cff691-02ea-4c8e-8738-01f56bf5ebb7/allocations" {{(pid=112124) __call__ /opt/stack/placement/placement/requestlog.py:55}}
Jun 14 17:04:59.191430 n-d-845780-1 devstack@placement-api.service[112124]: INFO placement.requestlog [req-5e4b9d5b-e9ea-4c2e-b7ef-93c6c82afafb req-e2a8ebd3-7183-49d3-897d-fc113d52b676 service placement] 10.222.0.45 "GET /placement/resource_providers/f9cff691-02ea-4c8e-8738-01f56bf5ebb7/allocations" status: 200 len: 1048 microversion: 1.0
Jun 14 17:04:59.203814 n-d-845780-1 devstack@placement-api.service[112124]: [pid: 112124|app: 0|req: 197/400] 10.222.0.45 () {58 vars in 1390 bytes} [Tue Jun 14 17:04:59 2022] GET /placement/resource_providers/f9cff691-02ea-4c8e-8738-01f56bf5ebb7/allocations => generated 1048 bytes in 92 msecs (HTTP/1.1 200) 6 headers in 225 bytes (1 switches on core 0)
Jun 14 17:05:01.419332 n-d-845780-1 devstack@placement-api.service[112123]: DEBUG placement.requestlog [req-350feb6e-54e6-46bd-9a5f-77158d676b13 req-adf37330-f643-4dcc-a162-b0ad03677d6d None None] Starting request: 10.222.0.50 "GET /placement/resource_providers/7991b3b8-b648-4db7-b6de-e96a6fa73403/allocations" {{(pid=112123) __call__ /opt/stack/placement/placement/requestlog.py:55}}
Jun 14 17:05:01.433939 n-d-845780-1 devstack@placement-api.service[112123]: DEBUG dbcounter [-] [112123] Writing DB stats placement:SELECT=82,placement:INSERT=8,placement:DELETE=6,placement:UPDATE=4 {{(pid=112123) stat_writer /usr/local/lib/python3.8/dist-packages/dbcounter.py:114}}
Jun 14 17:05:01.476664 n-d-845780-1 devstack@placement-api.service[112123]: INFO placement.requestlog [req-350feb6e-54e6-46bd-9a5f-77158d676b13 req-adf37330-f643-4dcc-a162-b0ad03677d6d service placement] 10.222.0.50 "GET /placement/resource_providers/7991b3b8-b648-4db7-b6de-e96a6fa73403/allocations" status: 200 len: 948 microversion: 1.0
Jun 14 17:05:01.477282 n-d-845780-1 devstack@placement-api.service[112123]: [pid: 112123|app: 0|req: 204/401] 10.222.0.50 () {58 vars in 1390 bytes} [Tue Jun 14 17:05:01 2022] GET /placement/resource_providers/7991b3b8-b648-4db7-b6de-e96a6fa73403/allocations => generated 948 bytes in 59 msecs (HTTP/1.1 200) 6 headers in 224 bytes (2 switches on core 0)
Jun 14 17:05:05.243196 n-d-845780-1 devstack@placement-api.service[112124]: DEBUG placement.requestlog [req-4508ada8-4b1b-47b3-aa4e-b2aeabb8f073 req-d4337afe-c3ab-4374-84cf-f92734b8cdfd None None] Starting request: 10.222.0.45 "GET /placement/allocations/bc6bb0b4-e732-41c8-976f-3b97fa3c6169" {{(pid=112124) __call__ /opt/stack/placement/placement/requestlog.py:55}}
Jun 14 17:05:05.282204 n-d-845780-1 devstack@placement-api.service[112124]: INFO placement.requestlog [req-4508ada8-4b1b-47b3-aa4e-b2aeabb8f073 req-d4337afe-c3ab-4374-84cf-f92734b8cdfd service placement] 10.222.0.45 "GET /placement/allocations/bc6bb0b4-e732-41c8-976f-3b97fa3c6169" status: 200 len: 259 microversion: 1.28
Jun 14 17:05:05.282602 n-d-845780-1 devstack@placement-api.service[112124]: [pid: 112124|app: 0|req: 198/402] 10.222.0.45 () {60 vars in 1377 bytes} [Tue Jun 14 17:05:05 2022] GET /placement/allocations/bc6bb0b4-e732-41c8-976f-3b97fa3c6169 => generated 259 bytes in 40 msecs (HTTP/1.1 200) 8 headers in 296 bytes (1 switches on core 0)
Jun 14 17:05:05.293146 n-d-845780-1 devstack@placement-api.service[112123]: DEBUG placement.requestlog [req-4508ada8-4b1b-47b3-aa4e-b2aeabb8f073 req-c69d681d-67d7-4ca5-87ae-a4282fbf3ed8 None None] Starting request: 10.222.0.45 "PUT /placement/allocations/bc6bb0b4-e732-41c8-976f-3b97fa3c6169" {{(pid=112123) __call__ /opt/stack/placement/placement/requestlog.py:55}}
Jun 14 17:05:05.394609 n-d-845780-1 devstack@placement-api.service[112123]: DEBUG placement.handlers.allocation [req-4508ada8-4b1b-47b3-aa4e-b2aeabb8f073 req-c69d681d-67d7-4ca5-87ae-a4282fbf3ed8 service placement] Successfully wrote allocations [, , ] {{(pid=112123) _update_consumers_and_create_allocations /opt/stack/placement/placement/handlers/allocation.py:462}}
Jun 14 17:05:05.529680 n-d-845780-1 devstack@placement-api.service[112123]: INFO placement.requestlog [req-4508ada8-4b1b-47b3-aa4e-b2aeabb8f073 req-c69d681d-67d7-4ca5-87ae-a4282fbf3ed8 service placement] 10.222.0.45 "PUT /placement/allocations/bc6bb0b4-e732-41c8-976f-3b97fa3c6169" status: 204 len: 0 microversion: 1.28
Jun 14 17:05:05.533250 n-d-845780-1 devstack@placement-api.service[112123]: [pid: 112123|app: 0|req: 205/403] 10.222.0.45 () {64 vars in 1430 bytes} [Tue Jun 14 17:05:05 2022] PUT /placement/allocations/bc6bb0b4-e732-41c8-976f-3b97fa3c6169 => generated 0 bytes in 237 msecs (HTTP/1.1 204) 5 headers in 199 bytes (1 switches on core 0)
Jun 14 17:05:13.674728 n-d-845780-1 devstack@placement-api.service[112124]: DEBUG placement.requestlog [None req-87370fb1-a469-48fa-bf50-90a8839f22b4 None None] Starting request: 10.222.0.40 "GET /placement/" {{(pid=112124) __call__ /opt/stack/placement/placement/requestlog.py:55}}
Jun 14 17:05:13.676098 n-d-845780-1 devstack@placement-api.service[112124]: INFO placement.requestlog [None req-87370fb1-a469-48fa-bf50-90a8839f22b4 None None] 10.222.0.40 "GET /placement/" status: 200 len: 136 microversion: 1.0
Jun 14 17:05:13.676411 n-d-845780-1 devstack@placement-api.service[112124]: [pid: 112124|app: 0|req: 199/404] 10.222.0.40 () {54 vars in 916 bytes} [Tue Jun 14 17:05:13 2022] GET /placement => generated 136 bytes in 2 msecs (HTTP/1.1 200) 6 headers in 224 bytes (2 switches on core 0)
Jun 14 17:05:13.685056 n-d-845780-1 devstack@placement-api.service[112123]: DEBUG placement.requestlog [req-df570801-a784-41aa-b36c-346321e6cd68 req-2cfeea45-9af2-4c9e-970d-4f90b7a483f3 None None] Starting request: 10.222.0.40 "GET /placement/allocations/a1655ed4-3829-4b35-b71c-39cc4774cccf" {{(pid=112123) __call__ /opt/stack/placement/placement/requestlog.py:55}}
Jun 14 17:05:13.758672 n-d-845780-1 devstack@placement-api.service[112123]: INFO placement.requestlog [req-df570801-a784-41aa-b36c-346321e6cd68 req-2cfeea45-9af2-4c9e-970d-4f90b7a483f3 service placement] 10.222.0.40 "GET /placement/allocations/a1655ed4-3829-4b35-b71c-39cc4774cccf" status: 200 len: 245 microversion: 1.28
Jun 14 17:05:13.759012 n-d-845780-1 devstack@placement-api.service[112123]: [pid: 112123|app: 0|req: 206/405] 10.222.0.40 () {60 vars in 1380 bytes} [Tue Jun 14 17:05:13 2022] GET /placement/allocations/a1655ed4-3829-4b35-b71c-39cc4774cccf => generated 245 bytes in 74 msecs (HTTP/1.1 200) 8 headers in 296 bytes (1 switches on core 0)
Jun 14 17:05:13.765625 n-d-845780-1 devstack@placement-api.service[112124]: DEBUG placement.requestlog [req-df570801-a784-41aa-b36c-346321e6cd68 req-b2f4f138-01d7-4dae-9d21-9c12a54dfd1d None None] Starting request: 10.222.0.40 "GET /placement/allocations/a1655ed4-3829-4b35-b71c-39cc4774cccf" {{(pid=112124) __call__ /opt/stack/placement/placement/requestlog.py:55}}
Jun 14 17:05:13.780584 n-d-845780-1 devstack@placement-api.service[112124]: INFO placement.requestlog [req-df570801-a784-41aa-b36c-346321e6cd68 req-b2f4f138-01d7-4dae-9d21-9c12a54dfd1d service placement] 10.222.0.40 "GET /placement/allocations/a1655ed4-3829-4b35-b71c-39cc4774cccf" status: 200 len: 245 microversion: 1.28
Jun 14 17:05:13.780988 n-d-845780-1 devstack@placement-api.service[112124]: [pid: 112124|app: 0|req: 200/406] 10.222.0.40 () {60 vars in 1380 bytes} [Tue Jun 14 17:05:13 2022] GET /placement/allocations/a1655ed4-3829-4b35-b71c-39cc4774cccf => generated 245 bytes in 16 msecs (HTTP/1.1 200) 8 headers in 296 bytes (1 switches on core 0)
Jun 14 17:05:13.786728 n-d-845780-1 devstack@placement-api.service[112123]: DEBUG placement.requestlog [req-df570801-a784-41aa-b36c-346321e6cd68 req-0733ba7b-808b-406d-bbab-005feee011a6 None None] Starting request: 10.222.0.40 "GET /placement/allocations/3b91fa1d-d525-44a6-b1bf-fd98cb2fd391" {{(pid=112123) __call__ /opt/stack/placement/placement/requestlog.py:55}}
Jun 14 17:05:13.798687 n-d-845780-1 devstack@placement-api.service[112123]: INFO placement.requestlog [req-df570801-a784-41aa-b36c-346321e6cd68 req-0733ba7b-808b-406d-bbab-005feee011a6 service placement] 10.222.0.40 "GET /placement/allocations/3b91fa1d-d525-44a6-b1bf-fd98cb2fd391" status: 200 len: 19 microversion: 1.28
Jun 14 17:05:13.799353 n-d-845780-1 devstack@placement-api.service[112123]: [pid: 112123|app: 0|req: 207/407] 10.222.0.40 () {60 vars in 1380 bytes} [Tue Jun 14 17:05:13 2022] GET /placement/allocations/3b91fa1d-d525-44a6-b1bf-fd98cb2fd391 => generated 19 bytes in 13 msecs (HTTP/1.1 200) 8 headers in 295 bytes (1 switches on core 0)
Jun 14 17:05:13.805033 n-d-845780-1 devstack@placement-api.service[112124]: DEBUG placement.requestlog [req-df570801-a784-41aa-b36c-346321e6cd68 req-da8b156d-cbb4-430e-8e9f-302454210902 None None] Starting request: 10.222.0.40 "POST /placement/allocations" {{(pid=112124) __call__ /opt/stack/placement/placement/requestlog.py:55}}
Jun 14 17:05:13.838248 n-d-845780-1 devstack@placement-api.service[112123]: DEBUG placement.requestlog [req-4b03da85-c059-409c-a667-5a68e6cbb6da req-6ce72223-9a17-49ec-a262-9ac3f11bf8c2 None None] Starting request: 10.222.0.40 "GET /placement/allocation_candidates?limit=1000&resources=DISK_GB%3A1%2CMEMORY_MB%3A1024%2CVCPU%3A1&root_required=%21COMPUTE_STATUS_DISABLED" {{(pid=112123) __call__ /opt/stack/placement/placement/requestlog.py:55}}
Jun 14 17:05:13.887838 n-d-845780-1 devstack@placement-api.service[112123]: DEBUG placement.objects.research_context [req-4b03da85-c059-409c-a667-5a68e6cbb6da req-6ce72223-9a17-49ec-a262-9ac3f11bf8c2 service placement] getting providers with 1 DISK_GB {{(pid=112123) __init__ /opt/stack/placement/placement/objects/research_context.py:136}}
Jun 14 17:05:13.896782 n-d-845780-1 devstack@placement-api.service[112123]: DEBUG placement.objects.research_context [req-4b03da85-c059-409c-a667-5a68e6cbb6da req-6ce72223-9a17-49ec-a262-9ac3f11bf8c2 service placement] getting providers with 1024 MEMORY_MB {{(pid=112123) __init__ /opt/stack/placement/placement/objects/research_context.py:136}}
Jun 14 17:05:13.903727 n-d-845780-1 devstack@placement-api.service[112123]: DEBUG placement.objects.research_context [req-4b03da85-c059-409c-a667-5a68e6cbb6da req-6ce72223-9a17-49ec-a262-9ac3f11bf8c2 service placement] getting providers with 1 VCPU {{(pid=112123) __init__ /opt/stack/placement/placement/objects/research_context.py:136}}
Jun 14 17:05:13.910533 n-d-845780-1 devstack@placement-api.service[112123]: DEBUG placement.objects.research_context [req-4b03da85-c059-409c-a667-5a68e6cbb6da req-6ce72223-9a17-49ec-a262-9ac3f11bf8c2 service placement] found 2 providers with available 1 DISK_GB {{(pid=112123) get_provider_ids_matching /opt/stack/placement/placement/objects/research_context.py:563}}
Jun 14 17:05:13.910969 n-d-845780-1 devstack@placement-api.service[112123]: DEBUG placement.objects.research_context [req-4b03da85-c059-409c-a667-5a68e6cbb6da req-6ce72223-9a17-49ec-a262-9ac3f11bf8c2 service placement] found 2 providers with available 1024 MEMORY_MB {{(pid=112123) get_provider_ids_matching /opt/stack/placement/placement/objects/research_context.py:563}}
Jun 14 17:05:13.911441 n-d-845780-1 devstack@placement-api.service[112123]: DEBUG placement.objects.research_context [req-4b03da85-c059-409c-a667-5a68e6cbb6da req-6ce72223-9a17-49ec-a262-9ac3f11bf8c2 service placement] found 2 providers after filtering by previous result {{(pid=112123) get_provider_ids_matching /opt/stack/placement/placement/objects/research_context.py:594}}
Jun 14 17:05:13.911814 n-d-845780-1 devstack@placement-api.service[112123]: DEBUG placement.objects.research_context [req-4b03da85-c059-409c-a667-5a68e6cbb6da req-6ce72223-9a17-49ec-a262-9ac3f11bf8c2 service placement] found 2 providers with available 1 VCPU {{(pid=112123) get_provider_ids_matching /opt/stack/placement/placement/objects/research_context.py:563}}
Jun 14 17:05:13.912089 n-d-845780-1 devstack@placement-api.service[112123]: DEBUG placement.objects.research_context [req-4b03da85-c059-409c-a667-5a68e6cbb6da req-6ce72223-9a17-49ec-a262-9ac3f11bf8c2 service placement] found 2 providers after filtering by previous result {{(pid=112123) get_provider_ids_matching /opt/stack/placement/placement/objects/research_context.py:594}}
Jun 14 17:05:13.928705 n-d-845780-1 devstack@placement-api.service[112123]: DEBUG placement.objects.allocation_candidate [req-4b03da85-c059-409c-a667-5a68e6cbb6da req-6ce72223-9a17-49ec-a262-9ac3f11bf8c2 service placement] RequestGroup(use_same_provider=False, resources={DISK_GB:1, MEMORY_MB:1024, VCPU:1}, traits=(), aggregates=[]) (suffix '') returned 2 matches {{(pid=112123) _get_by_requests /opt/stack/placement/placement/objects/allocation_candidate.py:156}}
Jun 14 17:05:13.929131 n-d-845780-1 devstack@placement-api.service[112123]: DEBUG placement.objects.allocation_candidate [req-4b03da85-c059-409c-a667-5a68e6cbb6da req-6ce72223-9a17-49ec-a262-9ac3f11bf8c2 service placement] Merging candidates yields 2 allocation requests and 2 provider summaries {{(pid=112123) _merge_candidates /opt/stack/placement/placement/objects/allocation_candidate.py:809}}
Jun 14 17:05:13.930714 n-d-845780-1 devstack@placement-api.service[112123]: INFO placement.requestlog [req-4b03da85-c059-409c-a667-5a68e6cbb6da req-6ce72223-9a17-49ec-a262-9ac3f11bf8c2 service placement] 10.222.0.40 "GET /placement/allocation_candidates?limit=1000&resources=DISK_GB%3A1%2CMEMORY_MB%3A1024%2CVCPU%3A1&root_required=%21COMPUTE_STATUS_DISABLED" status: 200 len: 1309 microversion: 1.36
Jun 14 17:05:13.931102 n-d-845780-1 devstack@placement-api.service[112123]: [pid: 112123|app: 0|req: 208/408] 10.222.0.40 () {60 vars in 1506 bytes} [Tue Jun 14 17:05:13 2022] GET /placement/allocation_candidates?limit=1000&resources=DISK_GB%3A1%2CMEMORY_MB%3A1024%2CVCPU%3A1&root_required=%21COMPUTE_STATUS_DISABLED => generated 1309 bytes in 93 msecs (HTTP/1.1 200) 8 headers in 297 bytes (2 switches on core 0)
Jun 14 17:05:13.996930 n-d-845780-1 devstack@placement-api.service[112123]: DEBUG placement.requestlog [req-4b03da85-c059-409c-a667-5a68e6cbb6da req-623159f2-1c6a-44f7-a810-076a101878a8 None None] Starting request: 10.222.0.40 "GET /placement/allocations/6395c928-2db4-44a2-8e1c-03240e571e2d" {{(pid=112123) __call__ /opt/stack/placement/placement/requestlog.py:55}}
Jun 14 17:05:14.009288 n-d-845780-1 devstack@placement-api.service[112123]: INFO placement.requestlog [req-4b03da85-c059-409c-a667-5a68e6cbb6da req-623159f2-1c6a-44f7-a810-076a101878a8 service placement] 10.222.0.40 "GET /placement/allocations/6395c928-2db4-44a2-8e1c-03240e571e2d" status: 200 len: 19 microversion: 1.28
Jun 14 17:05:14.018700 n-d-845780-1 devstack@placement-api.service[112123]: [pid: 112123|app: 0|req: 209/409] 10.222.0.40 () {60 vars in 1380 bytes} [Tue Jun 14 17:05:13 2022] GET /placement/allocations/6395c928-2db4-44a2-8e1c-03240e571e2d => generated 19 bytes in 14 msecs (HTTP/1.1 200) 8 headers in 295 bytes (2 switches on core 0)
Jun 14 17:05:14.018700 n-d-845780-1 devstack@placement-api.service[112123]: DEBUG placement.requestlog [req-4b03da85-c059-409c-a667-5a68e6cbb6da req-cf239f20-0f98-4512-9e7b-d9c02176a349 None None] Starting request: 10.222.0.40 "PUT /placement/allocations/6395c928-2db4-44a2-8e1c-03240e571e2d" {{(pid=112123) __call__ /opt/stack/placement/placement/requestlog.py:55}}
Jun 14 17:05:14.066571 n-d-845780-1 devstack@placement-api.service[112124]: DEBUG placement.handlers.allocation [req-df570801-a784-41aa-b36c-346321e6cd68 req-da8b156d-cbb4-430e-8e9f-302454210902 service placement] Successfully wrote allocations [, , , ] {{(pid=112124) _update_consumers_and_create_allocations /opt/stack/placement/placement/handlers/allocation.py:572}}
Jun 14 17:05:14.141697 n-d-845780-1 devstack@placement-api.service[112123]: DEBUG placement.handlers.allocation [req-4b03da85-c059-409c-a667-5a68e6cbb6da req-cf239f20-0f98-4512-9e7b-d9c02176a349 service placement] Successfully wrote allocations [, , ] {{(pid=112123) _update_consumers_and_create_allocations /opt/stack/placement/placement/handlers/allocation.py:462}}
Jun 14 17:05:14.157819 n-d-845780-1 devstack@placement-api.service[112124]: INFO placement.requestlog [req-df570801-a784-41aa-b36c-346321e6cd68 req-da8b156d-cbb4-430e-8e9f-302454210902 service placement] 10.222.0.40 "POST /placement/allocations" status: 204 len: 0 microversion: 1.28
Jun 14 17:05:14.158876 n-d-845780-1 devstack@placement-api.service[112124]: [pid: 112124|app: 0|req: 201/410] 10.222.0.40 () {64 vars in 1323 bytes} [Tue Jun 14 17:05:13 2022] POST /placement/allocations => generated 0 bytes in 354 msecs (HTTP/1.1 204) 5 headers in 199 bytes (2 switches on core 0)
Jun 14 17:05:14.201740 n-d-845780-1 devstack@placement-api.service[112124]: DEBUG placement.requestlog [req-df570801-a784-41aa-b36c-346321e6cd68 req-e638e982-9370-4e4b-b5fd-a03fa17f38a4 None None] Starting request: 10.222.0.40 "GET /placement/allocations/a1655ed4-3829-4b35-b71c-39cc4774cccf" {{(pid=112124) __call__ /opt/stack/placement/placement/requestlog.py:55}}
Jun 14 17:05:14.225979 n-d-845780-1 devstack@placement-api.service[112123]: INFO placement.requestlog [req-4b03da85-c059-409c-a667-5a68e6cbb6da req-cf239f20-0f98-4512-9e7b-d9c02176a349 service placement] 10.222.0.40 "PUT /placement/allocations/6395c928-2db4-44a2-8e1c-03240e571e2d" status: 204 len: 0 microversion: 1.36
Jun 14 17:05:14.226472 n-d-845780-1 devstack@placement-api.service[112123]: [pid: 112123|app: 0|req: 210/411] 10.222.0.40 () {64 vars in 1433 bytes} [Tue Jun 14 17:05:14 2022] PUT /placement/allocations/6395c928-2db4-44a2-8e1c-03240e571e2d => generated 0 bytes in 210 msecs (HTTP/1.1 204) 5 headers in 199 bytes (1 switches on core 0)
Jun 14 17:05:14.297641 n-d-845780-1 devstack@placement-api.service[112124]: INFO placement.requestlog [req-df570801-a784-41aa-b36c-346321e6cd68 req-e638e982-9370-4e4b-b5fd-a03fa17f38a4 service placement] 10.222.0.40 "GET /placement/allocations/a1655ed4-3829-4b35-b71c-39cc4774cccf" status: 200 len: 19 microversion: 1.28
Jun 14 17:05:14.298494 n-d-845780-1 devstack@placement-api.service[112124]: [pid: 112124|app: 0|req: 202/412] 10.222.0.40 () {60 vars in 1380 bytes} [Tue Jun 14 17:05:14 2022] GET /placement/allocations/a1655ed4-3829-4b35-b71c-39cc4774cccf => generated 19 bytes in 97 msecs (HTTP/1.1 200) 8 headers in 295 bytes (2 switches on core 0)
Jun 14 17:05:14.304182 n-d-845780-1 devstack@placement-api.service[112123]: DEBUG placement.requestlog [req-df570801-a784-41aa-b36c-346321e6cd68 req-945219cd-9034-4fb9-99d0-4f3a3069192f None None] Starting request: 10.222.0.40 "PUT /placement/allocations/a1655ed4-3829-4b35-b71c-39cc4774cccf" {{(pid=112123) __call__ /opt/stack/placement/placement/requestlog.py:55}}
Jun 14 17:05:14.451971 n-d-845780-1 devstack@placement-api.service[112123]: DEBUG placement.handlers.allocation [req-df570801-a784-41aa-b36c-346321e6cd68 req-945219cd-9034-4fb9-99d0-4f3a3069192f service placement] Successfully wrote allocations [, ] {{(pid=112123) _update_consumers_and_create_allocations /opt/stack/placement/placement/handlers/allocation.py:462}}
Jun 14 17:05:14.511838 n-d-845780-1 devstack@placement-api.service[112123]: INFO placement.requestlog [req-df570801-a784-41aa-b36c-346321e6cd68 req-945219cd-9034-4fb9-99d0-4f3a3069192f service placement] 10.222.0.40 "PUT /placement/allocations/a1655ed4-3829-4b35-b71c-39cc4774cccf" status: 204 len: 0 microversion: 1.28
Jun 14 17:05:14.512422 n-d-845780-1 devstack@placement-api.service[112123]: [pid: 112123|app: 0|req: 211/413] 10.222.0.40 () {64 vars in 1433 bytes} [Tue Jun 14 17:05:14 2022] PUT /placement/allocations/a1655ed4-3829-4b35-b71c-39cc4774cccf => generated 0 bytes in 208 msecs (HTTP/1.1 204) 5 headers in 199 bytes (2 switches on core 0)
Jun 14 17:05:14.730482 n-d-845780-1 devstack@placement-api.service[112124]: DEBUG placement.requestlog [req-df570801-a784-41aa-b36c-346321e6cd68 req-84c8ae9d-5b4d-4f7d-9cd2-7f3fbcc03222 None None] Starting request: 10.222.0.50 "GET /placement/allocations/a1655ed4-3829-4b35-b71c-39cc4774cccf" {{(pid=112124) __call__ /opt/stack/placement/placement/requestlog.py:55}}
Jun 14 17:05:14.757219 n-d-845780-1 devstack@placement-api.service[112124]: INFO placement.requestlog [req-df570801-a784-41aa-b36c-346321e6cd68 req-84c8ae9d-5b4d-4f7d-9cd2-7f3fbcc03222 service placement] 10.222.0.50 "GET /placement/allocations/a1655ed4-3829-4b35-b71c-39cc4774cccf" status: 200 len: 245 microversion: 1.28
Jun 14 17:05:14.758329 n-d-845780-1 devstack@placement-api.service[112124]: [pid: 112124|app: 0|req: 203/414] 10.222.0.50 () {60 vars in 1377 bytes} [Tue Jun 14 17:05:14 2022] GET /placement/allocations/a1655ed4-3829-4b35-b71c-39cc4774cccf => generated 245 bytes in 28 msecs (HTTP/1.1 200) 8 headers in 296 bytes (1 switches on core 0)
Jun 14 17:05:15.238669 n-d-845780-1 devstack@placement-api.service[112123]: DEBUG placement.requestlog [req-4b03da85-c059-409c-a667-5a68e6cbb6da req-f79be8d9-37fb-4c15-9d23-4ff13d8553d8 None None] Starting request: 10.222.0.50 "GET /placement/allocations/6395c928-2db4-44a2-8e1c-03240e571e2d" {{(pid=112123) __call__ /opt/stack/placement/placement/requestlog.py:55}}
Jun 14 17:05:15.255190 n-d-845780-1 devstack@placement-api.service[112123]: INFO placement.requestlog [req-4b03da85-c059-409c-a667-5a68e6cbb6da req-f79be8d9-37fb-4c15-9d23-4ff13d8553d8 service placement] 10.222.0.50 "GET /placement/allocations/6395c928-2db4-44a2-8e1c-03240e571e2d" status: 200 len: 259 microversion: 1.28
Jun 14 17:05:15.255590 n-d-845780-1 devstack@placement-api.service[112123]: [pid: 112123|app: 0|req: 212/415] 10.222.0.50 () {60 vars in 1377 bytes} [Tue Jun 14 17:05:15 2022] GET /placement/allocations/6395c928-2db4-44a2-8e1c-03240e571e2d => generated 259 bytes in 18 msecs (HTTP/1.1 200) 8 headers in 296 bytes (2 switches on core 0)
Jun 14 17:05:22.936735 n-d-845780-1 devstack@placement-api.service[112124]: DEBUG placement.requestlog [req-b3ea1576-36dc-4eed-9c2d-4814b87b4a26 req-dfc69892-c733-4973-a536-971c7b1bcb7a None None] Starting request: 10.222.0.40 "GET /placement/allocation_candidates?limit=1000&resources=DISK_GB%3A1%2CMEMORY_MB%3A1024%2CVCPU%3A1&root_required=%21COMPUTE_STATUS_DISABLED" {{(pid=112124) __call__ /opt/stack/placement/placement/requestlog.py:55}}
Jun 14 17:05:22.964387 n-d-845780-1 devstack@placement-api.service[112124]: DEBUG dbcounter [-] [112124] Writing DB stats placement:SELECT=82,placement:DELETE=7,placement:INSERT=6,placement:UPDATE=5 {{(pid=112124) stat_writer /usr/local/lib/python3.8/dist-packages/dbcounter.py:114}}
Jun 14 17:05:22.970196 n-d-845780-1 devstack@placement-api.service[112124]: DEBUG placement.objects.research_context [req-b3ea1576-36dc-4eed-9c2d-4814b87b4a26 req-dfc69892-c733-4973-a536-971c7b1bcb7a service placement] getting providers with 1 DISK_GB {{(pid=112124) __init__ /opt/stack/placement/placement/objects/research_context.py:136}}
Jun 14 17:05:22.979509 n-d-845780-1 devstack@placement-api.service[112124]: DEBUG placement.objects.research_context [req-b3ea1576-36dc-4eed-9c2d-4814b87b4a26 req-dfc69892-c733-4973-a536-971c7b1bcb7a service placement] getting providers with 1024 MEMORY_MB {{(pid=112124) __init__ /opt/stack/placement/placement/objects/research_context.py:136}}
Jun 14 17:05:22.986803 n-d-845780-1 devstack@placement-api.service[112124]: DEBUG placement.objects.research_context [req-b3ea1576-36dc-4eed-9c2d-4814b87b4a26 req-dfc69892-c733-4973-a536-971c7b1bcb7a service placement] getting providers with 1 VCPU {{(pid=112124) __init__ /opt/stack/placement/placement/objects/research_context.py:136}}
Jun 14 17:05:22.994474 n-d-845780-1 devstack@placement-api.service[112124]: DEBUG placement.objects.research_context [req-b3ea1576-36dc-4eed-9c2d-4814b87b4a26 req-dfc69892-c733-4973-a536-971c7b1bcb7a service placement] found 2 providers with available 1 DISK_GB {{(pid=112124) get_provider_ids_matching /opt/stack/placement/placement/objects/research_context.py:563}}
Jun 14 17:05:22.994702 n-d-845780-1 devstack@placement-api.service[112124]: DEBUG placement.objects.research_context [req-b3ea1576-36dc-4eed-9c2d-4814b87b4a26 req-dfc69892-c733-4973-a536-971c7b1bcb7a service placement] found 2 providers with available 1024 MEMORY_MB {{(pid=112124) get_provider_ids_matching /opt/stack/placement/placement/objects/research_context.py:563}}
Jun 14 17:05:22.995055 n-d-845780-1 devstack@placement-api.service[112124]: DEBUG placement.objects.research_context [req-b3ea1576-36dc-4eed-9c2d-4814b87b4a26 req-dfc69892-c733-4973-a536-971c7b1bcb7a service placement] found 2 providers after filtering by previous result {{(pid=112124) get_provider_ids_matching /opt/stack/placement/placement/objects/research_context.py:594}}
Jun 14 17:05:22.995467 n-d-845780-1 devstack@placement-api.service[112124]: DEBUG placement.objects.research_context [req-b3ea1576-36dc-4eed-9c2d-4814b87b4a26 req-dfc69892-c733-4973-a536-971c7b1bcb7a service placement] found 2 providers with available 1 VCPU {{(pid=112124) get_provider_ids_matching /opt/stack/placement/placement/objects/research_context.py:563}}
Jun 14 17:05:22.995902 n-d-845780-1 devstack@placement-api.service[112124]: DEBUG placement.objects.research_context [req-b3ea1576-36dc-4eed-9c2d-4814b87b4a26 req-dfc69892-c733-4973-a536-971c7b1bcb7a service placement] found 2 providers after filtering by previous result {{(pid=112124) get_provider_ids_matching /opt/stack/placement/placement/objects/research_context.py:594}}
Jun 14 17:05:23.010194 n-d-845780-1 devstack@placement-api.service[112124]: DEBUG placement.objects.allocation_candidate [req-b3ea1576-36dc-4eed-9c2d-4814b87b4a26 req-dfc69892-c733-4973-a536-971c7b1bcb7a service placement] RequestGroup(use_same_provider=False, resources={DISK_GB:1, MEMORY_MB:1024, VCPU:1}, traits=(), aggregates=[]) (suffix '') returned 2 matches {{(pid=112124) _get_by_requests /opt/stack/placement/placement/objects/allocation_candidate.py:156}}
Jun 14 17:05:23.010564 n-d-845780-1 devstack@placement-api.service[112124]: DEBUG placement.objects.allocation_candidate [req-b3ea1576-36dc-4eed-9c2d-4814b87b4a26 req-dfc69892-c733-4973-a536-971c7b1bcb7a service placement] Merging candidates yields 2 allocation requests and 2 provider summaries {{(pid=112124) _merge_candidates /opt/stack/placement/placement/objects/allocation_candidate.py:809}}
Jun 14 17:05:23.012142 n-d-845780-1 devstack@placement-api.service[112124]: INFO placement.requestlog [req-b3ea1576-36dc-4eed-9c2d-4814b87b4a26 req-dfc69892-c733-4973-a536-971c7b1bcb7a service placement] 10.222.0.40 "GET /placement/allocation_candidates?limit=1000&resources=DISK_GB%3A1%2CMEMORY_MB%3A1024%2CVCPU%3A1&root_required=%21COMPUTE_STATUS_DISABLED" status: 200 len: 1311 microversion: 1.36
Jun 14 17:05:23.012529 n-d-845780-1 devstack@placement-api.service[112124]: [pid: 112124|app: 0|req: 204/416] 10.222.0.40 () {60 vars in 1506 bytes} [Tue Jun 14 17:05:22 2022] GET /placement/allocation_candidates?limit=1000&resources=DISK_GB%3A1%2CMEMORY_MB%3A1024%2CVCPU%3A1&root_required=%21COMPUTE_STATUS_DISABLED => generated 1311 bytes in 76 msecs (HTTP/1.1 200) 8 headers in 297 bytes (1 switches on core 0)
Jun 14 17:05:23.074752 n-d-845780-1 devstack@placement-api.service[112123]: DEBUG placement.requestlog [req-b3ea1576-36dc-4eed-9c2d-4814b87b4a26 req-9abc9818-d148-4dc6-ab41-e3a79874797b None None] Starting request: 10.222.0.40 "GET /placement/allocations/7f29f5d8-bfcc-41c2-9303-537270423333" {{(pid=112123) __call__ /opt/stack/placement/placement/requestlog.py:55}}
Jun 14 17:05:23.091138 n-d-845780-1 devstack@placement-api.service[112123]: INFO placement.requestlog [req-b3ea1576-36dc-4eed-9c2d-4814b87b4a26 req-9abc9818-d148-4dc6-ab41-e3a79874797b service placement] 10.222.0.40 "GET /placement/allocations/7f29f5d8-bfcc-41c2-9303-537270423333" status: 200 len: 19 microversion: 1.28
Jun 14 17:05:23.091599 n-d-845780-1 devstack@placement-api.service[112123]: [pid: 112123|app: 0|req: 213/417] 10.222.0.40 () {60 vars in 1380 bytes} [Tue Jun 14 17:05:23 2022] GET /placement/allocations/7f29f5d8-bfcc-41c2-9303-537270423333 => generated 19 bytes in 17 msecs (HTTP/1.1 200) 8 headers in 295 bytes (1 switches on core 0)
Jun 14 17:05:23.103773 n-d-845780-1 devstack@placement-api.service[112124]: DEBUG placement.requestlog [req-b3ea1576-36dc-4eed-9c2d-4814b87b4a26 req-ca4eb22b-bede-455e-a04c-4a6052dbc274 None None] Starting request: 10.222.0.40 "PUT /placement/allocations/7f29f5d8-bfcc-41c2-9303-537270423333" {{(pid=112124) __call__ /opt/stack/placement/placement/requestlog.py:55}}
Jun 14 17:05:23.225403 n-d-845780-1 devstack@placement-api.service[112124]: DEBUG placement.handlers.allocation [req-b3ea1576-36dc-4eed-9c2d-4814b87b4a26 req-ca4eb22b-bede-455e-a04c-4a6052dbc274 service placement] Successfully wrote allocations [, , ] {{(pid=112124) _update_consumers_and_create_allocations /opt/stack/placement/placement/handlers/allocation.py:462}}
Jun 14 17:05:23.324334 n-d-845780-1 devstack@placement-api.service[112124]: INFO placement.requestlog [req-b3ea1576-36dc-4eed-9c2d-4814b87b4a26 req-ca4eb22b-bede-455e-a04c-4a6052dbc274 service placement] 10.222.0.40 "PUT /placement/allocations/7f29f5d8-bfcc-41c2-9303-537270423333" status: 204 len: 0 microversion: 1.36
Jun 14 17:05:23.327321 n-d-845780-1 devstack@placement-api.service[112124]: [pid: 112124|app: 0|req: 205/418] 10.222.0.40 () {64 vars in 1433 bytes} [Tue Jun 14 17:05:23 2022] PUT /placement/allocations/7f29f5d8-bfcc-41c2-9303-537270423333 => generated 0 bytes in 222 msecs (HTTP/1.1 204) 5 headers in 199 bytes (1 switches on core 0)
Jun 14 17:05:26.184319 n-d-845780-1 devstack@placement-api.service[112123]: DEBUG placement.requestlog [req-b3ea1576-36dc-4eed-9c2d-4814b87b4a26 req-f7a7c095-469f-44f6-b6f4-7ff52fbcd7cd None None] Starting request: 10.222.0.50 "GET /placement/allocations/7f29f5d8-bfcc-41c2-9303-537270423333" {{(pid=112123) __call__ /opt/stack/placement/placement/requestlog.py:55}}
Jun 14 17:05:26.205063 n-d-845780-1 devstack@placement-api.service[112123]: INFO placement.requestlog [req-b3ea1576-36dc-4eed-9c2d-4814b87b4a26 req-f7a7c095-469f-44f6-b6f4-7ff52fbcd7cd service placement] 10.222.0.50 "GET /placement/allocations/7f29f5d8-bfcc-41c2-9303-537270423333" status: 200 len: 259 microversion: 1.28
Jun 14 17:05:26.215152 n-d-845780-1 devstack@placement-api.service[112123]: [pid: 112123|app: 0|req: 214/419] 10.222.0.50 () {60 vars in 1377 bytes} [Tue Jun 14 17:05:26 2022] GET /placement/allocations/7f29f5d8-bfcc-41c2-9303-537270423333 => generated 259 bytes in 31 msecs (HTTP/1.1 200) 8 headers in 296 bytes (1 switches on core 0)
Jun 14 17:05:26.937610 n-d-845780-1 devstack@placement-api.service[112124]: DEBUG placement.requestlog [req-ba3d3083-cd41-4df9-ace2-81bb4e0db497 req-ed579cc0-6388-4dbf-a828-945812bc5f22 None None] Starting request: 10.222.0.45 "DELETE /placement/allocations/1d0eb6bd-5a53-4055-a613-b5e9f064ad56" {{(pid=112124) __call__ /opt/stack/placement/placement/requestlog.py:55}}
Jun 14 17:05:27.134334 n-d-845780-1 devstack@placement-api.service[112124]: DEBUG placement.handlers.allocation [req-ba3d3083-cd41-4df9-ace2-81bb4e0db497 req-ed579cc0-6388-4dbf-a828-945812bc5f22 service placement] Successfully deleted allocations [, , ] {{(pid=112124) delete_allocations /opt/stack/placement/placement/handlers/allocation.py:627}}
Jun 14 17:05:27.134985 n-d-845780-1 devstack@placement-api.service[112124]: INFO placement.requestlog [req-ba3d3083-cd41-4df9-ace2-81bb4e0db497 req-ed579cc0-6388-4dbf-a828-945812bc5f22 service placement] 10.222.0.45 "DELETE /placement/allocations/1d0eb6bd-5a53-4055-a613-b5e9f064ad56" status: 204 len: 0 microversion: 1.0
Jun 14 17:05:27.135867 n-d-845780-1 devstack@placement-api.service[112124]: [pid: 112124|app: 0|req: 206/420] 10.222.0.45 () {60 vars in 1355 bytes} [Tue Jun 14 17:05:26 2022] DELETE /placement/allocations/1d0eb6bd-5a53-4055-a613-b5e9f064ad56 => generated 0 bytes in 199 msecs (HTTP/1.1 204) 5 headers in 198 bytes (1 switches on core 0)
Jun 14 17:05:28.613909 n-d-845780-1 devstack@placement-api.service[112123]: DEBUG placement.requestlog [req-50d8fba9-28aa-4a9d-a7fc-2d8443514c83 req-fad2ae50-4cb3-4717-bc1c-657edef8d240 None None] Starting request: 10.222.0.50 "DELETE /placement/allocations/1b56011a-591c-4233-9e74-37e31101d799" {{(pid=112123) __call__ /opt/stack/placement/placement/requestlog.py:55}}
Jun 14 17:05:28.753685 n-d-845780-1 devstack@placement-api.service[112123]: DEBUG dbcounter [-] [112123] Writing DB stats placement:SELECT=80,placement:DELETE=7,placement:UPDATE=6,placement:INSERT=7 {{(pid=112123) stat_writer /usr/local/lib/python3.8/dist-packages/dbcounter.py:114}}
Jun 14 17:05:28.865934 n-d-845780-1 devstack@placement-api.service[112123]: DEBUG placement.handlers.allocation [req-50d8fba9-28aa-4a9d-a7fc-2d8443514c83 req-fad2ae50-4cb3-4717-bc1c-657edef8d240 service placement] Successfully deleted allocations [, , ] {{(pid=112123) delete_allocations /opt/stack/placement/placement/handlers/allocation.py:627}}
Jun 14 17:05:28.869073 n-d-845780-1 devstack@placement-api.service[112123]: INFO placement.requestlog [req-50d8fba9-28aa-4a9d-a7fc-2d8443514c83 req-fad2ae50-4cb3-4717-bc1c-657edef8d240 service placement] 10.222.0.50 "DELETE /placement/allocations/1b56011a-591c-4233-9e74-37e31101d799" status: 204 len: 0 microversion: 1.0
Jun 14 17:05:28.869073 n-d-845780-1 devstack@placement-api.service[112123]: [pid: 112123|app: 0|req: 215/421] 10.222.0.50 () {60 vars in 1355 bytes} [Tue Jun 14 17:05:28 2022] DELETE /placement/allocations/1b56011a-591c-4233-9e74-37e31101d799 => generated 0 bytes in 253 msecs (HTTP/1.1 204) 5 headers in 198 bytes (1 switches on core 0)
Jun 14 17:05:30.888405 n-d-845780-1 devstack@placement-api.service[112124]: DEBUG placement.requestlog [None req-e7d40592-dd7b-41f2-97cc-54c85e2db2b3 None None] Starting request: 10.222.0.40 "GET /placement/" {{(pid=112124) __call__ /opt/stack/placement/placement/requestlog.py:55}}
Jun 14 17:05:30.889459 n-d-845780-1 devstack@placement-api.service[112124]: INFO placement.requestlog [None req-e7d40592-dd7b-41f2-97cc-54c85e2db2b3 None None] 10.222.0.40 "GET /placement/" status: 200 len: 136 microversion: 1.0
Jun 14 17:05:30.889886 n-d-845780-1 devstack@placement-api.service[112124]: [pid: 112124|app: 0|req: 207/422] 10.222.0.40 () {54 vars in 916 bytes} [Tue Jun 14 17:05:30 2022] GET /placement => generated 136 bytes in 2 msecs (HTTP/1.1 200) 6 headers in 224 bytes (1 switches on core 0)
Jun 14 17:05:30.898904 n-d-845780-1 devstack@placement-api.service[112123]: DEBUG placement.requestlog [req-a980e94e-b377-42cc-8099-2b7a82d9100f req-2d057a47-00a4-4b05-8f48-eab6ad148a5d None None] Starting request: 10.222.0.40 "GET /placement/allocations/958e567d-91d0-49db-b851-e8b4498dd578" {{(pid=112123) __call__ /opt/stack/placement/placement/requestlog.py:55}}
Jun 14 17:05:30.986894 n-d-845780-1 devstack@placement-api.service[112123]: INFO placement.requestlog [req-a980e94e-b377-42cc-8099-2b7a82d9100f req-2d057a47-00a4-4b05-8f48-eab6ad148a5d service placement] 10.222.0.40 "GET /placement/allocations/958e567d-91d0-49db-b851-e8b4498dd578" status: 200 len: 245 microversion: 1.28
Jun 14 17:05:30.988580 n-d-845780-1 devstack@placement-api.service[112123]: [pid: 112123|app: 0|req: 216/423] 10.222.0.40 () {60 vars in 1380 bytes} [Tue Jun 14 17:05:30 2022] GET /placement/allocations/958e567d-91d0-49db-b851-e8b4498dd578 => generated 245 bytes in 90 msecs (HTTP/1.1 200) 8 headers in 296 bytes (2 switches on core 0)
Jun 14 17:05:30.995726 n-d-845780-1 devstack@placement-api.service[112124]: DEBUG placement.requestlog [req-a980e94e-b377-42cc-8099-2b7a82d9100f req-2b333c4c-9ec6-424b-a1ba-e640c643a7ea None None] Starting request: 10.222.0.40 "GET /placement/allocations/958e567d-91d0-49db-b851-e8b4498dd578" {{(pid=112124) __call__ /opt/stack/placement/placement/requestlog.py:55}}
Jun 14 17:05:30.997913 n-d-845780-1 devstack@placement-api.service[112123]: DEBUG placement.requestlog [None req-deb1359a-b4d1-4b9a-acf5-8eea1f539469 None None] Starting request: 10.222.0.40 "GET /placement/resource_providers/da02f354-ffac-4d75-a7c4-c0c039e76dc5/aggregates" {{(pid=112123) __call__ /opt/stack/placement/placement/requestlog.py:55}}
Jun 14 17:05:31.010471 n-d-845780-1 devstack@placement-api.service[112123]: INFO placement.requestlog [None req-deb1359a-b4d1-4b9a-acf5-8eea1f539469 service placement] 10.222.0.40 "GET /placement/resource_providers/da02f354-ffac-4d75-a7c4-c0c039e76dc5/aggregates" status: 404 len: 235 microversion: 1.1
Jun 14 17:05:31.010832 n-d-845780-1 devstack@placement-api.service[112123]: [pid: 112123|app: 0|req: 217/424] 10.222.0.40 () {58 vars in 1362 bytes} [Tue Jun 14 17:05:30 2022] GET /placement/resource_providers/da02f354-ffac-4d75-a7c4-c0c039e76dc5/aggregates => generated 235 bytes in 13 msecs (HTTP/1.1 404) 5 headers in 202 bytes (1 switches on core 0)
Jun 14 17:05:31.015055 n-d-845780-1 devstack@placement-api.service[112124]: INFO placement.requestlog [req-a980e94e-b377-42cc-8099-2b7a82d9100f req-2b333c4c-9ec6-424b-a1ba-e640c643a7ea service placement] 10.222.0.40 "GET /placement/allocations/958e567d-91d0-49db-b851-e8b4498dd578" status: 200 len: 245 microversion: 1.28
Jun 14 17:05:31.015434 n-d-845780-1 devstack@placement-api.service[112124]: [pid: 112124|app: 0|req: 208/425] 10.222.0.40 () {60 vars in 1380 bytes} [Tue Jun 14 17:05:30 2022] GET /placement/allocations/958e567d-91d0-49db-b851-e8b4498dd578 => generated 245 bytes in 20 msecs (HTTP/1.1 200) 8 headers in 296 bytes (1 switches on core 0)
Jun 14 17:05:31.017799 n-d-845780-1 devstack@placement-api.service[112123]: DEBUG placement.requestlog [None req-a49de659-987a-49e8-af97-50ed235dce5d None None] Starting request: 10.222.0.40 "DELETE /placement/resource_providers/da02f354-ffac-4d75-a7c4-c0c039e76dc5" {{(pid=112123) __call__ /opt/stack/placement/placement/requestlog.py:55}}
Jun 14 17:05:31.021949 n-d-845780-1 devstack@placement-api.service[112124]: DEBUG placement.requestlog [req-a980e94e-b377-42cc-8099-2b7a82d9100f req-f1364643-0774-4120-afaa-5354d1c65465 None None] Starting request: 10.222.0.40 "GET /placement/allocations/a684b200-971a-43c7-989c-51526ad496f2" {{(pid=112124) __call__ /opt/stack/placement/placement/requestlog.py:55}}
Jun 14 17:05:31.030273 n-d-845780-1 devstack@placement-api.service[112123]: DEBUG placement.wsgi_wrapper [None req-a49de659-987a-49e8-af97-50ed235dce5d service placement] Placement API returning an error response: No resource provider with uuid da02f354-ffac-4d75-a7c4-c0c039e76dc5 found for delete {{(pid=112123) call_func /opt/stack/placement/placement/wsgi_wrapper.py:31}}
Jun 14 17:05:31.031031 n-d-845780-1 devstack@placement-api.service[112123]: INFO placement.requestlog [None req-a49de659-987a-49e8-af97-50ed235dce5d service placement] 10.222.0.40 "DELETE /placement/resource_providers/da02f354-ffac-4d75-a7c4-c0c039e76dc5" status: 404 len: 246 microversion: 1.1
Jun 14 17:05:31.031684 n-d-845780-1 devstack@placement-api.service[112123]: [pid: 112123|app: 0|req: 218/426] 10.222.0.40 () {60 vars in 1351 bytes} [Tue Jun 14 17:05:31 2022] DELETE /placement/resource_providers/da02f354-ffac-4d75-a7c4-c0c039e76dc5 => generated 246 bytes in 14 msecs (HTTP/1.1 404) 6 headers in 231 bytes (1 switches on core 0)
Jun 14 17:05:31.044381 n-d-845780-1 devstack@placement-api.service[112124]: INFO placement.requestlog [req-a980e94e-b377-42cc-8099-2b7a82d9100f req-f1364643-0774-4120-afaa-5354d1c65465 service placement] 10.222.0.40 "GET /placement/allocations/a684b200-971a-43c7-989c-51526ad496f2" status: 200 len: 19 microversion: 1.28
Jun 14 17:05:31.045526 n-d-845780-1 devstack@placement-api.service[112124]: [pid: 112124|app: 0|req: 209/427] 10.222.0.40 () {60 vars in 1380 bytes} [Tue Jun 14 17:05:31 2022] GET /placement/allocations/a684b200-971a-43c7-989c-51526ad496f2 => generated 19 bytes in 24 msecs (HTTP/1.1 200) 8 headers in 295 bytes (2 switches on core 0)
Jun 14 17:05:31.053034 n-d-845780-1 devstack@placement-api.service[112123]: DEBUG placement.requestlog [req-a980e94e-b377-42cc-8099-2b7a82d9100f req-6f85d39f-4b33-4dd9-be00-dfdc7cc908b1 None None] Starting request: 10.222.0.40 "POST /placement/allocations" {{(pid=112123) __call__ /opt/stack/placement/placement/requestlog.py:55}}
Jun 14 17:05:31.196469 n-d-845780-1 devstack@placement-api.service[112123]: DEBUG placement.handlers.allocation [req-a980e94e-b377-42cc-8099-2b7a82d9100f req-6f85d39f-4b33-4dd9-be00-dfdc7cc908b1 service placement] Successfully wrote allocations [, , , ] {{(pid=112123) _update_consumers_and_create_allocations /opt/stack/placement/placement/handlers/allocation.py:572}}
Jun 14 17:05:31.265713 n-d-845780-1 devstack@placement-api.service[112123]: INFO placement.requestlog [req-a980e94e-b377-42cc-8099-2b7a82d9100f req-6f85d39f-4b33-4dd9-be00-dfdc7cc908b1 service placement] 10.222.0.40 "POST /placement/allocations" status: 204 len: 0 microversion: 1.28
Jun 14 17:05:31.266378 n-d-845780-1 devstack@placement-api.service[112123]: [pid: 112123|app: 0|req: 219/428] 10.222.0.40 () {64 vars in 1323 bytes} [Tue Jun 14 17:05:31 2022] POST /placement/allocations => generated 0 bytes in 213 msecs (HTTP/1.1 204) 5 headers in 199 bytes (1 switches on core 0)
Jun 14 17:05:31.300540 n-d-845780-1 devstack@placement-api.service[112124]: DEBUG placement.requestlog [req-a980e94e-b377-42cc-8099-2b7a82d9100f req-2af69a75-9206-48d1-b757-fdb426344cea None None] Starting request: 10.222.0.40 "GET /placement/allocations/958e567d-91d0-49db-b851-e8b4498dd578" {{(pid=112124) __call__ /opt/stack/placement/placement/requestlog.py:55}}
Jun 14 17:05:31.312435 n-d-845780-1 devstack@placement-api.service[112124]: INFO placement.requestlog [req-a980e94e-b377-42cc-8099-2b7a82d9100f req-2af69a75-9206-48d1-b757-fdb426344cea service placement] 10.222.0.40 "GET /placement/allocations/958e567d-91d0-49db-b851-e8b4498dd578" status: 200 len: 19 microversion: 1.28
Jun 14 17:05:31.312811 n-d-845780-1 devstack@placement-api.service[112124]: [pid: 112124|app: 0|req: 210/429] 10.222.0.40 () {60 vars in 1380 bytes} [Tue Jun 14 17:05:31 2022] GET /placement/allocations/958e567d-91d0-49db-b851-e8b4498dd578 => generated 19 bytes in 13 msecs (HTTP/1.1 200) 8 headers in 295 bytes (1 switches on core 0)
Jun 14 17:05:31.319371 n-d-845780-1 devstack@placement-api.service[112123]: DEBUG placement.requestlog [req-a980e94e-b377-42cc-8099-2b7a82d9100f req-3611d447-475b-4632-b734-35cde59eab82 None None] Starting request: 10.222.0.40 "PUT /placement/allocations/958e567d-91d0-49db-b851-e8b4498dd578" {{(pid=112123) __call__ /opt/stack/placement/placement/requestlog.py:55}}
