Aug 03 20:05:03.327990 n-d-845765-5 devstack@keystone.service[81099]: DEBUG dbcounter [-] [81099] Writing DB stats keystone:SELECT=100 {{(pid=81099) stat_writer /usr/local/lib/python3.8/dist-packages/dbcounter.py:114}}
Aug 03 20:05:03.375003 n-d-845765-5 devstack@keystone.service[81098]: DEBUG dbcounter [-] [81098] Writing DB stats keystone:SELECT=100 {{(pid=81098) stat_writer /usr/local/lib/python3.8/dist-packages/dbcounter.py:114}}
Aug 03 20:05:03.415040 n-d-845765-5 devstack@keystone.service[81099]: DEBUG keystone.server.flask.request_processing.middleware.auth_context [None req-4b322541-2275-4959-a8c8-56598fb40a38 None None] Validating token access rules against request {{(pid=81099) validate_allowed_request /usr/local/lib/python3.8/dist-packages/keystonemiddleware/auth_token/__init__.py:545}}
Aug 03 20:05:03.422533 n-d-845765-5 devstack@keystone.service[81098]: DEBUG keystone.server.flask.request_processing.middleware.auth_context [None req-ec402e9d-4f3e-40b8-b50e-9de883dfd164 None None] Validating token access rules against request {{(pid=81098) validate_allowed_request /usr/local/lib/python3.8/dist-packages/keystonemiddleware/auth_token/__init__.py:545}}
Aug 03 20:05:03.463635 n-d-845765-5 devstack@keystone.service[81098]: DEBUG keystone.server.flask.request_processing.middleware.auth_context [None req-f425154b-6425-437a-95b2-d7bdd1f43f57 None admin] RBAC: auth_context: {'token': , 'domain_id': None, 'trust_id': None, 'trustor_id': None, 'trustee_id': None, 'domain_name': None, 'group_ids': [], 'user_id': 'df2a58347ee64004a6bed84c39751d60', 'user_domain_id': 'default', 'system_scope': 'all', 'project_id': None, 'project_domain_id': None, 'roles': ['admin', 'member', 'reader'], 'is_admin_project': True, 'service_user_id': None, 'service_user_domain_id': None, 'service_project_id': None, 'service_project_domain_id': None, 'service_roles': []} {{(pid=81098) fill_context /opt/stack/keystone/keystone/server/flask/request_processing/middleware/auth_context.py:478}}
Aug 03 20:05:03.464280 n-d-845765-5 devstack@keystone.service[81098]: DEBUG keystone.server.flask.request_processing.req_logging [None req-f425154b-6425-437a-95b2-d7bdd1f43f57 None admin] REQUEST_METHOD: `GET` {{(pid=81098) log_request_info /opt/stack/keystone/keystone/server/flask/request_processing/req_logging.py:27}}
Aug 03 20:05:03.464555 n-d-845765-5 devstack@keystone.service[81098]: DEBUG keystone.server.flask.request_processing.req_logging [None req-f425154b-6425-437a-95b2-d7bdd1f43f57 None admin] SCRIPT_NAME: `/identity` {{(pid=81098) log_request_info /opt/stack/keystone/keystone/server/flask/request_processing/req_logging.py:28}}
Aug 03 20:05:03.464818 n-d-845765-5 devstack@keystone.service[81098]: DEBUG keystone.server.flask.request_processing.req_logging [None req-f425154b-6425-437a-95b2-d7bdd1f43f57 None admin] PATH_INFO: `/v3/domains/default` {{(pid=81098) log_request_info /opt/stack/keystone/keystone/server/flask/request_processing/req_logging.py:29}}
Aug 03 20:05:03.466013 n-d-845765-5 devstack@keystone.service[81098]: DEBUG keystone.common.rbac_enforcer.enforcer [None req-f425154b-6425-437a-95b2-d7bdd1f43f57 None admin] RBAC: Authorizing `identity:get_domain(domain_id=default)` {{(pid=81098) enforce_call /opt/stack/keystone/keystone/common/rbac_enforcer/enforcer.py:449}}
Aug 03 20:05:03.466236 n-d-845765-5 devstack@keystone.service[81099]: DEBUG keystone.server.flask.request_processing.middleware.auth_context [None req-96ca952a-aa46-4b81-97f4-5e0465c8274c None admin] RBAC: auth_context: {'token': , 'domain_id': None, 'trust_id': None, 'trustor_id': None, 'trustee_id': None, 'domain_name': None, 'group_ids': [], 'user_id': 'df2a58347ee64004a6bed84c39751d60', 'user_domain_id': 'default', 'system_scope': 'all', 'project_id': None, 'project_domain_id': None, 'roles': ['admin', 'member', 'reader'], 'is_admin_project': True, 'service_user_id': None, 'service_user_domain_id': None, 'service_project_id': None, 'service_project_domain_id': None, 'service_roles': []} {{(pid=81099) fill_context /opt/stack/keystone/keystone/server/flask/request_processing/middleware/auth_context.py:478}}
Aug 03 20:05:03.466949 n-d-845765-5 devstack@keystone.service[81099]: DEBUG keystone.server.flask.request_processing.req_logging [None req-96ca952a-aa46-4b81-97f4-5e0465c8274c None admin] REQUEST_METHOD: `GET` {{(pid=81099) log_request_info /opt/stack/keystone/keystone/server/flask/request_processing/req_logging.py:27}}
Aug 03 20:05:03.467302 n-d-845765-5 devstack@keystone.service[81099]: DEBUG keystone.server.flask.request_processing.req_logging [None req-96ca952a-aa46-4b81-97f4-5e0465c8274c None admin] SCRIPT_NAME: `/identity` {{(pid=81099) log_request_info /opt/stack/keystone/keystone/server/flask/request_processing/req_logging.py:28}}
Aug 03 20:05:03.467527 n-d-845765-5 devstack@keystone.service[81098]: DEBUG keystone.common.rbac_enforcer.enforcer [None req-f425154b-6425-437a-95b2-d7bdd1f43f57 None admin] RBAC: Authorization granted {{(pid=81098) enforce_call /opt/stack/keystone/keystone/common/rbac_enforcer/enforcer.py:457}}
Aug 03 20:05:03.467701 n-d-845765-5 devstack@keystone.service[81099]: DEBUG keystone.server.flask.request_processing.req_logging [None req-96ca952a-aa46-4b81-97f4-5e0465c8274c None admin] PATH_INFO: `/v3/roles/member` {{(pid=81099) log_request_info /opt/stack/keystone/keystone/server/flask/request_processing/req_logging.py:29}}
Aug 03 20:05:03.469164 n-d-845765-5 devstack@keystone.service[81098]: [pid: 81098|app: 0|req: 107/213] 10.222.0.81 () {56 vars in 1108 bytes} [Wed Aug 3 20:05:03 2022] GET /identity/v3/domains/default => generated 199 bytes in 165 msecs (HTTP/1.1 200) 5 headers in 177 bytes (2 switches on core 0)
Aug 03 20:05:03.474826 n-d-845765-5 devstack@keystone.service[81098]: DEBUG keystone.server.flask.request_processing.middleware.auth_context [None req-f425154b-6425-437a-95b2-d7bdd1f43f57 None admin] Authenticating user token {{(pid=81098) process_request /usr/local/lib/python3.8/dist-packages/keystonemiddleware/auth_token/__init__.py:407}}
Aug 03 20:05:03.480626 n-d-845765-5 devstack@keystone.service[81099]: DEBUG keystone.common.rbac_enforcer.enforcer [None req-96ca952a-aa46-4b81-97f4-5e0465c8274c None admin] Extracting inferred target data resulted in "NOT FOUND (404)". {{(pid=81099) enforce_call /opt/stack/keystone/keystone/common/rbac_enforcer/enforcer.py:409}}
Aug 03 20:05:03.486009 n-d-845765-5 devstack@keystone.service[81099]: ERROR keystone.server.flask.application [None req-96ca952a-aa46-4b81-97f4-5e0465c8274c None admin] Could not find role: member.: keystone.exception.RoleNotFound: Could not find role: member.
Aug 03 20:05:03.486009 n-d-845765-5 devstack@keystone.service[81099]: ERROR keystone.server.flask.application
Traceback (most recent call last):
Aug 03 20:05:03.486009 n-d-845765-5 devstack@keystone.service[81099]: ERROR keystone.server.flask.application
File "/usr/local/lib/python3.8/dist-packages/flask/app.py", line 1517, in full_dispatch_request
Aug 03 20:05:03.486009 n-d-845765-5 devstack@keystone.service[81099]: ERROR keystone.server.flask.application rv = self.dispatch_request()
Aug 03 20:05:03.486009 n-d-845765-5 devstack@keystone.service[81099]: ERROR keystone.server.flask.application
File "/usr/local/lib/python3.8/dist-packages/flask/app.py", line 1503, in dispatch_request
Aug 03 20:05:03.486009 n-d-845765-5 devstack@keystone.service[81099]: ERROR keystone.server.flask.application return self.ensure_sync(self.view_functions[rule.endpoint])(**req.view_args)
Aug 03 20:05:03.486009 n-d-845765-5 devstack@keystone.service[81099]: ERROR keystone.server.flask.application
File "/usr/local/lib/python3.8/dist-packages/flask_restful/__init__.py", line 467, in wrapper
Aug 03 20:05:03.486009 n-d-845765-5 devstack@keystone.service[81099]: ERROR keystone.server.flask.application resp = resource(*args, **kwargs)
Aug 03 20:05:03.486009 n-d-845765-5 devstack@keystone.service[81099]: ERROR keystone.server.flask.application
File "/usr/local/lib/python3.8/dist-packages/flask/views.py", line 84, in view
Aug 03 20:05:03.486009 n-d-845765-5 devstack@keystone.service[81099]: ERROR keystone.server.flask.application return current_app.ensure_sync(self.dispatch_request)(*args, **kwargs)
Aug 03 20:05:03.486009 n-d-845765-5 devstack@keystone.service[81099]: ERROR keystone.server.flask.application
File "/usr/local/lib/python3.8/dist-packages/flask_restful/__init__.py", line 582, in dispatch_request
Aug 03 20:05:03.486009 n-d-845765-5 devstack@keystone.service[81099]: ERROR keystone.server.flask.application resp = meth(*args, **kwargs)
Aug 03 20:05:03.486009 n-d-845765-5 devstack@keystone.service[81099]: ERROR keystone.server.flask.application
File "/opt/stack/keystone/keystone/api/roles.py", line 50, in get
Aug 03 20:05:03.486009 n-d-845765-5 devstack@keystone.service[81099]: ERROR keystone.server.flask.application return self._get_role(role_id)
Aug 03 20:05:03.486009 n-d-845765-5 devstack@keystone.service[81099]: ERROR keystone.server.flask.application
File "/opt/stack/keystone/keystone/api/roles.py", line 70, in _get_role
Aug 03 20:05:03.486009 n-d-845765-5 devstack@keystone.service[81099]: ERROR keystone.server.flask.application ENFORCER.enforce_call(action='identity:get_role')
Aug 03 20:05:03.486902 n-d-845765-5 devstack@keystone.service[81099]: ERROR keystone.server.flask.application
File "/opt/stack/keystone/keystone/common/rbac_enforcer/enforcer.py", line 402, in enforce_call
Aug 03 20:05:03.486902 n-d-845765-5 devstack@keystone.service[81099]: ERROR keystone.server.flask.application policy_dict.update(cls._extract_member_target_data(
Aug 03 20:05:03.486902 n-d-845765-5 devstack@keystone.service[81099]: ERROR keystone.server.flask.application
File "/opt/stack/keystone/keystone/common/rbac_enforcer/enforcer.py", line 234, in _extract_member_target_data
Aug 03 20:05:03.486902 n-d-845765-5 devstack@keystone.service[81099]: ERROR keystone.server.flask.application member_name: func(flask.request.view_args[key])
Aug 03 20:05:03.486902 n-d-845765-5 devstack@keystone.service[81099]: ERROR keystone.server.flask.application
File "/opt/stack/keystone/keystone/common/manager.py", line 115, in wrapped
Aug 03 20:05:03.486902 n-d-845765-5 devstack@keystone.service[81099]: ERROR keystone.server.flask.application __ret_val = __f(*args, **kwargs)
Aug 03 20:05:03.486902 n-d-845765-5 devstack@keystone.service[81099]: ERROR keystone.server.flask.application
File "/usr/local/lib/python3.8/dist-packages/decorator.py", line 232, in fun
Aug 03 20:05:03.486902 n-d-845765-5 devstack@keystone.service[81099]: ERROR keystone.server.flask.application return caller(func, *(extras + args), **kw)
Aug 03 20:05:03.486902 n-d-845765-5 devstack@keystone.service[81099]: ERROR keystone.server.flask.application
File "/usr/local/lib/python3.8/dist-packages/dogpile/cache/region.py", line 1577, in get_or_create_for_user_func
Aug 03 20:05:03.486902 n-d-845765-5 devstack@keystone.service[81099]: ERROR keystone.server.flask.application return self.get_or_create(
Aug 03 20:05:03.486902 n-d-845765-5 devstack@keystone.service[81099]: ERROR keystone.server.flask.application
File "/usr/local/lib/python3.8/dist-packages/dogpile/cache/region.py", line 1042, in get_or_create
Aug 03 20:05:03.486902 n-d-845765-5 devstack@keystone.service[81099]: ERROR keystone.server.flask.application with Lock(
Aug 03 20:05:03.486902 n-d-845765-5 devstack@keystone.service[81099]: ERROR keystone.server.flask.application
File "/usr/local/lib/python3.8/dist-packages/dogpile/lock.py", line 185, in __enter__
Aug 03 20:05:03.486902 n-d-845765-5 devstack@keystone.service[81099]: ERROR keystone.server.flask.application return self._enter()
Aug 03 20:05:03.486902 n-d-845765-5 devstack@keystone.service[81099]: ERROR keystone.server.flask.application
File "/usr/local/lib/python3.8/dist-packages/dogpile/lock.py", line 94, in _enter
Aug 03 20:05:03.486902 n-d-845765-5 devstack@keystone.service[81099]: ERROR keystone.server.flask.application generated = self._enter_create(value, createdtime)
Aug 03 20:05:03.487712 n-d-845765-5 devstack@keystone.service[81099]: ERROR keystone.server.flask.application
File "/usr/local/lib/python3.8/dist-packages/dogpile/lock.py", line 178, in _enter_create
Aug 03 20:05:03.487712 n-d-845765-5 devstack@keystone.service[81099]: ERROR keystone.server.flask.application return self.creator()
Aug 03 20:05:03.487712 n-d-845765-5 devstack@keystone.service[81099]: ERROR keystone.server.flask.application
File "/usr/local/lib/python3.8/dist-packages/dogpile/cache/region.py", line 995, in gen_value
Aug 03 20:05:03.487712 n-d-845765-5 devstack@keystone.service[81099]: ERROR keystone.server.flask.application created_value = creator(
Aug 03 20:05:03.487712 n-d-845765-5 devstack@keystone.service[81099]: ERROR keystone.server.flask.application
File "/opt/stack/keystone/keystone/assignment/core.py", line 1276, in get_role
Aug 03 20:05:03.487712 n-d-845765-5 devstack@keystone.service[81099]: ERROR keystone.server.flask.application return self.driver.get_role(role_id)
Aug 03 20:05:03.487712 n-d-845765-5 devstack@keystone.service[81099]: ERROR keystone.server.flask.application
File "/opt/stack/keystone/keystone/assignment/role_backends/sql.py", line 70, in get_role
Aug 03 20:05:03.487712 n-d-845765-5 devstack@keystone.service[81099]: ERROR keystone.server.flask.application return self._get_role(session, role_id).to_dict()
Aug 03 20:05:03.487712 n-d-845765-5 devstack@keystone.service[81099]: ERROR keystone.server.flask.application
File "/opt/stack/keystone/keystone/assignment/role_backends/sql.py", line 65, in _get_role
Aug 03 20:05:03.487712 n-d-845765-5 devstack@keystone.service[81099]: ERROR keystone.server.flask.application raise exception.RoleNotFound(role_id=role_id)
Aug 03 20:05:03.487712 n-d-845765-5 devstack@keystone.service[81099]: ERROR keystone.server.flask.application keystone.exception.RoleNotFound: Could not find role: member.
Aug 03 20:05:03.487712 n-d-845765-5 devstack@keystone.service[81099]: ERROR keystone.server.flask.application
Aug 03 20:05:03.487712 n-d-845765-5 devstack@keystone.service[81099]: [pid: 81099|app: 0|req: 107/214] 10.222.0.81 () {56 vars in 1099 bytes} [Wed Aug 3 20:05:03 2022] GET /identity/v3/roles/member => generated 84 bytes in 198 msecs (HTTP/1.1 404) 5 headers in 183 bytes (1 switches on core 0)
Aug 03 20:05:03.501922 n-d-845765-5 devstack@keystone.service[81099]: DEBUG keystone.server.flask.request_processing.middleware.auth_context [None req-96ca952a-aa46-4b81-97f4-5e0465c8274c None admin] Authenticating user token {{(pid=81099) process_request /usr/local/lib/python3.8/dist-packages/keystonemiddleware/auth_token/__init__.py:407}}
Aug 03 20:05:03.580025 n-d-845765-5 devstack@keystone.service[81098]: DEBUG keystone.server.flask.request_processing.middleware.auth_context [None req-f425154b-6425-437a-95b2-d7bdd1f43f57 None admin] Validating token access rules against request {{(pid=81098) validate_allowed_request /usr/local/lib/python3.8/dist-packages/keystonemiddleware/auth_token/__init__.py:545}}
Aug 03 20:05:03.611112 n-d-845765-5 devstack@keystone.service[81098]: DEBUG dbcounter [-] [81098] Writing DB stats keystone:SELECT=100 {{(pid=81098) stat_writer /usr/local/lib/python3.8/dist-packages/dbcounter.py:114}}
Aug 03 20:05:03.620352 n-d-845765-5 devstack@keystone.service[81098]: DEBUG keystone.server.flask.request_processing.middleware.auth_context [None req-80dbabf0-0235-4536-9afe-b7f4550279d9 None admin] RBAC: auth_context: {'token': , 'domain_id': None, 'trust_id': None, 'trustor_id': None, 'trustee_id': None, 'domain_name': None, 'group_ids': [], 'user_id': 'df2a58347ee64004a6bed84c39751d60', 'user_domain_id': 'default', 'system_scope': 'all', 'project_id': None, 'project_domain_id': None, 'roles': ['admin', 'member', 'reader'], 'is_admin_project': True, 'service_user_id': None, 'service_user_domain_id': None, 'service_project_id': None, 'service_project_domain_id': None, 'service_roles': []} {{(pid=81098) fill_context /opt/stack/keystone/keystone/server/flask/request_processing/middleware/auth_context.py:478}}
Aug 03 20:05:03.621174 n-d-845765-5 devstack@keystone.service[81098]: DEBUG keystone.server.flask.request_processing.req_logging [None req-80dbabf0-0235-4536-9afe-b7f4550279d9 None admin] REQUEST_METHOD: `POST` {{(pid=81098) log_request_info /opt/stack/keystone/keystone/server/flask/request_processing/req_logging.py:27}}
Aug 03 20:05:03.621600 n-d-845765-5 devstack@keystone.service[81099]: DEBUG dbcounter [-] [81099] Writing DB stats keystone:SELECT=100 {{(pid=81099) stat_writer /usr/local/lib/python3.8/dist-packages/dbcounter.py:114}}
Aug 03 20:05:03.622271 n-d-845765-5 devstack@keystone.service[81098]: DEBUG keystone.server.flask.request_processing.req_logging [None req-80dbabf0-0235-4536-9afe-b7f4550279d9 None admin] SCRIPT_NAME: `/identity` {{(pid=81098) log_request_info /opt/stack/keystone/keystone/server/flask/request_processing/req_logging.py:28}}
Aug 03 20:05:03.622610 n-d-845765-5 devstack@keystone.service[81098]: DEBUG keystone.server.flask.request_processing.req_logging [None req-80dbabf0-0235-4536-9afe-b7f4550279d9 None admin] PATH_INFO: `/v3/users` {{(pid=81098) log_request_info /opt/stack/keystone/keystone/server/flask/request_processing/req_logging.py:29}}
Aug 03 20:05:03.623331 n-d-845765-5 devstack@keystone.service[81098]: DEBUG keystone.common.rbac_enforcer.enforcer [None req-80dbabf0-0235-4536-9afe-b7f4550279d9 None admin] RBAC: Authorizing `identity:create_user()` {{(pid=81098) enforce_call /opt/stack/keystone/keystone/common/rbac_enforcer/enforcer.py:449}}
Aug 03 20:05:03.624751 n-d-845765-5 devstack@keystone.service[81098]: DEBUG keystone.common.rbac_enforcer.enforcer [None req-80dbabf0-0235-4536-9afe-b7f4550279d9 None admin] RBAC: Authorization granted {{(pid=81098) enforce_call /opt/stack/keystone/keystone/common/rbac_enforcer/enforcer.py:457}}
Aug 03 20:05:03.637633 n-d-845765-5 devstack@keystone.service[81099]: DEBUG keystone.server.flask.request_processing.middleware.auth_context [None req-96ca952a-aa46-4b81-97f4-5e0465c8274c None admin] Validating token access rules against request {{(pid=81099) validate_allowed_request /usr/local/lib/python3.8/dist-packages/keystonemiddleware/auth_token/__init__.py:545}}
Aug 03 20:05:03.671157 n-d-845765-5 devstack@keystone.service[81099]: DEBUG keystone.server.flask.request_processing.middleware.auth_context [None req-7822192a-9007-4703-ab79-cb100c870a9c None admin] RBAC: auth_context: {'token': , 'domain_id': None, 'trust_id': None, 'trustor_id': None, 'trustee_id': None, 'domain_name': None, 'group_ids': [], 'user_id': 'df2a58347ee64004a6bed84c39751d60', 'user_domain_id': 'default', 'system_scope': 'all', 'project_id': None, 'project_domain_id': None, 'roles': ['admin', 'member', 'reader'], 'is_admin_project': True, 'service_user_id': None, 'service_user_domain_id': None, 'service_project_id': None, 'service_project_domain_id': None, 'service_roles': []} {{(pid=81099) fill_context /opt/stack/keystone/keystone/server/flask/request_processing/middleware/auth_context.py:478}}
Aug 03 20:05:03.671779 n-d-845765-5 devstack@keystone.service[81099]: DEBUG keystone.server.flask.request_processing.req_logging [None req-7822192a-9007-4703-ab79-cb100c870a9c None admin] REQUEST_METHOD: `GET` {{(pid=81099) log_request_info /opt/stack/keystone/keystone/server/flask/request_processing/req_logging.py:27}}
Aug 03 20:05:03.672086 n-d-845765-5 devstack@keystone.service[81099]: DEBUG keystone.server.flask.request_processing.req_logging [None req-7822192a-9007-4703-ab79-cb100c870a9c None admin] SCRIPT_NAME: `/identity` {{(pid=81099) log_request_info /opt/stack/keystone/keystone/server/flask/request_processing/req_logging.py:28}}
Aug 03 20:05:03.672366 n-d-845765-5 devstack@keystone.service[81099]: DEBUG keystone.server.flask.request_processing.req_logging [None req-7822192a-9007-4703-ab79-cb100c870a9c None admin] PATH_INFO: `/v3/roles` {{(pid=81099) log_request_info /opt/stack/keystone/keystone/server/flask/request_processing/req_logging.py:29}}
Aug 03 20:05:03.673109 n-d-845765-5 devstack@keystone.service[81099]: DEBUG keystone.common.rbac_enforcer.enforcer [None req-7822192a-9007-4703-ab79-cb100c870a9c None admin] RBAC: Adding query filter params (name=member) {{(pid=81099) _extract_filter_values /opt/stack/keystone/keystone/common/rbac_enforcer/enforcer.py:167}}
Aug 03 20:05:03.673436 n-d-845765-5 devstack@keystone.service[81099]: DEBUG keystone.common.rbac_enforcer.enforcer [None req-7822192a-9007-4703-ab79-cb100c870a9c None admin] RBAC: Authorizing `identity:list_roles()` {{(pid=81099) enforce_call /opt/stack/keystone/keystone/common/rbac_enforcer/enforcer.py:449}}
Aug 03 20:05:03.674825 n-d-845765-5 devstack@keystone.service[81099]: DEBUG keystone.common.rbac_enforcer.enforcer [None req-7822192a-9007-4703-ab79-cb100c870a9c None admin] RBAC: Authorization granted {{(pid=81099) enforce_call /opt/stack/keystone/keystone/common/rbac_enforcer/enforcer.py:457}}
Aug 03 20:05:03.683985 n-d-845765-5 devstack@keystone.service[81099]: [pid: 81099|app: 0|req: 108/215] 10.222.0.81 () {56 vars in 1101 bytes} [Wed Aug 3 20:05:03 2022] GET /identity/v3/roles?name=member => generated 341 bytes in 182 msecs (HTTP/1.1 200) 5 headers in 177 bytes (1 switches on core 0)
Aug 03 20:05:03.689535 n-d-845765-5 devstack@keystone.service[81099]: DEBUG keystone.server.flask.request_processing.middleware.auth_context [None req-7822192a-9007-4703-ab79-cb100c870a9c None admin] Authenticating user token {{(pid=81099) process_request /usr/local/lib/python3.8/dist-packages/keystonemiddleware/auth_token/__init__.py:407}}
Aug 03 20:05:03.716184 n-d-845765-5 devstack@keystone.service[81098]: [pid: 81098|app: 0|req: 108/216] 10.222.0.81 () {60 vars in 1132 bytes} [Wed Aug 3 20:05:03 2022] POST /identity/v3/users => generated 297 bytes in 242 msecs (HTTP/1.1 201) 5 headers in 182 bytes (2 switches on core 0)
Aug 03 20:05:03.815129 n-d-845765-5 devstack@keystone.service[81099]: DEBUG keystone.server.flask.request_processing.middleware.auth_context [None req-7822192a-9007-4703-ab79-cb100c870a9c None admin] Validating token access rules against request {{(pid=81099) validate_allowed_request /usr/local/lib/python3.8/dist-packages/keystonemiddleware/auth_token/__init__.py:545}}
Aug 03 20:05:03.861272 n-d-845765-5 devstack@keystone.service[81099]: DEBUG keystone.server.flask.request_processing.middleware.auth_context [None req-b238a2a5-c0f2-416b-915a-be4dc8c59487 None admin] RBAC: auth_context: {'token': , 'domain_id': None, 'trust_id': None, 'trustor_id': None, 'trustee_id': None, 'domain_name': None, 'group_ids': [], 'user_id': 'df2a58347ee64004a6bed84c39751d60', 'user_domain_id': 'default', 'system_scope': 'all', 'project_id': None, 'project_domain_id': None, 'roles': ['admin', 'member', 'reader'], 'is_admin_project': True, 'service_user_id': None, 'service_user_domain_id': None, 'service_project_id': None, 'service_project_domain_id': None, 'service_roles': []} {{(pid=81099) fill_context /opt/stack/keystone/keystone/server/flask/request_processing/middleware/auth_context.py:478}}
Aug 03 20:05:03.862355 n-d-845765-5 devstack@keystone.service[81099]: DEBUG keystone.server.flask.request_processing.req_logging [None req-b238a2a5-c0f2-416b-915a-be4dc8c59487 None admin] REQUEST_METHOD: `GET` {{(pid=81099) log_request_info /opt/stack/keystone/keystone/server/flask/request_processing/req_logging.py:27}}
Aug 03 20:05:03.862833 n-d-845765-5 devstack@keystone.service[81099]: DEBUG keystone.server.flask.request_processing.req_logging [None req-b238a2a5-c0f2-416b-915a-be4dc8c59487 None admin] SCRIPT_NAME: `/identity` {{(pid=81099) log_request_info /opt/stack/keystone/keystone/server/flask/request_processing/req_logging.py:28}}
Aug 03 20:05:03.863300 n-d-845765-5 devstack@keystone.service[81099]: DEBUG keystone.server.flask.request_processing.req_logging [None req-b238a2a5-c0f2-416b-915a-be4dc8c59487 None admin] PATH_INFO: `/v3/users/a0e94dc892514b4988d7952e48568a5d` {{(pid=81099) log_request_info /opt/stack/keystone/keystone/server/flask/request_processing/req_logging.py:29}}
Aug 03 20:05:03.880576 n-d-845765-5 devstack@keystone.service[81099]: DEBUG keystone.common.rbac_enforcer.enforcer [None req-b238a2a5-c0f2-416b-915a-be4dc8c59487 None admin] RBAC: Authorizing `identity:get_user(user_id=a0e94dc892514b4988d7952e48568a5d)` {{(pid=81099) enforce_call /opt/stack/keystone/keystone/common/rbac_enforcer/enforcer.py:449}}
Aug 03 20:05:03.882531 n-d-845765-5 devstack@keystone.service[81099]: DEBUG keystone.common.rbac_enforcer.enforcer [None req-b238a2a5-c0f2-416b-915a-be4dc8c59487 None admin] RBAC: Authorization granted {{(pid=81099) enforce_call /opt/stack/keystone/keystone/common/rbac_enforcer/enforcer.py:457}}
Aug 03 20:05:03.885685 n-d-845765-5 devstack@keystone.service[81099]: [pid: 81099|app: 0|req: 109/217] 10.222.0.81 () {56 vars in 1177 bytes} [Wed Aug 3 20:05:03 2022] GET /identity/v3/users/a0e94dc892514b4988d7952e48568a5d => generated 297 bytes in 196 msecs (HTTP/1.1 200) 5 headers in 177 bytes (2 switches on core 0)
Aug 03 20:05:03.896235 n-d-845765-5 devstack@keystone.service[81098]: DEBUG keystone.server.flask.request_processing.middleware.auth_context [None req-80dbabf0-0235-4536-9afe-b7f4550279d9 None admin] Authenticating user token {{(pid=81098) process_request /usr/local/lib/python3.8/dist-packages/keystonemiddleware/auth_token/__init__.py:407}}
Aug 03 20:05:04.005478 n-d-845765-5 devstack@keystone.service[81098]: DEBUG keystone.server.flask.request_processing.middleware.auth_context [None req-80dbabf0-0235-4536-9afe-b7f4550279d9 None admin] Validating token access rules against request {{(pid=81098) validate_allowed_request /usr/local/lib/python3.8/dist-packages/keystonemiddleware/auth_token/__init__.py:545}}
Aug 03 20:05:04.044804 n-d-845765-5 devstack@keystone.service[81098]: DEBUG keystone.server.flask.request_processing.middleware.auth_context [None req-9a6271fa-e0a8-4a5f-88fc-29d88a1318dd None admin] RBAC: auth_context: {'token': , 'domain_id': None, 'trust_id': None, 'trustor_id': None, 'trustee_id': None, 'domain_name': None, 'group_ids': [], 'user_id': 'df2a58347ee64004a6bed84c39751d60', 'user_domain_id': 'default', 'system_scope': 'all', 'project_id': None, 'project_domain_id': None, 'roles': ['admin', 'member', 'reader'], 'is_admin_project': True, 'service_user_id': None, 'service_user_domain_id': None, 'service_project_id': None, 'service_project_domain_id': None, 'service_roles': []} {{(pid=81098) fill_context /opt/stack/keystone/keystone/server/flask/request_processing/middleware/auth_context.py:478}}
Aug 03 20:05:04.045473 n-d-845765-5 devstack@keystone.service[81098]: DEBUG keystone.server.flask.request_processing.req_logging [None req-9a6271fa-e0a8-4a5f-88fc-29d88a1318dd None admin] REQUEST_METHOD: `GET` {{(pid=81098) log_request_info /opt/stack/keystone/keystone/server/flask/request_processing/req_logging.py:27}}
Aug 03 20:05:04.045754 n-d-845765-5 devstack@keystone.service[81098]: DEBUG keystone.server.flask.request_processing.req_logging [None req-9a6271fa-e0a8-4a5f-88fc-29d88a1318dd None admin] SCRIPT_NAME: `/identity` {{(pid=81098) log_request_info /opt/stack/keystone/keystone/server/flask/request_processing/req_logging.py:28}}
Aug 03 20:05:04.046031 n-d-845765-5 devstack@keystone.service[81098]: DEBUG keystone.server.flask.request_processing.req_logging [None req-9a6271fa-e0a8-4a5f-88fc-29d88a1318dd None admin] PATH_INFO: `/v3/auth/tokens` {{(pid=81098) log_request_info /opt/stack/keystone/keystone/server/flask/request_processing/req_logging.py:29}}
Aug 03 20:05:04.100457 n-d-845765-5 devstack@keystone.service[81098]: DEBUG dbcounter [-] [81098] Writing DB stats keystone:SELECT=97,keystone:INSERT=3 {{(pid=81098) stat_writer /usr/local/lib/python3.8/dist-packages/dbcounter.py:114}}
Aug 03 20:05:04.121115 n-d-845765-5 devstack@keystone.service[81098]: DEBUG keystone.common.rbac_enforcer.enforcer [None req-9a6271fa-e0a8-4a5f-88fc-29d88a1318dd None admin] RBAC: Authorizing `identity:validate_token()` {{(pid=81098) enforce_call /opt/stack/keystone/keystone/common/rbac_enforcer/enforcer.py:449}}
Aug 03 20:05:04.124292 n-d-845765-5 devstack@keystone.service[81098]: DEBUG keystone.common.rbac_enforcer.enforcer [None req-9a6271fa-e0a8-4a5f-88fc-29d88a1318dd None admin] RBAC: Authorization granted {{(pid=81098) enforce_call /opt/stack/keystone/keystone/common/rbac_enforcer/enforcer.py:457}}
Aug 03 20:05:04.240381 n-d-845765-5 devstack@keystone.service[81098]: [pid: 81098|app: 0|req: 109/218] 10.222.0.81 () {58 vars in 1282 bytes} [Wed Aug 3 20:05:03 2022] GET /identity/v3/auth/tokens => generated 799 bytes in 350 msecs (HTTP/1.1 200) 6 headers in 358 bytes (1 switches on core 0)
Aug 03 20:05:04.246041 n-d-845765-5 devstack@keystone.service[81099]: DEBUG keystone.server.flask.request_processing.middleware.auth_context [None req-b238a2a5-c0f2-416b-915a-be4dc8c59487 None admin] Authenticating user token {{(pid=81099) process_request /usr/local/lib/python3.8/dist-packages/keystonemiddleware/auth_token/__init__.py:407}}
Aug 03 20:05:04.255326 n-d-845765-5 devstack@keystone.service[81099]: DEBUG dbcounter [-] [81099] Writing DB stats keystone:SELECT=100 {{(pid=81099) stat_writer /usr/local/lib/python3.8/dist-packages/dbcounter.py:114}}
Aug 03 20:05:04.383100 n-d-845765-5 devstack@keystone.service[81099]: DEBUG keystone.server.flask.request_processing.middleware.auth_context [None req-b238a2a5-c0f2-416b-915a-be4dc8c59487 None admin] Validating token access rules against request {{(pid=81099) validate_allowed_request /usr/local/lib/python3.8/dist-packages/keystonemiddleware/auth_token/__init__.py:545}}
Aug 03 20:05:04.428664 n-d-845765-5 devstack@keystone.service[81099]: DEBUG keystone.server.flask.request_processing.middleware.auth_context [None req-ee46a118-43fb-441b-97bb-dfb2e6b161f0 None admin] RBAC: auth_context: {'token': , 'domain_id': None, 'trust_id': None, 'trustor_id': None, 'trustee_id': None, 'domain_name': None, 'group_ids': [], 'user_id': 'df2a58347ee64004a6bed84c39751d60', 'user_domain_id': 'default', 'system_scope': 'all', 'project_id': None, 'project_domain_id': None, 'roles': ['admin', 'member', 'reader'], 'is_admin_project': True, 'service_user_id': None, 'service_user_domain_id': None, 'service_project_id': None, 'service_project_domain_id': None, 'service_roles': []} {{(pid=81099) fill_context /opt/stack/keystone/keystone/server/flask/request_processing/middleware/auth_context.py:478}}
Aug 03 20:05:04.429343 n-d-845765-5 devstack@keystone.service[81099]: DEBUG keystone.server.flask.request_processing.req_logging [None req-ee46a118-43fb-441b-97bb-dfb2e6b161f0 None admin] REQUEST_METHOD: `GET` {{(pid=81099) log_request_info /opt/stack/keystone/keystone/server/flask/request_processing/req_logging.py:27}}
Aug 03 20:05:04.429686 n-d-845765-5 devstack@keystone.service[81099]: DEBUG keystone.server.flask.request_processing.req_logging [None req-ee46a118-43fb-441b-97bb-dfb2e6b161f0 None admin] SCRIPT_NAME: `/identity` {{(pid=81099) log_request_info /opt/stack/keystone/keystone/server/flask/request_processing/req_logging.py:28}}
Aug 03 20:05:04.429964 n-d-845765-5 devstack@keystone.service[81099]: DEBUG keystone.server.flask.request_processing.req_logging [None req-ee46a118-43fb-441b-97bb-dfb2e6b161f0 None admin] PATH_INFO: `/v3/projects/08c55dbe129f4967ae8f86f54cf4ee89` {{(pid=81099) log_request_info /opt/stack/keystone/keystone/server/flask/request_processing/req_logging.py:29}}
Aug 03 20:05:04.431348 n-d-845765-5 devstack@keystone.service[81099]: DEBUG keystone.common.rbac_enforcer.enforcer [None req-ee46a118-43fb-441b-97bb-dfb2e6b161f0 None admin] RBAC: Authorizing `identity:get_project(project_id=08c55dbe129f4967ae8f86f54cf4ee89)` {{(pid=81099) enforce_call /opt/stack/keystone/keystone/common/rbac_enforcer/enforcer.py:449}}
Aug 03 20:05:04.433080 n-d-845765-5 devstack@keystone.service[81099]: DEBUG keystone.common.rbac_enforcer.enforcer [None req-ee46a118-43fb-441b-97bb-dfb2e6b161f0 None admin] RBAC: Authorization granted {{(pid=81099) enforce_call /opt/stack/keystone/keystone/common/rbac_enforcer/enforcer.py:457}}
Aug 03 20:05:04.435129 n-d-845765-5 devstack@keystone.service[81099]: [pid: 81099|app: 0|req: 110/219] 10.222.0.81 () {56 vars in 1186 bytes} [Wed Aug 3 20:05:04 2022] GET /identity/v3/projects/08c55dbe129f4967ae8f86f54cf4ee89 => generated 302 bytes in 189 msecs (HTTP/1.1 200) 5 headers in 177 bytes (1 switches on core 0)
Aug 03 20:05:04.441069 n-d-845765-5 devstack@keystone.service[81098]: DEBUG keystone.server.flask.request_processing.middleware.auth_context [None req-9a6271fa-e0a8-4a5f-88fc-29d88a1318dd None admin] Authenticating user token {{(pid=81098) process_request /usr/local/lib/python3.8/dist-packages/keystonemiddleware/auth_token/__init__.py:407}}
Aug 03 20:05:04.534779 n-d-845765-5 devstack@keystone.service[81098]: DEBUG dbcounter [-] [81098] Writing DB stats keystone:SELECT=100 {{(pid=81098) stat_writer /usr/local/lib/python3.8/dist-packages/dbcounter.py:114}}
Aug 03 20:05:04.560316 n-d-845765-5 devstack@keystone.service[81098]: DEBUG keystone.server.flask.request_processing.middleware.auth_context [None req-9a6271fa-e0a8-4a5f-88fc-29d88a1318dd None admin] Validating token access rules against request {{(pid=81098) validate_allowed_request /usr/local/lib/python3.8/dist-packages/keystonemiddleware/auth_token/__init__.py:545}}
Aug 03 20:05:04.604535 n-d-845765-5 devstack@keystone.service[81098]: DEBUG keystone.server.flask.request_processing.middleware.auth_context [None req-479d6b52-fba3-48f8-b1c4-05ac1fcb89e3 None admin] RBAC: auth_context: {'token': , 'domain_id': None, 'trust_id': None, 'trustor_id': None, 'trustee_id': None, 'domain_name': None, 'group_ids': [], 'user_id': 'df2a58347ee64004a6bed84c39751d60', 'user_domain_id': 'default', 'system_scope': 'all', 'project_id': None, 'project_domain_id': None, 'roles': ['admin', 'member', 'reader'], 'is_admin_project': True, 'service_user_id': None, 'service_user_domain_id': None, 'service_project_id': None, 'service_project_domain_id': None, 'service_roles': []} {{(pid=81098) fill_context /opt/stack/keystone/keystone/server/flask/request_processing/middleware/auth_context.py:478}}
Aug 03 20:05:04.605203 n-d-845765-5 devstack@keystone.service[81098]: DEBUG keystone.server.flask.request_processing.req_logging [None req-479d6b52-fba3-48f8-b1c4-05ac1fcb89e3 None admin] REQUEST_METHOD: `GET` {{(pid=81098) log_request_info /opt/stack/keystone/keystone/server/flask/request_processing/req_logging.py:27}}
Aug 03 20:05:04.605485 n-d-845765-5 devstack@keystone.service[81098]: DEBUG keystone.server.flask.request_processing.req_logging [None req-479d6b52-fba3-48f8-b1c4-05ac1fcb89e3 None admin] SCRIPT_NAME: `/identity` {{(pid=81098) log_request_info /opt/stack/keystone/keystone/server/flask/request_processing/req_logging.py:28}}
Aug 03 20:05:04.605760 n-d-845765-5 devstack@keystone.service[81098]: DEBUG keystone.server.flask.request_processing.req_logging [None req-479d6b52-fba3-48f8-b1c4-05ac1fcb89e3 None admin] PATH_INFO: `/v3/role_assignments` {{(pid=81098) log_request_info /opt/stack/keystone/keystone/server/flask/request_processing/req_logging.py:29}}
Aug 03 20:05:04.606632 n-d-845765-5 devstack@keystone.service[81098]: DEBUG keystone.common.rbac_enforcer.enforcer [None req-479d6b52-fba3-48f8-b1c4-05ac1fcb89e3 None admin] RBAC: Adding query filter params (role.id=615259e9e0934d008af93a1bb09d3828, scope.project.id=08c55dbe129f4967ae8f86f54cf4ee89, user.id=a0e94dc892514b4988d7952e48568a5d) {{(pid=81098) _extract_filter_values /opt/stack/keystone/keystone/common/rbac_enforcer/enforcer.py:167}}
Aug 03 20:05:04.606943 n-d-845765-5 devstack@keystone.service[81098]: DEBUG keystone.common.rbac_enforcer.enforcer [None req-479d6b52-fba3-48f8-b1c4-05ac1fcb89e3 None admin] RBAC: Authorizing `identity:list_role_assignments()` {{(pid=81098) enforce_call /opt/stack/keystone/keystone/common/rbac_enforcer/enforcer.py:449}}
Aug 03 20:05:04.608443 n-d-845765-5 devstack@keystone.service[81098]: DEBUG keystone.common.rbac_enforcer.enforcer [None req-479d6b52-fba3-48f8-b1c4-05ac1fcb89e3 None admin] RBAC: Authorization granted {{(pid=81098) enforce_call /opt/stack/keystone/keystone/common/rbac_enforcer/enforcer.py:457}}
Aug 03 20:05:04.614666 n-d-845765-5 devstack@keystone.service[81098]: [pid: 81098|app: 0|req: 110/220] 10.222.0.81 () {56 vars in 1374 bytes} [Wed Aug 3 20:05:04 2022] GET /identity/v3/role_assignments?user.id=a0e94dc892514b4988d7952e48568a5d&scope.project.id=08c55dbe129f4967ae8f86f54cf4ee89&role.id=615259e9e0934d008af93a1bb09d3828 => generated 259 bytes in 174 msecs (HTTP/1.1 200) 5 headers in 177 bytes (1 switches on core 0)
Aug 03 20:05:04.934813 n-d-845765-5 devstack@keystone.service[81099]: DEBUG keystone.server.flask.request_processing.req_logging [None req-8fd195db-efe7-4e9a-913a-1f9193320210 None None] REQUEST_METHOD: `GET` {{(pid=81099) log_request_info /opt/stack/keystone/keystone/server/flask/request_processing/req_logging.py:27}}
Aug 03 20:05:04.935357 n-d-845765-5 devstack@keystone.service[81099]: DEBUG keystone.server.flask.request_processing.req_logging [None req-8fd195db-efe7-4e9a-913a-1f9193320210 None None] SCRIPT_NAME: `/identity` {{(pid=81099) log_request_info /opt/stack/keystone/keystone/server/flask/request_processing/req_logging.py:28}}
Aug 03 20:05:04.935357 n-d-845765-5 devstack@keystone.service[81099]: DEBUG keystone.server.flask.request_processing.req_logging [None req-8fd195db-efe7-4e9a-913a-1f9193320210 None None] PATH_INFO: `/` {{(pid=81099) log_request_info /opt/stack/keystone/keystone/server/flask/request_processing/req_logging.py:29}}
Aug 03 20:05:04.936712 n-d-845765-5 devstack@keystone.service[81099]: [pid: 81099|app: 0|req: 111/221] 10.222.0.81 () {54 vars in 926 bytes} [Wed Aug 3 20:05:04 2022] GET /identity => generated 270 bytes in 3 msecs (HTTP/1.1 300) 6 headers in 234 bytes (1 switches on core 0)
Aug 03 20:05:04.942091 n-d-845765-5 devstack@keystone.service[81098]: DEBUG keystone.server.flask.request_processing.req_logging [None req-4ca83196-c481-4092-aa8f-3b18657a68da None None] REQUEST_METHOD: `POST` {{(pid=81098) log_request_info /opt/stack/keystone/keystone/server/flask/request_processing/req_logging.py:27}}
Aug 03 20:05:04.942386 n-d-845765-5 devstack@keystone.service[81098]: DEBUG keystone.server.flask.request_processing.req_logging [None req-4ca83196-c481-4092-aa8f-3b18657a68da None None] SCRIPT_NAME: `/identity` {{(pid=81098) log_request_info /opt/stack/keystone/keystone/server/flask/request_processing/req_logging.py:28}}
Aug 03 20:05:04.942669 n-d-845765-5 devstack@keystone.service[81098]: DEBUG keystone.server.flask.request_processing.req_logging [None req-4ca83196-c481-4092-aa8f-3b18657a68da None None] PATH_INFO: `/v3/auth/tokens` {{(pid=81098) log_request_info /opt/stack/keystone/keystone/server/flask/request_processing/req_logging.py:29}}
Aug 03 20:05:04.952542 n-d-845765-5 devstack@keystone.service[81099]: DEBUG keystone.server.flask.request_processing.req_logging [None req-d95e788c-a874-4378-beac-14a064645a7c None None] REQUEST_METHOD: `GET` {{(pid=81099) log_request_info /opt/stack/keystone/keystone/server/flask/request_processing/req_logging.py:27}}
Aug 03 20:05:04.952819 n-d-845765-5 devstack@keystone.service[81099]: DEBUG keystone.server.flask.request_processing.req_logging [None req-d95e788c-a874-4378-beac-14a064645a7c None None] SCRIPT_NAME: `/identity` {{(pid=81099) log_request_info /opt/stack/keystone/keystone/server/flask/request_processing/req_logging.py:28}}
Aug 03 20:05:04.953119 n-d-845765-5 devstack@keystone.service[81099]: DEBUG keystone.server.flask.request_processing.req_logging [None req-d95e788c-a874-4378-beac-14a064645a7c None None] PATH_INFO: `/` {{(pid=81099) log_request_info /opt/stack/keystone/keystone/server/flask/request_processing/req_logging.py:29}}
Aug 03 20:05:04.954554 n-d-845765-5 devstack@keystone.service[81099]: [pid: 81099|app: 0|req: 112/222] 10.222.0.81 () {54 vars in 926 bytes} [Wed Aug 3 20:05:04 2022] GET /identity => generated 270 bytes in 3 msecs (HTTP/1.1 300) 6 headers in 234 bytes (2 switches on core 0)
Aug 03 20:05:04.966112 n-d-845765-5 devstack@keystone.service[81099]: DEBUG keystone.server.flask.request_processing.req_logging [None req-e5f8dccb-f773-43e7-b150-f3b5e1ffa8e0 None None] REQUEST_METHOD: `POST` {{(pid=81099) log_request_info /opt/stack/keystone/keystone/server/flask/request_processing/req_logging.py:27}}
Aug 03 20:05:04.966416 n-d-845765-5 devstack@keystone.service[81099]: DEBUG keystone.server.flask.request_processing.req_logging [None req-e5f8dccb-f773-43e7-b150-f3b5e1ffa8e0 None None] SCRIPT_NAME: `/identity` {{(pid=81099) log_request_info /opt/stack/keystone/keystone/server/flask/request_processing/req_logging.py:28}}
Aug 03 20:05:04.966694 n-d-845765-5 devstack@keystone.service[81099]: DEBUG keystone.server.flask.request_processing.req_logging [None req-e5f8dccb-f773-43e7-b150-f3b5e1ffa8e0 None None] PATH_INFO: `/v3/auth/tokens` {{(pid=81099) log_request_info /opt/stack/keystone/keystone/server/flask/request_processing/req_logging.py:29}}
Aug 03 20:05:04.984642 n-d-845765-5 devstack@keystone.service[81098]: DEBUG keystone.auth.core [None req-4ca83196-c481-4092-aa8f-3b18657a68da None None] MFA Rules not processed for user `df2a58347ee64004a6bed84c39751d60`. Rule list: `[]` (Enabled: `True`). {{(pid=81098) check_auth_methods_against_rules /opt/stack/keystone/keystone/auth/core.py:438}}
Aug 03 20:05:04.987337 n-d-845765-5 devstack@keystone.service[81098]: DEBUG keystone.common.fernet_utils [None req-4ca83196-c481-4092-aa8f-3b18657a68da None None] Loaded 2 Fernet keys from /etc/keystone/fernet-keys/, but `[fernet_tokens] max_active_keys = 3`; perhaps there have not been enough key rotations to reach `max_active_keys` yet? {{(pid=81098) load_keys /opt/stack/keystone/keystone/common/fernet_utils.py:286}}
Aug 03 20:05:04.993099 n-d-845765-5 devstack@keystone.service[81099]: DEBUG keystone.auth.core [None req-e5f8dccb-f773-43e7-b150-f3b5e1ffa8e0 None None] MFA Rules not processed for user `df2a58347ee64004a6bed84c39751d60`. Rule list: `[]` (Enabled: `True`). {{(pid=81099) check_auth_methods_against_rules /opt/stack/keystone/keystone/auth/core.py:438}}
Aug 03 20:05:04.994525 n-d-845765-5 devstack@keystone.service[81099]: DEBUG keystone.common.fernet_utils [None req-e5f8dccb-f773-43e7-b150-f3b5e1ffa8e0 None None] Loaded 2 Fernet keys from /etc/keystone/fernet-keys/, but `[fernet_tokens] max_active_keys = 3`; perhaps there have not been enough key rotations to reach `max_active_keys` yet? {{(pid=81099) load_keys /opt/stack/keystone/keystone/common/fernet_utils.py:286}}
Aug 03 20:05:05.092570 n-d-845765-5 devstack@keystone.service[81099]: [pid: 81099|app: 0|req: 113/223] 10.222.0.81 () {58 vars in 1023 bytes} [Wed Aug 3 20:05:04 2022] POST /identity/v3/auth/tokens => generated 799 bytes in 127 msecs (HTTP/1.1 201) 6 headers in 363 bytes (2 switches on core 0)
Aug 03 20:05:05.112226 n-d-845765-5 devstack@keystone.service[81098]: [pid: 81098|app: 0|req: 111/224] 10.222.0.81 () {58 vars in 1023 bytes} [Wed Aug 3 20:05:04 2022] POST /identity/v3/auth/tokens => generated 799 bytes in 171 msecs (HTTP/1.1 201) 6 headers in 363 bytes (1 switches on core 0)
Aug 03 20:05:05.144221 n-d-845765-5 devstack@keystone.service[81099]: DEBUG keystone.server.flask.request_processing.middleware.auth_context [None req-e5f8dccb-f773-43e7-b150-f3b5e1ffa8e0 None None] Authenticating user token {{(pid=81099) process_request /usr/local/lib/python3.8/dist-packages/keystonemiddleware/auth_token/__init__.py:407}}
Aug 03 20:05:05.147966 n-d-845765-5 devstack@keystone.service[81099]: DEBUG dbcounter [-] [81099] Writing DB stats keystone:SELECT=100 {{(pid=81099) stat_writer /usr/local/lib/python3.8/dist-packages/dbcounter.py:114}}
Aug 03 20:05:05.157776 n-d-845765-5 devstack@keystone.service[81098]: DEBUG keystone.server.flask.request_processing.middleware.auth_context [None req-4ca83196-c481-4092-aa8f-3b18657a68da None None] Authenticating user token {{(pid=81098) process_request /usr/local/lib/python3.8/dist-packages/keystonemiddleware/auth_token/__init__.py:407}}
Aug 03 20:05:05.306740 n-d-845765-5 devstack@keystone.service[81098]: DEBUG dbcounter [-] [81098] Writing DB stats keystone:SELECT=100 {{(pid=81098) stat_writer /usr/local/lib/python3.8/dist-packages/dbcounter.py:114}}
Aug 03 20:05:05.311458 n-d-845765-5 devstack@keystone.service[81099]: DEBUG keystone.server.flask.request_processing.middleware.auth_context [None req-e5f8dccb-f773-43e7-b150-f3b5e1ffa8e0 None None] Validating token access rules against request {{(pid=81099) validate_allowed_request /usr/local/lib/python3.8/dist-packages/keystonemiddleware/auth_token/__init__.py:545}}
Aug 03 20:05:05.349010 n-d-845765-5 devstack@keystone.service[81098]: DEBUG keystone.server.flask.request_processing.middleware.auth_context [None req-4ca83196-c481-4092-aa8f-3b18657a68da None None] Validating token access rules against request {{(pid=81098) validate_allowed_request /usr/local/lib/python3.8/dist-packages/keystonemiddleware/auth_token/__init__.py:545}}
Aug 03 20:05:05.367040 n-d-845765-5 devstack@keystone.service[81099]: DEBUG keystone.server.flask.request_processing.middleware.auth_context [None req-adbbc5bd-54cb-44fe-a84b-fe3052d814ae None admin] RBAC: auth_context: {'token': , 'domain_id': None, 'trust_id': None, 'trustor_id': None, 'trustee_id': None, 'domain_name': None, 'group_ids': [], 'user_id': 'df2a58347ee64004a6bed84c39751d60', 'user_domain_id': 'default', 'system_scope': 'all', 'project_id': None, 'project_domain_id': None, 'roles': ['admin', 'member', 'reader'], 'is_admin_project': True, 'service_user_id': None, 'service_user_domain_id': None, 'service_project_id': None, 'service_project_domain_id': None, 'service_roles': []} {{(pid=81099) fill_context /opt/stack/keystone/keystone/server/flask/request_processing/middleware/auth_context.py:478}}
Aug 03 20:05:05.367684 n-d-845765-5 devstack@keystone.service[81099]: DEBUG keystone.server.flask.request_processing.req_logging [None req-adbbc5bd-54cb-44fe-a84b-fe3052d814ae None admin] REQUEST_METHOD: `GET` {{(pid=81099) log_request_info /opt/stack/keystone/keystone/server/flask/request_processing/req_logging.py:27}}
Aug 03 20:05:05.367963 n-d-845765-5 devstack@keystone.service[81099]: DEBUG keystone.server.flask.request_processing.req_logging [None req-adbbc5bd-54cb-44fe-a84b-fe3052d814ae None admin] SCRIPT_NAME: `/identity` {{(pid=81099) log_request_info /opt/stack/keystone/keystone/server/flask/request_processing/req_logging.py:28}}
Aug 03 20:05:05.368444 n-d-845765-5 devstack@keystone.service[81099]: DEBUG keystone.server.flask.request_processing.req_logging [None req-adbbc5bd-54cb-44fe-a84b-fe3052d814ae None admin] PATH_INFO: `/v3/roles/admin` {{(pid=81099) log_request_info /opt/stack/keystone/keystone/server/flask/request_processing/req_logging.py:29}}
Aug 03 20:05:05.379335 n-d-845765-5 devstack@keystone.service[81099]: DEBUG keystone.common.rbac_enforcer.enforcer [None req-adbbc5bd-54cb-44fe-a84b-fe3052d814ae None admin] Extracting inferred target data resulted in "NOT FOUND (404)". {{(pid=81099) enforce_call /opt/stack/keystone/keystone/common/rbac_enforcer/enforcer.py:409}}
Aug 03 20:05:05.391186 n-d-845765-5 devstack@keystone.service[81099]: ERROR keystone.server.flask.application [None req-adbbc5bd-54cb-44fe-a84b-fe3052d814ae None admin] Could not find role: admin.: keystone.exception.RoleNotFound: Could not find role: admin.
Aug 03 20:05:05.391186 n-d-845765-5 devstack@keystone.service[81099]: ERROR keystone.server.flask.application
Traceback (most recent call last):
Aug 03 20:05:05.391186 n-d-845765-5 devstack@keystone.service[81099]: ERROR keystone.server.flask.application
File "/usr/local/lib/python3.8/dist-packages/flask/app.py", line 1517, in full_dispatch_request
Aug 03 20:05:05.391186 n-d-845765-5 devstack@keystone.service[81099]: ERROR keystone.server.flask.application rv = self.dispatch_request()
Aug 03 20:05:05.391186 n-d-845765-5 devstack@keystone.service[81099]: ERROR keystone.server.flask.application
File "/usr/local/lib/python3.8/dist-packages/flask/app.py", line 1503, in dispatch_request
Aug 03 20:05:05.391186 n-d-845765-5 devstack@keystone.service[81099]: ERROR keystone.server.flask.application return self.ensure_sync(self.view_functions[rule.endpoint])(**req.view_args)
Aug 03 20:05:05.391186 n-d-845765-5 devstack@keystone.service[81099]: ERROR keystone.server.flask.application
File "/usr/local/lib/python3.8/dist-packages/flask_restful/__init__.py", line 467, in wrapper
Aug 03 20:05:05.391186 n-d-845765-5 devstack@keystone.service[81099]: ERROR keystone.server.flask.application resp = resource(*args, **kwargs)
Aug 03 20:05:05.391186 n-d-845765-5 devstack@keystone.service[81099]: ERROR keystone.server.flask.application
File "/usr/local/lib/python3.8/dist-packages/flask/views.py", line 84, in view
Aug 03 20:05:05.391186 n-d-845765-5 devstack@keystone.service[81099]: ERROR keystone.server.flask.application return current_app.ensure_sync(self.dispatch_request)(*args, **kwargs)
Aug 03 20:05:05.391186 n-d-845765-5 devstack@keystone.service[81099]: ERROR keystone.server.flask.application
File "/usr/local/lib/python3.8/dist-packages/flask_restful/__init__.py", line 582, in dispatch_request
Aug 03 20:05:05.391186 n-d-845765-5 devstack@keystone.service[81099]: ERROR keystone.server.flask.application resp = meth(*args, **kwargs)
Aug 03 20:05:05.391186 n-d-845765-5 devstack@keystone.service[81099]: ERROR keystone.server.flask.application
File "/opt/stack/keystone/keystone/api/roles.py", line 50, in get
Aug 03 20:05:05.391186 n-d-845765-5 devstack@keystone.service[81099]: ERROR keystone.server.flask.application return self._get_role(role_id)
Aug 03 20:05:05.391186 n-d-845765-5 devstack@keystone.service[81099]: ERROR keystone.server.flask.application
File "/opt/stack/keystone/keystone/api/roles.py", line 70, in _get_role
