Jun 17 14:37:57.620031 n-d-845757-2 devstack@placement-api.service[105448]: DEBUG placement.objects.allocation_candidate [req-9405d597-814e-40f6-8d3d-996c64554eeb req-3fdc3518-83e4-42cb-bcea-bb8f50f4ba8d service placement] RequestGroup(use_same_provider=False, resources={DISK_GB:1, MEMORY_MB:1024, VCPU:1}, traits=(), aggregates=[]) (suffix '') returned 2 matches {{(pid=105448) _get_by_requests /opt/stack/placement/placement/objects/allocation_candidate.py:156}}
Jun 17 14:37:57.620967 n-d-845757-2 devstack@placement-api.service[105448]: DEBUG placement.objects.allocation_candidate [req-9405d597-814e-40f6-8d3d-996c64554eeb req-3fdc3518-83e4-42cb-bcea-bb8f50f4ba8d service placement] Merging candidates yields 2 allocation requests and 2 provider summaries {{(pid=105448) _merge_candidates /opt/stack/placement/placement/objects/allocation_candidate.py:809}}
Jun 17 14:37:57.622743 n-d-845757-2 devstack@placement-api.service[105448]: INFO placement.requestlog [req-9405d597-814e-40f6-8d3d-996c64554eeb req-3fdc3518-83e4-42cb-bcea-bb8f50f4ba8d service placement] 10.222.0.16 "GET /placement/allocation_candidates?limit=1000&resources=DISK_GB%3A1%2CMEMORY_MB%3A1024%2CVCPU%3A1&root_required=%21COMPUTE_STATUS_DISABLED" status: 200 len: 1309 microversion: 1.36
Jun 17 14:37:57.644251 n-d-845757-2 devstack@placement-api.service[105448]: [pid: 105448|app: 0|req: 430/864] 10.222.0.16 () {60 vars in 1506 bytes} [Fri Jun 17 14:37:57 2022] GET /placement/allocation_candidates?limit=1000&resources=DISK_GB%3A1%2CMEMORY_MB%3A1024%2CVCPU%3A1&root_required=%21COMPUTE_STATUS_DISABLED => generated 1309 bytes in 156 msecs (HTTP/1.1 200) 8 headers in 297 bytes (1 switches on core 0)
Jun 17 14:37:57.715595 n-d-845757-2 devstack@placement-api.service[105447]: DEBUG placement.requestlog [req-9405d597-814e-40f6-8d3d-996c64554eeb req-d32c8884-5631-4890-a37b-2c9e65c85281 None None] Starting request: 10.222.0.16 "GET /placement/allocations/e0f5f745-78a4-4ae5-aa82-07e9d4107f16" {{(pid=105447) __call__ /opt/stack/placement/placement/requestlog.py:55}}
Jun 17 14:37:57.734586 n-d-845757-2 devstack@placement-api.service[105447]: INFO placement.requestlog [req-9405d597-814e-40f6-8d3d-996c64554eeb req-d32c8884-5631-4890-a37b-2c9e65c85281 service placement] 10.222.0.16 "GET /placement/allocations/e0f5f745-78a4-4ae5-aa82-07e9d4107f16" status: 200 len: 19 microversion: 1.28
Jun 17 14:37:57.735229 n-d-845757-2 devstack@placement-api.service[105447]: [pid: 105447|app: 0|req: 435/865] 10.222.0.16 () {60 vars in 1380 bytes} [Fri Jun 17 14:37:57 2022] GET /placement/allocations/e0f5f745-78a4-4ae5-aa82-07e9d4107f16 => generated 19 bytes in 20 msecs (HTTP/1.1 200) 8 headers in 295 bytes (1 switches on core 0)
Jun 17 14:37:57.745991 n-d-845757-2 devstack@placement-api.service[105448]: DEBUG placement.requestlog [req-9405d597-814e-40f6-8d3d-996c64554eeb req-66d798d3-7670-4cc6-a94e-76e081fee29e None None] Starting request: 10.222.0.16 "PUT /placement/allocations/e0f5f745-78a4-4ae5-aa82-07e9d4107f16" {{(pid=105448) __call__ /opt/stack/placement/placement/requestlog.py:55}}
Jun 17 14:37:57.886333 n-d-845757-2 devstack@placement-api.service[105448]: DEBUG dbcounter [-] [105448] Writing DB stats placement:SELECT=78,placement:INSERT=13,placement:DELETE=5,placement:UPDATE=4 {{(pid=105448) stat_writer /usr/local/lib/python3.8/dist-packages/dbcounter.py:114}}
Jun 17 14:37:57.906073 n-d-845757-2 devstack@placement-api.service[105448]: DEBUG placement.handlers.allocation [req-9405d597-814e-40f6-8d3d-996c64554eeb req-66d798d3-7670-4cc6-a94e-76e081fee29e service placement] Successfully wrote allocations [, , ] {{(pid=105448) _update_consumers_and_create_allocations /opt/stack/placement/placement/handlers/allocation.py:462}}
Jun 17 14:37:57.920745 n-d-845757-2 devstack@placement-api.service[105448]: INFO placement.requestlog [req-9405d597-814e-40f6-8d3d-996c64554eeb req-66d798d3-7670-4cc6-a94e-76e081fee29e service placement] 10.222.0.16 "PUT /placement/allocations/e0f5f745-78a4-4ae5-aa82-07e9d4107f16" status: 204 len: 0 microversion: 1.36
Jun 17 14:37:57.921588 n-d-845757-2 devstack@placement-api.service[105448]: [pid: 105448|app: 0|req: 431/866] 10.222.0.16 () {64 vars in 1433 bytes} [Fri Jun 17 14:37:57 2022] PUT /placement/allocations/e0f5f745-78a4-4ae5-aa82-07e9d4107f16 => generated 0 bytes in 176 msecs (HTTP/1.1 204) 5 headers in 199 bytes (1 switches on core 0)
Jun 17 14:37:57.976182 n-d-845757-2 devstack@placement-api.service[105447]: DEBUG placement.requestlog [req-9405d597-814e-40f6-8d3d-996c64554eeb req-57511d9b-c44e-4774-82a0-95eb0b3b00f4 None None] Starting request: 10.222.0.16 "GET /placement/allocations/c2f92a17-eb5b-4c1c-bcb5-fb074d9b0513" {{(pid=105447) __call__ /opt/stack/placement/placement/requestlog.py:55}}
Jun 17 14:37:57.996103 n-d-845757-2 devstack@placement-api.service[105447]: INFO placement.requestlog [req-9405d597-814e-40f6-8d3d-996c64554eeb req-57511d9b-c44e-4774-82a0-95eb0b3b00f4 service placement] 10.222.0.16 "GET /placement/allocations/c2f92a17-eb5b-4c1c-bcb5-fb074d9b0513" status: 200 len: 19 microversion: 1.28
Jun 17 14:37:57.997274 n-d-845757-2 devstack@placement-api.service[105447]: [pid: 105447|app: 0|req: 436/867] 10.222.0.16 () {60 vars in 1380 bytes} [Fri Jun 17 14:37:57 2022] GET /placement/allocations/c2f92a17-eb5b-4c1c-bcb5-fb074d9b0513 => generated 19 bytes in 22 msecs (HTTP/1.1 200) 8 headers in 295 bytes (1 switches on core 0)
Jun 17 14:37:58.003653 n-d-845757-2 devstack@placement-api.service[105448]: DEBUG placement.requestlog [req-9405d597-814e-40f6-8d3d-996c64554eeb req-359102de-8712-4e77-a236-6afbc0c6da0b None None] Starting request: 10.222.0.16 "PUT /placement/allocations/c2f92a17-eb5b-4c1c-bcb5-fb074d9b0513" {{(pid=105448) __call__ /opt/stack/placement/placement/requestlog.py:55}}
Jun 17 14:37:58.149632 n-d-845757-2 devstack@placement-api.service[105448]: DEBUG placement.handlers.allocation [req-9405d597-814e-40f6-8d3d-996c64554eeb req-359102de-8712-4e77-a236-6afbc0c6da0b service placement] Successfully wrote allocations [, , ] {{(pid=105448) _update_consumers_and_create_allocations /opt/stack/placement/placement/handlers/allocation.py:462}}
Jun 17 14:37:58.161572 n-d-845757-2 devstack@placement-api.service[105448]: INFO placement.requestlog [req-9405d597-814e-40f6-8d3d-996c64554eeb req-359102de-8712-4e77-a236-6afbc0c6da0b service placement] 10.222.0.16 "PUT /placement/allocations/c2f92a17-eb5b-4c1c-bcb5-fb074d9b0513" status: 204 len: 0 microversion: 1.36
Jun 17 14:37:58.177093 n-d-845757-2 devstack@placement-api.service[105448]: [pid: 105448|app: 0|req: 432/868] 10.222.0.16 () {64 vars in 1433 bytes} [Fri Jun 17 14:37:58 2022] PUT /placement/allocations/c2f92a17-eb5b-4c1c-bcb5-fb074d9b0513 => generated 0 bytes in 159 msecs (HTTP/1.1 204) 5 headers in 199 bytes (1 switches on core 0)
Jun 17 14:37:58.194860 n-d-845757-2 devstack@placement-api.service[105447]: DEBUG placement.requestlog [req-9405d597-814e-40f6-8d3d-996c64554eeb req-00a66dd7-4527-4ca6-85a5-bc475d2a6713 None None] Starting request: 10.222.0.16 "GET /placement/allocations/d860b86b-af58-4c27-8d87-7ee69120632a" {{(pid=105447) __call__ /opt/stack/placement/placement/requestlog.py:55}}
Jun 17 14:37:58.219279 n-d-845757-2 devstack@placement-api.service[105447]: INFO placement.requestlog [req-9405d597-814e-40f6-8d3d-996c64554eeb req-00a66dd7-4527-4ca6-85a5-bc475d2a6713 service placement] 10.222.0.16 "GET /placement/allocations/d860b86b-af58-4c27-8d87-7ee69120632a" status: 200 len: 19 microversion: 1.28
Jun 17 14:37:58.221299 n-d-845757-2 devstack@placement-api.service[105447]: [pid: 105447|app: 0|req: 437/869] 10.222.0.16 () {60 vars in 1380 bytes} [Fri Jun 17 14:37:58 2022] GET /placement/allocations/d860b86b-af58-4c27-8d87-7ee69120632a => generated 19 bytes in 27 msecs (HTTP/1.1 200) 8 headers in 295 bytes (1 switches on core 0)
Jun 17 14:37:58.225728 n-d-845757-2 devstack@placement-api.service[105448]: DEBUG placement.requestlog [req-9405d597-814e-40f6-8d3d-996c64554eeb req-16b4d262-f920-4dbd-b76f-35888f164546 None None] Starting request: 10.222.0.16 "PUT /placement/allocations/d860b86b-af58-4c27-8d87-7ee69120632a" {{(pid=105448) __call__ /opt/stack/placement/placement/requestlog.py:55}}
Jun 17 14:37:58.367192 n-d-845757-2 devstack@placement-api.service[105448]: DEBUG placement.handlers.allocation [req-9405d597-814e-40f6-8d3d-996c64554eeb req-16b4d262-f920-4dbd-b76f-35888f164546 service placement] Successfully wrote allocations [, , ] {{(pid=105448) _update_consumers_and_create_allocations /opt/stack/placement/placement/handlers/allocation.py:462}}
Jun 17 14:37:58.376853 n-d-845757-2 devstack@placement-api.service[105448]: INFO placement.requestlog [req-9405d597-814e-40f6-8d3d-996c64554eeb req-16b4d262-f920-4dbd-b76f-35888f164546 service placement] 10.222.0.16 "PUT /placement/allocations/d860b86b-af58-4c27-8d87-7ee69120632a" status: 204 len: 0 microversion: 1.36
Jun 17 14:37:58.377407 n-d-845757-2 devstack@placement-api.service[105448]: [pid: 105448|app: 0|req: 433/870] 10.222.0.16 () {64 vars in 1433 bytes} [Fri Jun 17 14:37:58 2022] PUT /placement/allocations/d860b86b-af58-4c27-8d87-7ee69120632a => generated 0 bytes in 152 msecs (HTTP/1.1 204) 5 headers in 199 bytes (1 switches on core 0)
Jun 17 14:37:59.425998 n-d-845757-2 devstack@placement-api.service[105447]: DEBUG placement.requestlog [req-9405d597-814e-40f6-8d3d-996c64554eeb req-bc950bb8-3cec-4ef0-8a4f-ad474cfa886b None None] Starting request: 10.222.0.50 "GET /placement/allocations/e0f5f745-78a4-4ae5-aa82-07e9d4107f16" {{(pid=105447) __call__ /opt/stack/placement/placement/requestlog.py:55}}
Jun 17 14:37:59.665887 n-d-845757-2 devstack@placement-api.service[105448]: DEBUG placement.requestlog [req-9405d597-814e-40f6-8d3d-996c64554eeb req-449739c6-4f66-4069-b80c-a78dd06c8bbc None None] Starting request: 10.222.0.50 "GET /placement/allocations/c2f92a17-eb5b-4c1c-bcb5-fb074d9b0513" {{(pid=105448) __call__ /opt/stack/placement/placement/requestlog.py:55}}
Jun 17 14:37:59.810585 n-d-845757-2 devstack@placement-api.service[105448]: INFO placement.requestlog [req-9405d597-814e-40f6-8d3d-996c64554eeb req-449739c6-4f66-4069-b80c-a78dd06c8bbc service placement] 10.222.0.50 "GET /placement/allocations/c2f92a17-eb5b-4c1c-bcb5-fb074d9b0513" status: 200 len: 259 microversion: 1.28
Jun 17 14:37:59.811219 n-d-845757-2 devstack@placement-api.service[105448]: [pid: 105448|app: 0|req: 434/871] 10.222.0.50 () {60 vars in 1377 bytes} [Fri Jun 17 14:37:59 2022] GET /placement/allocations/c2f92a17-eb5b-4c1c-bcb5-fb074d9b0513 => generated 259 bytes in 146 msecs (HTTP/1.1 200) 8 headers in 296 bytes (2 switches on core 0)
Jun 17 14:37:59.812024 n-d-845757-2 devstack@placement-api.service[105448]: DEBUG placement.requestlog [req-9405d597-814e-40f6-8d3d-996c64554eeb req-7df2b281-ae71-4169-8ab7-ec52e5c2a90c None None] Starting request: 10.222.0.52 "GET /placement/allocations/d860b86b-af58-4c27-8d87-7ee69120632a" {{(pid=105448) __call__ /opt/stack/placement/placement/requestlog.py:55}}
Jun 17 14:37:59.884238 n-d-845757-2 devstack@placement-api.service[105447]: INFO placement.requestlog [req-9405d597-814e-40f6-8d3d-996c64554eeb req-bc950bb8-3cec-4ef0-8a4f-ad474cfa886b service placement] 10.222.0.50 "GET /placement/allocations/e0f5f745-78a4-4ae5-aa82-07e9d4107f16" status: 200 len: 259 microversion: 1.28
Jun 17 14:37:59.884602 n-d-845757-2 devstack@placement-api.service[105447]: [pid: 105447|app: 0|req: 438/872] 10.222.0.50 () {60 vars in 1377 bytes} [Fri Jun 17 14:37:59 2022] GET /placement/allocations/e0f5f745-78a4-4ae5-aa82-07e9d4107f16 => generated 259 bytes in 459 msecs (HTTP/1.1 200) 8 headers in 296 bytes (1 switches on core 0)
Jun 17 14:37:59.896890 n-d-845757-2 devstack@placement-api.service[105448]: INFO placement.requestlog [req-9405d597-814e-40f6-8d3d-996c64554eeb req-7df2b281-ae71-4169-8ab7-ec52e5c2a90c service placement] 10.222.0.52 "GET /placement/allocations/d860b86b-af58-4c27-8d87-7ee69120632a" status: 200 len: 259 microversion: 1.28
Jun 17 14:37:59.897338 n-d-845757-2 devstack@placement-api.service[105448]: [pid: 105448|app: 0|req: 435/873] 10.222.0.52 () {60 vars in 1377 bytes} [Fri Jun 17 14:37:59 2022] GET /placement/allocations/d860b86b-af58-4c27-8d87-7ee69120632a => generated 259 bytes in 85 msecs (HTTP/1.1 200) 8 headers in 296 bytes (1 switches on core 0)
Jun 17 14:38:00.196528 n-d-845757-2 devstack@placement-api.service[105448]: DEBUG placement.requestlog [req-9405d597-814e-40f6-8d3d-996c64554eeb req-a251bf5c-eed7-4bad-886c-7672408b476a None None] Starting request: 10.222.0.50 "GET /placement/resource_providers?in_tree=650cf546-2918-4bbc-b674-61252f764614" {{(pid=105448) __call__ /opt/stack/placement/placement/requestlog.py:55}}
Jun 17 14:38:00.212488 n-d-845757-2 devstack@placement-api.service[105447]: DEBUG placement.requestlog [req-9405d597-814e-40f6-8d3d-996c64554eeb req-473e8ede-fcee-4ddf-8e54-16f13a8c9f2c None None] Starting request: 10.222.0.50 "GET /placement/resource_providers?in_tree=650cf546-2918-4bbc-b674-61252f764614" {{(pid=105447) __call__ /opt/stack/placement/placement/requestlog.py:55}}
Jun 17 14:38:00.236478 n-d-845757-2 devstack@placement-api.service[105448]: INFO placement.requestlog [req-9405d597-814e-40f6-8d3d-996c64554eeb req-a251bf5c-eed7-4bad-886c-7672408b476a service placement] 10.222.0.50 "GET /placement/resource_providers?in_tree=650cf546-2918-4bbc-b674-61252f764614" status: 200 len: 863 microversion: 1.14
Jun 17 14:38:00.238648 n-d-845757-2 devstack@placement-api.service[105448]: [pid: 105448|app: 0|req: 436/874] 10.222.0.50 () {60 vars in 1376 bytes} [Fri Jun 17 14:38:00 2022] GET /placement/resource_providers?in_tree=650cf546-2918-4bbc-b674-61252f764614 => generated 863 bytes in 42 msecs (HTTP/1.1 200) 6 headers in 225 bytes (1 switches on core 0)
Jun 17 14:38:00.239648 n-d-845757-2 devstack@placement-api.service[105447]: INFO placement.requestlog [req-9405d597-814e-40f6-8d3d-996c64554eeb req-473e8ede-fcee-4ddf-8e54-16f13a8c9f2c service placement] 10.222.0.50 "GET /placement/resource_providers?in_tree=650cf546-2918-4bbc-b674-61252f764614" status: 200 len: 863 microversion: 1.14
Jun 17 14:38:00.241094 n-d-845757-2 devstack@placement-api.service[105447]: [pid: 105447|app: 0|req: 439/875] 10.222.0.50 () {60 vars in 1376 bytes} [Fri Jun 17 14:38:00 2022] GET /placement/resource_providers?in_tree=650cf546-2918-4bbc-b674-61252f764614 => generated 863 bytes in 28 msecs (HTTP/1.1 200) 6 headers in 225 bytes (1 switches on core 0)
Jun 17 14:38:00.262310 n-d-845757-2 devstack@placement-api.service[105448]: DEBUG placement.requestlog [req-9405d597-814e-40f6-8d3d-996c64554eeb req-fc5a56c2-72ce-482f-a4bd-091735ab1d01 None None] Starting request: 10.222.0.50 "GET /placement/resource_providers/650cf546-2918-4bbc-b674-61252f764614/inventories" {{(pid=105448) __call__ /opt/stack/placement/placement/requestlog.py:55}}
Jun 17 14:38:00.263688 n-d-845757-2 devstack@placement-api.service[105447]: DEBUG placement.requestlog [req-9405d597-814e-40f6-8d3d-996c64554eeb req-97f4f238-96a1-4d5f-b7a5-9aa1156ae75e None None] Starting request: 10.222.0.50 "GET /placement/resource_providers/650cf546-2918-4bbc-b674-61252f764614/inventories" {{(pid=105447) __call__ /opt/stack/placement/placement/requestlog.py:55}}
Jun 17 14:38:00.314197 n-d-845757-2 devstack@placement-api.service[105447]: INFO placement.requestlog [req-9405d597-814e-40f6-8d3d-996c64554eeb req-97f4f238-96a1-4d5f-b7a5-9aa1156ae75e service placement] 10.222.0.50 "GET /placement/resource_providers/650cf546-2918-4bbc-b674-61252f764614/inventories" status: 200 len: 398 microversion: 1.0
Jun 17 14:38:00.316093 n-d-845757-2 devstack@placement-api.service[105448]: INFO placement.requestlog [req-9405d597-814e-40f6-8d3d-996c64554eeb req-fc5a56c2-72ce-482f-a4bd-091735ab1d01 service placement] 10.222.0.50 "GET /placement/resource_providers/650cf546-2918-4bbc-b674-61252f764614/inventories" status: 200 len: 398 microversion: 1.0
Jun 17 14:38:00.316560 n-d-845757-2 devstack@placement-api.service[105447]: [pid: 105447|app: 0|req: 440/876] 10.222.0.50 () {58 vars in 1390 bytes} [Fri Jun 17 14:38:00 2022] GET /placement/resource_providers/650cf546-2918-4bbc-b674-61252f764614/inventories => generated 398 bytes in 53 msecs (HTTP/1.1 200) 6 headers in 224 bytes (1 switches on core 0)
Jun 17 14:38:00.317674 n-d-845757-2 devstack@placement-api.service[105448]: [pid: 105448|app: 0|req: 437/877] 10.222.0.50 () {58 vars in 1390 bytes} [Fri Jun 17 14:38:00 2022] GET /placement/resource_providers/650cf546-2918-4bbc-b674-61252f764614/inventories => generated 398 bytes in 56 msecs (HTTP/1.1 200) 6 headers in 224 bytes (1 switches on core 0)
Jun 17 14:38:00.362558 n-d-845757-2 devstack@placement-api.service[105447]: DEBUG placement.requestlog [req-9405d597-814e-40f6-8d3d-996c64554eeb req-4fc5f615-9fae-4bea-8b11-1320d61d7565 None None] Starting request: 10.222.0.50 "GET /placement/resource_providers/650cf546-2918-4bbc-b674-61252f764614/aggregates" {{(pid=105447) __call__ /opt/stack/placement/placement/requestlog.py:55}}
Jun 17 14:38:00.363735 n-d-845757-2 devstack@placement-api.service[105448]: DEBUG placement.requestlog [req-9405d597-814e-40f6-8d3d-996c64554eeb req-6d9d9136-9a7c-41cc-a0f0-fd9d6f1e8361 None None] Starting request: 10.222.0.50 "GET /placement/resource_providers/650cf546-2918-4bbc-b674-61252f764614/aggregates" {{(pid=105448) __call__ /opt/stack/placement/placement/requestlog.py:55}}
Jun 17 14:38:00.412918 n-d-845757-2 devstack@placement-api.service[105448]: INFO placement.requestlog [req-9405d597-814e-40f6-8d3d-996c64554eeb req-6d9d9136-9a7c-41cc-a0f0-fd9d6f1e8361 service placement] 10.222.0.50 "GET /placement/resource_providers/650cf546-2918-4bbc-b674-61252f764614/aggregates" status: 200 len: 54 microversion: 1.19
Jun 17 14:38:00.418201 n-d-845757-2 devstack@placement-api.service[105448]: [pid: 105448|app: 0|req: 438/878] 10.222.0.50 () {60 vars in 1431 bytes} [Fri Jun 17 14:38:00 2022] GET /placement/resource_providers/650cf546-2918-4bbc-b674-61252f764614/aggregates => generated 54 bytes in 56 msecs (HTTP/1.1 200) 8 headers in 295 bytes (1 switches on core 0)
Jun 17 14:38:00.421563 n-d-845757-2 devstack@placement-api.service[105447]: INFO placement.requestlog [req-9405d597-814e-40f6-8d3d-996c64554eeb req-4fc5f615-9fae-4bea-8b11-1320d61d7565 service placement] 10.222.0.50 "GET /placement/resource_providers/650cf546-2918-4bbc-b674-61252f764614/aggregates" status: 200 len: 54 microversion: 1.19
Jun 17 14:38:00.422500 n-d-845757-2 devstack@placement-api.service[105447]: [pid: 105447|app: 0|req: 441/879] 10.222.0.50 () {60 vars in 1431 bytes} [Fri Jun 17 14:38:00 2022] GET /placement/resource_providers/650cf546-2918-4bbc-b674-61252f764614/aggregates => generated 54 bytes in 61 msecs (HTTP/1.1 200) 8 headers in 295 bytes (1 switches on core 0)
Jun 17 14:38:00.450159 n-d-845757-2 devstack@placement-api.service[105448]: DEBUG placement.requestlog [req-9405d597-814e-40f6-8d3d-996c64554eeb req-2f0579e5-4222-4a5c-a61f-1cc96f5a6956 None None] Starting request: 10.222.0.50 "GET /placement/resource_providers/650cf546-2918-4bbc-b674-61252f764614/traits" {{(pid=105448) __call__ /opt/stack/placement/placement/requestlog.py:55}}
Jun 17 14:38:00.451173 n-d-845757-2 devstack@placement-api.service[105447]: DEBUG placement.requestlog [req-9405d597-814e-40f6-8d3d-996c64554eeb req-9f0f71bd-a8a9-4a51-81ca-57319ff055fc None None] Starting request: 10.222.0.50 "GET /placement/resource_providers/650cf546-2918-4bbc-b674-61252f764614/traits" {{(pid=105447) __call__ /opt/stack/placement/placement/requestlog.py:55}}
Jun 17 14:38:00.539101 n-d-845757-2 devstack@placement-api.service[105447]: INFO placement.requestlog [req-9405d597-814e-40f6-8d3d-996c64554eeb req-9f0f71bd-a8a9-4a51-81ca-57319ff055fc service placement] 10.222.0.50 "GET /placement/resource_providers/650cf546-2918-4bbc-b674-61252f764614/traits" status: 200 len: 212 microversion: 1.6
Jun 17 14:38:00.541728 n-d-845757-2 devstack@placement-api.service[105448]: INFO placement.requestlog [req-9405d597-814e-40f6-8d3d-996c64554eeb req-2f0579e5-4222-4a5c-a61f-1cc96f5a6956 service placement] 10.222.0.50 "GET /placement/resource_providers/650cf546-2918-4bbc-b674-61252f764614/traits" status: 200 len: 212 microversion: 1.6
Jun 17 14:38:00.542830 n-d-845757-2 devstack@placement-api.service[105447]: [pid: 105447|app: 0|req: 442/880] 10.222.0.50 () {60 vars in 1418 bytes} [Fri Jun 17 14:38:00 2022] GET /placement/resource_providers/650cf546-2918-4bbc-b674-61252f764614/traits => generated 212 bytes in 91 msecs (HTTP/1.1 200) 6 headers in 224 bytes (1 switches on core 0)
Jun 17 14:38:00.549502 n-d-845757-2 devstack@placement-api.service[105448]: [pid: 105448|app: 0|req: 439/881] 10.222.0.50 () {60 vars in 1418 bytes} [Fri Jun 17 14:38:00 2022] GET /placement/resource_providers/650cf546-2918-4bbc-b674-61252f764614/traits => generated 212 bytes in 99 msecs (HTTP/1.1 200) 6 headers in 224 bytes (1 switches on core 0)
Jun 17 14:38:01.699458 n-d-845757-2 devstack@placement-api.service[105447]: DEBUG placement.requestlog [req-44dc4fb5-380b-462e-b103-34a5a6b96e07 req-054acb25-52d3-4358-8c0c-9e6b877a9cee None None] Starting request: 10.222.0.50 "GET /placement/resource_providers/650cf546-2918-4bbc-b674-61252f764614/allocations" {{(pid=105447) __call__ /opt/stack/placement/placement/requestlog.py:55}}
Jun 17 14:38:01.741181 n-d-845757-2 devstack@placement-api.service[105447]: INFO placement.requestlog [req-44dc4fb5-380b-462e-b103-34a5a6b96e07 req-054acb25-52d3-4358-8c0c-9e6b877a9cee service placement] 10.222.0.50 "GET /placement/resource_providers/650cf546-2918-4bbc-b674-61252f764614/allocations" status: 200 len: 356 microversion: 1.0
Jun 17 14:38:01.741895 n-d-845757-2 devstack@placement-api.service[105447]: [pid: 105447|app: 0|req: 443/882] 10.222.0.50 () {58 vars in 1390 bytes} [Fri Jun 17 14:38:01 2022] GET /placement/resource_providers/650cf546-2918-4bbc-b674-61252f764614/allocations => generated 356 bytes in 43 msecs (HTTP/1.1 200) 6 headers in 224 bytes (1 switches on core 0)
Jun 17 14:38:10.495695 n-d-845757-2 devstack@placement-api.service[105448]: DEBUG dbcounter [-] [105448] Writing DB stats placement:INSERT=11,placement:UPDATE=6,placement:SELECT=53,placement:DELETE=5 {{(pid=105448) stat_writer /usr/local/lib/python3.8/dist-packages/dbcounter.py:114}}
Jun 17 14:38:11.738557 n-d-845757-2 devstack@placement-api.service[105447]: DEBUG dbcounter [-] [105447] Writing DB stats placement:SELECT=89,placement:INSERT=4,placement:DELETE=4,placement:UPDATE=2 {{(pid=105447) stat_writer /usr/local/lib/python3.8/dist-packages/dbcounter.py:114}}
Jun 17 14:38:11.977708 n-d-845757-2 devstack@placement-api.service[105448]: DEBUG placement.requestlog [req-50bfa0eb-55c7-4c25-aa01-05db78adc403 req-c5e3a0b8-bfc4-4139-ab7f-2af3dc43c00f None None] Starting request: 10.222.0.16 "GET /placement/allocation_candidates?resources=DISK_GB%3A1%2CMEMORY_MB%3A1024%2CVCPU%3A1&root_required=%21COMPUTE_STATUS_DISABLED" {{(pid=105448) __call__ /opt/stack/placement/placement/requestlog.py:55}}
Jun 17 14:38:12.087197 n-d-845757-2 devstack@placement-api.service[105448]: DEBUG placement.objects.research_context [req-50bfa0eb-55c7-4c25-aa01-05db78adc403 req-c5e3a0b8-bfc4-4139-ab7f-2af3dc43c00f service placement] getting providers with 1 DISK_GB {{(pid=105448) __init__ /opt/stack/placement/placement/objects/research_context.py:136}}
Jun 17 14:38:12.117679 n-d-845757-2 devstack@placement-api.service[105448]: DEBUG placement.objects.research_context [req-50bfa0eb-55c7-4c25-aa01-05db78adc403 req-c5e3a0b8-bfc4-4139-ab7f-2af3dc43c00f service placement] getting providers with 1024 MEMORY_MB {{(pid=105448) __init__ /opt/stack/placement/placement/objects/research_context.py:136}}
Jun 17 14:38:12.136667 n-d-845757-2 devstack@placement-api.service[105448]: DEBUG placement.objects.research_context [req-50bfa0eb-55c7-4c25-aa01-05db78adc403 req-c5e3a0b8-bfc4-4139-ab7f-2af3dc43c00f service placement] getting providers with 1 VCPU {{(pid=105448) __init__ /opt/stack/placement/placement/objects/research_context.py:136}}
Jun 17 14:38:12.155096 n-d-845757-2 devstack@placement-api.service[105448]: DEBUG placement.objects.research_context [req-50bfa0eb-55c7-4c25-aa01-05db78adc403 req-c5e3a0b8-bfc4-4139-ab7f-2af3dc43c00f service placement] found 2 providers with available 1 DISK_GB {{(pid=105448) get_provider_ids_matching /opt/stack/placement/placement/objects/research_context.py:563}}
Jun 17 14:38:12.155757 n-d-845757-2 devstack@placement-api.service[105448]: DEBUG placement.objects.research_context [req-50bfa0eb-55c7-4c25-aa01-05db78adc403 req-c5e3a0b8-bfc4-4139-ab7f-2af3dc43c00f service placement] found 2 providers with available 1024 MEMORY_MB {{(pid=105448) get_provider_ids_matching /opt/stack/placement/placement/objects/research_context.py:563}}
Jun 17 14:38:12.156499 n-d-845757-2 devstack@placement-api.service[105448]: DEBUG placement.objects.research_context [req-50bfa0eb-55c7-4c25-aa01-05db78adc403 req-c5e3a0b8-bfc4-4139-ab7f-2af3dc43c00f service placement] found 2 providers after filtering by previous result {{(pid=105448) get_provider_ids_matching /opt/stack/placement/placement/objects/research_context.py:594}}
Jun 17 14:38:12.157189 n-d-845757-2 devstack@placement-api.service[105448]: DEBUG placement.objects.research_context [req-50bfa0eb-55c7-4c25-aa01-05db78adc403 req-c5e3a0b8-bfc4-4139-ab7f-2af3dc43c00f service placement] found 2 providers with available 1 VCPU {{(pid=105448) get_provider_ids_matching /opt/stack/placement/placement/objects/research_context.py:563}}
Jun 17 14:38:12.157832 n-d-845757-2 devstack@placement-api.service[105448]: DEBUG placement.objects.research_context [req-50bfa0eb-55c7-4c25-aa01-05db78adc403 req-c5e3a0b8-bfc4-4139-ab7f-2af3dc43c00f service placement] found 2 providers after filtering by previous result {{(pid=105448) get_provider_ids_matching /opt/stack/placement/placement/objects/research_context.py:594}}
Jun 17 14:38:12.188784 n-d-845757-2 devstack@placement-api.service[105448]: DEBUG placement.objects.allocation_candidate [req-50bfa0eb-55c7-4c25-aa01-05db78adc403 req-c5e3a0b8-bfc4-4139-ab7f-2af3dc43c00f service placement] RequestGroup(use_same_provider=False, resources={DISK_GB:1, MEMORY_MB:1024, VCPU:1}, traits=(), aggregates=[]) (suffix '') returned 2 matches {{(pid=105448) _get_by_requests /opt/stack/placement/placement/objects/allocation_candidate.py:156}}
Jun 17 14:38:12.189563 n-d-845757-2 devstack@placement-api.service[105448]: DEBUG placement.objects.allocation_candidate [req-50bfa0eb-55c7-4c25-aa01-05db78adc403 req-c5e3a0b8-bfc4-4139-ab7f-2af3dc43c00f service placement] Merging candidates yields 2 allocation requests and 2 provider summaries {{(pid=105448) _merge_candidates /opt/stack/placement/placement/objects/allocation_candidate.py:809}}
Jun 17 14:38:12.193465 n-d-845757-2 devstack@placement-api.service[105448]: INFO placement.requestlog [req-50bfa0eb-55c7-4c25-aa01-05db78adc403 req-c5e3a0b8-bfc4-4139-ab7f-2af3dc43c00f service placement] 10.222.0.16 "GET /placement/allocation_candidates?resources=DISK_GB%3A1%2CMEMORY_MB%3A1024%2CVCPU%3A1&root_required=%21COMPUTE_STATUS_DISABLED" status: 200 len: 1309 microversion: 1.36
Jun 17 14:38:12.201750 n-d-845757-2 devstack@placement-api.service[105448]: [pid: 105448|app: 0|req: 440/883] 10.222.0.16 () {60 vars in 1484 bytes} [Fri Jun 17 14:38:11 2022] GET /placement/allocation_candidates?resources=DISK_GB%3A1%2CMEMORY_MB%3A1024%2CVCPU%3A1&root_required=%21COMPUTE_STATUS_DISABLED => generated 1309 bytes in 224 msecs (HTTP/1.1 200) 8 headers in 297 bytes (1 switches on core 0)
Jun 17 14:38:12.308398 n-d-845757-2 devstack@placement-api.service[105447]: DEBUG placement.requestlog [req-50bfa0eb-55c7-4c25-aa01-05db78adc403 req-a755a8af-5228-4f57-bf24-8edc06fdb936 None None] Starting request: 10.222.0.16 "GET /placement/allocations/a354ca17-c6b2-42e2-b17b-f0cd40255da3" {{(pid=105447) __call__ /opt/stack/placement/placement/requestlog.py:55}}
Jun 17 14:38:12.330466 n-d-845757-2 devstack@placement-api.service[105447]: INFO placement.requestlog [req-50bfa0eb-55c7-4c25-aa01-05db78adc403 req-a755a8af-5228-4f57-bf24-8edc06fdb936 service placement] 10.222.0.16 "GET /placement/allocations/a354ca17-c6b2-42e2-b17b-f0cd40255da3" status: 200 len: 19 microversion: 1.28
Jun 17 14:38:12.338356 n-d-845757-2 devstack@placement-api.service[105447]: [pid: 105447|app: 0|req: 444/884] 10.222.0.16 () {60 vars in 1380 bytes} [Fri Jun 17 14:38:12 2022] GET /placement/allocations/a354ca17-c6b2-42e2-b17b-f0cd40255da3 => generated 19 bytes in 32 msecs (HTTP/1.1 200) 8 headers in 295 bytes (1 switches on core 0)
Jun 17 14:38:12.340618 n-d-845757-2 devstack@placement-api.service[105448]: DEBUG placement.requestlog [req-50bfa0eb-55c7-4c25-aa01-05db78adc403 req-fc265871-f097-4dd7-8c6b-e985971d586f None None] Starting request: 10.222.0.16 "PUT /placement/allocations/a354ca17-c6b2-42e2-b17b-f0cd40255da3" {{(pid=105448) __call__ /opt/stack/placement/placement/requestlog.py:55}}
Jun 17 14:38:12.534713 n-d-845757-2 devstack@placement-api.service[105448]: DEBUG placement.handlers.allocation [req-50bfa0eb-55c7-4c25-aa01-05db78adc403 req-fc265871-f097-4dd7-8c6b-e985971d586f service placement] Successfully wrote allocations [, , ] {{(pid=105448) _update_consumers_and_create_allocations /opt/stack/placement/placement/handlers/allocation.py:462}}
Jun 17 14:38:12.549288 n-d-845757-2 devstack@placement-api.service[105448]: INFO placement.requestlog [req-50bfa0eb-55c7-4c25-aa01-05db78adc403 req-fc265871-f097-4dd7-8c6b-e985971d586f service placement] 10.222.0.16 "PUT /placement/allocations/a354ca17-c6b2-42e2-b17b-f0cd40255da3" status: 204 len: 0 microversion: 1.36
Jun 17 14:38:12.553612 n-d-845757-2 devstack@placement-api.service[105448]: [pid: 105448|app: 0|req: 441/885] 10.222.0.16 () {64 vars in 1433 bytes} [Fri Jun 17 14:38:12 2022] PUT /placement/allocations/a354ca17-c6b2-42e2-b17b-f0cd40255da3 => generated 0 bytes in 211 msecs (HTTP/1.1 204) 5 headers in 199 bytes (2 switches on core 0)
Jun 17 14:38:12.907754 n-d-845757-2 devstack@placement-api.service[105447]: DEBUG placement.requestlog [None req-06643e98-9bc2-4fb5-917b-aa9074fa4965 None None] Starting request: 10.222.0.16 "GET /placement/resource_providers/ba69de35-0ed9-4f1e-a564-18ae7e5d91b1/aggregates" {{(pid=105447) __call__ /opt/stack/placement/placement/requestlog.py:55}}
Jun 17 14:38:12.931137 n-d-845757-2 devstack@placement-api.service[105447]: INFO placement.requestlog [None req-06643e98-9bc2-4fb5-917b-aa9074fa4965 service placement] 10.222.0.16 "GET /placement/resource_providers/ba69de35-0ed9-4f1e-a564-18ae7e5d91b1/aggregates" status: 404 len: 235 microversion: 1.1
Jun 17 14:38:12.932924 n-d-845757-2 devstack@placement-api.service[105447]: [pid: 105447|app: 0|req: 445/886] 10.222.0.16 () {58 vars in 1362 bytes} [Fri Jun 17 14:38:12 2022] GET /placement/resource_providers/ba69de35-0ed9-4f1e-a564-18ae7e5d91b1/aggregates => generated 235 bytes in 26 msecs (HTTP/1.1 404) 5 headers in 202 bytes (1 switches on core 0)
Jun 17 14:38:13.252077 n-d-845757-2 devstack@placement-api.service[105448]: DEBUG placement.requestlog [req-50bfa0eb-55c7-4c25-aa01-05db78adc403 req-08fcf4fc-6bab-43e4-89ba-8e7061fbdbd2 None None] Starting request: 10.222.0.50 "GET /placement/allocations/a354ca17-c6b2-42e2-b17b-f0cd40255da3" {{(pid=105448) __call__ /opt/stack/placement/placement/requestlog.py:55}}
Jun 17 14:38:13.288007 n-d-845757-2 devstack@placement-api.service[105448]: INFO placement.requestlog [req-50bfa0eb-55c7-4c25-aa01-05db78adc403 req-08fcf4fc-6bab-43e4-89ba-8e7061fbdbd2 service placement] 10.222.0.50 "GET /placement/allocations/a354ca17-c6b2-42e2-b17b-f0cd40255da3" status: 200 len: 259 microversion: 1.28
Jun 17 14:38:13.291759 n-d-845757-2 devstack@placement-api.service[105448]: [pid: 105448|app: 0|req: 442/887] 10.222.0.50 () {60 vars in 1377 bytes} [Fri Jun 17 14:38:13 2022] GET /placement/allocations/a354ca17-c6b2-42e2-b17b-f0cd40255da3 => generated 259 bytes in 41 msecs (HTTP/1.1 200) 8 headers in 296 bytes (1 switches on core 0)
Jun 17 14:38:13.334513 n-d-845757-2 devstack@placement-api.service[105447]: DEBUG placement.requestlog [None req-d01596dd-c09f-42d3-83a4-9056d7d2e1ba None None] Starting request: 10.222.0.16 "DELETE /placement/resource_providers/ba69de35-0ed9-4f1e-a564-18ae7e5d91b1" {{(pid=105447) __call__ /opt/stack/placement/placement/requestlog.py:55}}
Jun 17 14:38:13.371903 n-d-845757-2 devstack@placement-api.service[105447]: DEBUG placement.wsgi_wrapper [None req-d01596dd-c09f-42d3-83a4-9056d7d2e1ba service placement] Placement API returning an error response: No resource provider with uuid ba69de35-0ed9-4f1e-a564-18ae7e5d91b1 found for delete {{(pid=105447) call_func /opt/stack/placement/placement/wsgi_wrapper.py:31}}
Jun 17 14:38:13.374918 n-d-845757-2 devstack@placement-api.service[105447]: INFO placement.requestlog [None req-d01596dd-c09f-42d3-83a4-9056d7d2e1ba service placement] 10.222.0.16 "DELETE /placement/resource_providers/ba69de35-0ed9-4f1e-a564-18ae7e5d91b1" status: 404 len: 246 microversion: 1.1
Jun 17 14:38:13.377092 n-d-845757-2 devstack@placement-api.service[105447]: [pid: 105447|app: 0|req: 446/888] 10.222.0.16 () {60 vars in 1351 bytes} [Fri Jun 17 14:38:13 2022] DELETE /placement/resource_providers/ba69de35-0ed9-4f1e-a564-18ae7e5d91b1 => generated 246 bytes in 45 msecs (HTTP/1.1 404) 6 headers in 231 bytes (1 switches on core 0)
Jun 17 14:38:15.722240 n-d-845757-2 devstack@placement-api.service[105448]: DEBUG placement.requestlog [None req-adff40d5-c179-43da-98b6-abba3499f36a None None] Starting request: 10.222.0.16 "GET /placement/resource_providers/06ac8510-12e4-46ba-9ef8-3b0e00f2d86c/aggregates" {{(pid=105448) __call__ /opt/stack/placement/placement/requestlog.py:55}}
Jun 17 14:38:15.744081 n-d-845757-2 devstack@placement-api.service[105448]: INFO placement.requestlog [None req-adff40d5-c179-43da-98b6-abba3499f36a service placement] 10.222.0.16 "GET /placement/resource_providers/06ac8510-12e4-46ba-9ef8-3b0e00f2d86c/aggregates" status: 404 len: 235 microversion: 1.1
Jun 17 14:38:15.746585 n-d-845757-2 devstack@placement-api.service[105448]: [pid: 105448|app: 0|req: 443/889] 10.222.0.16 () {58 vars in 1362 bytes} [Fri Jun 17 14:38:15 2022] GET /placement/resource_providers/06ac8510-12e4-46ba-9ef8-3b0e00f2d86c/aggregates => generated 235 bytes in 23 msecs (HTTP/1.1 404) 5 headers in 202 bytes (1 switches on core 0)
Jun 17 14:38:15.893079 n-d-845757-2 devstack@placement-api.service[105447]: DEBUG placement.requestlog [None req-1d83be50-7e70-408c-9847-92c6eabd5d64 None None] Starting request: 10.222.0.16 "DELETE /placement/resource_providers/06ac8510-12e4-46ba-9ef8-3b0e00f2d86c" {{(pid=105447) __call__ /opt/stack/placement/placement/requestlog.py:55}}
Jun 17 14:38:15.916297 n-d-845757-2 devstack@placement-api.service[105447]: DEBUG placement.wsgi_wrapper [None req-1d83be50-7e70-408c-9847-92c6eabd5d64 service placement] Placement API returning an error response: No resource provider with uuid 06ac8510-12e4-46ba-9ef8-3b0e00f2d86c found for delete {{(pid=105447) call_func /opt/stack/placement/placement/wsgi_wrapper.py:31}}
Jun 17 14:38:15.917499 n-d-845757-2 devstack@placement-api.service[105447]: INFO placement.requestlog [None req-1d83be50-7e70-408c-9847-92c6eabd5d64 service placement] 10.222.0.16 "DELETE /placement/resource_providers/06ac8510-12e4-46ba-9ef8-3b0e00f2d86c" status: 404 len: 246 microversion: 1.1
Jun 17 14:38:15.921821 n-d-845757-2 devstack@placement-api.service[105447]: [pid: 105447|app: 0|req: 447/890] 10.222.0.16 () {60 vars in 1351 bytes} [Fri Jun 17 14:38:15 2022] DELETE /placement/resource_providers/06ac8510-12e4-46ba-9ef8-3b0e00f2d86c => generated 246 bytes in 29 msecs (HTTP/1.1 404) 6 headers in 231 bytes (1 switches on core 0)
Jun 17 14:38:25.735910 n-d-845757-2 devstack@placement-api.service[105448]: DEBUG dbcounter [-] [105448] Writing DB stats placement:SELECT=31,placement:INSERT=4,placement:DELETE=2,placement:UPDATE=2 {{(pid=105448) stat_writer /usr/local/lib/python3.8/dist-packages/dbcounter.py:114}}
Jun 17 14:38:25.909267 n-d-845757-2 devstack@placement-api.service[105447]: DEBUG dbcounter [-] [105447] Writing DB stats placement:SELECT=8 {{(pid=105447) stat_writer /usr/local/lib/python3.8/dist-packages/dbcounter.py:114}}
Jun 17 14:38:35.959873 n-d-845757-2 devstack@placement-api.service[105448]: DEBUG placement.requestlog [req-cb701d3c-2405-4981-9cfb-b35418c0a57f req-3e7d60da-57c7-40aa-b888-1cb74d746c8a None None] Starting request: 10.222.0.52 "GET /placement/resource_providers/b41e3c22-d3cf-481c-ba1d-0c08c9ea5a22/allocations" {{(pid=105448) __call__ /opt/stack/placement/placement/requestlog.py:55}}
Jun 17 14:38:36.010381 n-d-845757-2 devstack@placement-api.service[105448]: INFO placement.requestlog [req-cb701d3c-2405-4981-9cfb-b35418c0a57f req-3e7d60da-57c7-40aa-b888-1cb74d746c8a service placement] 10.222.0.52 "GET /placement/resource_providers/b41e3c22-d3cf-481c-ba1d-0c08c9ea5a22/allocations" status: 200 len: 457 microversion: 1.0
Jun 17 14:38:36.035006 n-d-845757-2 devstack@placement-api.service[105448]: [pid: 105448|app: 0|req: 444/891] 10.222.0.52 () {58 vars in 1390 bytes} [Fri Jun 17 14:38:35 2022] GET /placement/resource_providers/b41e3c22-d3cf-481c-ba1d-0c08c9ea5a22/allocations => generated 457 bytes in 53 msecs (HTTP/1.1 200) 6 headers in 224 bytes (1 switches on core 0)
Jun 17 14:38:43.318728 n-d-845757-2 devstack@placement-api.service[105447]: DEBUG placement.requestlog [req-6c9c1423-639a-4d92-88f3-4b030249b145 req-259a55ab-21a9-410b-83fc-bd3e807e3cc8 None None] Starting request: 10.222.0.50 "DELETE /placement/allocations/e0f5f745-78a4-4ae5-aa82-07e9d4107f16" {{(pid=105447) __call__ /opt/stack/placement/placement/requestlog.py:55}}
Jun 17 14:38:43.386908 n-d-845757-2 devstack@placement-api.service[105447]: DEBUG placement.handlers.allocation [req-6c9c1423-639a-4d92-88f3-4b030249b145 req-259a55ab-21a9-410b-83fc-bd3e807e3cc8 service placement] Successfully deleted allocations [, , ] {{(pid=105447) delete_allocations /opt/stack/placement/placement/handlers/allocation.py:627}}
Jun 17 14:38:43.387774 n-d-845757-2 devstack@placement-api.service[105447]: INFO placement.requestlog [req-6c9c1423-639a-4d92-88f3-4b030249b145 req-259a55ab-21a9-410b-83fc-bd3e807e3cc8 service placement] 10.222.0.50 "DELETE /placement/allocations/e0f5f745-78a4-4ae5-aa82-07e9d4107f16" status: 204 len: 0 microversion: 1.0
Jun 17 14:38:43.388739 n-d-845757-2 devstack@placement-api.service[105447]: [pid: 105447|app: 0|req: 448/892] 10.222.0.50 () {60 vars in 1355 bytes} [Fri Jun 17 14:38:43 2022] DELETE /placement/allocations/e0f5f745-78a4-4ae5-aa82-07e9d4107f16 => generated 0 bytes in 71 msecs (HTTP/1.1 204) 5 headers in 198 bytes (1 switches on core 0)
Jun 17 14:38:44.441452 n-d-845757-2 devstack@placement-api.service[105448]: DEBUG placement.requestlog [req-54245389-0175-405f-ac93-a331e0f2eb9e req-27f58853-d706-44bc-bfba-2dce7e15a840 None None] Starting request: 10.222.0.16 "GET /placement/allocation_candidates?limit=1000&resources=MEMORY_MB%3A1024%2CVCPU%3A1&root_required=%21COMPUTE_STATUS_DISABLED" {{(pid=105448) __call__ /opt/stack/placement/placement/requestlog.py:55}}
Jun 17 14:38:44.525396 n-d-845757-2 devstack@placement-api.service[105448]: DEBUG placement.objects.research_context [req-54245389-0175-405f-ac93-a331e0f2eb9e req-27f58853-d706-44bc-bfba-2dce7e15a840 service placement] getting providers with 1024 MEMORY_MB {{(pid=105448) __init__ /opt/stack/placement/placement/objects/research_context.py:136}}
Jun 17 14:38:44.547652 n-d-845757-2 devstack@placement-api.service[105448]: DEBUG placement.objects.research_context [req-54245389-0175-405f-ac93-a331e0f2eb9e req-27f58853-d706-44bc-bfba-2dce7e15a840 service placement] getting providers with 1 VCPU {{(pid=105448) __init__ /opt/stack/placement/placement/objects/research_context.py:136}}
Jun 17 14:38:44.560389 n-d-845757-2 devstack@placement-api.service[105448]: DEBUG placement.objects.research_context [req-54245389-0175-405f-ac93-a331e0f2eb9e req-27f58853-d706-44bc-bfba-2dce7e15a840 service placement] found 2 providers with available 1024 MEMORY_MB {{(pid=105448) get_provider_ids_matching /opt/stack/placement/placement/objects/research_context.py:563}}
Jun 17 14:38:44.560889 n-d-845757-2 devstack@placement-api.service[105448]: DEBUG placement.objects.research_context [req-54245389-0175-405f-ac93-a331e0f2eb9e req-27f58853-d706-44bc-bfba-2dce7e15a840 service placement] found 2 providers with available 1 VCPU {{(pid=105448) get_provider_ids_matching /opt/stack/placement/placement/objects/research_context.py:563}}
Jun 17 14:38:44.561373 n-d-845757-2 devstack@placement-api.service[105448]: DEBUG placement.objects.research_context [req-54245389-0175-405f-ac93-a331e0f2eb9e req-27f58853-d706-44bc-bfba-2dce7e15a840 service placement] found 2 providers after filtering by previous result {{(pid=105448) get_provider_ids_matching /opt/stack/placement/placement/objects/research_context.py:594}}
Jun 17 14:38:44.581355 n-d-845757-2 devstack@placement-api.service[105448]: DEBUG placement.objects.allocation_candidate [req-54245389-0175-405f-ac93-a331e0f2eb9e req-27f58853-d706-44bc-bfba-2dce7e15a840 service placement] RequestGroup(use_same_provider=False, resources={MEMORY_MB:1024, VCPU:1}, traits=(), aggregates=[]) (suffix '') returned 2 matches {{(pid=105448) _get_by_requests /opt/stack/placement/placement/objects/allocation_candidate.py:156}}
Jun 17 14:38:44.581887 n-d-845757-2 devstack@placement-api.service[105448]: DEBUG placement.objects.allocation_candidate [req-54245389-0175-405f-ac93-a331e0f2eb9e req-27f58853-d706-44bc-bfba-2dce7e15a840 service placement] Merging candidates yields 2 allocation requests and 2 provider summaries {{(pid=105448) _merge_candidates /opt/stack/placement/placement/objects/allocation_candidate.py:809}}
Jun 17 14:38:44.583713 n-d-845757-2 devstack@placement-api.service[105448]: INFO placement.requestlog [req-54245389-0175-405f-ac93-a331e0f2eb9e req-27f58853-d706-44bc-bfba-2dce7e15a840 service placement] 10.222.0.16 "GET /placement/allocation_candidates?limit=1000&resources=MEMORY_MB%3A1024%2CVCPU%3A1&root_required=%21COMPUTE_STATUS_DISABLED" status: 200 len: 1281 microversion: 1.36
Jun 17 14:38:44.584693 n-d-845757-2 devstack@placement-api.service[105448]: [pid: 105448|app: 0|req: 445/893] 10.222.0.16 () {60 vars in 1478 bytes} [Fri Jun 17 14:38:44 2022] GET /placement/allocation_candidates?limit=1000&resources=MEMORY_MB%3A1024%2CVCPU%3A1&root_required=%21COMPUTE_STATUS_DISABLED => generated 1281 bytes in 144 msecs (HTTP/1.1 200) 8 headers in 297 bytes (1 switches on core 0)
Jun 17 14:38:44.710950 n-d-845757-2 devstack@placement-api.service[105447]: DEBUG placement.requestlog [req-54245389-0175-405f-ac93-a331e0f2eb9e req-8d53b7d8-e5c0-4551-b6cd-99c86c66d91b None None] Starting request: 10.222.0.16 "GET /placement/allocations/bb4d948a-efce-4f3e-ba68-77ee026f70c7" {{(pid=105447) __call__ /opt/stack/placement/placement/requestlog.py:55}}
Jun 17 14:38:44.727752 n-d-845757-2 devstack@placement-api.service[105447]: INFO placement.requestlog [req-54245389-0175-405f-ac93-a331e0f2eb9e req-8d53b7d8-e5c0-4551-b6cd-99c86c66d91b service placement] 10.222.0.16 "GET /placement/allocations/bb4d948a-efce-4f3e-ba68-77ee026f70c7" status: 200 len: 19 microversion: 1.28
Jun 17 14:38:44.729659 n-d-845757-2 devstack@placement-api.service[105447]: [pid: 105447|app: 0|req: 449/894] 10.222.0.16 () {60 vars in 1380 bytes} [Fri Jun 17 14:38:44 2022] GET /placement/allocations/bb4d948a-efce-4f3e-ba68-77ee026f70c7 => generated 19 bytes in 19 msecs (HTTP/1.1 200) 8 headers in 295 bytes (1 switches on core 0)
Jun 17 14:38:44.735552 n-d-845757-2 devstack@placement-api.service[105448]: DEBUG placement.requestlog [req-54245389-0175-405f-ac93-a331e0f2eb9e req-fb72bce0-e062-4670-90c7-ab5706c05520 None None] Starting request: 10.222.0.16 "PUT /placement/allocations/bb4d948a-efce-4f3e-ba68-77ee026f70c7" {{(pid=105448) __call__ /opt/stack/placement/placement/requestlog.py:55}}
Jun 17 14:38:44.914311 n-d-845757-2 devstack@placement-api.service[105448]: DEBUG placement.handlers.allocation [req-54245389-0175-405f-ac93-a331e0f2eb9e req-fb72bce0-e062-4670-90c7-ab5706c05520 service placement] Successfully wrote allocations [, ] {{(pid=105448) _update_consumers_and_create_allocations /opt/stack/placement/placement/handlers/allocation.py:462}}
Jun 17 14:38:44.923892 n-d-845757-2 devstack@placement-api.service[105448]: INFO placement.requestlog [req-54245389-0175-405f-ac93-a331e0f2eb9e req-fb72bce0-e062-4670-90c7-ab5706c05520 service placement] 10.222.0.16 "PUT /placement/allocations/bb4d948a-efce-4f3e-ba68-77ee026f70c7" status: 204 len: 0 microversion: 1.36
Jun 17 14:38:44.924627 n-d-845757-2 devstack@placement-api.service[105448]: [pid: 105448|app: 0|req: 446/895] 10.222.0.16 () {64 vars in 1433 bytes} [Fri Jun 17 14:38:44 2022] PUT /placement/allocations/bb4d948a-efce-4f3e-ba68-77ee026f70c7 => generated 0 bytes in 190 msecs (HTTP/1.1 204) 5 headers in 199 bytes (1 switches on core 0)
Jun 17 14:38:45.772668 n-d-845757-2 devstack@placement-api.service[105447]: DEBUG placement.requestlog [req-54245389-0175-405f-ac93-a331e0f2eb9e req-b89de2b4-726d-462b-9c96-f05fd26b1d5e None None] Starting request: 10.222.0.52 "GET /placement/allocations/bb4d948a-efce-4f3e-ba68-77ee026f70c7" {{(pid=105447) __call__ /opt/stack/placement/placement/requestlog.py:55}}
Jun 17 14:38:45.799788 n-d-845757-2 devstack@placement-api.service[105447]: INFO placement.requestlog [req-54245389-0175-405f-ac93-a331e0f2eb9e req-b89de2b4-726d-462b-9c96-f05fd26b1d5e service placement] 10.222.0.52 "GET /placement/allocations/bb4d948a-efce-4f3e-ba68-77ee026f70c7" status: 200 len: 245 microversion: 1.28
Jun 17 14:38:45.800994 n-d-845757-2 devstack@placement-api.service[105447]: [pid: 105447|app: 0|req: 450/896] 10.222.0.52 () {60 vars in 1377 bytes} [Fri Jun 17 14:38:45 2022] GET /placement/allocations/bb4d948a-efce-4f3e-ba68-77ee026f70c7 => generated 245 bytes in 29 msecs (HTTP/1.1 200) 8 headers in 296 bytes (1 switches on core 0)
Jun 17 14:38:53.159522 n-d-845757-2 devstack@placement-api.service[105448]: DEBUG placement.requestlog [req-1ef618b9-2df3-4460-8213-d47949991c1a req-0fcf6664-99a2-4bba-8c5e-b6970850927b None None] Starting request: 10.222.0.16 "GET /placement/allocation_candidates?limit=1000&resources=DISK_GB%3A1%2CMEMORY_MB%3A1024%2CVCPU%3A1&root_required=%21COMPUTE_STATUS_DISABLED" {{(pid=105448) __call__ /opt/stack/placement/placement/requestlog.py:55}}
Jun 17 14:38:53.256765 n-d-845757-2 devstack@placement-api.service[105448]: DEBUG placement.objects.research_context [req-1ef618b9-2df3-4460-8213-d47949991c1a req-0fcf6664-99a2-4bba-8c5e-b6970850927b service placement] getting providers with 1 DISK_GB {{(pid=105448) __init__ /opt/stack/placement/placement/objects/research_context.py:136}}
Jun 17 14:38:53.276027 n-d-845757-2 devstack@placement-api.service[105448]: DEBUG placement.objects.research_context [req-1ef618b9-2df3-4460-8213-d47949991c1a req-0fcf6664-99a2-4bba-8c5e-b6970850927b service placement] getting providers with 1024 MEMORY_MB {{(pid=105448) __init__ /opt/stack/placement/placement/objects/research_context.py:136}}
Jun 17 14:38:53.290943 n-d-845757-2 devstack@placement-api.service[105448]: DEBUG placement.objects.research_context [req-1ef618b9-2df3-4460-8213-d47949991c1a req-0fcf6664-99a2-4bba-8c5e-b6970850927b service placement] getting providers with 1 VCPU {{(pid=105448) __init__ /opt/stack/placement/placement/objects/research_context.py:136}}
Jun 17 14:38:53.309249 n-d-845757-2 devstack@placement-api.service[105448]: DEBUG placement.objects.research_context [req-1ef618b9-2df3-4460-8213-d47949991c1a req-0fcf6664-99a2-4bba-8c5e-b6970850927b service placement] found 2 providers with available 1 DISK_GB {{(pid=105448) get_provider_ids_matching /opt/stack/placement/placement/objects/research_context.py:563}}
Jun 17 14:38:53.309534 n-d-845757-2 devstack@placement-api.service[105448]: DEBUG placement.objects.research_context [req-1ef618b9-2df3-4460-8213-d47949991c1a req-0fcf6664-99a2-4bba-8c5e-b6970850927b service placement] found 2 providers with available 1024 MEMORY_MB {{(pid=105448) get_provider_ids_matching /opt/stack/placement/placement/objects/research_context.py:563}}
Jun 17 14:38:53.309886 n-d-845757-2 devstack@placement-api.service[105448]: DEBUG placement.objects.research_context [req-1ef618b9-2df3-4460-8213-d47949991c1a req-0fcf6664-99a2-4bba-8c5e-b6970850927b service placement] found 2 providers after filtering by previous result {{(pid=105448) get_provider_ids_matching /opt/stack/placement/placement/objects/research_context.py:594}}
Jun 17 14:38:53.310284 n-d-845757-2 devstack@placement-api.service[105448]: DEBUG placement.objects.research_context [req-1ef618b9-2df3-4460-8213-d47949991c1a req-0fcf6664-99a2-4bba-8c5e-b6970850927b service placement] found 2 providers with available 1 VCPU {{(pid=105448) get_provider_ids_matching /opt/stack/placement/placement/objects/research_context.py:563}}
Jun 17 14:38:53.310561 n-d-845757-2 devstack@placement-api.service[105448]: DEBUG placement.objects.research_context [req-1ef618b9-2df3-4460-8213-d47949991c1a req-0fcf6664-99a2-4bba-8c5e-b6970850927b service placement] found 2 providers after filtering by previous result {{(pid=105448) get_provider_ids_matching /opt/stack/placement/placement/objects/research_context.py:594}}
Jun 17 14:38:53.334287 n-d-845757-2 devstack@placement-api.service[105448]: DEBUG placement.objects.allocation_candidate [req-1ef618b9-2df3-4460-8213-d47949991c1a req-0fcf6664-99a2-4bba-8c5e-b6970850927b service placement] RequestGroup(use_same_provider=False, resources={DISK_GB:1, MEMORY_MB:1024, VCPU:1}, traits=(), aggregates=[]) (suffix '') returned 2 matches {{(pid=105448) _get_by_requests /opt/stack/placement/placement/objects/allocation_candidate.py:156}}
