Jun 14 14:17:22.299127 n-d-845757-1 devstack@keystone.service[80578]: DEBUG keystone.server.flask.request_processing.req_logging [None req-9ca0615b-3aac-4eed-9dae-3744c9e391b4 None None] PATH_INFO: `/v3/auth/tokens` {{(pid=80578) log_request_info /opt/stack/keystone/keystone/server/flask/request_processing/req_logging.py:29}}
Jun 14 14:17:22.315967 n-d-845757-1 devstack@keystone.service[80578]: DEBUG keystone.auth.core [None req-9ca0615b-3aac-4eed-9dae-3744c9e391b4 None None] MFA Rules not processed for user `b1841f80b6d84a508cecb8059ebdd747`. Rule list: `[]` (Enabled: `True`). {{(pid=80578) check_auth_methods_against_rules /opt/stack/keystone/keystone/auth/core.py:438}}
Jun 14 14:17:22.317209 n-d-845757-1 devstack@keystone.service[80578]: DEBUG keystone.common.fernet_utils [None req-9ca0615b-3aac-4eed-9dae-3744c9e391b4 None None] Loaded 2 Fernet keys from /etc/keystone/fernet-keys/, but `[fernet_tokens] max_active_keys = 3`; perhaps there have not been enough key rotations to reach `max_active_keys` yet? {{(pid=80578) load_keys /opt/stack/keystone/keystone/common/fernet_utils.py:286}}
Jun 14 14:17:22.326850 n-d-845757-1 devstack@keystone.service[80577]: DEBUG keystone.server.flask.request_processing.middleware.auth_context [None req-887d6f6b-249c-43f6-a794-1478e99430a3 None admin] Validating token access rules against request {{(pid=80577) validate_allowed_request /usr/local/lib/python3.8/dist-packages/keystonemiddleware/auth_token/__init__.py:545}}
Jun 14 14:17:22.351350 n-d-845757-1 devstack@keystone.service[80577]: DEBUG dbcounter [-] [80577] Writing DB stats keystone:SELECT=100 {{(pid=80577) stat_writer /usr/local/lib/python3.8/dist-packages/dbcounter.py:114}}
Jun 14 14:17:22.361048 n-d-845757-1 devstack@keystone.service[80577]: DEBUG keystone.server.flask.request_processing.middleware.auth_context [None req-a00d359c-3cd5-4598-8193-794954317b1d None admin] RBAC: auth_context: {'token': , 'domain_id': None, 'trust_id': None, 'trustor_id': None, 'trustee_id': None, 'domain_name': None, 'group_ids': [], 'user_id': 'b1841f80b6d84a508cecb8059ebdd747', 'user_domain_id': 'default', 'system_scope': 'all', 'project_id': None, 'project_domain_id': None, 'roles': ['admin', 'member', 'reader'], 'is_admin_project': True, 'service_user_id': None, 'service_user_domain_id': None, 'service_project_id': None, 'service_project_domain_id': None, 'service_roles': []} {{(pid=80577) fill_context /opt/stack/keystone/keystone/server/flask/request_processing/middleware/auth_context.py:478}}
Jun 14 14:17:22.361722 n-d-845757-1 devstack@keystone.service[80577]: DEBUG keystone.server.flask.request_processing.req_logging [None req-a00d359c-3cd5-4598-8193-794954317b1d None admin] REQUEST_METHOD: `GET` {{(pid=80577) log_request_info /opt/stack/keystone/keystone/server/flask/request_processing/req_logging.py:27}}
Jun 14 14:17:22.362008 n-d-845757-1 devstack@keystone.service[80577]: DEBUG keystone.server.flask.request_processing.req_logging [None req-a00d359c-3cd5-4598-8193-794954317b1d None admin] SCRIPT_NAME: `/identity` {{(pid=80577) log_request_info /opt/stack/keystone/keystone/server/flask/request_processing/req_logging.py:28}}
Jun 14 14:17:22.362285 n-d-845757-1 devstack@keystone.service[80577]: DEBUG keystone.server.flask.request_processing.req_logging [None req-a00d359c-3cd5-4598-8193-794954317b1d None admin] PATH_INFO: `/v3/roles` {{(pid=80577) log_request_info /opt/stack/keystone/keystone/server/flask/request_processing/req_logging.py:29}}
Jun 14 14:17:22.363024 n-d-845757-1 devstack@keystone.service[80577]: DEBUG keystone.common.rbac_enforcer.enforcer [None req-a00d359c-3cd5-4598-8193-794954317b1d None admin] RBAC: Adding query filter params (name=member) {{(pid=80577) _extract_filter_values /opt/stack/keystone/keystone/common/rbac_enforcer/enforcer.py:167}}
Jun 14 14:17:22.363330 n-d-845757-1 devstack@keystone.service[80577]: DEBUG keystone.common.rbac_enforcer.enforcer [None req-a00d359c-3cd5-4598-8193-794954317b1d None admin] RBAC: Authorizing `identity:list_roles()` {{(pid=80577) enforce_call /opt/stack/keystone/keystone/common/rbac_enforcer/enforcer.py:449}}
Jun 14 14:17:22.364843 n-d-845757-1 devstack@keystone.service[80577]: DEBUG keystone.common.rbac_enforcer.enforcer [None req-a00d359c-3cd5-4598-8193-794954317b1d None admin] RBAC: Authorization granted {{(pid=80577) enforce_call /opt/stack/keystone/keystone/common/rbac_enforcer/enforcer.py:457}}
Jun 14 14:17:22.374055 n-d-845757-1 devstack@keystone.service[80577]: [pid: 80577|app: 0|req: 39/73] 10.222.0.36 () {56 vars in 1101 bytes} [Tue Jun 14 14:17:22 2022] GET /identity/v3/roles?name=member => generated 341 bytes in 155 msecs (HTTP/1.1 200) 5 headers in 177 bytes (1 switches on core 0)
Jun 14 14:17:22.375279 n-d-845757-1 devstack@keystone.service[80577]: DEBUG keystone.server.flask.request_processing.req_logging [None req-d8716b3f-c846-411f-9bc9-ea2a8118286e None None] REQUEST_METHOD: `GET` {{(pid=80577) log_request_info /opt/stack/keystone/keystone/server/flask/request_processing/req_logging.py:27}}
Jun 14 14:17:22.375572 n-d-845757-1 devstack@keystone.service[80577]: DEBUG keystone.server.flask.request_processing.req_logging [None req-d8716b3f-c846-411f-9bc9-ea2a8118286e None None] SCRIPT_NAME: `/identity` {{(pid=80577) log_request_info /opt/stack/keystone/keystone/server/flask/request_processing/req_logging.py:28}}
Jun 14 14:17:22.375852 n-d-845757-1 devstack@keystone.service[80577]: DEBUG keystone.server.flask.request_processing.req_logging [None req-d8716b3f-c846-411f-9bc9-ea2a8118286e None None] PATH_INFO: `/` {{(pid=80577) log_request_info /opt/stack/keystone/keystone/server/flask/request_processing/req_logging.py:29}}
Jun 14 14:17:22.380154 n-d-845757-1 devstack@keystone.service[80577]: [pid: 80577|app: 0|req: 40/74] 10.222.0.36 () {54 vars in 926 bytes} [Tue Jun 14 14:17:22 2022] GET /identity => generated 270 bytes in 3 msecs (HTTP/1.1 300) 6 headers in 234 bytes (1 switches on core 0)
Jun 14 14:17:22.380154 n-d-845757-1 devstack@keystone.service[80577]: DEBUG keystone.server.flask.request_processing.middleware.auth_context [None req-d8716b3f-c846-411f-9bc9-ea2a8118286e None None] Authenticating user token {{(pid=80577) process_request /usr/local/lib/python3.8/dist-packages/keystonemiddleware/auth_token/__init__.py:407}}
Jun 14 14:17:22.386153 n-d-845757-1 devstack@keystone.service[80578]: [pid: 80578|app: 0|req: 35/75] 10.222.0.36 () {58 vars in 1023 bytes} [Tue Jun 14 14:17:22 2022] POST /identity/v3/auth/tokens => generated 799 bytes in 88 msecs (HTTP/1.1 201) 6 headers in 363 bytes (1 switches on core 0)
Jun 14 14:17:22.397085 n-d-845757-1 devstack@keystone.service[80578]: DEBUG keystone.server.flask.request_processing.middleware.auth_context [None req-9ca0615b-3aac-4eed-9dae-3744c9e391b4 None None] Authenticating user token {{(pid=80578) process_request /usr/local/lib/python3.8/dist-packages/keystonemiddleware/auth_token/__init__.py:407}}
Jun 14 14:17:22.402300 n-d-845757-1 devstack@keystone.service[80578]: DEBUG dbcounter [-] [80578] Writing DB stats keystone:SELECT=100 {{(pid=80578) stat_writer /usr/local/lib/python3.8/dist-packages/dbcounter.py:114}}
Jun 14 14:17:22.489557 n-d-845757-1 devstack@keystone.service[80578]: DEBUG keystone.server.flask.request_processing.middleware.auth_context [None req-9ca0615b-3aac-4eed-9dae-3744c9e391b4 None None] Validating token access rules against request {{(pid=80578) validate_allowed_request /usr/local/lib/python3.8/dist-packages/keystonemiddleware/auth_token/__init__.py:545}}
Jun 14 14:17:22.500579 n-d-845757-1 devstack@keystone.service[80577]: DEBUG keystone.server.flask.request_processing.middleware.auth_context [None req-d8716b3f-c846-411f-9bc9-ea2a8118286e None None] Validating token access rules against request {{(pid=80577) validate_allowed_request /usr/local/lib/python3.8/dist-packages/keystonemiddleware/auth_token/__init__.py:545}}
Jun 14 14:17:22.524372 n-d-845757-1 devstack@keystone.service[80578]: DEBUG keystone.server.flask.request_processing.middleware.auth_context [None req-ca9774f4-c34c-4831-be81-6a8205be78cb None admin] RBAC: auth_context: {'token': , 'domain_id': None, 'trust_id': None, 'trustor_id': None, 'trustee_id': None, 'domain_name': None, 'group_ids': [], 'user_id': 'b1841f80b6d84a508cecb8059ebdd747', 'user_domain_id': 'default', 'system_scope': 'all', 'project_id': None, 'project_domain_id': None, 'roles': ['admin', 'member', 'reader'], 'is_admin_project': True, 'service_user_id': None, 'service_user_domain_id': None, 'service_project_id': None, 'service_project_domain_id': None, 'service_roles': []} {{(pid=80578) fill_context /opt/stack/keystone/keystone/server/flask/request_processing/middleware/auth_context.py:478}}
Jun 14 14:17:22.525047 n-d-845757-1 devstack@keystone.service[80578]: DEBUG keystone.server.flask.request_processing.req_logging [None req-ca9774f4-c34c-4831-be81-6a8205be78cb None admin] REQUEST_METHOD: `GET` {{(pid=80578) log_request_info /opt/stack/keystone/keystone/server/flask/request_processing/req_logging.py:27}}
Jun 14 14:17:22.525332 n-d-845757-1 devstack@keystone.service[80578]: DEBUG keystone.server.flask.request_processing.req_logging [None req-ca9774f4-c34c-4831-be81-6a8205be78cb None admin] SCRIPT_NAME: `/identity` {{(pid=80578) log_request_info /opt/stack/keystone/keystone/server/flask/request_processing/req_logging.py:28}}
Jun 14 14:17:22.525610 n-d-845757-1 devstack@keystone.service[80578]: DEBUG keystone.server.flask.request_processing.req_logging [None req-ca9774f4-c34c-4831-be81-6a8205be78cb None admin] PATH_INFO: `/v3/roles` {{(pid=80578) log_request_info /opt/stack/keystone/keystone/server/flask/request_processing/req_logging.py:29}}
Jun 14 14:17:22.526770 n-d-845757-1 devstack@keystone.service[80578]: DEBUG keystone.common.rbac_enforcer.enforcer [None req-ca9774f4-c34c-4831-be81-6a8205be78cb None admin] RBAC: Adding query filter params (name=anotherrole) {{(pid=80578) _extract_filter_values /opt/stack/keystone/keystone/common/rbac_enforcer/enforcer.py:167}}
Jun 14 14:17:22.527328 n-d-845757-1 devstack@keystone.service[80578]: DEBUG keystone.common.rbac_enforcer.enforcer [None req-ca9774f4-c34c-4831-be81-6a8205be78cb None admin] RBAC: Authorizing `identity:list_roles()` {{(pid=80578) enforce_call /opt/stack/keystone/keystone/common/rbac_enforcer/enforcer.py:449}}
Jun 14 14:17:22.529960 n-d-845757-1 devstack@keystone.service[80578]: DEBUG keystone.common.rbac_enforcer.enforcer [None req-ca9774f4-c34c-4831-be81-6a8205be78cb None admin] RBAC: Authorization granted {{(pid=80578) enforce_call /opt/stack/keystone/keystone/common/rbac_enforcer/enforcer.py:457}}
Jun 14 14:17:22.533412 n-d-845757-1 devstack@keystone.service[80577]: DEBUG keystone.server.flask.request_processing.middleware.auth_context [None req-d010acb7-6f35-4305-bcdf-ed28459ea16a None admin] RBAC: auth_context: {'token': , 'domain_id': None, 'trust_id': None, 'trustor_id': None, 'trustee_id': None, 'domain_name': None, 'group_ids': [], 'user_id': 'b1841f80b6d84a508cecb8059ebdd747', 'user_domain_id': 'default', 'system_scope': 'all', 'project_id': None, 'project_domain_id': None, 'roles': ['admin', 'member', 'reader'], 'is_admin_project': True, 'service_user_id': None, 'service_user_domain_id': None, 'service_project_id': None, 'service_project_domain_id': None, 'service_roles': []} {{(pid=80577) fill_context /opt/stack/keystone/keystone/server/flask/request_processing/middleware/auth_context.py:478}}
Jun 14 14:17:22.534292 n-d-845757-1 devstack@keystone.service[80577]: DEBUG keystone.server.flask.request_processing.req_logging [None req-d010acb7-6f35-4305-bcdf-ed28459ea16a None admin] REQUEST_METHOD: `GET` {{(pid=80577) log_request_info /opt/stack/keystone/keystone/server/flask/request_processing/req_logging.py:27}}
Jun 14 14:17:22.534573 n-d-845757-1 devstack@keystone.service[80577]: DEBUG keystone.server.flask.request_processing.req_logging [None req-d010acb7-6f35-4305-bcdf-ed28459ea16a None admin] SCRIPT_NAME: `/identity` {{(pid=80577) log_request_info /opt/stack/keystone/keystone/server/flask/request_processing/req_logging.py:28}}
Jun 14 14:17:22.534851 n-d-845757-1 devstack@keystone.service[80577]: DEBUG keystone.server.flask.request_processing.req_logging [None req-d010acb7-6f35-4305-bcdf-ed28459ea16a None admin] PATH_INFO: `/v3/users/b1841f80b6d84a508cecb8059ebdd747` {{(pid=80577) log_request_info /opt/stack/keystone/keystone/server/flask/request_processing/req_logging.py:29}}
Jun 14 14:17:22.536109 n-d-845757-1 devstack@keystone.service[80577]: DEBUG keystone.common.rbac_enforcer.enforcer [None req-d010acb7-6f35-4305-bcdf-ed28459ea16a None admin] RBAC: Authorizing `identity:get_user(user_id=b1841f80b6d84a508cecb8059ebdd747)` {{(pid=80577) enforce_call /opt/stack/keystone/keystone/common/rbac_enforcer/enforcer.py:449}}
Jun 14 14:17:22.537565 n-d-845757-1 devstack@keystone.service[80577]: DEBUG keystone.common.rbac_enforcer.enforcer [None req-d010acb7-6f35-4305-bcdf-ed28459ea16a None admin] RBAC: Authorization granted {{(pid=80577) enforce_call /opt/stack/keystone/keystone/common/rbac_enforcer/enforcer.py:457}}
Jun 14 14:17:22.538497 n-d-845757-1 devstack@keystone.service[80578]: [pid: 80578|app: 0|req: 36/76] 10.222.0.36 () {56 vars in 1111 bytes} [Tue Jun 14 14:17:22 2022] GET /identity/v3/roles?name=anotherrole => generated 334 bytes in 152 msecs (HTTP/1.1 200) 5 headers in 177 bytes (1 switches on core 0)
Jun 14 14:17:22.544462 n-d-845757-1 devstack@keystone.service[80578]: DEBUG keystone.server.flask.request_processing.middleware.auth_context [None req-ca9774f4-c34c-4831-be81-6a8205be78cb None admin] Authenticating user token {{(pid=80578) process_request /usr/local/lib/python3.8/dist-packages/keystonemiddleware/auth_token/__init__.py:407}}
Jun 14 14:17:22.544598 n-d-845757-1 devstack@keystone.service[80577]: [pid: 80577|app: 0|req: 41/77] 10.222.0.36 () {56 vars in 1177 bytes} [Tue Jun 14 14:17:22 2022] GET /identity/v3/users/b1841f80b6d84a508cecb8059ebdd747 => generated 247 bytes in 162 msecs (HTTP/1.1 200) 5 headers in 177 bytes (1 switches on core 0)
Jun 14 14:17:22.544598 n-d-845757-1 devstack@keystone.service[80577]: DEBUG keystone.server.flask.request_processing.req_logging [None req-3a0c034a-4bfb-48a3-8ce4-68c1f7c9420c None None] REQUEST_METHOD: `POST` {{(pid=80577) log_request_info /opt/stack/keystone/keystone/server/flask/request_processing/req_logging.py:27}}
Jun 14 14:17:22.544598 n-d-845757-1 devstack@keystone.service[80577]: DEBUG keystone.server.flask.request_processing.req_logging [None req-3a0c034a-4bfb-48a3-8ce4-68c1f7c9420c None None] SCRIPT_NAME: `/identity` {{(pid=80577) log_request_info /opt/stack/keystone/keystone/server/flask/request_processing/req_logging.py:28}}
Jun 14 14:17:22.544598 n-d-845757-1 devstack@keystone.service[80577]: DEBUG keystone.server.flask.request_processing.req_logging [None req-3a0c034a-4bfb-48a3-8ce4-68c1f7c9420c None None] PATH_INFO: `/v3/auth/tokens` {{(pid=80577) log_request_info /opt/stack/keystone/keystone/server/flask/request_processing/req_logging.py:29}}
Jun 14 14:17:22.560406 n-d-845757-1 devstack@keystone.service[80577]: DEBUG keystone.auth.core [None req-3a0c034a-4bfb-48a3-8ce4-68c1f7c9420c None None] MFA Rules not processed for user `b1841f80b6d84a508cecb8059ebdd747`. Rule list: `[]` (Enabled: `True`). {{(pid=80577) check_auth_methods_against_rules /opt/stack/keystone/keystone/auth/core.py:438}}
Jun 14 14:17:22.561535 n-d-845757-1 devstack@keystone.service[80577]: DEBUG keystone.common.fernet_utils [None req-3a0c034a-4bfb-48a3-8ce4-68c1f7c9420c None None] Loaded 2 Fernet keys from /etc/keystone/fernet-keys/, but `[fernet_tokens] max_active_keys = 3`; perhaps there have not been enough key rotations to reach `max_active_keys` yet? {{(pid=80577) load_keys /opt/stack/keystone/keystone/common/fernet_utils.py:286}}
Jun 14 14:17:22.612969 n-d-845757-1 devstack@keystone.service[80577]: DEBUG dbcounter [-] [80577] Writing DB stats keystone:SELECT=100 {{(pid=80577) stat_writer /usr/local/lib/python3.8/dist-packages/dbcounter.py:114}}
Jun 14 14:17:22.622618 n-d-845757-1 devstack@keystone.service[80578]: DEBUG dbcounter [-] [80578] Writing DB stats keystone:SELECT=100 {{(pid=80578) stat_writer /usr/local/lib/python3.8/dist-packages/dbcounter.py:114}}
Jun 14 14:17:22.630044 n-d-845757-1 devstack@keystone.service[80577]: [pid: 80577|app: 0|req: 42/78] 10.222.0.36 () {58 vars in 1023 bytes} [Tue Jun 14 14:17:22 2022] POST /identity/v3/auth/tokens => generated 799 bytes in 90 msecs (HTTP/1.1 201) 6 headers in 363 bytes (1 switches on core 0)
Jun 14 14:17:22.636145 n-d-845757-1 devstack@keystone.service[80577]: DEBUG keystone.server.flask.request_processing.middleware.auth_context [None req-3a0c034a-4bfb-48a3-8ce4-68c1f7c9420c None None] Authenticating user token {{(pid=80577) process_request /usr/local/lib/python3.8/dist-packages/keystonemiddleware/auth_token/__init__.py:407}}
Jun 14 14:17:22.654156 n-d-845757-1 devstack@keystone.service[80578]: DEBUG keystone.server.flask.request_processing.middleware.auth_context [None req-ca9774f4-c34c-4831-be81-6a8205be78cb None admin] Validating token access rules against request {{(pid=80578) validate_allowed_request /usr/local/lib/python3.8/dist-packages/keystonemiddleware/auth_token/__init__.py:545}}
Jun 14 14:17:22.694400 n-d-845757-1 devstack@keystone.service[80578]: DEBUG keystone.server.flask.request_processing.middleware.auth_context [None req-d4754a1f-ccb2-457e-ae9b-d13b6d4824a9 None admin] RBAC: auth_context: {'token': , 'domain_id': None, 'trust_id': None, 'trustor_id': None, 'trustee_id': None, 'domain_name': None, 'group_ids': [], 'user_id': 'b1841f80b6d84a508cecb8059ebdd747', 'user_domain_id': 'default', 'system_scope': 'all', 'project_id': None, 'project_domain_id': None, 'roles': ['admin', 'member', 'reader'], 'is_admin_project': True, 'service_user_id': None, 'service_user_domain_id': None, 'service_project_id': None, 'service_project_domain_id': None, 'service_roles': []} {{(pid=80578) fill_context /opt/stack/keystone/keystone/server/flask/request_processing/middleware/auth_context.py:478}}
Jun 14 14:17:22.695364 n-d-845757-1 devstack@keystone.service[80578]: DEBUG keystone.server.flask.request_processing.req_logging [None req-d4754a1f-ccb2-457e-ae9b-d13b6d4824a9 None admin] REQUEST_METHOD: `GET` {{(pid=80578) log_request_info /opt/stack/keystone/keystone/server/flask/request_processing/req_logging.py:27}}
Jun 14 14:17:22.695731 n-d-845757-1 devstack@keystone.service[80578]: DEBUG keystone.server.flask.request_processing.req_logging [None req-d4754a1f-ccb2-457e-ae9b-d13b6d4824a9 None admin] SCRIPT_NAME: `/identity` {{(pid=80578) log_request_info /opt/stack/keystone/keystone/server/flask/request_processing/req_logging.py:28}}
Jun 14 14:17:22.696144 n-d-845757-1 devstack@keystone.service[80578]: DEBUG keystone.server.flask.request_processing.req_logging [None req-d4754a1f-ccb2-457e-ae9b-d13b6d4824a9 None admin] PATH_INFO: `/v3/users/4a0d60316dad406c96fcdab6623076f4` {{(pid=80578) log_request_info /opt/stack/keystone/keystone/server/flask/request_processing/req_logging.py:29}}
Jun 14 14:17:22.711707 n-d-845757-1 devstack@keystone.service[80578]: DEBUG keystone.common.rbac_enforcer.enforcer [None req-d4754a1f-ccb2-457e-ae9b-d13b6d4824a9 None admin] RBAC: Authorizing `identity:get_user(user_id=4a0d60316dad406c96fcdab6623076f4)` {{(pid=80578) enforce_call /opt/stack/keystone/keystone/common/rbac_enforcer/enforcer.py:449}}
Jun 14 14:17:22.713205 n-d-845757-1 devstack@keystone.service[80578]: DEBUG keystone.common.rbac_enforcer.enforcer [None req-d4754a1f-ccb2-457e-ae9b-d13b6d4824a9 None admin] RBAC: Authorization granted {{(pid=80578) enforce_call /opt/stack/keystone/keystone/common/rbac_enforcer/enforcer.py:457}}
Jun 14 14:17:22.715435 n-d-845757-1 devstack@keystone.service[80578]: [pid: 80578|app: 0|req: 37/79] 10.222.0.36 () {56 vars in 1177 bytes} [Tue Jun 14 14:17:22 2022] GET /identity/v3/users/4a0d60316dad406c96fcdab6623076f4 => generated 275 bytes in 176 msecs (HTTP/1.1 200) 5 headers in 177 bytes (1 switches on core 0)
Jun 14 14:17:22.716229 n-d-845757-1 devstack@keystone.service[80578]: DEBUG keystone.server.flask.request_processing.middleware.auth_context [None req-d4754a1f-ccb2-457e-ae9b-d13b6d4824a9 None admin] Authenticating user token {{(pid=80578) process_request /usr/local/lib/python3.8/dist-packages/keystonemiddleware/auth_token/__init__.py:407}}
Jun 14 14:17:22.733583 n-d-845757-1 devstack@keystone.service[80577]: DEBUG keystone.server.flask.request_processing.middleware.auth_context [None req-3a0c034a-4bfb-48a3-8ce4-68c1f7c9420c None None] Validating token access rules against request {{(pid=80577) validate_allowed_request /usr/local/lib/python3.8/dist-packages/keystonemiddleware/auth_token/__init__.py:545}}
Jun 14 14:17:22.767859 n-d-845757-1 devstack@keystone.service[80577]: DEBUG keystone.server.flask.request_processing.middleware.auth_context [None req-a8e3f1e9-90b3-408a-b30b-11ad2b0040ca None admin] RBAC: auth_context: {'token': , 'domain_id': None, 'trust_id': None, 'trustor_id': None, 'trustee_id': None, 'domain_name': None, 'group_ids': [], 'user_id': 'b1841f80b6d84a508cecb8059ebdd747', 'user_domain_id': 'default', 'system_scope': 'all', 'project_id': None, 'project_domain_id': None, 'roles': ['admin', 'member', 'reader'], 'is_admin_project': True, 'service_user_id': None, 'service_user_domain_id': None, 'service_project_id': None, 'service_project_domain_id': None, 'service_roles': []} {{(pid=80577) fill_context /opt/stack/keystone/keystone/server/flask/request_processing/middleware/auth_context.py:478}}
Jun 14 14:17:22.768711 n-d-845757-1 devstack@keystone.service[80577]: DEBUG keystone.server.flask.request_processing.req_logging [None req-a8e3f1e9-90b3-408a-b30b-11ad2b0040ca None admin] REQUEST_METHOD: `GET` {{(pid=80577) log_request_info /opt/stack/keystone/keystone/server/flask/request_processing/req_logging.py:27}}
Jun 14 14:17:22.769000 n-d-845757-1 devstack@keystone.service[80577]: DEBUG keystone.server.flask.request_processing.req_logging [None req-a8e3f1e9-90b3-408a-b30b-11ad2b0040ca None admin] SCRIPT_NAME: `/identity` {{(pid=80577) log_request_info /opt/stack/keystone/keystone/server/flask/request_processing/req_logging.py:28}}
Jun 14 14:17:22.769288 n-d-845757-1 devstack@keystone.service[80577]: DEBUG keystone.server.flask.request_processing.req_logging [None req-a8e3f1e9-90b3-408a-b30b-11ad2b0040ca None admin] PATH_INFO: `/v3/roles/member` {{(pid=80577) log_request_info /opt/stack/keystone/keystone/server/flask/request_processing/req_logging.py:29}}
Jun 14 14:17:22.779728 n-d-845757-1 devstack@keystone.service[80577]: DEBUG keystone.common.rbac_enforcer.enforcer [None req-a8e3f1e9-90b3-408a-b30b-11ad2b0040ca None admin] Extracting inferred target data resulted in "NOT FOUND (404)". {{(pid=80577) enforce_call /opt/stack/keystone/keystone/common/rbac_enforcer/enforcer.py:409}}
Jun 14 14:17:22.787460 n-d-845757-1 devstack@keystone.service[80577]: ERROR keystone.server.flask.application [None req-a8e3f1e9-90b3-408a-b30b-11ad2b0040ca None admin] Could not find role: member.: keystone.exception.RoleNotFound: Could not find role: member.
Jun 14 14:17:22.787460 n-d-845757-1 devstack@keystone.service[80577]: ERROR keystone.server.flask.application
Traceback (most recent call last):
Jun 14 14:17:22.787460 n-d-845757-1 devstack@keystone.service[80577]: ERROR keystone.server.flask.application
File "/usr/local/lib/python3.8/dist-packages/flask/app.py", line 1523, in full_dispatch_request
Jun 14 14:17:22.787460 n-d-845757-1 devstack@keystone.service[80577]: ERROR keystone.server.flask.application rv = self.dispatch_request()
Jun 14 14:17:22.787460 n-d-845757-1 devstack@keystone.service[80577]: ERROR keystone.server.flask.application
File "/usr/local/lib/python3.8/dist-packages/flask/app.py", line 1509, in dispatch_request
Jun 14 14:17:22.787460 n-d-845757-1 devstack@keystone.service[80577]: ERROR keystone.server.flask.application return self.ensure_sync(self.view_functions[rule.endpoint])(**req.view_args)
Jun 14 14:17:22.787460 n-d-845757-1 devstack@keystone.service[80577]: ERROR keystone.server.flask.application
File "/usr/local/lib/python3.8/dist-packages/flask_restful/__init__.py", line 467, in wrapper
Jun 14 14:17:22.787460 n-d-845757-1 devstack@keystone.service[80577]: ERROR keystone.server.flask.application resp = resource(*args, **kwargs)
Jun 14 14:17:22.787460 n-d-845757-1 devstack@keystone.service[80577]: ERROR keystone.server.flask.application
File "/usr/local/lib/python3.8/dist-packages/flask/views.py", line 84, in view
Jun 14 14:17:22.787460 n-d-845757-1 devstack@keystone.service[80577]: ERROR keystone.server.flask.application return current_app.ensure_sync(self.dispatch_request)(*args, **kwargs)
Jun 14 14:17:22.787460 n-d-845757-1 devstack@keystone.service[80577]: ERROR keystone.server.flask.application
File "/usr/local/lib/python3.8/dist-packages/flask_restful/__init__.py", line 582, in dispatch_request
Jun 14 14:17:22.787460 n-d-845757-1 devstack@keystone.service[80577]: ERROR keystone.server.flask.application resp = meth(*args, **kwargs)
Jun 14 14:17:22.787460 n-d-845757-1 devstack@keystone.service[80577]: ERROR keystone.server.flask.application
File "/opt/stack/keystone/keystone/api/roles.py", line 50, in get
Jun 14 14:17:22.787460 n-d-845757-1 devstack@keystone.service[80577]: ERROR keystone.server.flask.application return self._get_role(role_id)
Jun 14 14:17:22.787460 n-d-845757-1 devstack@keystone.service[80577]: ERROR keystone.server.flask.application
File "/opt/stack/keystone/keystone/api/roles.py", line 70, in _get_role
Jun 14 14:17:22.787460 n-d-845757-1 devstack@keystone.service[80577]: ERROR keystone.server.flask.application ENFORCER.enforce_call(action='identity:get_role')
Jun 14 14:17:22.788302 n-d-845757-1 devstack@keystone.service[80577]: ERROR keystone.server.flask.application
File "/opt/stack/keystone/keystone/common/rbac_enforcer/enforcer.py", line 402, in enforce_call
Jun 14 14:17:22.788302 n-d-845757-1 devstack@keystone.service[80577]: ERROR keystone.server.flask.application policy_dict.update(cls._extract_member_target_data(
Jun 14 14:17:22.788302 n-d-845757-1 devstack@keystone.service[80577]: ERROR keystone.server.flask.application
File "/opt/stack/keystone/keystone/common/rbac_enforcer/enforcer.py", line 234, in _extract_member_target_data
Jun 14 14:17:22.788302 n-d-845757-1 devstack@keystone.service[80577]: ERROR keystone.server.flask.application member_name: func(flask.request.view_args[key])
Jun 14 14:17:22.788302 n-d-845757-1 devstack@keystone.service[80577]: ERROR keystone.server.flask.application
File "/opt/stack/keystone/keystone/common/manager.py", line 115, in wrapped
Jun 14 14:17:22.788302 n-d-845757-1 devstack@keystone.service[80577]: ERROR keystone.server.flask.application __ret_val = __f(*args, **kwargs)
Jun 14 14:17:22.788302 n-d-845757-1 devstack@keystone.service[80577]: ERROR keystone.server.flask.application
File "/usr/local/lib/python3.8/dist-packages/decorator.py", line 232, in fun
Jun 14 14:17:22.788302 n-d-845757-1 devstack@keystone.service[80577]: ERROR keystone.server.flask.application return caller(func, *(extras + args), **kw)
Jun 14 14:17:22.788302 n-d-845757-1 devstack@keystone.service[80577]: ERROR keystone.server.flask.application
File "/usr/local/lib/python3.8/dist-packages/dogpile/cache/region.py", line 1577, in get_or_create_for_user_func
Jun 14 14:17:22.788302 n-d-845757-1 devstack@keystone.service[80577]: ERROR keystone.server.flask.application return self.get_or_create(
Jun 14 14:17:22.788302 n-d-845757-1 devstack@keystone.service[80577]: ERROR keystone.server.flask.application
File "/usr/local/lib/python3.8/dist-packages/dogpile/cache/region.py", line 1042, in get_or_create
Jun 14 14:17:22.788302 n-d-845757-1 devstack@keystone.service[80577]: ERROR keystone.server.flask.application with Lock(
Jun 14 14:17:22.788302 n-d-845757-1 devstack@keystone.service[80577]: ERROR keystone.server.flask.application
File "/usr/local/lib/python3.8/dist-packages/dogpile/lock.py", line 185, in __enter__
Jun 14 14:17:22.788302 n-d-845757-1 devstack@keystone.service[80577]: ERROR keystone.server.flask.application return self._enter()
Jun 14 14:17:22.788302 n-d-845757-1 devstack@keystone.service[80577]: ERROR keystone.server.flask.application
File "/usr/local/lib/python3.8/dist-packages/dogpile/lock.py", line 94, in _enter
Jun 14 14:17:22.788302 n-d-845757-1 devstack@keystone.service[80577]: ERROR keystone.server.flask.application generated = self._enter_create(value, createdtime)
Jun 14 14:17:22.789493 n-d-845757-1 devstack@keystone.service[80577]: ERROR keystone.server.flask.application
File "/usr/local/lib/python3.8/dist-packages/dogpile/lock.py", line 178, in _enter_create
Jun 14 14:17:22.789493 n-d-845757-1 devstack@keystone.service[80577]: ERROR keystone.server.flask.application return self.creator()
Jun 14 14:17:22.789493 n-d-845757-1 devstack@keystone.service[80577]: ERROR keystone.server.flask.application
File "/usr/local/lib/python3.8/dist-packages/dogpile/cache/region.py", line 995, in gen_value
Jun 14 14:17:22.789493 n-d-845757-1 devstack@keystone.service[80577]: ERROR keystone.server.flask.application created_value = creator(
Jun 14 14:17:22.789493 n-d-845757-1 devstack@keystone.service[80577]: ERROR keystone.server.flask.application
File "/opt/stack/keystone/keystone/assignment/core.py", line 1276, in get_role
Jun 14 14:17:22.789493 n-d-845757-1 devstack@keystone.service[80577]: ERROR keystone.server.flask.application return self.driver.get_role(role_id)
Jun 14 14:17:22.789493 n-d-845757-1 devstack@keystone.service[80577]: ERROR keystone.server.flask.application
File "/opt/stack/keystone/keystone/assignment/role_backends/sql.py", line 70, in get_role
Jun 14 14:17:22.789493 n-d-845757-1 devstack@keystone.service[80577]: ERROR keystone.server.flask.application return self._get_role(session, role_id).to_dict()
Jun 14 14:17:22.789493 n-d-845757-1 devstack@keystone.service[80577]: ERROR keystone.server.flask.application
File "/opt/stack/keystone/keystone/assignment/role_backends/sql.py", line 65, in _get_role
Jun 14 14:17:22.789493 n-d-845757-1 devstack@keystone.service[80577]: ERROR keystone.server.flask.application raise exception.RoleNotFound(role_id=role_id)
Jun 14 14:17:22.789493 n-d-845757-1 devstack@keystone.service[80577]: ERROR keystone.server.flask.application keystone.exception.RoleNotFound: Could not find role: member.
Jun 14 14:17:22.789493 n-d-845757-1 devstack@keystone.service[80577]: ERROR keystone.server.flask.application
Jun 14 14:17:22.789493 n-d-845757-1 devstack@keystone.service[80577]: [pid: 80577|app: 0|req: 43/80] 10.222.0.36 () {56 vars in 1099 bytes} [Tue Jun 14 14:17:22 2022] GET /identity/v3/roles/member => generated 84 bytes in 158 msecs (HTTP/1.1 404) 5 headers in 183 bytes (1 switches on core 0)
Jun 14 14:17:22.790720 n-d-845757-1 devstack@keystone.service[80577]: DEBUG keystone.server.flask.request_processing.middleware.auth_context [None req-a8e3f1e9-90b3-408a-b30b-11ad2b0040ca None admin] Authenticating user token {{(pid=80577) process_request /usr/local/lib/python3.8/dist-packages/keystonemiddleware/auth_token/__init__.py:407}}
Jun 14 14:17:22.816461 n-d-845757-1 devstack@keystone.service[80578]: DEBUG keystone.server.flask.request_processing.middleware.auth_context [None req-d4754a1f-ccb2-457e-ae9b-d13b6d4824a9 None admin] Validating token access rules against request {{(pid=80578) validate_allowed_request /usr/local/lib/python3.8/dist-packages/keystonemiddleware/auth_token/__init__.py:545}}
Jun 14 14:17:22.839021 n-d-845757-1 devstack@keystone.service[80577]: DEBUG dbcounter [-] [80577] Writing DB stats keystone:SELECT=100 {{(pid=80577) stat_writer /usr/local/lib/python3.8/dist-packages/dbcounter.py:114}}
Jun 14 14:17:22.849537 n-d-845757-1 devstack@keystone.service[80578]: DEBUG keystone.server.flask.request_processing.middleware.auth_context [None req-42182553-3418-4642-910d-d91e643b355b None admin] RBAC: auth_context: {'token': , 'domain_id': None, 'trust_id': None, 'trustor_id': None, 'trustee_id': None, 'domain_name': None, 'group_ids': [], 'user_id': 'b1841f80b6d84a508cecb8059ebdd747', 'user_domain_id': 'default', 'system_scope': 'all', 'project_id': None, 'project_domain_id': None, 'roles': ['admin', 'member', 'reader'], 'is_admin_project': True, 'service_user_id': None, 'service_user_domain_id': None, 'service_project_id': None, 'service_project_domain_id': None, 'service_roles': []} {{(pid=80578) fill_context /opt/stack/keystone/keystone/server/flask/request_processing/middleware/auth_context.py:478}}
Jun 14 14:17:22.850186 n-d-845757-1 devstack@keystone.service[80578]: DEBUG keystone.server.flask.request_processing.req_logging [None req-42182553-3418-4642-910d-d91e643b355b None admin] REQUEST_METHOD: `GET` {{(pid=80578) log_request_info /opt/stack/keystone/keystone/server/flask/request_processing/req_logging.py:27}}
Jun 14 14:17:22.850469 n-d-845757-1 devstack@keystone.service[80578]: DEBUG keystone.server.flask.request_processing.req_logging [None req-42182553-3418-4642-910d-d91e643b355b None admin] SCRIPT_NAME: `/identity` {{(pid=80578) log_request_info /opt/stack/keystone/keystone/server/flask/request_processing/req_logging.py:28}}
Jun 14 14:17:22.850747 n-d-845757-1 devstack@keystone.service[80578]: DEBUG keystone.server.flask.request_processing.req_logging [None req-42182553-3418-4642-910d-d91e643b355b None admin] PATH_INFO: `/v3/auth/tokens` {{(pid=80578) log_request_info /opt/stack/keystone/keystone/server/flask/request_processing/req_logging.py:29}}
Jun 14 14:17:22.853375 n-d-845757-1 devstack@keystone.service[80578]: DEBUG dbcounter [-] [80578] Writing DB stats keystone:SELECT=100 {{(pid=80578) stat_writer /usr/local/lib/python3.8/dist-packages/dbcounter.py:114}}
Jun 14 14:17:22.892385 n-d-845757-1 devstack@keystone.service[80577]: DEBUG keystone.server.flask.request_processing.middleware.auth_context [None req-a8e3f1e9-90b3-408a-b30b-11ad2b0040ca None admin] Validating token access rules against request {{(pid=80577) validate_allowed_request /usr/local/lib/python3.8/dist-packages/keystonemiddleware/auth_token/__init__.py:545}}
Jun 14 14:17:22.918880 n-d-845757-1 devstack@keystone.service[80578]: DEBUG keystone.common.rbac_enforcer.enforcer [None req-42182553-3418-4642-910d-d91e643b355b None admin] RBAC: Authorizing `identity:validate_token()` {{(pid=80578) enforce_call /opt/stack/keystone/keystone/common/rbac_enforcer/enforcer.py:449}}
Jun 14 14:17:22.920429 n-d-845757-1 devstack@keystone.service[80578]: DEBUG keystone.common.rbac_enforcer.enforcer [None req-42182553-3418-4642-910d-d91e643b355b None admin] RBAC: Authorization granted {{(pid=80578) enforce_call /opt/stack/keystone/keystone/common/rbac_enforcer/enforcer.py:457}}
Jun 14 14:17:22.925924 n-d-845757-1 devstack@keystone.service[80577]: DEBUG keystone.server.flask.request_processing.middleware.auth_context [None req-ac93f2f0-7992-430d-b455-9d53d96127ec None admin] RBAC: auth_context: {'token': , 'domain_id': None, 'trust_id': None, 'trustor_id': None, 'trustee_id': None, 'domain_name': None, 'group_ids': [], 'user_id': 'b1841f80b6d84a508cecb8059ebdd747', 'user_domain_id': 'default', 'system_scope': 'all', 'project_id': None, 'project_domain_id': None, 'roles': ['admin', 'member', 'reader'], 'is_admin_project': True, 'service_user_id': None, 'service_user_domain_id': None, 'service_project_id': None, 'service_project_domain_id': None, 'service_roles': []} {{(pid=80577) fill_context /opt/stack/keystone/keystone/server/flask/request_processing/middleware/auth_context.py:478}}
Jun 14 14:17:22.926796 n-d-845757-1 devstack@keystone.service[80577]: DEBUG keystone.server.flask.request_processing.req_logging [None req-ac93f2f0-7992-430d-b455-9d53d96127ec None admin] REQUEST_METHOD: `GET` {{(pid=80577) log_request_info /opt/stack/keystone/keystone/server/flask/request_processing/req_logging.py:27}}
Jun 14 14:17:22.927078 n-d-845757-1 devstack@keystone.service[80577]: DEBUG keystone.server.flask.request_processing.req_logging [None req-ac93f2f0-7992-430d-b455-9d53d96127ec None admin] SCRIPT_NAME: `/identity` {{(pid=80577) log_request_info /opt/stack/keystone/keystone/server/flask/request_processing/req_logging.py:28}}
Jun 14 14:17:22.927355 n-d-845757-1 devstack@keystone.service[80577]: DEBUG keystone.server.flask.request_processing.req_logging [None req-ac93f2f0-7992-430d-b455-9d53d96127ec None admin] PATH_INFO: `/v3/users/4a0d60316dad406c96fcdab6623076f4` {{(pid=80577) log_request_info /opt/stack/keystone/keystone/server/flask/request_processing/req_logging.py:29}}
Jun 14 14:17:22.928558 n-d-845757-1 devstack@keystone.service[80577]: DEBUG keystone.common.rbac_enforcer.enforcer [None req-ac93f2f0-7992-430d-b455-9d53d96127ec None admin] RBAC: Authorizing `identity:get_user(user_id=4a0d60316dad406c96fcdab6623076f4)` {{(pid=80577) enforce_call /opt/stack/keystone/keystone/common/rbac_enforcer/enforcer.py:449}}
Jun 14 14:17:22.929981 n-d-845757-1 devstack@keystone.service[80577]: DEBUG keystone.common.rbac_enforcer.enforcer [None req-ac93f2f0-7992-430d-b455-9d53d96127ec None admin] RBAC: Authorization granted {{(pid=80577) enforce_call /opt/stack/keystone/keystone/common/rbac_enforcer/enforcer.py:457}}
Jun 14 14:17:22.931586 n-d-845757-1 devstack@keystone.service[80577]: [pid: 80577|app: 0|req: 44/81] 10.222.0.36 () {56 vars in 1177 bytes} [Tue Jun 14 14:17:22 2022] GET /identity/v3/users/4a0d60316dad406c96fcdab6623076f4 => generated 275 bytes in 142 msecs (HTTP/1.1 200) 5 headers in 177 bytes (1 switches on core 0)
Jun 14 14:17:22.932917 n-d-845757-1 devstack@keystone.service[80577]: DEBUG keystone.server.flask.request_processing.middleware.auth_context [None req-ac93f2f0-7992-430d-b455-9d53d96127ec None admin] Authenticating user token {{(pid=80577) process_request /usr/local/lib/python3.8/dist-packages/keystonemiddleware/auth_token/__init__.py:407}}
Jun 14 14:17:23.021809 n-d-845757-1 devstack@keystone.service[80578]: [pid: 80578|app: 0|req: 38/82] 10.222.0.36 () {58 vars in 1282 bytes} [Tue Jun 14 14:17:22 2022] GET /identity/v3/auth/tokens => generated 799 bytes in 306 msecs (HTTP/1.1 200) 6 headers in 358 bytes (1 switches on core 0)
Jun 14 14:17:23.022657 n-d-845757-1 devstack@keystone.service[80578]: DEBUG keystone.server.flask.request_processing.middleware.auth_context [None req-42182553-3418-4642-910d-d91e643b355b None admin] Authenticating user token {{(pid=80578) process_request /usr/local/lib/python3.8/dist-packages/keystonemiddleware/auth_token/__init__.py:407}}
Jun 14 14:17:23.030545 n-d-845757-1 devstack@keystone.service[80577]: DEBUG keystone.server.flask.request_processing.middleware.auth_context [None req-ac93f2f0-7992-430d-b455-9d53d96127ec None admin] Validating token access rules against request {{(pid=80577) validate_allowed_request /usr/local/lib/python3.8/dist-packages/keystonemiddleware/auth_token/__init__.py:545}}
Jun 14 14:17:23.044687 n-d-845757-1 devstack@keystone.service[80577]: DEBUG dbcounter [-] [80577] Writing DB stats keystone:SELECT=100 {{(pid=80577) stat_writer /usr/local/lib/python3.8/dist-packages/dbcounter.py:114}}
Jun 14 14:17:23.057953 n-d-845757-1 devstack@keystone.service[80578]: DEBUG dbcounter [-] [80578] Writing DB stats keystone:SELECT=100 {{(pid=80578) stat_writer /usr/local/lib/python3.8/dist-packages/dbcounter.py:114}}
Jun 14 14:17:23.066769 n-d-845757-1 devstack@keystone.service[80577]: DEBUG keystone.server.flask.request_processing.middleware.auth_context [None req-f457bad4-e26b-432d-b894-b4323a2aefbe None admin] RBAC: auth_context: {'token': , 'domain_id': None, 'trust_id': None, 'trustor_id': None, 'trustee_id': None, 'domain_name': None, 'group_ids': [], 'user_id': 'b1841f80b6d84a508cecb8059ebdd747', 'user_domain_id': 'default', 'system_scope': 'all', 'project_id': None, 'project_domain_id': None, 'roles': ['admin', 'member', 'reader'], 'is_admin_project': True, 'service_user_id': None, 'service_user_domain_id': None, 'service_project_id': None, 'service_project_domain_id': None, 'service_roles': []} {{(pid=80577) fill_context /opt/stack/keystone/keystone/server/flask/request_processing/middleware/auth_context.py:478}}
Jun 14 14:17:23.067515 n-d-845757-1 devstack@keystone.service[80577]: DEBUG keystone.server.flask.request_processing.req_logging [None req-f457bad4-e26b-432d-b894-b4323a2aefbe None admin] REQUEST_METHOD: `GET` {{(pid=80577) log_request_info /opt/stack/keystone/keystone/server/flask/request_processing/req_logging.py:27}}
Jun 14 14:17:23.067806 n-d-845757-1 devstack@keystone.service[80577]: DEBUG keystone.server.flask.request_processing.req_logging [None req-f457bad4-e26b-432d-b894-b4323a2aefbe None admin] SCRIPT_NAME: `/identity` {{(pid=80577) log_request_info /opt/stack/keystone/keystone/server/flask/request_processing/req_logging.py:28}}
Jun 14 14:17:23.068120 n-d-845757-1 devstack@keystone.service[80577]: DEBUG keystone.server.flask.request_processing.req_logging [None req-f457bad4-e26b-432d-b894-b4323a2aefbe None admin] PATH_INFO: `/v3/domains/default` {{(pid=80577) log_request_info /opt/stack/keystone/keystone/server/flask/request_processing/req_logging.py:29}}
Jun 14 14:17:23.069305 n-d-845757-1 devstack@keystone.service[80577]: DEBUG keystone.common.rbac_enforcer.enforcer [None req-f457bad4-e26b-432d-b894-b4323a2aefbe None admin] RBAC: Authorizing `identity:get_domain(domain_id=default)` {{(pid=80577) enforce_call /opt/stack/keystone/keystone/common/rbac_enforcer/enforcer.py:449}}
Jun 14 14:17:23.070771 n-d-845757-1 devstack@keystone.service[80577]: DEBUG keystone.common.rbac_enforcer.enforcer [None req-f457bad4-e26b-432d-b894-b4323a2aefbe None admin] RBAC: Authorization granted {{(pid=80577) enforce_call /opt/stack/keystone/keystone/common/rbac_enforcer/enforcer.py:457}}
Jun 14 14:17:23.072425 n-d-845757-1 devstack@keystone.service[80577]: [pid: 80577|app: 0|req: 45/83] 10.222.0.36 () {56 vars in 1108 bytes} [Tue Jun 14 14:17:22 2022] GET /identity/v3/domains/default => generated 199 bytes in 140 msecs (HTTP/1.1 200) 5 headers in 177 bytes (1 switches on core 0)
Jun 14 14:17:23.073725 n-d-845757-1 devstack@keystone.service[80577]: DEBUG keystone.server.flask.request_processing.middleware.auth_context [None req-f457bad4-e26b-432d-b894-b4323a2aefbe None admin] Authenticating user token {{(pid=80577) process_request /usr/local/lib/python3.8/dist-packages/keystonemiddleware/auth_token/__init__.py:407}}
Jun 14 14:17:23.123532 n-d-845757-1 devstack@keystone.service[80578]: DEBUG keystone.server.flask.request_processing.middleware.auth_context [None req-42182553-3418-4642-910d-d91e643b355b None admin] Validating token access rules against request {{(pid=80578) validate_allowed_request /usr/local/lib/python3.8/dist-packages/keystonemiddleware/auth_token/__init__.py:545}}
Jun 14 14:17:23.157468 n-d-845757-1 devstack@keystone.service[80578]: DEBUG keystone.server.flask.request_processing.middleware.auth_context [None req-52394577-ce33-4604-a309-c3d5ea9fbd47 None admin] RBAC: auth_context: {'token': , 'domain_id': None, 'trust_id': None, 'trustor_id': None, 'trustee_id': None, 'domain_name': None, 'group_ids': [], 'user_id': 'b1841f80b6d84a508cecb8059ebdd747', 'user_domain_id': 'default', 'system_scope': 'all', 'project_id': None, 'project_domain_id': None, 'roles': ['admin', 'member', 'reader'], 'is_admin_project': True, 'service_user_id': None, 'service_user_domain_id': None, 'service_project_id': None, 'service_project_domain_id': None, 'service_roles': []} {{(pid=80578) fill_context /opt/stack/keystone/keystone/server/flask/request_processing/middleware/auth_context.py:478}}
Jun 14 14:17:23.158063 n-d-845757-1 devstack@keystone.service[80578]: DEBUG keystone.server.flask.request_processing.req_logging [None req-52394577-ce33-4604-a309-c3d5ea9fbd47 None admin] REQUEST_METHOD: `GET` {{(pid=80578) log_request_info /opt/stack/keystone/keystone/server/flask/request_processing/req_logging.py:27}}
Jun 14 14:17:23.158348 n-d-845757-1 devstack@keystone.service[80578]: DEBUG keystone.server.flask.request_processing.req_logging [None req-52394577-ce33-4604-a309-c3d5ea9fbd47 None admin] SCRIPT_NAME: `/identity` {{(pid=80578) log_request_info /opt/stack/keystone/keystone/server/flask/request_processing/req_logging.py:28}}
Jun 14 14:17:23.158621 n-d-845757-1 devstack@keystone.service[80578]: DEBUG keystone.server.flask.request_processing.req_logging [None req-52394577-ce33-4604-a309-c3d5ea9fbd47 None admin] PATH_INFO: `/v3/auth/tokens` {{(pid=80578) log_request_info /opt/stack/keystone/keystone/server/flask/request_processing/req_logging.py:29}}
Jun 14 14:17:23.173331 n-d-845757-1 devstack@keystone.service[80577]: DEBUG keystone.server.flask.request_processing.middleware.auth_context [None req-f457bad4-e26b-432d-b894-b4323a2aefbe None admin] Validating token access rules against request {{(pid=80577) validate_allowed_request /usr/local/lib/python3.8/dist-packages/keystonemiddleware/auth_token/__init__.py:545}}
Jun 14 14:17:23.206339 n-d-845757-1 devstack@keystone.service[80577]: DEBUG keystone.server.flask.request_processing.middleware.auth_context [None req-24a81659-ef2e-418a-a287-fe420e3907e6 None admin] RBAC: auth_context: {'token': , 'domain_id': None, 'trust_id': None, 'trustor_id': None, 'trustee_id': None, 'domain_name': None, 'group_ids': [], 'user_id': 'b1841f80b6d84a508cecb8059ebdd747', 'user_domain_id': 'default', 'system_scope': 'all', 'project_id': None, 'project_domain_id': None, 'roles': ['admin', 'member', 'reader'], 'is_admin_project': True, 'service_user_id': None, 'service_user_domain_id': None, 'service_project_id': None, 'service_project_domain_id': None, 'service_roles': []} {{(pid=80577) fill_context /opt/stack/keystone/keystone/server/flask/request_processing/middleware/auth_context.py:478}}
Jun 14 14:17:23.207003 n-d-845757-1 devstack@keystone.service[80577]: DEBUG keystone.server.flask.request_processing.req_logging [None req-24a81659-ef2e-418a-a287-fe420e3907e6 None admin] REQUEST_METHOD: `GET` {{(pid=80577) log_request_info /opt/stack/keystone/keystone/server/flask/request_processing/req_logging.py:27}}
Jun 14 14:17:23.207279 n-d-845757-1 devstack@keystone.service[80577]: DEBUG keystone.server.flask.request_processing.req_logging [None req-24a81659-ef2e-418a-a287-fe420e3907e6 None admin] SCRIPT_NAME: `/identity` {{(pid=80577) log_request_info /opt/stack/keystone/keystone/server/flask/request_processing/req_logging.py:28}}
Jun 14 14:17:23.207556 n-d-845757-1 devstack@keystone.service[80577]: DEBUG keystone.server.flask.request_processing.req_logging [None req-24a81659-ef2e-418a-a287-fe420e3907e6 None admin] PATH_INFO: `/v3/roles` {{(pid=80577) log_request_info /opt/stack/keystone/keystone/server/flask/request_processing/req_logging.py:29}}
Jun 14 14:17:23.208327 n-d-845757-1 devstack@keystone.service[80577]: DEBUG keystone.common.rbac_enforcer.enforcer [None req-24a81659-ef2e-418a-a287-fe420e3907e6 None admin] RBAC: Adding query filter params (name=member) {{(pid=80577) _extract_filter_values /opt/stack/keystone/keystone/common/rbac_enforcer/enforcer.py:167}}
Jun 14 14:17:23.208634 n-d-845757-1 devstack@keystone.service[80577]: DEBUG keystone.common.rbac_enforcer.enforcer [None req-24a81659-ef2e-418a-a287-fe420e3907e6 None admin] RBAC: Authorizing `identity:list_roles()` {{(pid=80577) enforce_call /opt/stack/keystone/keystone/common/rbac_enforcer/enforcer.py:449}}
Jun 14 14:17:23.210014 n-d-845757-1 devstack@keystone.service[80577]: DEBUG keystone.common.rbac_enforcer.enforcer [None req-24a81659-ef2e-418a-a287-fe420e3907e6 None admin] RBAC: Authorization granted {{(pid=80577) enforce_call /opt/stack/keystone/keystone/common/rbac_enforcer/enforcer.py:457}}
Jun 14 14:17:23.218522 n-d-845757-1 devstack@keystone.service[80577]: [pid: 80577|app: 0|req: 46/84] 10.222.0.36 () {56 vars in 1101 bytes} [Tue Jun 14 14:17:23 2022] GET /identity/v3/roles?name=member => generated 341 bytes in 146 msecs (HTTP/1.1 200) 5 headers in 177 bytes (1 switches on core 0)
Jun 14 14:17:23.219300 n-d-845757-1 devstack@keystone.service[80577]: DEBUG keystone.server.flask.request_processing.middleware.auth_context [None req-24a81659-ef2e-418a-a287-fe420e3907e6 None admin] Authenticating user token {{(pid=80577) process_request /usr/local/lib/python3.8/dist-packages/keystonemiddleware/auth_token/__init__.py:407}}
Jun 14 14:17:23.226865 n-d-845757-1 devstack@keystone.service[80578]: DEBUG keystone.common.rbac_enforcer.enforcer [None req-52394577-ce33-4604-a309-c3d5ea9fbd47 None admin] RBAC: Authorizing `identity:validate_token()` {{(pid=80578) enforce_call /opt/stack/keystone/keystone/common/rbac_enforcer/enforcer.py:449}}
Jun 14 14:17:23.228397 n-d-845757-1 devstack@keystone.service[80578]: DEBUG keystone.common.rbac_enforcer.enforcer [None req-52394577-ce33-4604-a309-c3d5ea9fbd47 None admin] RBAC: Authorization granted {{(pid=80578) enforce_call /opt/stack/keystone/keystone/common/rbac_enforcer/enforcer.py:457}}
Jun 14 14:17:23.261843 n-d-845757-1 devstack@keystone.service[80578]: DEBUG dbcounter [-] [80578] Writing DB stats keystone:SELECT=100 {{(pid=80578) stat_writer /usr/local/lib/python3.8/dist-packages/dbcounter.py:114}}
Jun 14 14:17:23.265007 n-d-845757-1 devstack@keystone.service[80577]: DEBUG dbcounter [-] [80577] Writing DB stats keystone:SELECT=100 {{(pid=80577) stat_writer /usr/local/lib/python3.8/dist-packages/dbcounter.py:114}}
Jun 14 14:17:23.319233 n-d-845757-1 devstack@keystone.service[80577]: DEBUG keystone.server.flask.request_processing.middleware.auth_context [None req-24a81659-ef2e-418a-a287-fe420e3907e6 None admin] Validating token access rules against request {{(pid=80577) validate_allowed_request /usr/local/lib/python3.8/dist-packages/keystonemiddleware/auth_token/__init__.py:545}}
