Jun 17 14:36:27.523845 n-d-845747-2 devstack@placement-api.service[105407]: [pid: 105407|app: 0|req: 387/777] 10.222.0.42 () {64 vars in 1433 bytes} [Fri Jun 17 14:36:27 2022] PUT /placement/allocations/d58d08e7-c33c-42f1-9465-cfabfb27e6f2 => generated 0 bytes in 126 msecs (HTTP/1.1 204) 5 headers in 199 bytes (2 switches on core 0)
Jun 17 14:36:29.329506 n-d-845747-2 devstack@placement-api.service[105408]: DEBUG placement.requestlog [req-548e50c1-c9fd-496c-87c0-5eee6980bd87 req-a4e74543-a4dd-44ac-91a2-190288d142b2 None None] Starting request: 10.222.0.44 "GET /placement/allocations/d58d08e7-c33c-42f1-9465-cfabfb27e6f2" {{(pid=105408) __call__ /opt/stack/placement/placement/requestlog.py:55}}
Jun 17 14:36:29.369505 n-d-845747-2 devstack@placement-api.service[105408]: INFO placement.requestlog [req-548e50c1-c9fd-496c-87c0-5eee6980bd87 req-a4e74543-a4dd-44ac-91a2-190288d142b2 service placement] 10.222.0.44 "GET /placement/allocations/d58d08e7-c33c-42f1-9465-cfabfb27e6f2" status: 200 len: 259 microversion: 1.28
Jun 17 14:36:29.372420 n-d-845747-2 devstack@placement-api.service[105408]: [pid: 105408|app: 0|req: 391/778] 10.222.0.44 () {60 vars in 1377 bytes} [Fri Jun 17 14:36:29 2022] GET /placement/allocations/d58d08e7-c33c-42f1-9465-cfabfb27e6f2 => generated 259 bytes in 43 msecs (HTTP/1.1 200) 8 headers in 296 bytes (1 switches on core 0)
Jun 17 14:36:29.473142 n-d-845747-2 devstack@placement-api.service[105407]: DEBUG placement.requestlog [req-f7b2c286-80e9-44ae-ab62-55a2a217ce9d req-7c810490-3865-4abe-afd6-51afcdbe2e60 None None] Starting request: 10.222.0.42 "GET /placement/allocation_candidates?limit=1000&resources=DISK_GB%3A1%2CMEMORY_MB%3A1024%2CVCPU%3A1&root_required=%21COMPUTE_STATUS_DISABLED" {{(pid=105407) __call__ /opt/stack/placement/placement/requestlog.py:55}}
Jun 17 14:36:29.559344 n-d-845747-2 devstack@placement-api.service[105407]: DEBUG placement.objects.research_context [req-f7b2c286-80e9-44ae-ab62-55a2a217ce9d req-7c810490-3865-4abe-afd6-51afcdbe2e60 service placement] getting providers with 1 DISK_GB {{(pid=105407) __init__ /opt/stack/placement/placement/objects/research_context.py:136}}
Jun 17 14:36:29.578011 n-d-845747-2 devstack@placement-api.service[105407]: DEBUG placement.objects.research_context [req-f7b2c286-80e9-44ae-ab62-55a2a217ce9d req-7c810490-3865-4abe-afd6-51afcdbe2e60 service placement] getting providers with 1024 MEMORY_MB {{(pid=105407) __init__ /opt/stack/placement/placement/objects/research_context.py:136}}
Jun 17 14:36:29.598582 n-d-845747-2 devstack@placement-api.service[105407]: DEBUG placement.objects.research_context [req-f7b2c286-80e9-44ae-ab62-55a2a217ce9d req-7c810490-3865-4abe-afd6-51afcdbe2e60 service placement] getting providers with 1 VCPU {{(pid=105407) __init__ /opt/stack/placement/placement/objects/research_context.py:136}}
Jun 17 14:36:29.620487 n-d-845747-2 devstack@placement-api.service[105407]: DEBUG placement.objects.research_context [req-f7b2c286-80e9-44ae-ab62-55a2a217ce9d req-7c810490-3865-4abe-afd6-51afcdbe2e60 service placement] found 2 providers with available 1 DISK_GB {{(pid=105407) get_provider_ids_matching /opt/stack/placement/placement/objects/research_context.py:563}}
Jun 17 14:36:29.620984 n-d-845747-2 devstack@placement-api.service[105407]: DEBUG placement.objects.research_context [req-f7b2c286-80e9-44ae-ab62-55a2a217ce9d req-7c810490-3865-4abe-afd6-51afcdbe2e60 service placement] found 2 providers with available 1024 MEMORY_MB {{(pid=105407) get_provider_ids_matching /opt/stack/placement/placement/objects/research_context.py:563}}
Jun 17 14:36:29.621430 n-d-845747-2 devstack@placement-api.service[105407]: DEBUG placement.objects.research_context [req-f7b2c286-80e9-44ae-ab62-55a2a217ce9d req-7c810490-3865-4abe-afd6-51afcdbe2e60 service placement] found 2 providers after filtering by previous result {{(pid=105407) get_provider_ids_matching /opt/stack/placement/placement/objects/research_context.py:594}}
Jun 17 14:36:29.621882 n-d-845747-2 devstack@placement-api.service[105407]: DEBUG placement.objects.research_context [req-f7b2c286-80e9-44ae-ab62-55a2a217ce9d req-7c810490-3865-4abe-afd6-51afcdbe2e60 service placement] found 2 providers with available 1 VCPU {{(pid=105407) get_provider_ids_matching /opt/stack/placement/placement/objects/research_context.py:563}}
Jun 17 14:36:29.622302 n-d-845747-2 devstack@placement-api.service[105407]: DEBUG placement.objects.research_context [req-f7b2c286-80e9-44ae-ab62-55a2a217ce9d req-7c810490-3865-4abe-afd6-51afcdbe2e60 service placement] found 2 providers after filtering by previous result {{(pid=105407) get_provider_ids_matching /opt/stack/placement/placement/objects/research_context.py:594}}
Jun 17 14:36:29.641846 n-d-845747-2 devstack@placement-api.service[105407]: DEBUG placement.objects.allocation_candidate [req-f7b2c286-80e9-44ae-ab62-55a2a217ce9d req-7c810490-3865-4abe-afd6-51afcdbe2e60 service placement] RequestGroup(use_same_provider=False, resources={DISK_GB:1, MEMORY_MB:1024, VCPU:1}, traits=(), aggregates=[]) (suffix '') returned 2 matches {{(pid=105407) _get_by_requests /opt/stack/placement/placement/objects/allocation_candidate.py:156}}
Jun 17 14:36:29.642617 n-d-845747-2 devstack@placement-api.service[105407]: DEBUG placement.objects.allocation_candidate [req-f7b2c286-80e9-44ae-ab62-55a2a217ce9d req-7c810490-3865-4abe-afd6-51afcdbe2e60 service placement] Merging candidates yields 2 allocation requests and 2 provider summaries {{(pid=105407) _merge_candidates /opt/stack/placement/placement/objects/allocation_candidate.py:809}}
Jun 17 14:36:29.645392 n-d-845747-2 devstack@placement-api.service[105407]: INFO placement.requestlog [req-f7b2c286-80e9-44ae-ab62-55a2a217ce9d req-7c810490-3865-4abe-afd6-51afcdbe2e60 service placement] 10.222.0.42 "GET /placement/allocation_candidates?limit=1000&resources=DISK_GB%3A1%2CMEMORY_MB%3A1024%2CVCPU%3A1&root_required=%21COMPUTE_STATUS_DISABLED" status: 200 len: 1309 microversion: 1.36
Jun 17 14:36:29.646458 n-d-845747-2 devstack@placement-api.service[105407]: [pid: 105407|app: 0|req: 388/779] 10.222.0.42 () {60 vars in 1506 bytes} [Fri Jun 17 14:36:29 2022] GET /placement/allocation_candidates?limit=1000&resources=DISK_GB%3A1%2CMEMORY_MB%3A1024%2CVCPU%3A1&root_required=%21COMPUTE_STATUS_DISABLED => generated 1309 bytes in 174 msecs (HTTP/1.1 200) 8 headers in 297 bytes (1 switches on core 0)
Jun 17 14:36:29.751157 n-d-845747-2 devstack@placement-api.service[105408]: DEBUG placement.requestlog [req-938b3233-f043-414e-ba86-d70c82a34a81 req-bc6c48e8-3099-4ba3-aee1-a7f3ab70ed2f None None] Starting request: 10.222.0.44 "DELETE /placement/allocations/9a5539f3-93e3-45c4-b8bb-d2043dcc6cae" {{(pid=105408) __call__ /opt/stack/placement/placement/requestlog.py:55}}
Jun 17 14:36:29.802727 n-d-845747-2 devstack@placement-api.service[105407]: DEBUG placement.requestlog [req-f7b2c286-80e9-44ae-ab62-55a2a217ce9d req-45c9c805-8fb2-4e13-81d1-1415c0e3504c None None] Starting request: 10.222.0.42 "GET /placement/allocations/4bcf08e3-f170-44bc-985e-f33d5f7dfca1" {{(pid=105407) __call__ /opt/stack/placement/placement/requestlog.py:55}}
Jun 17 14:36:29.814924 n-d-845747-2 devstack@placement-api.service[105407]: DEBUG dbcounter [-] [105407] Writing DB stats placement:SELECT=79,placement:DELETE=9,placement:INSERT=7,placement:UPDATE=5 {{(pid=105407) stat_writer /usr/local/lib/python3.8/dist-packages/dbcounter.py:114}}
Jun 17 14:36:29.820013 n-d-845747-2 devstack@placement-api.service[105408]: DEBUG placement.handlers.allocation [req-938b3233-f043-414e-ba86-d70c82a34a81 req-bc6c48e8-3099-4ba3-aee1-a7f3ab70ed2f service placement] Successfully deleted allocations [, , ] {{(pid=105408) delete_allocations /opt/stack/placement/placement/handlers/allocation.py:627}}
Jun 17 14:36:29.820361 n-d-845747-2 devstack@placement-api.service[105408]: INFO placement.requestlog [req-938b3233-f043-414e-ba86-d70c82a34a81 req-bc6c48e8-3099-4ba3-aee1-a7f3ab70ed2f service placement] 10.222.0.44 "DELETE /placement/allocations/9a5539f3-93e3-45c4-b8bb-d2043dcc6cae" status: 204 len: 0 microversion: 1.0
Jun 17 14:36:29.820971 n-d-845747-2 devstack@placement-api.service[105408]: [pid: 105408|app: 0|req: 392/780] 10.222.0.44 () {60 vars in 1355 bytes} [Fri Jun 17 14:36:29 2022] DELETE /placement/allocations/9a5539f3-93e3-45c4-b8bb-d2043dcc6cae => generated 0 bytes in 71 msecs (HTTP/1.1 204) 5 headers in 198 bytes (1 switches on core 0)
Jun 17 14:36:29.833440 n-d-845747-2 devstack@placement-api.service[105407]: INFO placement.requestlog [req-f7b2c286-80e9-44ae-ab62-55a2a217ce9d req-45c9c805-8fb2-4e13-81d1-1415c0e3504c service placement] 10.222.0.42 "GET /placement/allocations/4bcf08e3-f170-44bc-985e-f33d5f7dfca1" status: 200 len: 19 microversion: 1.28
Jun 17 14:36:29.834053 n-d-845747-2 devstack@placement-api.service[105407]: [pid: 105407|app: 0|req: 389/781] 10.222.0.42 () {60 vars in 1380 bytes} [Fri Jun 17 14:36:29 2022] GET /placement/allocations/4bcf08e3-f170-44bc-985e-f33d5f7dfca1 => generated 19 bytes in 32 msecs (HTTP/1.1 200) 8 headers in 295 bytes (2 switches on core 0)
Jun 17 14:36:29.840769 n-d-845747-2 devstack@placement-api.service[105408]: DEBUG placement.requestlog [req-f7b2c286-80e9-44ae-ab62-55a2a217ce9d req-f77a3cbb-bdf7-4d20-8895-1ce75402a38b None None] Starting request: 10.222.0.42 "PUT /placement/allocations/4bcf08e3-f170-44bc-985e-f33d5f7dfca1" {{(pid=105408) __call__ /opt/stack/placement/placement/requestlog.py:55}}
Jun 17 14:36:29.981449 n-d-845747-2 devstack@placement-api.service[105408]: DEBUG placement.handlers.allocation [req-f7b2c286-80e9-44ae-ab62-55a2a217ce9d req-f77a3cbb-bdf7-4d20-8895-1ce75402a38b service placement] Successfully wrote allocations [, , ] {{(pid=105408) _update_consumers_and_create_allocations /opt/stack/placement/placement/handlers/allocation.py:462}}
Jun 17 14:36:29.987577 n-d-845747-2 devstack@placement-api.service[105408]: INFO placement.requestlog [req-f7b2c286-80e9-44ae-ab62-55a2a217ce9d req-f77a3cbb-bdf7-4d20-8895-1ce75402a38b service placement] 10.222.0.42 "PUT /placement/allocations/4bcf08e3-f170-44bc-985e-f33d5f7dfca1" status: 204 len: 0 microversion: 1.36
Jun 17 14:36:29.988073 n-d-845747-2 devstack@placement-api.service[105408]: [pid: 105408|app: 0|req: 393/782] 10.222.0.42 () {64 vars in 1433 bytes} [Fri Jun 17 14:36:29 2022] PUT /placement/allocations/4bcf08e3-f170-44bc-985e-f33d5f7dfca1 => generated 0 bytes in 148 msecs (HTTP/1.1 204) 5 headers in 199 bytes (1 switches on core 0)
Jun 17 14:36:30.425582 n-d-845747-2 devstack@placement-api.service[105407]: DEBUG placement.requestlog [req-f7b2c286-80e9-44ae-ab62-55a2a217ce9d req-e5d8dbf5-5ff1-406b-b195-4b1fb21fe18b None None] Starting request: 10.222.0.44 "GET /placement/allocations/4bcf08e3-f170-44bc-985e-f33d5f7dfca1" {{(pid=105407) __call__ /opt/stack/placement/placement/requestlog.py:55}}
Jun 17 14:36:30.455479 n-d-845747-2 devstack@placement-api.service[105407]: INFO placement.requestlog [req-f7b2c286-80e9-44ae-ab62-55a2a217ce9d req-e5d8dbf5-5ff1-406b-b195-4b1fb21fe18b service placement] 10.222.0.44 "GET /placement/allocations/4bcf08e3-f170-44bc-985e-f33d5f7dfca1" status: 200 len: 259 microversion: 1.28
Jun 17 14:36:30.456429 n-d-845747-2 devstack@placement-api.service[105407]: [pid: 105407|app: 0|req: 390/783] 10.222.0.44 () {60 vars in 1377 bytes} [Fri Jun 17 14:36:30 2022] GET /placement/allocations/4bcf08e3-f170-44bc-985e-f33d5f7dfca1 => generated 259 bytes in 31 msecs (HTTP/1.1 200) 8 headers in 296 bytes (1 switches on core 0)
Jun 17 14:36:33.475331 n-d-845747-2 devstack@placement-api.service[105408]: DEBUG placement.requestlog [req-d9748046-d8f7-43e9-8097-6b6b2fb7c3df req-45a99758-f9f1-4b45-b898-3de250ab4607 None None] Starting request: 10.222.0.42 "GET /placement/allocation_candidates?limit=1000&resources=DISK_GB%3A1%2CMEMORY_MB%3A1024%2CVCPU%3A1&root_required=%21COMPUTE_STATUS_DISABLED" {{(pid=105408) __call__ /opt/stack/placement/placement/requestlog.py:55}}
Jun 17 14:36:33.533895 n-d-845747-2 devstack@placement-api.service[105408]: DEBUG placement.objects.research_context [req-d9748046-d8f7-43e9-8097-6b6b2fb7c3df req-45a99758-f9f1-4b45-b898-3de250ab4607 service placement] getting providers with 1 DISK_GB {{(pid=105408) __init__ /opt/stack/placement/placement/objects/research_context.py:136}}
Jun 17 14:36:33.540567 n-d-845747-2 devstack@placement-api.service[105408]: DEBUG placement.objects.research_context [req-d9748046-d8f7-43e9-8097-6b6b2fb7c3df req-45a99758-f9f1-4b45-b898-3de250ab4607 service placement] getting providers with 1024 MEMORY_MB {{(pid=105408) __init__ /opt/stack/placement/placement/objects/research_context.py:136}}
Jun 17 14:36:33.548648 n-d-845747-2 devstack@placement-api.service[105408]: DEBUG placement.objects.research_context [req-d9748046-d8f7-43e9-8097-6b6b2fb7c3df req-45a99758-f9f1-4b45-b898-3de250ab4607 service placement] getting providers with 1 VCPU {{(pid=105408) __init__ /opt/stack/placement/placement/objects/research_context.py:136}}
Jun 17 14:36:33.569252 n-d-845747-2 devstack@placement-api.service[105408]: DEBUG placement.objects.research_context [req-d9748046-d8f7-43e9-8097-6b6b2fb7c3df req-45a99758-f9f1-4b45-b898-3de250ab4607 service placement] found 2 providers with available 1 DISK_GB {{(pid=105408) get_provider_ids_matching /opt/stack/placement/placement/objects/research_context.py:563}}
Jun 17 14:36:33.570884 n-d-845747-2 devstack@placement-api.service[105408]: DEBUG placement.objects.research_context [req-d9748046-d8f7-43e9-8097-6b6b2fb7c3df req-45a99758-f9f1-4b45-b898-3de250ab4607 service placement] found 2 providers with available 1024 MEMORY_MB {{(pid=105408) get_provider_ids_matching /opt/stack/placement/placement/objects/research_context.py:563}}
Jun 17 14:36:33.572143 n-d-845747-2 devstack@placement-api.service[105408]: DEBUG placement.objects.research_context [req-d9748046-d8f7-43e9-8097-6b6b2fb7c3df req-45a99758-f9f1-4b45-b898-3de250ab4607 service placement] found 2 providers after filtering by previous result {{(pid=105408) get_provider_ids_matching /opt/stack/placement/placement/objects/research_context.py:594}}
Jun 17 14:36:33.572729 n-d-845747-2 devstack@placement-api.service[105408]: DEBUG placement.objects.research_context [req-d9748046-d8f7-43e9-8097-6b6b2fb7c3df req-45a99758-f9f1-4b45-b898-3de250ab4607 service placement] found 2 providers with available 1 VCPU {{(pid=105408) get_provider_ids_matching /opt/stack/placement/placement/objects/research_context.py:563}}
Jun 17 14:36:33.573226 n-d-845747-2 devstack@placement-api.service[105408]: DEBUG placement.objects.research_context [req-d9748046-d8f7-43e9-8097-6b6b2fb7c3df req-45a99758-f9f1-4b45-b898-3de250ab4607 service placement] found 2 providers after filtering by previous result {{(pid=105408) get_provider_ids_matching /opt/stack/placement/placement/objects/research_context.py:594}}
Jun 17 14:36:33.611234 n-d-845747-2 devstack@placement-api.service[105408]: DEBUG placement.objects.allocation_candidate [req-d9748046-d8f7-43e9-8097-6b6b2fb7c3df req-45a99758-f9f1-4b45-b898-3de250ab4607 service placement] RequestGroup(use_same_provider=False, resources={DISK_GB:1, MEMORY_MB:1024, VCPU:1}, traits=(), aggregates=[]) (suffix '') returned 2 matches {{(pid=105408) _get_by_requests /opt/stack/placement/placement/objects/allocation_candidate.py:156}}
Jun 17 14:36:33.613609 n-d-845747-2 devstack@placement-api.service[105408]: DEBUG placement.objects.allocation_candidate [req-d9748046-d8f7-43e9-8097-6b6b2fb7c3df req-45a99758-f9f1-4b45-b898-3de250ab4607 service placement] Merging candidates yields 2 allocation requests and 2 provider summaries {{(pid=105408) _merge_candidates /opt/stack/placement/placement/objects/allocation_candidate.py:809}}
Jun 17 14:36:33.616704 n-d-845747-2 devstack@placement-api.service[105408]: INFO placement.requestlog [req-d9748046-d8f7-43e9-8097-6b6b2fb7c3df req-45a99758-f9f1-4b45-b898-3de250ab4607 service placement] 10.222.0.42 "GET /placement/allocation_candidates?limit=1000&resources=DISK_GB%3A1%2CMEMORY_MB%3A1024%2CVCPU%3A1&root_required=%21COMPUTE_STATUS_DISABLED" status: 200 len: 1309 microversion: 1.36
Jun 17 14:36:33.624423 n-d-845747-2 devstack@placement-api.service[105408]: [pid: 105408|app: 0|req: 394/784] 10.222.0.42 () {60 vars in 1506 bytes} [Fri Jun 17 14:36:33 2022] GET /placement/allocation_candidates?limit=1000&resources=DISK_GB%3A1%2CMEMORY_MB%3A1024%2CVCPU%3A1&root_required=%21COMPUTE_STATUS_DISABLED => generated 1309 bytes in 149 msecs (HTTP/1.1 200) 8 headers in 297 bytes (1 switches on core 0)
Jun 17 14:36:33.713336 n-d-845747-2 devstack@placement-api.service[105407]: DEBUG placement.requestlog [req-d9748046-d8f7-43e9-8097-6b6b2fb7c3df req-001bb30a-b4fc-4400-8cea-c1eee3ea5fb9 None None] Starting request: 10.222.0.42 "GET /placement/allocations/6668dcc0-a219-4427-8fc4-5b5bfcce53e3" {{(pid=105407) __call__ /opt/stack/placement/placement/requestlog.py:55}}
Jun 17 14:36:33.733080 n-d-845747-2 devstack@placement-api.service[105407]: INFO placement.requestlog [req-d9748046-d8f7-43e9-8097-6b6b2fb7c3df req-001bb30a-b4fc-4400-8cea-c1eee3ea5fb9 service placement] 10.222.0.42 "GET /placement/allocations/6668dcc0-a219-4427-8fc4-5b5bfcce53e3" status: 200 len: 19 microversion: 1.28
Jun 17 14:36:33.740561 n-d-845747-2 devstack@placement-api.service[105408]: DEBUG placement.requestlog [req-d9748046-d8f7-43e9-8097-6b6b2fb7c3df req-cc4027c5-04a9-49d1-9aa4-574f3036707c None None] Starting request: 10.222.0.42 "PUT /placement/allocations/6668dcc0-a219-4427-8fc4-5b5bfcce53e3" {{(pid=105408) __call__ /opt/stack/placement/placement/requestlog.py:55}}
Jun 17 14:36:33.741345 n-d-845747-2 devstack@placement-api.service[105407]: [pid: 105407|app: 0|req: 391/785] 10.222.0.42 () {60 vars in 1380 bytes} [Fri Jun 17 14:36:33 2022] GET /placement/allocations/6668dcc0-a219-4427-8fc4-5b5bfcce53e3 => generated 19 bytes in 21 msecs (HTTP/1.1 200) 8 headers in 295 bytes (1 switches on core 0)
Jun 17 14:36:33.873517 n-d-845747-2 devstack@placement-api.service[105408]: DEBUG placement.handlers.allocation [req-d9748046-d8f7-43e9-8097-6b6b2fb7c3df req-cc4027c5-04a9-49d1-9aa4-574f3036707c service placement] Successfully wrote allocations [, , ] {{(pid=105408) _update_consumers_and_create_allocations /opt/stack/placement/placement/handlers/allocation.py:462}}
Jun 17 14:36:33.894013 n-d-845747-2 devstack@placement-api.service[105408]: INFO placement.requestlog [req-d9748046-d8f7-43e9-8097-6b6b2fb7c3df req-cc4027c5-04a9-49d1-9aa4-574f3036707c service placement] 10.222.0.42 "PUT /placement/allocations/6668dcc0-a219-4427-8fc4-5b5bfcce53e3" status: 204 len: 0 microversion: 1.36
Jun 17 14:36:33.894985 n-d-845747-2 devstack@placement-api.service[105408]: [pid: 105408|app: 0|req: 395/786] 10.222.0.42 () {64 vars in 1433 bytes} [Fri Jun 17 14:36:33 2022] PUT /placement/allocations/6668dcc0-a219-4427-8fc4-5b5bfcce53e3 => generated 0 bytes in 155 msecs (HTTP/1.1 204) 5 headers in 199 bytes (2 switches on core 0)
Jun 17 14:36:34.670705 n-d-845747-2 devstack@placement-api.service[105407]: DEBUG placement.requestlog [req-d9748046-d8f7-43e9-8097-6b6b2fb7c3df req-1e758a18-5d2a-4e75-b201-fb5c3f79bc51 None None] Starting request: 10.222.0.40 "GET /placement/allocations/6668dcc0-a219-4427-8fc4-5b5bfcce53e3" {{(pid=105407) __call__ /opt/stack/placement/placement/requestlog.py:55}}
Jun 17 14:36:34.718287 n-d-845747-2 devstack@placement-api.service[105407]: INFO placement.requestlog [req-d9748046-d8f7-43e9-8097-6b6b2fb7c3df req-1e758a18-5d2a-4e75-b201-fb5c3f79bc51 service placement] 10.222.0.40 "GET /placement/allocations/6668dcc0-a219-4427-8fc4-5b5bfcce53e3" status: 200 len: 259 microversion: 1.28
Jun 17 14:36:34.718945 n-d-845747-2 devstack@placement-api.service[105407]: [pid: 105407|app: 0|req: 392/787] 10.222.0.40 () {60 vars in 1377 bytes} [Fri Jun 17 14:36:34 2022] GET /placement/allocations/6668dcc0-a219-4427-8fc4-5b5bfcce53e3 => generated 259 bytes in 49 msecs (HTTP/1.1 200) 8 headers in 296 bytes (1 switches on core 0)
Jun 17 14:36:36.655832 n-d-845747-2 devstack@placement-api.service[105408]: DEBUG placement.requestlog [req-6ab6616b-9b73-4b26-886e-3f01d3016bc5 req-dc535fad-260a-44e3-ab0b-e48800475021 None None] Starting request: 10.222.0.44 "DELETE /placement/allocations/4610a4ca-8b59-4ea5-b1d4-4e899bcfb820" {{(pid=105408) __call__ /opt/stack/placement/placement/requestlog.py:55}}
Jun 17 14:36:36.825099 n-d-845747-2 devstack@placement-api.service[105408]: DEBUG placement.handlers.allocation [req-6ab6616b-9b73-4b26-886e-3f01d3016bc5 req-dc535fad-260a-44e3-ab0b-e48800475021 service placement] Successfully deleted allocations [, , ] {{(pid=105408) delete_allocations /opt/stack/placement/placement/handlers/allocation.py:627}}
Jun 17 14:36:36.826386 n-d-845747-2 devstack@placement-api.service[105408]: INFO placement.requestlog [req-6ab6616b-9b73-4b26-886e-3f01d3016bc5 req-dc535fad-260a-44e3-ab0b-e48800475021 service placement] 10.222.0.44 "DELETE /placement/allocations/4610a4ca-8b59-4ea5-b1d4-4e899bcfb820" status: 204 len: 0 microversion: 1.0
Jun 17 14:36:36.838773 n-d-845747-2 devstack@placement-api.service[105408]: [pid: 105408|app: 0|req: 396/788] 10.222.0.44 () {60 vars in 1355 bytes} [Fri Jun 17 14:36:36 2022] DELETE /placement/allocations/4610a4ca-8b59-4ea5-b1d4-4e899bcfb820 => generated 0 bytes in 184 msecs (HTTP/1.1 204) 5 headers in 198 bytes (1 switches on core 0)
Jun 17 14:36:44.712209 n-d-845747-2 devstack@placement-api.service[105407]: DEBUG dbcounter [-] [105407] Writing DB stats placement:SELECT=10 {{(pid=105407) stat_writer /usr/local/lib/python3.8/dist-packages/dbcounter.py:114}}
Jun 17 14:36:44.912419 n-d-845747-2 devstack@placement-api.service[105407]: DEBUG placement.requestlog [None req-dc1580e8-56c2-42dd-ae83-ad74eea26e96 None None] Starting request: 10.222.0.42 "GET /placement/resource_providers/474abd18-20d1-4c0a-a562-42da2770caf7/aggregates" {{(pid=105407) __call__ /opt/stack/placement/placement/requestlog.py:55}}
Jun 17 14:36:44.935366 n-d-845747-2 devstack@placement-api.service[105407]: INFO placement.requestlog [None req-dc1580e8-56c2-42dd-ae83-ad74eea26e96 service placement] 10.222.0.42 "GET /placement/resource_providers/474abd18-20d1-4c0a-a562-42da2770caf7/aggregates" status: 404 len: 235 microversion: 1.1
Jun 17 14:36:44.935783 n-d-845747-2 devstack@placement-api.service[105407]: [pid: 105407|app: 0|req: 393/789] 10.222.0.42 () {58 vars in 1362 bytes} [Fri Jun 17 14:36:44 2022] GET /placement/resource_providers/474abd18-20d1-4c0a-a562-42da2770caf7/aggregates => generated 235 bytes in 24 msecs (HTTP/1.1 404) 5 headers in 202 bytes (2 switches on core 0)
Jun 17 14:36:44.989353 n-d-845747-2 devstack@placement-api.service[105408]: DEBUG placement.requestlog [None req-28e7e03d-0189-4c3c-a8eb-300fe08eb2a1 None None] Starting request: 10.222.0.42 "DELETE /placement/resource_providers/474abd18-20d1-4c0a-a562-42da2770caf7" {{(pid=105408) __call__ /opt/stack/placement/placement/requestlog.py:55}}
Jun 17 14:36:45.001014 n-d-845747-2 devstack@placement-api.service[105408]: DEBUG dbcounter [-] [105408] Writing DB stats placement:INSERT=14,placement:SELECT=70,placement:DELETE=10,placement:UPDATE=6 {{(pid=105408) stat_writer /usr/local/lib/python3.8/dist-packages/dbcounter.py:114}}
Jun 17 14:36:45.007833 n-d-845747-2 devstack@placement-api.service[105408]: DEBUG placement.wsgi_wrapper [None req-28e7e03d-0189-4c3c-a8eb-300fe08eb2a1 service placement] Placement API returning an error response: No resource provider with uuid 474abd18-20d1-4c0a-a562-42da2770caf7 found for delete {{(pid=105408) call_func /opt/stack/placement/placement/wsgi_wrapper.py:31}}
Jun 17 14:36:45.008739 n-d-845747-2 devstack@placement-api.service[105408]: INFO placement.requestlog [None req-28e7e03d-0189-4c3c-a8eb-300fe08eb2a1 service placement] 10.222.0.42 "DELETE /placement/resource_providers/474abd18-20d1-4c0a-a562-42da2770caf7" status: 404 len: 246 microversion: 1.1
Jun 17 14:36:45.009149 n-d-845747-2 devstack@placement-api.service[105408]: [pid: 105408|app: 0|req: 397/790] 10.222.0.42 () {60 vars in 1351 bytes} [Fri Jun 17 14:36:44 2022] DELETE /placement/resource_providers/474abd18-20d1-4c0a-a562-42da2770caf7 => generated 246 bytes in 22 msecs (HTTP/1.1 404) 6 headers in 231 bytes (1 switches on core 0)
Jun 17 14:36:45.688299 n-d-845747-2 devstack@placement-api.service[105407]: DEBUG placement.requestlog [req-874e1f25-25d3-4d16-917a-a5def89e283a req-c3d55971-487c-45f2-9772-9091fecb4b2b None None] Starting request: 10.222.0.44 "DELETE /placement/allocations/c687cdc0-fef7-4994-8c0a-259ed204afa8" {{(pid=105407) __call__ /opt/stack/placement/placement/requestlog.py:55}}
Jun 17 14:36:45.763148 n-d-845747-2 devstack@placement-api.service[105407]: DEBUG placement.handlers.allocation [req-874e1f25-25d3-4d16-917a-a5def89e283a req-c3d55971-487c-45f2-9772-9091fecb4b2b service placement] Successfully deleted allocations [, , ] {{(pid=105407) delete_allocations /opt/stack/placement/placement/handlers/allocation.py:627}}
Jun 17 14:36:45.765322 n-d-845747-2 devstack@placement-api.service[105407]: INFO placement.requestlog [req-874e1f25-25d3-4d16-917a-a5def89e283a req-c3d55971-487c-45f2-9772-9091fecb4b2b service placement] 10.222.0.44 "DELETE /placement/allocations/c687cdc0-fef7-4994-8c0a-259ed204afa8" status: 204 len: 0 microversion: 1.0
Jun 17 14:36:45.766021 n-d-845747-2 devstack@placement-api.service[105407]: [pid: 105407|app: 0|req: 394/791] 10.222.0.44 () {60 vars in 1355 bytes} [Fri Jun 17 14:36:45 2022] DELETE /placement/allocations/c687cdc0-fef7-4994-8c0a-259ed204afa8 => generated 0 bytes in 78 msecs (HTTP/1.1 204) 5 headers in 198 bytes (1 switches on core 0)
Jun 17 14:36:47.740552 n-d-845747-2 devstack@placement-api.service[105408]: DEBUG placement.requestlog [req-652fc37f-40b7-4674-a5a1-f1b908e17324 req-31b70e78-f66d-48d0-980c-483d4a3f7659 None None] Starting request: 10.222.0.42 "GET /placement/allocation_candidates?limit=1000&resources=DISK_GB%3A1%2CMEMORY_MB%3A1024%2CVCPU%3A1&root_required=%21COMPUTE_STATUS_DISABLED" {{(pid=105408) __call__ /opt/stack/placement/placement/requestlog.py:55}}
Jun 17 14:36:47.851798 n-d-845747-2 devstack@placement-api.service[105408]: DEBUG placement.objects.research_context [req-652fc37f-40b7-4674-a5a1-f1b908e17324 req-31b70e78-f66d-48d0-980c-483d4a3f7659 service placement] getting providers with 1 DISK_GB {{(pid=105408) __init__ /opt/stack/placement/placement/objects/research_context.py:136}}
Jun 17 14:36:47.878227 n-d-845747-2 devstack@placement-api.service[105408]: DEBUG placement.objects.research_context [req-652fc37f-40b7-4674-a5a1-f1b908e17324 req-31b70e78-f66d-48d0-980c-483d4a3f7659 service placement] getting providers with 1024 MEMORY_MB {{(pid=105408) __init__ /opt/stack/placement/placement/objects/research_context.py:136}}
Jun 17 14:36:47.911440 n-d-845747-2 devstack@placement-api.service[105408]: DEBUG placement.objects.research_context [req-652fc37f-40b7-4674-a5a1-f1b908e17324 req-31b70e78-f66d-48d0-980c-483d4a3f7659 service placement] getting providers with 1 VCPU {{(pid=105408) __init__ /opt/stack/placement/placement/objects/research_context.py:136}}
Jun 17 14:36:47.935962 n-d-845747-2 devstack@placement-api.service[105408]: DEBUG placement.objects.research_context [req-652fc37f-40b7-4674-a5a1-f1b908e17324 req-31b70e78-f66d-48d0-980c-483d4a3f7659 service placement] found 2 providers with available 1 DISK_GB {{(pid=105408) get_provider_ids_matching /opt/stack/placement/placement/objects/research_context.py:563}}
Jun 17 14:36:47.936649 n-d-845747-2 devstack@placement-api.service[105408]: DEBUG placement.objects.research_context [req-652fc37f-40b7-4674-a5a1-f1b908e17324 req-31b70e78-f66d-48d0-980c-483d4a3f7659 service placement] found 2 providers with available 1024 MEMORY_MB {{(pid=105408) get_provider_ids_matching /opt/stack/placement/placement/objects/research_context.py:563}}
Jun 17 14:36:47.937116 n-d-845747-2 devstack@placement-api.service[105408]: DEBUG placement.objects.research_context [req-652fc37f-40b7-4674-a5a1-f1b908e17324 req-31b70e78-f66d-48d0-980c-483d4a3f7659 service placement] found 2 providers after filtering by previous result {{(pid=105408) get_provider_ids_matching /opt/stack/placement/placement/objects/research_context.py:594}}
Jun 17 14:36:47.938287 n-d-845747-2 devstack@placement-api.service[105408]: DEBUG placement.objects.research_context [req-652fc37f-40b7-4674-a5a1-f1b908e17324 req-31b70e78-f66d-48d0-980c-483d4a3f7659 service placement] found 2 providers with available 1 VCPU {{(pid=105408) get_provider_ids_matching /opt/stack/placement/placement/objects/research_context.py:563}}
Jun 17 14:36:47.943599 n-d-845747-2 devstack@placement-api.service[105408]: DEBUG placement.objects.research_context [req-652fc37f-40b7-4674-a5a1-f1b908e17324 req-31b70e78-f66d-48d0-980c-483d4a3f7659 service placement] found 2 providers after filtering by previous result {{(pid=105408) get_provider_ids_matching /opt/stack/placement/placement/objects/research_context.py:594}}
Jun 17 14:36:48.007197 n-d-845747-2 devstack@placement-api.service[105408]: DEBUG placement.objects.allocation_candidate [req-652fc37f-40b7-4674-a5a1-f1b908e17324 req-31b70e78-f66d-48d0-980c-483d4a3f7659 service placement] RequestGroup(use_same_provider=False, resources={DISK_GB:1, MEMORY_MB:1024, VCPU:1}, traits=(), aggregates=[]) (suffix '') returned 2 matches {{(pid=105408) _get_by_requests /opt/stack/placement/placement/objects/allocation_candidate.py:156}}
Jun 17 14:36:48.007914 n-d-845747-2 devstack@placement-api.service[105408]: DEBUG placement.objects.allocation_candidate [req-652fc37f-40b7-4674-a5a1-f1b908e17324 req-31b70e78-f66d-48d0-980c-483d4a3f7659 service placement] Merging candidates yields 2 allocation requests and 2 provider summaries {{(pid=105408) _merge_candidates /opt/stack/placement/placement/objects/allocation_candidate.py:809}}
Jun 17 14:36:48.017549 n-d-845747-2 devstack@placement-api.service[105408]: INFO placement.requestlog [req-652fc37f-40b7-4674-a5a1-f1b908e17324 req-31b70e78-f66d-48d0-980c-483d4a3f7659 service placement] 10.222.0.42 "GET /placement/allocation_candidates?limit=1000&resources=DISK_GB%3A1%2CMEMORY_MB%3A1024%2CVCPU%3A1&root_required=%21COMPUTE_STATUS_DISABLED" status: 200 len: 1309 microversion: 1.36
Jun 17 14:36:48.021236 n-d-845747-2 devstack@placement-api.service[105408]: [pid: 105408|app: 0|req: 398/792] 10.222.0.42 () {60 vars in 1506 bytes} [Fri Jun 17 14:36:47 2022] GET /placement/allocation_candidates?limit=1000&resources=DISK_GB%3A1%2CMEMORY_MB%3A1024%2CVCPU%3A1&root_required=%21COMPUTE_STATUS_DISABLED => generated 1309 bytes in 282 msecs (HTTP/1.1 200) 8 headers in 297 bytes (1 switches on core 0)
Jun 17 14:36:48.345464 n-d-845747-2 devstack@placement-api.service[105407]: DEBUG placement.requestlog [req-652fc37f-40b7-4674-a5a1-f1b908e17324 req-d2b99288-46fd-40f5-a5ed-8137101a52cf None None] Starting request: 10.222.0.42 "GET /placement/allocations/3e4b4025-a1c0-4721-914a-31ff679cff68" {{(pid=105407) __call__ /opt/stack/placement/placement/requestlog.py:55}}
Jun 17 14:36:48.379357 n-d-845747-2 devstack@placement-api.service[105407]: INFO placement.requestlog [req-652fc37f-40b7-4674-a5a1-f1b908e17324 req-d2b99288-46fd-40f5-a5ed-8137101a52cf service placement] 10.222.0.42 "GET /placement/allocations/3e4b4025-a1c0-4721-914a-31ff679cff68" status: 200 len: 19 microversion: 1.28
Jun 17 14:36:48.381474 n-d-845747-2 devstack@placement-api.service[105407]: [pid: 105407|app: 0|req: 395/793] 10.222.0.42 () {60 vars in 1380 bytes} [Fri Jun 17 14:36:48 2022] GET /placement/allocations/3e4b4025-a1c0-4721-914a-31ff679cff68 => generated 19 bytes in 36 msecs (HTTP/1.1 200) 8 headers in 295 bytes (1 switches on core 0)
Jun 17 14:36:48.395976 n-d-845747-2 devstack@placement-api.service[105408]: DEBUG placement.requestlog [req-652fc37f-40b7-4674-a5a1-f1b908e17324 req-bebec88c-6ce1-40a3-ae49-9c43a3ed2f11 None None] Starting request: 10.222.0.42 "PUT /placement/allocations/3e4b4025-a1c0-4721-914a-31ff679cff68" {{(pid=105408) __call__ /opt/stack/placement/placement/requestlog.py:55}}
Jun 17 14:36:48.540735 n-d-845747-2 devstack@placement-api.service[105408]: DEBUG placement.handlers.allocation [req-652fc37f-40b7-4674-a5a1-f1b908e17324 req-bebec88c-6ce1-40a3-ae49-9c43a3ed2f11 service placement] Successfully wrote allocations [, , ] {{(pid=105408) _update_consumers_and_create_allocations /opt/stack/placement/placement/handlers/allocation.py:462}}
Jun 17 14:36:48.546740 n-d-845747-2 devstack@placement-api.service[105408]: INFO placement.requestlog [req-652fc37f-40b7-4674-a5a1-f1b908e17324 req-bebec88c-6ce1-40a3-ae49-9c43a3ed2f11 service placement] 10.222.0.42 "PUT /placement/allocations/3e4b4025-a1c0-4721-914a-31ff679cff68" status: 204 len: 0 microversion: 1.36
Jun 17 14:36:48.547456 n-d-845747-2 devstack@placement-api.service[105408]: [pid: 105408|app: 0|req: 399/794] 10.222.0.42 () {64 vars in 1433 bytes} [Fri Jun 17 14:36:48 2022] PUT /placement/allocations/3e4b4025-a1c0-4721-914a-31ff679cff68 => generated 0 bytes in 152 msecs (HTTP/1.1 204) 5 headers in 199 bytes (1 switches on core 0)
Jun 17 14:36:49.427548 n-d-845747-2 devstack@placement-api.service[105407]: DEBUG placement.requestlog [req-652fc37f-40b7-4674-a5a1-f1b908e17324 req-f741fafd-dd20-493c-9558-88868cafb78f None None] Starting request: 10.222.0.44 "GET /placement/allocations/3e4b4025-a1c0-4721-914a-31ff679cff68" {{(pid=105407) __call__ /opt/stack/placement/placement/requestlog.py:55}}
Jun 17 14:36:49.484297 n-d-845747-2 devstack@placement-api.service[105407]: INFO placement.requestlog [req-652fc37f-40b7-4674-a5a1-f1b908e17324 req-f741fafd-dd20-493c-9558-88868cafb78f service placement] 10.222.0.44 "GET /placement/allocations/3e4b4025-a1c0-4721-914a-31ff679cff68" status: 200 len: 259 microversion: 1.28
Jun 17 14:36:49.485392 n-d-845747-2 devstack@placement-api.service[105407]: [pid: 105407|app: 0|req: 396/795] 10.222.0.44 () {60 vars in 1377 bytes} [Fri Jun 17 14:36:49 2022] GET /placement/allocations/3e4b4025-a1c0-4721-914a-31ff679cff68 => generated 259 bytes in 58 msecs (HTTP/1.1 200) 8 headers in 296 bytes (1 switches on core 0)
Jun 17 14:36:57.063662 n-d-845747-2 devstack@placement-api.service[105408]: DEBUG placement.requestlog [req-d96d5c8d-7050-4c8c-86e7-083059698d49 req-b2a91515-657b-4e94-b4a4-05a15f0c6280 None None] Starting request: 10.222.0.40 "DELETE /placement/allocations/00de1238-e985-4ba9-ba30-fed7ab7b6e8f" {{(pid=105408) __call__ /opt/stack/placement/placement/requestlog.py:55}}
Jun 17 14:36:57.145257 n-d-845747-2 devstack@placement-api.service[105408]: DEBUG placement.handlers.allocation [req-d96d5c8d-7050-4c8c-86e7-083059698d49 req-b2a91515-657b-4e94-b4a4-05a15f0c6280 service placement] Successfully deleted allocations [, , ] {{(pid=105408) delete_allocations /opt/stack/placement/placement/handlers/allocation.py:627}}
Jun 17 14:36:57.146276 n-d-845747-2 devstack@placement-api.service[105408]: INFO placement.requestlog [req-d96d5c8d-7050-4c8c-86e7-083059698d49 req-b2a91515-657b-4e94-b4a4-05a15f0c6280 service placement] 10.222.0.40 "DELETE /placement/allocations/00de1238-e985-4ba9-ba30-fed7ab7b6e8f" status: 204 len: 0 microversion: 1.0
Jun 17 14:36:57.151026 n-d-845747-2 devstack@placement-api.service[105408]: [pid: 105408|app: 0|req: 400/796] 10.222.0.40 () {60 vars in 1355 bytes} [Fri Jun 17 14:36:57 2022] DELETE /placement/allocations/00de1238-e985-4ba9-ba30-fed7ab7b6e8f => generated 0 bytes in 84 msecs (HTTP/1.1 204) 5 headers in 198 bytes (1 switches on core 0)
Jun 17 14:36:59.470775 n-d-845747-2 devstack@placement-api.service[105407]: DEBUG dbcounter [-] [105407] Writing DB stats placement:SELECT=15,placement:DELETE=2 {{(pid=105407) stat_writer /usr/local/lib/python3.8/dist-packages/dbcounter.py:114}}
Jun 17 14:37:03.096103 n-d-845747-2 devstack@placement-api.service[105407]: DEBUG placement.requestlog [req-e37d8ee9-f5cc-46b6-a70c-3992b86f2624 req-8454dc5d-f3ad-4500-b483-a0446d6dd79d None None] Starting request: 10.222.0.40 "DELETE /placement/allocations/0477ca85-6593-48b3-94ee-7c7db73d95e3" {{(pid=105407) __call__ /opt/stack/placement/placement/requestlog.py:55}}
Jun 17 14:37:03.175550 n-d-845747-2 devstack@placement-api.service[105407]: DEBUG placement.handlers.allocation [req-e37d8ee9-f5cc-46b6-a70c-3992b86f2624 req-8454dc5d-f3ad-4500-b483-a0446d6dd79d service placement] Successfully deleted allocations [, , ] {{(pid=105407) delete_allocations /opt/stack/placement/placement/handlers/allocation.py:627}}
Jun 17 14:37:03.178350 n-d-845747-2 devstack@placement-api.service[105407]: INFO placement.requestlog [req-e37d8ee9-f5cc-46b6-a70c-3992b86f2624 req-8454dc5d-f3ad-4500-b483-a0446d6dd79d service placement] 10.222.0.40 "DELETE /placement/allocations/0477ca85-6593-48b3-94ee-7c7db73d95e3" status: 204 len: 0 microversion: 1.0
Jun 17 14:37:03.181217 n-d-845747-2 devstack@placement-api.service[105407]: [pid: 105407|app: 0|req: 397/797] 10.222.0.40 () {60 vars in 1355 bytes} [Fri Jun 17 14:37:03 2022] DELETE /placement/allocations/0477ca85-6593-48b3-94ee-7c7db73d95e3 => generated 0 bytes in 85 msecs (HTTP/1.1 204) 5 headers in 198 bytes (1 switches on core 0)
Jun 17 14:37:04.674575 n-d-845747-2 devstack@placement-api.service[105408]: DEBUG placement.requestlog [req-6fa0facc-77b6-4005-a352-32235bf0c6c2 req-69f05467-f2b2-41b4-8ef7-92ce8ec70fdd None None] Starting request: 10.222.0.44 "DELETE /placement/allocations/4bcf08e3-f170-44bc-985e-f33d5f7dfca1" {{(pid=105408) __call__ /opt/stack/placement/placement/requestlog.py:55}}
Jun 17 14:37:04.733236 n-d-845747-2 devstack@placement-api.service[105408]: DEBUG placement.handlers.allocation [req-6fa0facc-77b6-4005-a352-32235bf0c6c2 req-69f05467-f2b2-41b4-8ef7-92ce8ec70fdd service placement] Successfully deleted allocations [, , ] {{(pid=105408) delete_allocations /opt/stack/placement/placement/handlers/allocation.py:627}}
Jun 17 14:37:04.733787 n-d-845747-2 devstack@placement-api.service[105408]: INFO placement.requestlog [req-6fa0facc-77b6-4005-a352-32235bf0c6c2 req-69f05467-f2b2-41b4-8ef7-92ce8ec70fdd service placement] 10.222.0.44 "DELETE /placement/allocations/4bcf08e3-f170-44bc-985e-f33d5f7dfca1" status: 204 len: 0 microversion: 1.0
Jun 17 14:37:04.734729 n-d-845747-2 devstack@placement-api.service[105408]: [pid: 105408|app: 0|req: 401/798] 10.222.0.44 () {60 vars in 1355 bytes} [Fri Jun 17 14:37:04 2022] DELETE /placement/allocations/4bcf08e3-f170-44bc-985e-f33d5f7dfca1 => generated 0 bytes in 62 msecs (HTTP/1.1 204) 5 headers in 198 bytes (1 switches on core 0)
Jun 17 14:37:05.391276 n-d-845747-2 devstack@placement-api.service[105407]: DEBUG placement.requestlog [req-37865290-1bbe-4716-9a8d-a51d95884f73 req-dc502a62-bf4c-41ad-b1e8-2fdb4f7503fc None None] Starting request: 10.222.0.44 "GET /placement/resource_providers/f18b00f5-9789-4a12-a8b2-41189776e55e/allocations" {{(pid=105407) __call__ /opt/stack/placement/placement/requestlog.py:55}}
Jun 17 14:37:05.452470 n-d-845747-2 devstack@placement-api.service[105407]: INFO placement.requestlog [req-37865290-1bbe-4716-9a8d-a51d95884f73 req-dc502a62-bf4c-41ad-b1e8-2fdb4f7503fc service placement] 10.222.0.44 "GET /placement/resource_providers/f18b00f5-9789-4a12-a8b2-41189776e55e/allocations" status: 200 len: 255 microversion: 1.0
Jun 17 14:37:05.454342 n-d-845747-2 devstack@placement-api.service[105407]: [pid: 105407|app: 0|req: 398/799] 10.222.0.44 () {58 vars in 1390 bytes} [Fri Jun 17 14:37:05 2022] GET /placement/resource_providers/f18b00f5-9789-4a12-a8b2-41189776e55e/allocations => generated 255 bytes in 64 msecs (HTTP/1.1 200) 6 headers in 224 bytes (1 switches on core 0)
Jun 17 14:37:06.805228 n-d-845747-2 devstack@placement-api.service[105408]: DEBUG placement.requestlog [req-cf5eb956-676a-414c-9ec7-fed0f1ed8509 req-3d44ea97-6b25-4a6f-8859-ff96c988ad6f None None] Starting request: 10.222.0.40 "DELETE /placement/allocations/519cf9ad-3ce8-4364-9567-bb15edb9ea54" {{(pid=105408) __call__ /opt/stack/placement/placement/requestlog.py:55}}
Jun 17 14:37:06.912610 n-d-845747-2 devstack@placement-api.service[105408]: DEBUG placement.handlers.allocation [req-cf5eb956-676a-414c-9ec7-fed0f1ed8509 req-3d44ea97-6b25-4a6f-8859-ff96c988ad6f service placement] Successfully deleted allocations [, , ] {{(pid=105408) delete_allocations /opt/stack/placement/placement/handlers/allocation.py:627}}
Jun 17 14:37:06.913580 n-d-845747-2 devstack@placement-api.service[105408]: INFO placement.requestlog [req-cf5eb956-676a-414c-9ec7-fed0f1ed8509 req-3d44ea97-6b25-4a6f-8859-ff96c988ad6f service placement] 10.222.0.40 "DELETE /placement/allocations/519cf9ad-3ce8-4364-9567-bb15edb9ea54" status: 204 len: 0 microversion: 1.0
Jun 17 14:37:06.914789 n-d-845747-2 devstack@placement-api.service[105408]: [pid: 105408|app: 0|req: 402/800] 10.222.0.40 () {60 vars in 1355 bytes} [Fri Jun 17 14:37:06 2022] DELETE /placement/allocations/519cf9ad-3ce8-4364-9567-bb15edb9ea54 => generated 0 bytes in 110 msecs (HTTP/1.1 204) 5 headers in 198 bytes (1 switches on core 0)
Jun 17 14:37:06.929705 n-d-845747-2 devstack@placement-api.service[105407]: DEBUG placement.requestlog [req-47a0c691-8506-4537-b0be-7c3e7348fe70 req-f2eecc42-b2f1-4f62-927a-1567a22f895a None None] Starting request: 10.222.0.40 "GET /placement/resource_providers/c50f5e20-0404-4bed-a779-287177acde8e/allocations" {{(pid=105407) __call__ /opt/stack/placement/placement/requestlog.py:55}}
Jun 17 14:37:06.984470 n-d-845747-2 devstack@placement-api.service[105407]: INFO placement.requestlog [req-47a0c691-8506-4537-b0be-7c3e7348fe70 req-f2eecc42-b2f1-4f62-927a-1567a22f895a service placement] 10.222.0.40 "GET /placement/resource_providers/c50f5e20-0404-4bed-a779-287177acde8e/allocations" status: 200 len: 443 microversion: 1.0
Jun 17 14:37:06.985304 n-d-845747-2 devstack@placement-api.service[105407]: [pid: 105407|app: 0|req: 399/801] 10.222.0.40 () {58 vars in 1390 bytes} [Fri Jun 17 14:37:06 2022] GET /placement/resource_providers/c50f5e20-0404-4bed-a779-287177acde8e/allocations => generated 443 bytes in 57 msecs (HTTP/1.1 200) 6 headers in 224 bytes (1 switches on core 0)
Jun 17 14:37:08.766222 n-d-845747-2 devstack@placement-api.service[105408]: DEBUG placement.requestlog [req-23e5a38d-9d7a-4d04-8ed6-812ddba68af1 req-4a25b35f-08e0-49e9-b42e-9e3ad03bf96a None None] Starting request: 10.222.0.40 "DELETE /placement/allocations/6668dcc0-a219-4427-8fc4-5b5bfcce53e3" {{(pid=105408) __call__ /opt/stack/placement/placement/requestlog.py:55}}
Jun 17 14:37:08.858870 n-d-845747-2 devstack@placement-api.service[105408]: DEBUG placement.handlers.allocation [req-23e5a38d-9d7a-4d04-8ed6-812ddba68af1 req-4a25b35f-08e0-49e9-b42e-9e3ad03bf96a service placement] Successfully deleted allocations [, , ] {{(pid=105408) delete_allocations /opt/stack/placement/placement/handlers/allocation.py:627}}
Jun 17 14:37:08.860282 n-d-845747-2 devstack@placement-api.service[105408]: INFO placement.requestlog [req-23e5a38d-9d7a-4d04-8ed6-812ddba68af1 req-4a25b35f-08e0-49e9-b42e-9e3ad03bf96a service placement] 10.222.0.40 "DELETE /placement/allocations/6668dcc0-a219-4427-8fc4-5b5bfcce53e3" status: 204 len: 0 microversion: 1.0
Jun 17 14:37:08.861814 n-d-845747-2 devstack@placement-api.service[105408]: [pid: 105408|app: 0|req: 403/802] 10.222.0.40 () {60 vars in 1355 bytes} [Fri Jun 17 14:37:08 2022] DELETE /placement/allocations/6668dcc0-a219-4427-8fc4-5b5bfcce53e3 => generated 0 bytes in 96 msecs (HTTP/1.1 204) 5 headers in 198 bytes (1 switches on core 0)
Jun 17 14:37:10.503717 n-d-845747-2 devstack@placement-api.service[105407]: DEBUG placement.requestlog [req-822ae6f8-b838-43ef-ba62-e62710de16e7 req-e6c62970-f45d-4228-bf33-22a1f5cf8179 None None] Starting request: 10.222.0.42 "GET /placement/allocation_candidates?limit=1000&resources=DISK_GB%3A1%2CMEMORY_MB%3A1024%2CVCPU%3A1&root_required=%21COMPUTE_STATUS_DISABLED" {{(pid=105407) __call__ /opt/stack/placement/placement/requestlog.py:55}}
Jun 17 14:37:10.580133 n-d-845747-2 devstack@placement-api.service[105407]: DEBUG placement.objects.research_context [req-822ae6f8-b838-43ef-ba62-e62710de16e7 req-e6c62970-f45d-4228-bf33-22a1f5cf8179 service placement] getting providers with 1 DISK_GB {{(pid=105407) __init__ /opt/stack/placement/placement/objects/research_context.py:136}}
Jun 17 14:37:10.598923 n-d-845747-2 devstack@placement-api.service[105407]: DEBUG placement.objects.research_context [req-822ae6f8-b838-43ef-ba62-e62710de16e7 req-e6c62970-f45d-4228-bf33-22a1f5cf8179 service placement] getting providers with 1024 MEMORY_MB {{(pid=105407) __init__ /opt/stack/placement/placement/objects/research_context.py:136}}
Jun 17 14:37:10.614773 n-d-845747-2 devstack@placement-api.service[105407]: DEBUG placement.objects.research_context [req-822ae6f8-b838-43ef-ba62-e62710de16e7 req-e6c62970-f45d-4228-bf33-22a1f5cf8179 service placement] getting providers with 1 VCPU {{(pid=105407) __init__ /opt/stack/placement/placement/objects/research_context.py:136}}
Jun 17 14:37:10.627030 n-d-845747-2 devstack@placement-api.service[105407]: DEBUG placement.objects.research_context [req-822ae6f8-b838-43ef-ba62-e62710de16e7 req-e6c62970-f45d-4228-bf33-22a1f5cf8179 service placement] found 2 providers with available 1 DISK_GB {{(pid=105407) get_provider_ids_matching /opt/stack/placement/placement/objects/research_context.py:563}}
Jun 17 14:37:10.627343 n-d-845747-2 devstack@placement-api.service[105407]: DEBUG placement.objects.research_context [req-822ae6f8-b838-43ef-ba62-e62710de16e7 req-e6c62970-f45d-4228-bf33-22a1f5cf8179 service placement] found 2 providers with available 1024 MEMORY_MB {{(pid=105407) get_provider_ids_matching /opt/stack/placement/placement/objects/research_context.py:563}}
Jun 17 14:37:10.627623 n-d-845747-2 devstack@placement-api.service[105407]: DEBUG placement.objects.research_context [req-822ae6f8-b838-43ef-ba62-e62710de16e7 req-e6c62970-f45d-4228-bf33-22a1f5cf8179 service placement] found 2 providers after filtering by previous result {{(pid=105407) get_provider_ids_matching /opt/stack/placement/placement/objects/research_context.py:594}}
Jun 17 14:37:10.627882 n-d-845747-2 devstack@placement-api.service[105407]: DEBUG placement.objects.research_context [req-822ae6f8-b838-43ef-ba62-e62710de16e7 req-e6c62970-f45d-4228-bf33-22a1f5cf8179 service placement] found 2 providers with available 1 VCPU {{(pid=105407) get_provider_ids_matching /opt/stack/placement/placement/objects/research_context.py:563}}
Jun 17 14:37:10.628149 n-d-845747-2 devstack@placement-api.service[105407]: DEBUG placement.objects.research_context [req-822ae6f8-b838-43ef-ba62-e62710de16e7 req-e6c62970-f45d-4228-bf33-22a1f5cf8179 service placement] found 2 providers after filtering by previous result {{(pid=105407) get_provider_ids_matching /opt/stack/placement/placement/objects/research_context.py:594}}
Jun 17 14:37:10.683317 n-d-845747-2 devstack@placement-api.service[105407]: DEBUG placement.objects.allocation_candidate [req-822ae6f8-b838-43ef-ba62-e62710de16e7 req-e6c62970-f45d-4228-bf33-22a1f5cf8179 service placement] RequestGroup(use_same_provider=False, resources={DISK_GB:1, MEMORY_MB:1024, VCPU:1}, traits=(), aggregates=[]) (suffix '') returned 2 matches {{(pid=105407) _get_by_requests /opt/stack/placement/placement/objects/allocation_candidate.py:156}}
Jun 17 14:37:10.683589 n-d-845747-2 devstack@placement-api.service[105407]: DEBUG placement.objects.allocation_candidate [req-822ae6f8-b838-43ef-ba62-e62710de16e7 req-e6c62970-f45d-4228-bf33-22a1f5cf8179 service placement] Merging candidates yields 2 allocation requests and 2 provider summaries {{(pid=105407) _merge_candidates /opt/stack/placement/placement/objects/allocation_candidate.py:809}}
Jun 17 14:37:10.691548 n-d-845747-2 devstack@placement-api.service[105407]: INFO placement.requestlog [req-822ae6f8-b838-43ef-ba62-e62710de16e7 req-e6c62970-f45d-4228-bf33-22a1f5cf8179 service placement] 10.222.0.42 "GET /placement/allocation_candidates?limit=1000&resources=DISK_GB%3A1%2CMEMORY_MB%3A1024%2CVCPU%3A1&root_required=%21COMPUTE_STATUS_DISABLED" status: 200 len: 1309 microversion: 1.36
Jun 17 14:37:10.692294 n-d-845747-2 devstack@placement-api.service[105407]: [pid: 105407|app: 0|req: 400/803] 10.222.0.42 () {60 vars in 1506 bytes} [Fri Jun 17 14:37:10 2022] GET /placement/allocation_candidates?limit=1000&resources=DISK_GB%3A1%2CMEMORY_MB%3A1024%2CVCPU%3A1&root_required=%21COMPUTE_STATUS_DISABLED => generated 1309 bytes in 189 msecs (HTTP/1.1 200) 8 headers in 297 bytes (1 switches on core 0)
Jun 17 14:37:10.929757 n-d-845747-2 devstack@placement-api.service[105408]: DEBUG placement.requestlog [req-822ae6f8-b838-43ef-ba62-e62710de16e7 req-8b8349da-b9a0-4c80-83e6-6ef235914099 None None] Starting request: 10.222.0.42 "GET /placement/allocations/ffff3b2f-617c-47c7-adc0-cddaab417945" {{(pid=105408) __call__ /opt/stack/placement/placement/requestlog.py:55}}
Jun 17 14:37:10.969231 n-d-845747-2 devstack@placement-api.service[105408]: INFO placement.requestlog [req-822ae6f8-b838-43ef-ba62-e62710de16e7 req-8b8349da-b9a0-4c80-83e6-6ef235914099 service placement] 10.222.0.42 "GET /placement/allocations/ffff3b2f-617c-47c7-adc0-cddaab417945" status: 200 len: 19 microversion: 1.28
Jun 17 14:37:10.970361 n-d-845747-2 devstack@placement-api.service[105408]: [pid: 105408|app: 0|req: 404/804] 10.222.0.42 () {60 vars in 1380 bytes} [Fri Jun 17 14:37:10 2022] GET /placement/allocations/ffff3b2f-617c-47c7-adc0-cddaab417945 => generated 19 bytes in 41 msecs (HTTP/1.1 200) 8 headers in 295 bytes (1 switches on core 0)
Jun 17 14:37:10.984322 n-d-845747-2 devstack@placement-api.service[105407]: DEBUG placement.requestlog [req-822ae6f8-b838-43ef-ba62-e62710de16e7 req-7185f969-3fb2-422e-80f6-acd74b879753 None None] Starting request: 10.222.0.42 "PUT /placement/allocations/ffff3b2f-617c-47c7-adc0-cddaab417945" {{(pid=105407) __call__ /opt/stack/placement/placement/requestlog.py:55}}
