Jun 17 14:21:20.721132 n-d-845747-2 devstack@placement-api.service[105408]: [pid: 105408|app: 0|req: 45/90] 10.222.0.42 () {58 vars in 1274 bytes} [Fri Jun 17 14:21:20 2022] GET /placement/resource_providers?name=n-h2-845747-2 => generated 441 bytes in 27 msecs (HTTP/1.1 200) 6 headers in 224 bytes (1 switches on core 0)
Jun 17 14:21:20.743769 n-d-845747-2 devstack@placement-api.service[105407]: DEBUG placement.requestlog [req-29fc36ad-75fc-4804-a4b3-be71677c03d8 req-a24c917b-ae57-48e7-82fa-fcd52c6ad9cc None None] Starting request: 10.222.0.42 "GET /placement/resource_providers/c50f5e20-0404-4bed-a779-287177acde8e/aggregates" {{(pid=105407) __call__ /opt/stack/placement/placement/requestlog.py:55}}
Jun 17 14:21:20.778922 n-d-845747-2 devstack@placement-api.service[105407]: INFO placement.requestlog [req-29fc36ad-75fc-4804-a4b3-be71677c03d8 req-a24c917b-ae57-48e7-82fa-fcd52c6ad9cc service placement] 10.222.0.42 "GET /placement/resource_providers/c50f5e20-0404-4bed-a779-287177acde8e/aggregates" status: 200 len: 54 microversion: 1.19
Jun 17 14:21:20.779944 n-d-845747-2 devstack@placement-api.service[105407]: [pid: 105407|app: 0|req: 46/91] 10.222.0.42 () {60 vars in 1425 bytes} [Fri Jun 17 14:21:20 2022] GET /placement/resource_providers/c50f5e20-0404-4bed-a779-287177acde8e/aggregates => generated 54 bytes in 38 msecs (HTTP/1.1 200) 8 headers in 295 bytes (1 switches on core 0)
Jun 17 14:21:20.787941 n-d-845747-2 devstack@placement-api.service[105408]: DEBUG placement.requestlog [req-29fc36ad-75fc-4804-a4b3-be71677c03d8 req-e5c5a9a5-bb74-4037-9fff-0c54512959ef None None] Starting request: 10.222.0.42 "PUT /placement/resource_providers/c50f5e20-0404-4bed-a779-287177acde8e/aggregates" {{(pid=105408) __call__ /opt/stack/placement/placement/requestlog.py:55}}
Jun 17 14:21:20.819158 n-d-845747-2 devstack@placement-api.service[105408]: DEBUG placement.objects.resource_provider [req-29fc36ad-75fc-4804-a4b3-be71677c03d8 req-e5c5a9a5-bb74-4037-9fff-0c54512959ef service placement] _ensure_aggregate() did not find aggregate e180c2a5-018e-4979-b49a-6d82db109b7c. Attempting to create it. {{(pid=105408) _ensure_aggregate /opt/stack/placement/placement/objects/resource_provider.py:321}}
Jun 17 14:21:20.823085 n-d-845747-2 devstack@placement-api.service[105408]: DEBUG placement.objects.resource_provider [req-29fc36ad-75fc-4804-a4b3-be71677c03d8 req-e5c5a9a5-bb74-4037-9fff-0c54512959ef service placement] _ensure_aggregate() created new aggregate e180c2a5-018e-4979-b49a-6d82db109b7c (id=7). {{(pid=105408) _ensure_aggregate /opt/stack/placement/placement/objects/resource_provider.py:327}}
Jun 17 14:21:20.825819 n-d-845747-2 devstack@placement-api.service[105408]: DEBUG placement.objects.resource_provider [req-29fc36ad-75fc-4804-a4b3-be71677c03d8 req-e5c5a9a5-bb74-4037-9fff-0c54512959ef service placement] Setting aggregates for provider c50f5e20-0404-4bed-a779-287177acde8e. Successfully associated aggregate e180c2a5-018e-4979-b49a-6d82db109b7c. {{(pid=105408) _set_aggregates /opt/stack/placement/placement/objects/resource_provider.py:389}}
Jun 17 14:21:20.845158 n-d-845747-2 devstack@placement-api.service[105408]: INFO placement.requestlog [req-29fc36ad-75fc-4804-a4b3-be71677c03d8 req-e5c5a9a5-bb74-4037-9fff-0c54512959ef service placement] 10.222.0.42 "PUT /placement/resource_providers/c50f5e20-0404-4bed-a779-287177acde8e/aggregates" status: 200 len: 92 microversion: 1.19
Jun 17 14:21:20.845956 n-d-845747-2 devstack@placement-api.service[105408]: [pid: 105408|app: 0|req: 46/92] 10.222.0.42 () {64 vars in 1477 bytes} [Fri Jun 17 14:21:20 2022] PUT /placement/resource_providers/c50f5e20-0404-4bed-a779-287177acde8e/aggregates => generated 92 bytes in 58 msecs (HTTP/1.1 200) 8 headers in 295 bytes (1 switches on core 0)
Jun 17 14:21:20.923706 n-d-845747-2 devstack@placement-api.service[105407]: DEBUG placement.requestlog [req-6acb0dbf-45b5-4544-adb5-43e67151a824 req-c0b7a703-2a25-4dbd-877a-65df943936d7 None None] Starting request: 10.222.0.42 "GET /placement/resource_providers?name=n-h2-845747-2" {{(pid=105407) __call__ /opt/stack/placement/placement/requestlog.py:55}}
Jun 17 14:21:20.938496 n-d-845747-2 devstack@placement-api.service[105407]: INFO placement.requestlog [req-6acb0dbf-45b5-4544-adb5-43e67151a824 req-c0b7a703-2a25-4dbd-877a-65df943936d7 service placement] 10.222.0.42 "GET /placement/resource_providers?name=n-h2-845747-2" status: 200 len: 441 microversion: 1.0
Jun 17 14:21:20.939323 n-d-845747-2 devstack@placement-api.service[105407]: [pid: 105407|app: 0|req: 47/93] 10.222.0.42 () {58 vars in 1274 bytes} [Fri Jun 17 14:21:20 2022] GET /placement/resource_providers?name=n-h2-845747-2 => generated 441 bytes in 16 msecs (HTTP/1.1 200) 6 headers in 224 bytes (1 switches on core 0)
Jun 17 14:21:20.946895 n-d-845747-2 devstack@placement-api.service[105408]: DEBUG placement.requestlog [req-6acb0dbf-45b5-4544-adb5-43e67151a824 req-7ebd5dc6-9e53-4ccb-9506-4c54520d7a6d None None] Starting request: 10.222.0.42 "GET /placement/resource_providers/c50f5e20-0404-4bed-a779-287177acde8e/aggregates" {{(pid=105408) __call__ /opt/stack/placement/placement/requestlog.py:55}}
Jun 17 14:21:20.963928 n-d-845747-2 devstack@placement-api.service[105408]: INFO placement.requestlog [req-6acb0dbf-45b5-4544-adb5-43e67151a824 req-7ebd5dc6-9e53-4ccb-9506-4c54520d7a6d service placement] 10.222.0.42 "GET /placement/resource_providers/c50f5e20-0404-4bed-a779-287177acde8e/aggregates" status: 200 len: 92 microversion: 1.19
Jun 17 14:21:20.964526 n-d-845747-2 devstack@placement-api.service[105408]: [pid: 105408|app: 0|req: 47/94] 10.222.0.42 () {60 vars in 1425 bytes} [Fri Jun 17 14:21:20 2022] GET /placement/resource_providers/c50f5e20-0404-4bed-a779-287177acde8e/aggregates => generated 92 bytes in 18 msecs (HTTP/1.1 200) 8 headers in 295 bytes (1 switches on core 0)
Jun 17 14:21:20.971890 n-d-845747-2 devstack@placement-api.service[105407]: DEBUG placement.requestlog [req-6acb0dbf-45b5-4544-adb5-43e67151a824 req-5aa2950a-95d6-4115-b803-0a4ea4c43427 None None] Starting request: 10.222.0.42 "PUT /placement/resource_providers/c50f5e20-0404-4bed-a779-287177acde8e/aggregates" {{(pid=105407) __call__ /opt/stack/placement/placement/requestlog.py:55}}
Jun 17 14:21:20.989193 n-d-845747-2 devstack@placement-api.service[105407]: DEBUG placement.objects.resource_provider [req-6acb0dbf-45b5-4544-adb5-43e67151a824 req-5aa2950a-95d6-4115-b803-0a4ea4c43427 service placement] Setting aggregates for provider c50f5e20-0404-4bed-a779-287177acde8e. Successfully disassociated aggregate e180c2a5-018e-4979-b49a-6d82db109b7c. {{(pid=105407) _set_aggregates /opt/stack/placement/placement/objects/resource_provider.py:404}}
Jun 17 14:21:20.995165 n-d-845747-2 devstack@placement-api.service[105407]: INFO placement.requestlog [req-6acb0dbf-45b5-4544-adb5-43e67151a824 req-5aa2950a-95d6-4115-b803-0a4ea4c43427 service placement] 10.222.0.42 "PUT /placement/resource_providers/c50f5e20-0404-4bed-a779-287177acde8e/aggregates" status: 200 len: 54 microversion: 1.19
Jun 17 14:21:20.995949 n-d-845747-2 devstack@placement-api.service[105407]: [pid: 105407|app: 0|req: 48/95] 10.222.0.42 () {64 vars in 1477 bytes} [Fri Jun 17 14:21:20 2022] PUT /placement/resource_providers/c50f5e20-0404-4bed-a779-287177acde8e/aggregates => generated 54 bytes in 24 msecs (HTTP/1.1 200) 8 headers in 295 bytes (2 switches on core 0)
Jun 17 14:21:26.436740 n-d-845747-2 devstack@placement-api.service[105408]: DEBUG placement.requestlog [req-52c6e561-d85c-4996-bc47-f01a0482a973 req-70e7294d-4901-4b7b-986f-2b8569814caf None None] Starting request: 10.222.0.40 "DELETE /placement/allocations/6d674ec8-dcaa-4380-898c-b3a4ce54c6f3" {{(pid=105408) __call__ /opt/stack/placement/placement/requestlog.py:55}}
Jun 17 14:21:26.524965 n-d-845747-2 devstack@placement-api.service[105408]: DEBUG placement.handlers.allocation [req-52c6e561-d85c-4996-bc47-f01a0482a973 req-70e7294d-4901-4b7b-986f-2b8569814caf service placement] Successfully deleted allocations [, , ] {{(pid=105408) delete_allocations /opt/stack/placement/placement/handlers/allocation.py:627}}
Jun 17 14:21:26.526004 n-d-845747-2 devstack@placement-api.service[105408]: INFO placement.requestlog [req-52c6e561-d85c-4996-bc47-f01a0482a973 req-70e7294d-4901-4b7b-986f-2b8569814caf service placement] 10.222.0.40 "DELETE /placement/allocations/6d674ec8-dcaa-4380-898c-b3a4ce54c6f3" status: 204 len: 0 microversion: 1.0
Jun 17 14:21:26.526409 n-d-845747-2 devstack@placement-api.service[105408]: [pid: 105408|app: 0|req: 48/96] 10.222.0.40 () {60 vars in 1355 bytes} [Fri Jun 17 14:21:26 2022] DELETE /placement/allocations/6d674ec8-dcaa-4380-898c-b3a4ce54c6f3 => generated 0 bytes in 90 msecs (HTTP/1.1 204) 5 headers in 198 bytes (1 switches on core 0)
Jun 17 14:21:30.991140 n-d-845747-2 devstack@placement-api.service[105407]: DEBUG dbcounter [-] [105407] Writing DB stats placement:SELECT=50,placement:INSERT=8,placement:DELETE=5,placement:UPDATE=4 {{(pid=105407) stat_writer /usr/local/lib/python3.8/dist-packages/dbcounter.py:114}}
Jun 17 14:21:32.032104 n-d-845747-2 devstack@placement-api.service[105407]: DEBUG placement.requestlog [req-ce71a44b-c910-4e26-932b-824bf0964e5a req-85736ed7-c419-471d-bb72-de3280a2e0c8 None None] Starting request: 10.222.0.44 "DELETE /placement/allocations/b0e92e49-8cb0-4a26-9528-cc3ce1a04377" {{(pid=105407) __call__ /opt/stack/placement/placement/requestlog.py:55}}
Jun 17 14:21:32.125943 n-d-845747-2 devstack@placement-api.service[105407]: DEBUG placement.handlers.allocation [req-ce71a44b-c910-4e26-932b-824bf0964e5a req-85736ed7-c419-471d-bb72-de3280a2e0c8 service placement] Successfully deleted allocations [, , ] {{(pid=105407) delete_allocations /opt/stack/placement/placement/handlers/allocation.py:627}}
Jun 17 14:21:32.126550 n-d-845747-2 devstack@placement-api.service[105407]: INFO placement.requestlog [req-ce71a44b-c910-4e26-932b-824bf0964e5a req-85736ed7-c419-471d-bb72-de3280a2e0c8 service placement] 10.222.0.44 "DELETE /placement/allocations/b0e92e49-8cb0-4a26-9528-cc3ce1a04377" status: 204 len: 0 microversion: 1.0
Jun 17 14:21:32.127331 n-d-845747-2 devstack@placement-api.service[105407]: [pid: 105407|app: 0|req: 49/97] 10.222.0.44 () {60 vars in 1355 bytes} [Fri Jun 17 14:21:32 2022] DELETE /placement/allocations/b0e92e49-8cb0-4a26-9528-cc3ce1a04377 => generated 0 bytes in 96 msecs (HTTP/1.1 204) 5 headers in 198 bytes (1 switches on core 0)
Jun 17 14:21:36.494412 n-d-845747-2 devstack@placement-api.service[105408]: DEBUG dbcounter [-] [105408] Writing DB stats placement:SELECT=59,placement:DELETE=5,placement:UPDATE=4,placement:INSERT=2 {{(pid=105408) stat_writer /usr/local/lib/python3.8/dist-packages/dbcounter.py:114}}
Jun 17 14:21:40.527146 n-d-845747-2 devstack@placement-api.service[105408]: DEBUG placement.requestlog [None req-365a35d6-fef7-46bf-a177-5941817e4060 None None] Starting request: 10.222.0.42 "GET /placement/" {{(pid=105408) __call__ /opt/stack/placement/placement/requestlog.py:55}}
Jun 17 14:21:40.528951 n-d-845747-2 devstack@placement-api.service[105408]: INFO placement.requestlog [None req-365a35d6-fef7-46bf-a177-5941817e4060 None None] 10.222.0.42 "GET /placement/" status: 200 len: 136 microversion: 1.0
Jun 17 14:21:40.530259 n-d-845747-2 devstack@placement-api.service[105408]: [pid: 105408|app: 0|req: 49/98] 10.222.0.42 () {54 vars in 916 bytes} [Fri Jun 17 14:21:40 2022] GET /placement => generated 136 bytes in 4 msecs (HTTP/1.1 200) 6 headers in 224 bytes (1 switches on core 0)
Jun 17 14:21:40.543992 n-d-845747-2 devstack@placement-api.service[105407]: DEBUG placement.requestlog [req-e0878a80-61b8-48e7-afa5-a0af3725fa50 req-d3f27a0c-01b2-47d2-8f20-a68ae77340de None None] Starting request: 10.222.0.42 "GET /placement/allocations/d17f4a9a-34f9-43a8-af3c-2c8ddd58600d" {{(pid=105407) __call__ /opt/stack/placement/placement/requestlog.py:55}}
Jun 17 14:21:40.814338 n-d-845747-2 devstack@placement-api.service[105407]: INFO placement.requestlog [req-e0878a80-61b8-48e7-afa5-a0af3725fa50 req-d3f27a0c-01b2-47d2-8f20-a68ae77340de service placement] 10.222.0.42 "GET /placement/allocations/d17f4a9a-34f9-43a8-af3c-2c8ddd58600d" status: 200 len: 258 microversion: 1.28
Jun 17 14:21:40.818471 n-d-845747-2 devstack@placement-api.service[105407]: [pid: 105407|app: 0|req: 50/99] 10.222.0.42 () {60 vars in 1380 bytes} [Fri Jun 17 14:21:40 2022] GET /placement/allocations/d17f4a9a-34f9-43a8-af3c-2c8ddd58600d => generated 258 bytes in 274 msecs (HTTP/1.1 200) 8 headers in 296 bytes (1 switches on core 0)
Jun 17 14:21:40.829669 n-d-845747-2 devstack@placement-api.service[105408]: DEBUG placement.requestlog [req-e0878a80-61b8-48e7-afa5-a0af3725fa50 req-47e0f055-7b50-4445-9be4-8a1932bf59e9 None None] Starting request: 10.222.0.42 "GET /placement/allocations/d17f4a9a-34f9-43a8-af3c-2c8ddd58600d" {{(pid=105408) __call__ /opt/stack/placement/placement/requestlog.py:55}}
Jun 17 14:21:40.907638 n-d-845747-2 devstack@placement-api.service[105408]: INFO placement.requestlog [req-e0878a80-61b8-48e7-afa5-a0af3725fa50 req-47e0f055-7b50-4445-9be4-8a1932bf59e9 service placement] 10.222.0.42 "GET /placement/allocations/d17f4a9a-34f9-43a8-af3c-2c8ddd58600d" status: 200 len: 258 microversion: 1.28
Jun 17 14:21:40.908674 n-d-845747-2 devstack@placement-api.service[105408]: [pid: 105408|app: 0|req: 50/100] 10.222.0.42 () {60 vars in 1380 bytes} [Fri Jun 17 14:21:40 2022] GET /placement/allocations/d17f4a9a-34f9-43a8-af3c-2c8ddd58600d => generated 258 bytes in 80 msecs (HTTP/1.1 200) 8 headers in 296 bytes (1 switches on core 0)
Jun 17 14:21:40.915506 n-d-845747-2 devstack@placement-api.service[105407]: DEBUG placement.requestlog [req-e0878a80-61b8-48e7-afa5-a0af3725fa50 req-5d485c84-fe08-4d40-a00a-48b7b926c53e None None] Starting request: 10.222.0.42 "GET /placement/allocations/1b43886c-4b03-4b83-b679-72f9faa3197e" {{(pid=105407) __call__ /opt/stack/placement/placement/requestlog.py:55}}
Jun 17 14:21:40.999488 n-d-845747-2 devstack@placement-api.service[105407]: INFO placement.requestlog [req-e0878a80-61b8-48e7-afa5-a0af3725fa50 req-5d485c84-fe08-4d40-a00a-48b7b926c53e service placement] 10.222.0.42 "GET /placement/allocations/1b43886c-4b03-4b83-b679-72f9faa3197e" status: 200 len: 19 microversion: 1.28
Jun 17 14:21:41.011944 n-d-845747-2 devstack@placement-api.service[105407]: [pid: 105407|app: 0|req: 51/101] 10.222.0.42 () {60 vars in 1380 bytes} [Fri Jun 17 14:21:40 2022] GET /placement/allocations/1b43886c-4b03-4b83-b679-72f9faa3197e => generated 19 bytes in 97 msecs (HTTP/1.1 200) 8 headers in 295 bytes (1 switches on core 0)
Jun 17 14:21:41.031145 n-d-845747-2 devstack@placement-api.service[105408]: DEBUG placement.requestlog [req-e0878a80-61b8-48e7-afa5-a0af3725fa50 req-f69ef655-3d30-4dcd-88bd-012c0f013a23 None None] Starting request: 10.222.0.42 "POST /placement/allocations" {{(pid=105408) __call__ /opt/stack/placement/placement/requestlog.py:55}}
Jun 17 14:21:41.269835 n-d-845747-2 devstack@placement-api.service[105408]: DEBUG placement.handlers.allocation [req-e0878a80-61b8-48e7-afa5-a0af3725fa50 req-f69ef655-3d30-4dcd-88bd-012c0f013a23 service placement] Successfully wrote allocations [, , , , , ] {{(pid=105408) _update_consumers_and_create_allocations /opt/stack/placement/placement/handlers/allocation.py:572}}
Jun 17 14:21:41.278531 n-d-845747-2 devstack@placement-api.service[105408]: INFO placement.requestlog [req-e0878a80-61b8-48e7-afa5-a0af3725fa50 req-f69ef655-3d30-4dcd-88bd-012c0f013a23 service placement] 10.222.0.42 "POST /placement/allocations" status: 204 len: 0 microversion: 1.28
Jun 17 14:21:41.278985 n-d-845747-2 devstack@placement-api.service[105408]: [pid: 105408|app: 0|req: 51/102] 10.222.0.42 () {64 vars in 1323 bytes} [Fri Jun 17 14:21:41 2022] POST /placement/allocations => generated 0 bytes in 249 msecs (HTTP/1.1 204) 5 headers in 199 bytes (1 switches on core 0)
Jun 17 14:21:41.402440 n-d-845747-2 devstack@placement-api.service[105407]: DEBUG placement.requestlog [req-e0878a80-61b8-48e7-afa5-a0af3725fa50 req-397c440a-14f4-4910-a229-c72d4a3f790b None None] Starting request: 10.222.0.42 "GET /placement/allocations/d17f4a9a-34f9-43a8-af3c-2c8ddd58600d" {{(pid=105407) __call__ /opt/stack/placement/placement/requestlog.py:55}}
Jun 17 14:21:41.610834 n-d-845747-2 devstack@placement-api.service[105407]: INFO placement.requestlog [req-e0878a80-61b8-48e7-afa5-a0af3725fa50 req-397c440a-14f4-4910-a229-c72d4a3f790b service placement] 10.222.0.42 "GET /placement/allocations/d17f4a9a-34f9-43a8-af3c-2c8ddd58600d" status: 200 len: 19 microversion: 1.28
Jun 17 14:21:41.636223 n-d-845747-2 devstack@placement-api.service[105408]: DEBUG placement.requestlog [req-e0878a80-61b8-48e7-afa5-a0af3725fa50 req-f1dc49b0-a3b7-4d87-bb72-6dc833ff717b None None] Starting request: 10.222.0.42 "PUT /placement/allocations/d17f4a9a-34f9-43a8-af3c-2c8ddd58600d" {{(pid=105408) __call__ /opt/stack/placement/placement/requestlog.py:55}}
Jun 17 14:21:41.642511 n-d-845747-2 devstack@placement-api.service[105407]: [pid: 105407|app: 0|req: 52/103] 10.222.0.42 () {60 vars in 1380 bytes} [Fri Jun 17 14:21:41 2022] GET /placement/allocations/d17f4a9a-34f9-43a8-af3c-2c8ddd58600d => generated 19 bytes in 241 msecs (HTTP/1.1 200) 8 headers in 295 bytes (1 switches on core 0)
Jun 17 14:21:41.751629 n-d-845747-2 devstack@placement-api.service[105408]: DEBUG placement.handlers.allocation [req-e0878a80-61b8-48e7-afa5-a0af3725fa50 req-f1dc49b0-a3b7-4d87-bb72-6dc833ff717b service placement] Successfully wrote allocations [, , ] {{(pid=105408) _update_consumers_and_create_allocations /opt/stack/placement/placement/handlers/allocation.py:462}}
Jun 17 14:21:41.766692 n-d-845747-2 devstack@placement-api.service[105408]: INFO placement.requestlog [req-e0878a80-61b8-48e7-afa5-a0af3725fa50 req-f1dc49b0-a3b7-4d87-bb72-6dc833ff717b service placement] 10.222.0.42 "PUT /placement/allocations/d17f4a9a-34f9-43a8-af3c-2c8ddd58600d" status: 204 len: 0 microversion: 1.28
Jun 17 14:21:41.768031 n-d-845747-2 devstack@placement-api.service[105408]: [pid: 105408|app: 0|req: 52/104] 10.222.0.42 () {64 vars in 1433 bytes} [Fri Jun 17 14:21:41 2022] PUT /placement/allocations/d17f4a9a-34f9-43a8-af3c-2c8ddd58600d => generated 0 bytes in 132 msecs (HTTP/1.1 204) 5 headers in 199 bytes (2 switches on core 0)
Jun 17 14:21:42.170082 n-d-845747-2 devstack@placement-api.service[105407]: DEBUG placement.requestlog [req-e0878a80-61b8-48e7-afa5-a0af3725fa50 req-fd2c012a-daf1-4588-8115-80636bdb5060 None None] Starting request: 10.222.0.40 "GET /placement/allocations/d17f4a9a-34f9-43a8-af3c-2c8ddd58600d" {{(pid=105407) __call__ /opt/stack/placement/placement/requestlog.py:55}}
Jun 17 14:21:42.228453 n-d-845747-2 devstack@placement-api.service[105407]: INFO placement.requestlog [req-e0878a80-61b8-48e7-afa5-a0af3725fa50 req-fd2c012a-daf1-4588-8115-80636bdb5060 service placement] 10.222.0.40 "GET /placement/allocations/d17f4a9a-34f9-43a8-af3c-2c8ddd58600d" status: 200 len: 259 microversion: 1.28
Jun 17 14:21:42.233029 n-d-845747-2 devstack@placement-api.service[105407]: [pid: 105407|app: 0|req: 53/105] 10.222.0.40 () {60 vars in 1377 bytes} [Fri Jun 17 14:21:42 2022] GET /placement/allocations/d17f4a9a-34f9-43a8-af3c-2c8ddd58600d => generated 259 bytes in 63 msecs (HTTP/1.1 200) 8 headers in 296 bytes (1 switches on core 0)
Jun 17 14:21:46.247683 n-d-845747-2 devstack@placement-api.service[105408]: DEBUG placement.requestlog [req-c586ea6b-ce92-4ec5-af27-1acf5f1afa9e req-09fbdb7d-bdcc-47e2-96a9-3c3aeb9c23cb None None] Starting request: 10.222.0.42 "GET /placement/allocation_candidates?limit=1000&resources=DISK_GB%3A1%2CMEMORY_MB%3A1024%2CVCPU%3A1&root_required=%21COMPUTE_STATUS_DISABLED" {{(pid=105408) __call__ /opt/stack/placement/placement/requestlog.py:55}}
Jun 17 14:21:46.307641 n-d-845747-2 devstack@placement-api.service[105408]: DEBUG placement.objects.research_context [req-c586ea6b-ce92-4ec5-af27-1acf5f1afa9e req-09fbdb7d-bdcc-47e2-96a9-3c3aeb9c23cb service placement] getting providers with 1 DISK_GB {{(pid=105408) __init__ /opt/stack/placement/placement/objects/research_context.py:136}}
Jun 17 14:21:46.315175 n-d-845747-2 devstack@placement-api.service[105408]: DEBUG placement.objects.research_context [req-c586ea6b-ce92-4ec5-af27-1acf5f1afa9e req-09fbdb7d-bdcc-47e2-96a9-3c3aeb9c23cb service placement] getting providers with 1024 MEMORY_MB {{(pid=105408) __init__ /opt/stack/placement/placement/objects/research_context.py:136}}
Jun 17 14:21:46.323442 n-d-845747-2 devstack@placement-api.service[105408]: DEBUG placement.objects.research_context [req-c586ea6b-ce92-4ec5-af27-1acf5f1afa9e req-09fbdb7d-bdcc-47e2-96a9-3c3aeb9c23cb service placement] getting providers with 1 VCPU {{(pid=105408) __init__ /opt/stack/placement/placement/objects/research_context.py:136}}
Jun 17 14:21:46.330443 n-d-845747-2 devstack@placement-api.service[105408]: DEBUG placement.objects.research_context [req-c586ea6b-ce92-4ec5-af27-1acf5f1afa9e req-09fbdb7d-bdcc-47e2-96a9-3c3aeb9c23cb service placement] found 2 providers with available 1 DISK_GB {{(pid=105408) get_provider_ids_matching /opt/stack/placement/placement/objects/research_context.py:563}}
Jun 17 14:21:46.331205 n-d-845747-2 devstack@placement-api.service[105408]: DEBUG placement.objects.research_context [req-c586ea6b-ce92-4ec5-af27-1acf5f1afa9e req-09fbdb7d-bdcc-47e2-96a9-3c3aeb9c23cb service placement] found 2 providers with available 1024 MEMORY_MB {{(pid=105408) get_provider_ids_matching /opt/stack/placement/placement/objects/research_context.py:563}}
Jun 17 14:21:46.332120 n-d-845747-2 devstack@placement-api.service[105408]: DEBUG placement.objects.research_context [req-c586ea6b-ce92-4ec5-af27-1acf5f1afa9e req-09fbdb7d-bdcc-47e2-96a9-3c3aeb9c23cb service placement] found 2 providers after filtering by previous result {{(pid=105408) get_provider_ids_matching /opt/stack/placement/placement/objects/research_context.py:594}}
Jun 17 14:21:46.332586 n-d-845747-2 devstack@placement-api.service[105408]: DEBUG placement.objects.research_context [req-c586ea6b-ce92-4ec5-af27-1acf5f1afa9e req-09fbdb7d-bdcc-47e2-96a9-3c3aeb9c23cb service placement] found 2 providers with available 1 VCPU {{(pid=105408) get_provider_ids_matching /opt/stack/placement/placement/objects/research_context.py:563}}
Jun 17 14:21:46.333110 n-d-845747-2 devstack@placement-api.service[105408]: DEBUG placement.objects.research_context [req-c586ea6b-ce92-4ec5-af27-1acf5f1afa9e req-09fbdb7d-bdcc-47e2-96a9-3c3aeb9c23cb service placement] found 2 providers after filtering by previous result {{(pid=105408) get_provider_ids_matching /opt/stack/placement/placement/objects/research_context.py:594}}
Jun 17 14:21:46.346827 n-d-845747-2 devstack@placement-api.service[105408]: DEBUG placement.objects.allocation_candidate [req-c586ea6b-ce92-4ec5-af27-1acf5f1afa9e req-09fbdb7d-bdcc-47e2-96a9-3c3aeb9c23cb service placement] RequestGroup(use_same_provider=False, resources={DISK_GB:1, MEMORY_MB:1024, VCPU:1}, traits=(), aggregates=[]) (suffix '') returned 2 matches {{(pid=105408) _get_by_requests /opt/stack/placement/placement/objects/allocation_candidate.py:156}}
Jun 17 14:21:46.347212 n-d-845747-2 devstack@placement-api.service[105408]: DEBUG placement.objects.allocation_candidate [req-c586ea6b-ce92-4ec5-af27-1acf5f1afa9e req-09fbdb7d-bdcc-47e2-96a9-3c3aeb9c23cb service placement] Merging candidates yields 2 allocation requests and 2 provider summaries {{(pid=105408) _merge_candidates /opt/stack/placement/placement/objects/allocation_candidate.py:809}}
Jun 17 14:21:46.348885 n-d-845747-2 devstack@placement-api.service[105408]: INFO placement.requestlog [req-c586ea6b-ce92-4ec5-af27-1acf5f1afa9e req-09fbdb7d-bdcc-47e2-96a9-3c3aeb9c23cb service placement] 10.222.0.42 "GET /placement/allocation_candidates?limit=1000&resources=DISK_GB%3A1%2CMEMORY_MB%3A1024%2CVCPU%3A1&root_required=%21COMPUTE_STATUS_DISABLED" status: 200 len: 1309 microversion: 1.36
Jun 17 14:21:46.349762 n-d-845747-2 devstack@placement-api.service[105408]: [pid: 105408|app: 0|req: 53/106] 10.222.0.42 () {60 vars in 1506 bytes} [Fri Jun 17 14:21:46 2022] GET /placement/allocation_candidates?limit=1000&resources=DISK_GB%3A1%2CMEMORY_MB%3A1024%2CVCPU%3A1&root_required=%21COMPUTE_STATUS_DISABLED => generated 1309 bytes in 103 msecs (HTTP/1.1 200) 8 headers in 297 bytes (1 switches on core 0)
Jun 17 14:21:46.494710 n-d-845747-2 devstack@placement-api.service[105407]: DEBUG placement.requestlog [req-c586ea6b-ce92-4ec5-af27-1acf5f1afa9e req-22aa3207-07f0-445d-bbac-d045bdd56197 None None] Starting request: 10.222.0.42 "GET /placement/allocations/b5de9f02-8e87-4789-9f4d-c2966586d9d2" {{(pid=105407) __call__ /opt/stack/placement/placement/requestlog.py:55}}
Jun 17 14:21:46.511457 n-d-845747-2 devstack@placement-api.service[105407]: INFO placement.requestlog [req-c586ea6b-ce92-4ec5-af27-1acf5f1afa9e req-22aa3207-07f0-445d-bbac-d045bdd56197 service placement] 10.222.0.42 "GET /placement/allocations/b5de9f02-8e87-4789-9f4d-c2966586d9d2" status: 200 len: 19 microversion: 1.28
Jun 17 14:21:46.514233 n-d-845747-2 devstack@placement-api.service[105407]: [pid: 105407|app: 0|req: 54/107] 10.222.0.42 () {60 vars in 1380 bytes} [Fri Jun 17 14:21:46 2022] GET /placement/allocations/b5de9f02-8e87-4789-9f4d-c2966586d9d2 => generated 19 bytes in 20 msecs (HTTP/1.1 200) 8 headers in 295 bytes (1 switches on core 0)
Jun 17 14:21:46.524748 n-d-845747-2 devstack@placement-api.service[105408]: DEBUG placement.requestlog [req-c586ea6b-ce92-4ec5-af27-1acf5f1afa9e req-2f8f683f-0297-4726-bfa9-5ad6738ac4b5 None None] Starting request: 10.222.0.42 "PUT /placement/allocations/b5de9f02-8e87-4789-9f4d-c2966586d9d2" {{(pid=105408) __call__ /opt/stack/placement/placement/requestlog.py:55}}
Jun 17 14:21:46.682812 n-d-845747-2 devstack@placement-api.service[105408]: DEBUG placement.handlers.allocation [req-c586ea6b-ce92-4ec5-af27-1acf5f1afa9e req-2f8f683f-0297-4726-bfa9-5ad6738ac4b5 service placement] Successfully wrote allocations [, , ] {{(pid=105408) _update_consumers_and_create_allocations /opt/stack/placement/placement/handlers/allocation.py:462}}
Jun 17 14:21:46.694578 n-d-845747-2 devstack@placement-api.service[105408]: INFO placement.requestlog [req-c586ea6b-ce92-4ec5-af27-1acf5f1afa9e req-2f8f683f-0297-4726-bfa9-5ad6738ac4b5 service placement] 10.222.0.42 "PUT /placement/allocations/b5de9f02-8e87-4789-9f4d-c2966586d9d2" status: 204 len: 0 microversion: 1.36
Jun 17 14:21:46.694793 n-d-845747-2 devstack@placement-api.service[105408]: [pid: 105408|app: 0|req: 54/108] 10.222.0.42 () {64 vars in 1433 bytes} [Fri Jun 17 14:21:46 2022] PUT /placement/allocations/b5de9f02-8e87-4789-9f4d-c2966586d9d2 => generated 0 bytes in 170 msecs (HTTP/1.1 204) 5 headers in 199 bytes (1 switches on core 0)
Jun 17 14:21:47.309487 n-d-845747-2 devstack@placement-api.service[105407]: DEBUG placement.requestlog [req-c586ea6b-ce92-4ec5-af27-1acf5f1afa9e req-6d88bd80-d4bd-43d3-9366-44543e145827 None None] Starting request: 10.222.0.40 "GET /placement/allocations/b5de9f02-8e87-4789-9f4d-c2966586d9d2" {{(pid=105407) __call__ /opt/stack/placement/placement/requestlog.py:55}}
Jun 17 14:21:47.357187 n-d-845747-2 devstack@placement-api.service[105407]: INFO placement.requestlog [req-c586ea6b-ce92-4ec5-af27-1acf5f1afa9e req-6d88bd80-d4bd-43d3-9366-44543e145827 service placement] 10.222.0.40 "GET /placement/allocations/b5de9f02-8e87-4789-9f4d-c2966586d9d2" status: 200 len: 259 microversion: 1.28
Jun 17 14:21:47.358206 n-d-845747-2 devstack@placement-api.service[105407]: [pid: 105407|app: 0|req: 55/109] 10.222.0.40 () {60 vars in 1377 bytes} [Fri Jun 17 14:21:47 2022] GET /placement/allocations/b5de9f02-8e87-4789-9f4d-c2966586d9d2 => generated 259 bytes in 50 msecs (HTTP/1.1 200) 8 headers in 296 bytes (1 switches on core 0)
Jun 17 14:21:48.835876 n-d-845747-2 devstack@placement-api.service[105408]: DEBUG placement.requestlog [req-e1141294-2e41-466c-b299-19af7df53c0c req-bbdcc31d-3592-480f-a3f8-11aa4c7de248 None None] Starting request: 10.222.0.44 "GET /placement/resource_providers/f18b00f5-9789-4a12-a8b2-41189776e55e/allocations" {{(pid=105408) __call__ /opt/stack/placement/placement/requestlog.py:55}}
Jun 17 14:21:48.875091 n-d-845747-2 devstack@placement-api.service[105408]: DEBUG dbcounter [-] [105408] Writing DB stats placement:SELECT=72,placement:INSERT=14,placement:DELETE=7,placement:UPDATE=7 {{(pid=105408) stat_writer /usr/local/lib/python3.8/dist-packages/dbcounter.py:114}}
Jun 17 14:21:48.893295 n-d-845747-2 devstack@placement-api.service[105408]: INFO placement.requestlog [req-e1141294-2e41-466c-b299-19af7df53c0c req-bbdcc31d-3592-480f-a3f8-11aa4c7de248 service placement] 10.222.0.44 "GET /placement/resource_providers/f18b00f5-9789-4a12-a8b2-41189776e55e/allocations" status: 200 len: 153 microversion: 1.0
Jun 17 14:21:48.894051 n-d-845747-2 devstack@placement-api.service[105408]: [pid: 105408|app: 0|req: 55/110] 10.222.0.44 () {58 vars in 1390 bytes} [Fri Jun 17 14:21:48 2022] GET /placement/resource_providers/f18b00f5-9789-4a12-a8b2-41189776e55e/allocations => generated 153 bytes in 58 msecs (HTTP/1.1 200) 6 headers in 224 bytes (1 switches on core 0)
Jun 17 14:21:50.096958 n-d-845747-2 devstack@placement-api.service[105407]: DEBUG placement.requestlog [None req-6e7f7be8-27c9-48ac-96f5-6d08d41f46b3 None None] Starting request: 10.222.0.42 "GET /placement/resource_providers/877219d3-01c1-43d3-90b3-225df9296e25/aggregates" {{(pid=105407) __call__ /opt/stack/placement/placement/requestlog.py:55}}
Jun 17 14:21:50.363454 n-d-845747-2 devstack@placement-api.service[105407]: INFO placement.requestlog [None req-6e7f7be8-27c9-48ac-96f5-6d08d41f46b3 service placement] 10.222.0.42 "GET /placement/resource_providers/877219d3-01c1-43d3-90b3-225df9296e25/aggregates" status: 404 len: 235 microversion: 1.1
Jun 17 14:21:50.384551 n-d-845747-2 devstack@placement-api.service[105408]: DEBUG placement.requestlog [None req-c23605a8-ead8-46fe-8b07-eeeaadcaaa08 None None] Starting request: 10.222.0.42 "DELETE /placement/resource_providers/877219d3-01c1-43d3-90b3-225df9296e25" {{(pid=105408) __call__ /opt/stack/placement/placement/requestlog.py:55}}
Jun 17 14:21:50.395151 n-d-845747-2 devstack@placement-api.service[105408]: DEBUG placement.wsgi_wrapper [None req-c23605a8-ead8-46fe-8b07-eeeaadcaaa08 service placement] Placement API returning an error response: No resource provider with uuid 877219d3-01c1-43d3-90b3-225df9296e25 found for delete {{(pid=105408) call_func /opt/stack/placement/placement/wsgi_wrapper.py:31}}
Jun 17 14:21:50.395755 n-d-845747-2 devstack@placement-api.service[105407]: [pid: 105407|app: 0|req: 56/111] 10.222.0.42 () {58 vars in 1362 bytes} [Fri Jun 17 14:21:50 2022] GET /placement/resource_providers/877219d3-01c1-43d3-90b3-225df9296e25/aggregates => generated 235 bytes in 299 msecs (HTTP/1.1 404) 5 headers in 202 bytes (1 switches on core 0)
Jun 17 14:21:50.398157 n-d-845747-2 devstack@placement-api.service[105408]: INFO placement.requestlog [None req-c23605a8-ead8-46fe-8b07-eeeaadcaaa08 service placement] 10.222.0.42 "DELETE /placement/resource_providers/877219d3-01c1-43d3-90b3-225df9296e25" status: 404 len: 246 microversion: 1.1
Jun 17 14:21:50.400999 n-d-845747-2 devstack@placement-api.service[105408]: [pid: 105408|app: 0|req: 56/112] 10.222.0.42 () {60 vars in 1351 bytes} [Fri Jun 17 14:21:50 2022] DELETE /placement/resource_providers/877219d3-01c1-43d3-90b3-225df9296e25 => generated 246 bytes in 18 msecs (HTTP/1.1 404) 6 headers in 231 bytes (2 switches on core 0)
Jun 17 14:21:50.636331 n-d-845747-2 devstack@placement-api.service[105407]: DEBUG placement.requestlog [req-3e3cc663-c792-48b7-90ca-2182b4a7fd6f req-a87a5f33-797b-4c5e-8dab-4cb48da3d7e7 None None] Starting request: 10.222.0.40 "GET /placement/resource_providers/c50f5e20-0404-4bed-a779-287177acde8e/allocations" {{(pid=105407) __call__ /opt/stack/placement/placement/requestlog.py:55}}
Jun 17 14:21:50.765578 n-d-845747-2 devstack@placement-api.service[105407]: INFO placement.requestlog [req-3e3cc663-c792-48b7-90ca-2182b4a7fd6f req-a87a5f33-797b-4c5e-8dab-4cb48da3d7e7 service placement] 10.222.0.40 "GET /placement/resource_providers/c50f5e20-0404-4bed-a779-287177acde8e/allocations" status: 200 len: 255 microversion: 1.0
Jun 17 14:21:50.766590 n-d-845747-2 devstack@placement-api.service[105407]: [pid: 105407|app: 0|req: 57/113] 10.222.0.40 () {58 vars in 1390 bytes} [Fri Jun 17 14:21:50 2022] GET /placement/resource_providers/c50f5e20-0404-4bed-a779-287177acde8e/allocations => generated 255 bytes in 131 msecs (HTTP/1.1 200) 6 headers in 224 bytes (1 switches on core 0)
Jun 17 14:21:55.417900 n-d-845747-2 devstack@placement-api.service[105408]: DEBUG placement.requestlog [req-ccb10043-2613-4cc8-9fee-16fbaccde7e1 req-dfba7d0b-970b-447d-a2d6-bfb153e694ac None None] Starting request: 10.222.0.42 "GET /placement/allocation_candidates?limit=1000&resources=DISK_GB%3A1%2CMEMORY_MB%3A1024%2CVCPU%3A1&root_required=%21COMPUTE_STATUS_DISABLED" {{(pid=105408) __call__ /opt/stack/placement/placement/requestlog.py:55}}
Jun 17 14:21:55.460456 n-d-845747-2 devstack@placement-api.service[105408]: DEBUG placement.objects.research_context [req-ccb10043-2613-4cc8-9fee-16fbaccde7e1 req-dfba7d0b-970b-447d-a2d6-bfb153e694ac service placement] getting providers with 1 DISK_GB {{(pid=105408) __init__ /opt/stack/placement/placement/objects/research_context.py:136}}
Jun 17 14:21:55.468179 n-d-845747-2 devstack@placement-api.service[105408]: DEBUG placement.objects.research_context [req-ccb10043-2613-4cc8-9fee-16fbaccde7e1 req-dfba7d0b-970b-447d-a2d6-bfb153e694ac service placement] getting providers with 1024 MEMORY_MB {{(pid=105408) __init__ /opt/stack/placement/placement/objects/research_context.py:136}}
Jun 17 14:21:55.475824 n-d-845747-2 devstack@placement-api.service[105408]: DEBUG placement.objects.research_context [req-ccb10043-2613-4cc8-9fee-16fbaccde7e1 req-dfba7d0b-970b-447d-a2d6-bfb153e694ac service placement] getting providers with 1 VCPU {{(pid=105408) __init__ /opt/stack/placement/placement/objects/research_context.py:136}}
Jun 17 14:21:55.482728 n-d-845747-2 devstack@placement-api.service[105408]: DEBUG placement.objects.research_context [req-ccb10043-2613-4cc8-9fee-16fbaccde7e1 req-dfba7d0b-970b-447d-a2d6-bfb153e694ac service placement] found 2 providers with available 1 DISK_GB {{(pid=105408) get_provider_ids_matching /opt/stack/placement/placement/objects/research_context.py:563}}
Jun 17 14:21:55.483232 n-d-845747-2 devstack@placement-api.service[105408]: DEBUG placement.objects.research_context [req-ccb10043-2613-4cc8-9fee-16fbaccde7e1 req-dfba7d0b-970b-447d-a2d6-bfb153e694ac service placement] found 2 providers with available 1024 MEMORY_MB {{(pid=105408) get_provider_ids_matching /opt/stack/placement/placement/objects/research_context.py:563}}
Jun 17 14:21:55.483682 n-d-845747-2 devstack@placement-api.service[105408]: DEBUG placement.objects.research_context [req-ccb10043-2613-4cc8-9fee-16fbaccde7e1 req-dfba7d0b-970b-447d-a2d6-bfb153e694ac service placement] found 2 providers after filtering by previous result {{(pid=105408) get_provider_ids_matching /opt/stack/placement/placement/objects/research_context.py:594}}
Jun 17 14:21:55.484097 n-d-845747-2 devstack@placement-api.service[105408]: DEBUG placement.objects.research_context [req-ccb10043-2613-4cc8-9fee-16fbaccde7e1 req-dfba7d0b-970b-447d-a2d6-bfb153e694ac service placement] found 2 providers with available 1 VCPU {{(pid=105408) get_provider_ids_matching /opt/stack/placement/placement/objects/research_context.py:563}}
Jun 17 14:21:55.484529 n-d-845747-2 devstack@placement-api.service[105408]: DEBUG placement.objects.research_context [req-ccb10043-2613-4cc8-9fee-16fbaccde7e1 req-dfba7d0b-970b-447d-a2d6-bfb153e694ac service placement] found 2 providers after filtering by previous result {{(pid=105408) get_provider_ids_matching /opt/stack/placement/placement/objects/research_context.py:594}}
Jun 17 14:21:55.498916 n-d-845747-2 devstack@placement-api.service[105408]: DEBUG placement.objects.allocation_candidate [req-ccb10043-2613-4cc8-9fee-16fbaccde7e1 req-dfba7d0b-970b-447d-a2d6-bfb153e694ac service placement] RequestGroup(use_same_provider=False, resources={DISK_GB:1, MEMORY_MB:1024, VCPU:1}, traits=(), aggregates=[]) (suffix '') returned 2 matches {{(pid=105408) _get_by_requests /opt/stack/placement/placement/objects/allocation_candidate.py:156}}
Jun 17 14:21:55.499566 n-d-845747-2 devstack@placement-api.service[105408]: DEBUG placement.objects.allocation_candidate [req-ccb10043-2613-4cc8-9fee-16fbaccde7e1 req-dfba7d0b-970b-447d-a2d6-bfb153e694ac service placement] Merging candidates yields 2 allocation requests and 2 provider summaries {{(pid=105408) _merge_candidates /opt/stack/placement/placement/objects/allocation_candidate.py:809}}
Jun 17 14:21:55.501508 n-d-845747-2 devstack@placement-api.service[105408]: INFO placement.requestlog [req-ccb10043-2613-4cc8-9fee-16fbaccde7e1 req-dfba7d0b-970b-447d-a2d6-bfb153e694ac service placement] 10.222.0.42 "GET /placement/allocation_candidates?limit=1000&resources=DISK_GB%3A1%2CMEMORY_MB%3A1024%2CVCPU%3A1&root_required=%21COMPUTE_STATUS_DISABLED" status: 200 len: 1309 microversion: 1.36
Jun 17 14:21:55.502620 n-d-845747-2 devstack@placement-api.service[105408]: [pid: 105408|app: 0|req: 57/114] 10.222.0.42 () {60 vars in 1506 bytes} [Fri Jun 17 14:21:55 2022] GET /placement/allocation_candidates?limit=1000&resources=DISK_GB%3A1%2CMEMORY_MB%3A1024%2CVCPU%3A1&root_required=%21COMPUTE_STATUS_DISABLED => generated 1309 bytes in 85 msecs (HTTP/1.1 200) 8 headers in 297 bytes (1 switches on core 0)
Jun 17 14:21:55.717270 n-d-845747-2 devstack@placement-api.service[105407]: DEBUG placement.requestlog [req-ccb10043-2613-4cc8-9fee-16fbaccde7e1 req-15dd0f82-e2c9-476d-81f0-4d200bcc7fa3 None None] Starting request: 10.222.0.42 "GET /placement/allocations/ed63b150-2b50-4e9e-8a5b-f36849efd2ad" {{(pid=105407) __call__ /opt/stack/placement/placement/requestlog.py:55}}
Jun 17 14:21:55.735575 n-d-845747-2 devstack@placement-api.service[105407]: INFO placement.requestlog [req-ccb10043-2613-4cc8-9fee-16fbaccde7e1 req-15dd0f82-e2c9-476d-81f0-4d200bcc7fa3 service placement] 10.222.0.42 "GET /placement/allocations/ed63b150-2b50-4e9e-8a5b-f36849efd2ad" status: 200 len: 19 microversion: 1.28
Jun 17 14:21:55.738581 n-d-845747-2 devstack@placement-api.service[105407]: [pid: 105407|app: 0|req: 58/115] 10.222.0.42 () {60 vars in 1380 bytes} [Fri Jun 17 14:21:55 2022] GET /placement/allocations/ed63b150-2b50-4e9e-8a5b-f36849efd2ad => generated 19 bytes in 22 msecs (HTTP/1.1 200) 8 headers in 295 bytes (1 switches on core 0)
Jun 17 14:21:55.745358 n-d-845747-2 devstack@placement-api.service[105408]: DEBUG placement.requestlog [req-ccb10043-2613-4cc8-9fee-16fbaccde7e1 req-a2870982-0fd2-4c05-94fc-50bfe02b6678 None None] Starting request: 10.222.0.42 "PUT /placement/allocations/ed63b150-2b50-4e9e-8a5b-f36849efd2ad" {{(pid=105408) __call__ /opt/stack/placement/placement/requestlog.py:55}}
Jun 17 14:21:55.999295 n-d-845747-2 devstack@placement-api.service[105408]: DEBUG placement.handlers.allocation [req-ccb10043-2613-4cc8-9fee-16fbaccde7e1 req-a2870982-0fd2-4c05-94fc-50bfe02b6678 service placement] Successfully wrote allocations [, , ] {{(pid=105408) _update_consumers_and_create_allocations /opt/stack/placement/placement/handlers/allocation.py:462}}
Jun 17 14:21:56.010062 n-d-845747-2 devstack@placement-api.service[105408]: INFO placement.requestlog [req-ccb10043-2613-4cc8-9fee-16fbaccde7e1 req-a2870982-0fd2-4c05-94fc-50bfe02b6678 service placement] 10.222.0.42 "PUT /placement/allocations/ed63b150-2b50-4e9e-8a5b-f36849efd2ad" status: 204 len: 0 microversion: 1.36
Jun 17 14:21:56.011759 n-d-845747-2 devstack@placement-api.service[105408]: [pid: 105408|app: 0|req: 58/116] 10.222.0.42 () {64 vars in 1433 bytes} [Fri Jun 17 14:21:55 2022] PUT /placement/allocations/ed63b150-2b50-4e9e-8a5b-f36849efd2ad => generated 0 bytes in 269 msecs (HTTP/1.1 204) 5 headers in 199 bytes (1 switches on core 0)
Jun 17 14:21:56.687379 n-d-845747-2 devstack@placement-api.service[105407]: DEBUG placement.requestlog [req-ccb10043-2613-4cc8-9fee-16fbaccde7e1 req-338f1a84-0b4d-4d4a-b1c4-e1851937b74b None None] Starting request: 10.222.0.44 "GET /placement/allocations/ed63b150-2b50-4e9e-8a5b-f36849efd2ad" {{(pid=105407) __call__ /opt/stack/placement/placement/requestlog.py:55}}
Jun 17 14:21:56.708619 n-d-845747-2 devstack@placement-api.service[105407]: INFO placement.requestlog [req-ccb10043-2613-4cc8-9fee-16fbaccde7e1 req-338f1a84-0b4d-4d4a-b1c4-e1851937b74b service placement] 10.222.0.44 "GET /placement/allocations/ed63b150-2b50-4e9e-8a5b-f36849efd2ad" status: 200 len: 258 microversion: 1.28
Jun 17 14:21:56.709611 n-d-845747-2 devstack@placement-api.service[105407]: [pid: 105407|app: 0|req: 59/117] 10.222.0.44 () {60 vars in 1377 bytes} [Fri Jun 17 14:21:56 2022] GET /placement/allocations/ed63b150-2b50-4e9e-8a5b-f36849efd2ad => generated 258 bytes in 23 msecs (HTTP/1.1 200) 8 headers in 296 bytes (1 switches on core 0)
Jun 17 14:22:02.846415 n-d-845747-2 devstack@placement-api.service[105408]: DEBUG placement.requestlog [req-84c1d5f9-8e42-4507-91a1-dc7945b3df66 req-ba31441f-c619-4b76-b532-b1ac8a97203d None None] Starting request: 10.222.0.42 "GET /placement/allocation_candidates?limit=1000&resources=DISK_GB%3A1%2CMEMORY_MB%3A1024%2CVCPU%3A1&root_required=%21COMPUTE_STATUS_DISABLED" {{(pid=105408) __call__ /opt/stack/placement/placement/requestlog.py:55}}
Jun 17 14:22:02.922342 n-d-845747-2 devstack@placement-api.service[105408]: DEBUG placement.objects.research_context [req-84c1d5f9-8e42-4507-91a1-dc7945b3df66 req-ba31441f-c619-4b76-b532-b1ac8a97203d service placement] getting providers with 1 DISK_GB {{(pid=105408) __init__ /opt/stack/placement/placement/objects/research_context.py:136}}
Jun 17 14:22:02.944259 n-d-845747-2 devstack@placement-api.service[105408]: DEBUG placement.objects.research_context [req-84c1d5f9-8e42-4507-91a1-dc7945b3df66 req-ba31441f-c619-4b76-b532-b1ac8a97203d service placement] getting providers with 1024 MEMORY_MB {{(pid=105408) __init__ /opt/stack/placement/placement/objects/research_context.py:136}}
Jun 17 14:22:02.960690 n-d-845747-2 devstack@placement-api.service[105408]: DEBUG placement.objects.research_context [req-84c1d5f9-8e42-4507-91a1-dc7945b3df66 req-ba31441f-c619-4b76-b532-b1ac8a97203d service placement] getting providers with 1 VCPU {{(pid=105408) __init__ /opt/stack/placement/placement/objects/research_context.py:136}}
Jun 17 14:22:02.967483 n-d-845747-2 devstack@placement-api.service[105408]: DEBUG placement.objects.research_context [req-84c1d5f9-8e42-4507-91a1-dc7945b3df66 req-ba31441f-c619-4b76-b532-b1ac8a97203d service placement] found 2 providers with available 1 DISK_GB {{(pid=105408) get_provider_ids_matching /opt/stack/placement/placement/objects/research_context.py:563}}
Jun 17 14:22:02.967992 n-d-845747-2 devstack@placement-api.service[105408]: DEBUG placement.objects.research_context [req-84c1d5f9-8e42-4507-91a1-dc7945b3df66 req-ba31441f-c619-4b76-b532-b1ac8a97203d service placement] found 2 providers with available 1024 MEMORY_MB {{(pid=105408) get_provider_ids_matching /opt/stack/placement/placement/objects/research_context.py:563}}
Jun 17 14:22:02.968452 n-d-845747-2 devstack@placement-api.service[105408]: DEBUG placement.objects.research_context [req-84c1d5f9-8e42-4507-91a1-dc7945b3df66 req-ba31441f-c619-4b76-b532-b1ac8a97203d service placement] found 2 providers after filtering by previous result {{(pid=105408) get_provider_ids_matching /opt/stack/placement/placement/objects/research_context.py:594}}
Jun 17 14:22:02.968991 n-d-845747-2 devstack@placement-api.service[105408]: DEBUG placement.objects.research_context [req-84c1d5f9-8e42-4507-91a1-dc7945b3df66 req-ba31441f-c619-4b76-b532-b1ac8a97203d service placement] found 2 providers with available 1 VCPU {{(pid=105408) get_provider_ids_matching /opt/stack/placement/placement/objects/research_context.py:563}}
Jun 17 14:22:02.969452 n-d-845747-2 devstack@placement-api.service[105408]: DEBUG placement.objects.research_context [req-84c1d5f9-8e42-4507-91a1-dc7945b3df66 req-ba31441f-c619-4b76-b532-b1ac8a97203d service placement] found 2 providers after filtering by previous result {{(pid=105408) get_provider_ids_matching /opt/stack/placement/placement/objects/research_context.py:594}}
Jun 17 14:22:02.982147 n-d-845747-2 devstack@placement-api.service[105408]: DEBUG placement.objects.allocation_candidate [req-84c1d5f9-8e42-4507-91a1-dc7945b3df66 req-ba31441f-c619-4b76-b532-b1ac8a97203d service placement] RequestGroup(use_same_provider=False, resources={DISK_GB:1, MEMORY_MB:1024, VCPU:1}, traits=(), aggregates=[]) (suffix '') returned 2 matches {{(pid=105408) _get_by_requests /opt/stack/placement/placement/objects/allocation_candidate.py:156}}
Jun 17 14:22:02.982897 n-d-845747-2 devstack@placement-api.service[105408]: DEBUG placement.objects.allocation_candidate [req-84c1d5f9-8e42-4507-91a1-dc7945b3df66 req-ba31441f-c619-4b76-b532-b1ac8a97203d service placement] Merging candidates yields 2 allocation requests and 2 provider summaries {{(pid=105408) _merge_candidates /opt/stack/placement/placement/objects/allocation_candidate.py:809}}
Jun 17 14:22:02.985109 n-d-845747-2 devstack@placement-api.service[105408]: INFO placement.requestlog [req-84c1d5f9-8e42-4507-91a1-dc7945b3df66 req-ba31441f-c619-4b76-b532-b1ac8a97203d service placement] 10.222.0.42 "GET /placement/allocation_candidates?limit=1000&resources=DISK_GB%3A1%2CMEMORY_MB%3A1024%2CVCPU%3A1&root_required=%21COMPUTE_STATUS_DISABLED" status: 200 len: 1309 microversion: 1.36
Jun 17 14:22:02.985761 n-d-845747-2 devstack@placement-api.service[105408]: [pid: 105408|app: 0|req: 59/118] 10.222.0.42 () {60 vars in 1506 bytes} [Fri Jun 17 14:22:02 2022] GET /placement/allocation_candidates?limit=1000&resources=DISK_GB%3A1%2CMEMORY_MB%3A1024%2CVCPU%3A1&root_required=%21COMPUTE_STATUS_DISABLED => generated 1309 bytes in 140 msecs (HTTP/1.1 200) 8 headers in 297 bytes (1 switches on core 0)
Jun 17 14:22:03.108138 n-d-845747-2 devstack@placement-api.service[105407]: DEBUG placement.requestlog [req-84c1d5f9-8e42-4507-91a1-dc7945b3df66 req-98617d3b-d66a-4dfc-a9c7-1abe714ee368 None None] Starting request: 10.222.0.42 "GET /placement/allocations/11ad154f-1835-48db-a012-296f323551db" {{(pid=105407) __call__ /opt/stack/placement/placement/requestlog.py:55}}
Jun 17 14:22:03.123982 n-d-845747-2 devstack@placement-api.service[105407]: DEBUG dbcounter [-] [105407] Writing DB stats placement:SELECT=40,placement:DELETE=2 {{(pid=105407) stat_writer /usr/local/lib/python3.8/dist-packages/dbcounter.py:114}}
Jun 17 14:22:03.132881 n-d-845747-2 devstack@placement-api.service[105407]: INFO placement.requestlog [req-84c1d5f9-8e42-4507-91a1-dc7945b3df66 req-98617d3b-d66a-4dfc-a9c7-1abe714ee368 service placement] 10.222.0.42 "GET /placement/allocations/11ad154f-1835-48db-a012-296f323551db" status: 200 len: 19 microversion: 1.28
Jun 17 14:22:03.143737 n-d-845747-2 devstack@placement-api.service[105407]: [pid: 105407|app: 0|req: 60/119] 10.222.0.42 () {60 vars in 1380 bytes} [Fri Jun 17 14:22:03 2022] GET /placement/allocations/11ad154f-1835-48db-a012-296f323551db => generated 19 bytes in 36 msecs (HTTP/1.1 200) 8 headers in 295 bytes (1 switches on core 0)
Jun 17 14:22:03.144153 n-d-845747-2 devstack@placement-api.service[105408]: DEBUG placement.requestlog [req-84c1d5f9-8e42-4507-91a1-dc7945b3df66 req-c075e223-d6de-462b-a952-2229744d0dd4 None None] Starting request: 10.222.0.42 "PUT /placement/allocations/11ad154f-1835-48db-a012-296f323551db" {{(pid=105408) __call__ /opt/stack/placement/placement/requestlog.py:55}}
Jun 17 14:22:03.318661 n-d-845747-2 devstack@placement-api.service[105408]: DEBUG placement.handlers.allocation [req-84c1d5f9-8e42-4507-91a1-dc7945b3df66 req-c075e223-d6de-462b-a952-2229744d0dd4 service placement] Successfully wrote allocations [, , ] {{(pid=105408) _update_consumers_and_create_allocations /opt/stack/placement/placement/handlers/allocation.py:462}}
Jun 17 14:22:03.323425 n-d-845747-2 devstack@placement-api.service[105408]: INFO placement.requestlog [req-84c1d5f9-8e42-4507-91a1-dc7945b3df66 req-c075e223-d6de-462b-a952-2229744d0dd4 service placement] 10.222.0.42 "PUT /placement/allocations/11ad154f-1835-48db-a012-296f323551db" status: 204 len: 0 microversion: 1.36
Jun 17 14:22:03.337292 n-d-845747-2 devstack@placement-api.service[105408]: [pid: 105408|app: 0|req: 60/120] 10.222.0.42 () {64 vars in 1433 bytes} [Fri Jun 17 14:22:03 2022] PUT /placement/allocations/11ad154f-1835-48db-a012-296f323551db => generated 0 bytes in 182 msecs (HTTP/1.1 204) 5 headers in 199 bytes (1 switches on core 0)
Jun 17 14:22:04.024501 n-d-845747-2 devstack@placement-api.service[105407]: DEBUG placement.requestlog [req-84c1d5f9-8e42-4507-91a1-dc7945b3df66 req-28981ac2-e06e-4f1e-bad5-424368a18b9b None None] Starting request: 10.222.0.40 "GET /placement/allocations/11ad154f-1835-48db-a012-296f323551db" {{(pid=105407) __call__ /opt/stack/placement/placement/requestlog.py:55}}
Jun 17 14:22:04.125211 n-d-845747-2 devstack@placement-api.service[105407]: INFO placement.requestlog [req-84c1d5f9-8e42-4507-91a1-dc7945b3df66 req-28981ac2-e06e-4f1e-bad5-424368a18b9b service placement] 10.222.0.40 "GET /placement/allocations/11ad154f-1835-48db-a012-296f323551db" status: 200 len: 259 microversion: 1.28
Jun 17 14:22:04.127803 n-d-845747-2 devstack@placement-api.service[105407]: [pid: 105407|app: 0|req: 61/121] 10.222.0.40 () {60 vars in 1377 bytes} [Fri Jun 17 14:22:04 2022] GET /placement/allocations/11ad154f-1835-48db-a012-296f323551db => generated 259 bytes in 104 msecs (HTTP/1.1 200) 8 headers in 296 bytes (1 switches on core 0)
