Jun 05 08:24:05.555343 n-d-844739-1 neutron-server[104667]: DEBUG neutron_lib.callbacks.manager [req-22657180-725c-4f2c-b357-9bf16707ab47 req-05954ab1-857f-45fc-81df-5185f231aae5 tempest-DeleteServersAdminTestJSON-27414384 tempest-DeleteServersAdminTestJSON-27414384-project-admin] Publish callbacks ['neutron.plugins.ml2.plugin.SecurityGroupServerNotifierRpcMixin._notify_sg_on_port_change-3730413', 'neutron.plugins.ml2.ovo_rpc._ObjectChangeHandler.handle_event-426775', 'neutron.api.rpc.agentnotifiers.dhcp_rpc_agent_api.DhcpAgentNotifyAPI._native_event_send_dhcp_notification-588495', 'neutron.db.l3_db.L3RpcNotifierMixin._notify_routers_callback-8754059382236', 'neutron.db.l3_dvrscheduler_db._notify_port_delete-8754059097366'] for port (82f48857-e164-413d-8768-4601593a3494), after_delete {{(pid=104667) _notify_loop /usr/local/lib/python3.8/dist-packages/neutron_lib/callbacks/manager.py:176}}
Jun 05 08:24:05.626068 n-d-844739-1 neutron-server[104667]: DEBUG neutron.api.rpc.handlers.resources_rpc [None req-05954ab1-857f-45fc-81df-5185f231aae5 tempest-DeleteServersAdminTestJSON-27414384 tempest-DeleteServersAdminTestJSON-27414384-project-admin] Pushing event deleted for resources: {'Port': ['ID=82f48857-e164-413d-8768-4601593a3494,revision_number=None']} {{(pid=104667) push /opt/stack/neutron/neutron/api/rpc/handlers/resources_rpc.py:237}}
Jun 05 08:24:05.651814 n-d-844739-1 neutron-server[104667]: DEBUG neutron.db.l3_dvrscheduler_db [req-22657180-725c-4f2c-b357-9bf16707ab47 req-05954ab1-857f-45fc-81df-5185f231aae5 tempest-DeleteServersAdminTestJSON-27414384 tempest-DeleteServersAdminTestJSON-27414384-project-admin] No DVR routers for this DVR port 82f48857-e164-413d-8768-4601593a3494 on host n-h1-844739-1 {{(pid=104667) get_dvr_routers_to_remove /opt/stack/neutron/neutron/db/l3_dvrscheduler_db.py:215}}
Jun 05 08:24:05.660135 n-d-844739-1 neutron-server[104667]: DEBUG neutron_lib.callbacks.manager [req-22657180-725c-4f2c-b357-9bf16707ab47 req-05954ab1-857f-45fc-81df-5185f231aae5 tempest-DeleteServersAdminTestJSON-27414384 tempest-DeleteServersAdminTestJSON-27414384-project-admin] Publish callbacks ['neutron.notifiers.nova.Notifier._send_nova_notification-445435'] for port (None), before_response {{(pid=104667) _notify_loop /usr/local/lib/python3.8/dist-packages/neutron_lib/callbacks/manager.py:176}}
Jun 05 08:24:05.665220 n-d-844739-1 neutron-server[104667]: INFO neutron.wsgi [req-22657180-725c-4f2c-b357-9bf16707ab47 req-05954ab1-857f-45fc-81df-5185f231aae5 tempest-DeleteServersAdminTestJSON-27414384 tempest-DeleteServersAdminTestJSON-27414384-project-admin] 10.222.0.39 "DELETE /v2.0/ports/82f48857-e164-413d-8768-4601593a3494 HTTP/1.1" status: 204 len: 173 time: 0.6618657
Jun 05 08:24:05.665756 n-d-844739-1 neutron-server[104667]: DEBUG neutron.notifiers.nova [-] Sending events: [{'server_uuid': '8cddf461-3546-4475-91c7-419b46a255af', 'name': 'network-vif-deleted', 'tag': '82f48857-e164-413d-8768-4601593a3494'}] {{(pid=104667) send_events /opt/stack/neutron/neutron/notifiers/nova.py:271}}
Jun 05 08:24:05.671839 n-d-844739-1 neutron-server[104667]: DEBUG novaclient.v2.client [-] REQ: curl -g -i --cacert "/opt/stack/data/ca-bundle.pem" -X POST http://10.222.0.33/compute/v2.1/os-server-external-events -H "Accept: application/json" -H "Content-Type: application/json" -H "User-Agent: python-novaclient" -H "X-Auth-Token: {SHA256}0c4cf3352fca00ad7e24bd8828e182dbc34dc8f99f49281259242b66906b2b36" -H "X-OpenStack-Nova-API-Version: 2.1" -H "X-OpenStack-Request-ID: req-a73b07de-8952-42c4-b64f-884f60222ccc" -d '{"events": [{"server_uuid": "8cddf461-3546-4475-91c7-419b46a255af", "name": "network-vif-deleted", "tag": "82f48857-e164-413d-8768-4601593a3494"}]}' {{(pid=104667) _http_log_request /usr/local/lib/python3.8/dist-packages/keystoneauth1/session.py:519}}
Jun 05 08:24:05.722291 n-d-844739-1 neutron-server[104666]: DEBUG neutron.api.v2.base [req-7f0438be-db68-4ee7-9326-10e5c8bff525 req-5b3d083a-8cd5-403a-b07e-ec6c063fe9b8 tempest-SecurityGroupRulesNegativeTestJSON-689221279 tempest-SecurityGroupRulesNegativeTestJSON-689221279-project] Request body: {'security_group': {'name': 'tempest-SecurityGroupRulesNegativeTestJSON-securitygroup-1326120630', 'description': 'tempest-description-1284948544'}} {{(pid=104666) prepare_request_body /opt/stack/neutron/neutron/api/v2/base.py:730}}
Jun 05 08:24:05.745264 n-d-844739-1 neutron-server[104666]: INFO neutron.wsgi [req-4babac99-0bfc-4063-b1f4-ea0567e58514 req-b07e765e-676f-4ced-8dbf-ecb34d9ce2d1 tempest-LiveMigrationNegativeTest-1546668528 tempest-LiveMigrationNegativeTest-1546668528-project] 10.222.0.33 "GET /v2.0/ports?device_id=98766f8e-7b27-49e9-8565-4bc9c3e808d8 HTTP/1.1" status: 200 len: 210 time: 0.1027911
Jun 05 08:24:05.782443 n-d-844739-1 neutron-server[104666]: DEBUG neutron_lib.callbacks.manager [req-7f0438be-db68-4ee7-9326-10e5c8bff525 req-5b3d083a-8cd5-403a-b07e-ec6c063fe9b8 tempest-SecurityGroupRulesNegativeTestJSON-689221279 tempest-SecurityGroupRulesNegativeTestJSON-689221279-project] Publish callbacks [] for security_group (None), before_create {{(pid=104666) _notify_loop /usr/local/lib/python3.8/dist-packages/neutron_lib/callbacks/manager.py:176}}
Jun 05 08:24:05.960267 n-d-844739-1 neutron-server[104667]: DEBUG neutron.wsgi [-] (104667) accepted ('10.222.0.33', 55078) {{(pid=104667) server /usr/local/lib/python3.8/dist-packages/eventlet/wsgi.py:1004}}
Jun 05 08:24:05.965253 n-d-844739-1 neutron-server[104666]: DEBUG neutron_lib.callbacks.manager [req-7f0438be-db68-4ee7-9326-10e5c8bff525 req-5b3d083a-8cd5-403a-b07e-ec6c063fe9b8 tempest-SecurityGroupRulesNegativeTestJSON-689221279 tempest-SecurityGroupRulesNegativeTestJSON-689221279-project] Publish callbacks [] for security_group (14bc3b48-e812-4490-b3c3-d56af618b8ea), precommit_create {{(pid=104666) _notify_loop /usr/local/lib/python3.8/dist-packages/neutron_lib/callbacks/manager.py:176}}
Jun 05 08:24:05.977065 n-d-844739-1 neutron-server[104666]: DEBUG neutron.pecan_wsgi.hooks.policy_enforcement [req-0d26aa7e-c3de-4028-bef6-797186784304 req-fe78ae4c-1dd5-455c-822d-f6335c694bb8 tempest-LiveMigrationTest-1398373990 tempest-LiveMigrationTest-1398373990-project] Attributes excluded by policy engine: ['standard_attr_id', 'binding:profile', 'binding:host_id', 'binding:vif_type', 'binding:vif_details'] {{(pid=104666) _exclude_attributes_by_policy /opt/stack/neutron/neutron/pecan_wsgi/hooks/policy_enforcement.py:259}}
Jun 05 08:24:05.978675 n-d-844739-1 neutron-server[104666]: INFO neutron.wsgi [req-0d26aa7e-c3de-4028-bef6-797186784304 req-fe78ae4c-1dd5-455c-822d-f6335c694bb8 tempest-LiveMigrationTest-1398373990 tempest-LiveMigrationTest-1398373990-project] 10.222.0.33 "GET /v2.0/ports?device_id=969237ff-17eb-4838-9c3d-68dcbc1f94ca HTTP/1.1" status: 200 len: 945 time: 0.0718446
Jun 05 08:24:05.979025 n-d-844739-1 neutron-server[104667]: DEBUG neutron_lib.callbacks.manager [None req-c9c3dec8-96e3-414e-9526-a6b40e6abf69 admin admin] Publish callbacks [] for security_group (None), before_create {{(pid=104667) _notify_loop /usr/local/lib/python3.8/dist-packages/neutron_lib/callbacks/manager.py:176}}
Jun 05 08:24:05.979269 n-d-844739-1 neutron-server[104666]: DEBUG neutron_lib.callbacks.manager [req-7f0438be-db68-4ee7-9326-10e5c8bff525 req-5b3d083a-8cd5-403a-b07e-ec6c063fe9b8 tempest-SecurityGroupRulesNegativeTestJSON-689221279 tempest-SecurityGroupRulesNegativeTestJSON-689221279-project] Publish callbacks ['neutron.plugins.ml2.ovo_rpc._ObjectChangeHandler.handle_event-594980'] for security_group (14bc3b48-e812-4490-b3c3-d56af618b8ea), after_create {{(pid=104666) _notify_loop /usr/local/lib/python3.8/dist-packages/neutron_lib/callbacks/manager.py:176}}
Jun 05 08:24:06.029048 n-d-844739-1 neutron-server[104666]: DEBUG neutron_lib.callbacks.manager [req-7f0438be-db68-4ee7-9326-10e5c8bff525 req-5b3d083a-8cd5-403a-b07e-ec6c063fe9b8 tempest-SecurityGroupRulesNegativeTestJSON-689221279 tempest-SecurityGroupRulesNegativeTestJSON-689221279-project] Publish callbacks [] for security_group (None), before_response {{(pid=104666) _notify_loop /usr/local/lib/python3.8/dist-packages/neutron_lib/callbacks/manager.py:176}}
Jun 05 08:24:06.042692 n-d-844739-1 neutron-server[104666]: INFO neutron.wsgi [req-7f0438be-db68-4ee7-9326-10e5c8bff525 req-5b3d083a-8cd5-403a-b07e-ec6c063fe9b8 tempest-SecurityGroupRulesNegativeTestJSON-689221279 tempest-SecurityGroupRulesNegativeTestJSON-689221279-project] 10.222.0.33 "POST /v2.0/security-groups HTTP/1.1" status: 201 len: 1835 time: 0.3269544
Jun 05 08:24:06.051020 n-d-844739-1 neutron-server[104666]: DEBUG neutron.api.rpc.handlers.resources_rpc [None req-5b3d083a-8cd5-403a-b07e-ec6c063fe9b8 tempest-SecurityGroupRulesNegativeTestJSON-689221279 tempest-SecurityGroupRulesNegativeTestJSON-689221279-project] Pushing event updated for resources: {'SecurityGroup': ['ID=14bc3b48-e812-4490-b3c3-d56af618b8ea,revision_number=1']} {{(pid=104666) push /opt/stack/neutron/neutron/api/rpc/handlers/resources_rpc.py:237}}
Jun 05 08:24:06.079828 n-d-844739-1 neutron-server[104668]: DEBUG neutron.plugins.ml2.db [None req-7f0fd572-b336-4717-a1af-27abda86ce42 None None] get_ports_and_sgs() called for port_ids ['82f48857-e164-413d-8768-4601593a3494'] {{(pid=104668) get_ports_and_sgs /opt/stack/neutron/neutron/plugins/ml2/db.py:156}}
Jun 05 08:24:06.092654 n-d-844739-1 neutron-server[104667]: DEBUG neutron_lib.callbacks.manager [None req-c9c3dec8-96e3-414e-9526-a6b40e6abf69 admin admin] Publish callbacks [] for security_group (5b0c1280-8e69-4167-964a-8079af2554a7), precommit_create {{(pid=104667) _notify_loop /usr/local/lib/python3.8/dist-packages/neutron_lib/callbacks/manager.py:176}}
Jun 05 08:24:06.093477 n-d-844739-1 neutron-server[104666]: DEBUG dbcounter [-] [104666] Writing DB stats neutron:SELECT=82,neutron:INSERT=14,neutron:DELETE=3,neutron:UPDATE=1 {{(pid=104666) stat_writer /usr/local/lib/python3.8/dist-packages/dbcounter.py:114}}
Jun 05 08:24:06.101015 n-d-844739-1 neutron-server[104667]: DEBUG neutron_lib.callbacks.manager [None req-c9c3dec8-96e3-414e-9526-a6b40e6abf69 admin admin] Publish callbacks ['neutron.plugins.ml2.ovo_rpc._ObjectChangeHandler.handle_event-594980'] for security_group (5b0c1280-8e69-4167-964a-8079af2554a7), after_create {{(pid=104667) _notify_loop /usr/local/lib/python3.8/dist-packages/neutron_lib/callbacks/manager.py:176}}
Jun 05 08:24:06.113764 n-d-844739-1 neutron-server[104666]: INFO neutron.wsgi [req-0d26aa7e-c3de-4028-bef6-797186784304 req-977008fd-e3d6-4252-9322-0e082273bb05 tempest-LiveMigrationTest-1398373990 tempest-LiveMigrationTest-1398373990-project] 10.222.0.33 "GET /v2.0/security-groups?id=fff182d8-59e6-424e-8c95-c67e122c454a&fields=id&fields=name HTTP/1.1" status: 200 len: 286 time: 0.1170495
Jun 05 08:24:06.195107 n-d-844739-1 neutron-server[104667]: DEBUG neutron.api.rpc.handlers.resources_rpc [None req-c9c3dec8-96e3-414e-9526-a6b40e6abf69 admin admin] Pushing event updated for resources: {'SecurityGroup': ['ID=5b0c1280-8e69-4167-964a-8079af2554a7,revision_number=1']} {{(pid=104667) push /opt/stack/neutron/neutron/api/rpc/handlers/resources_rpc.py:237}}
Jun 05 08:24:06.218432 n-d-844739-1 neutron-server[104667]: DEBUG novaclient.v2.client [-] RESP: [200] Connection: close Content-Length: 183 Content-Type: application/json Date: Sun, 05 Jun 2022 08:24:05 GMT OpenStack-API-Version: compute 2.1 Server: Apache/2.4.41 (Ubuntu) Vary: OpenStack-API-Version,X-OpenStack-Nova-API-Version X-OpenStack-Nova-API-Version: 2.1 x-compute-request-id: req-18e1f4df-2485-4fe3-a6d4-dce18b5da852 x-openstack-request-id: req-18e1f4df-2485-4fe3-a6d4-dce18b5da852 {{(pid=104667) _http_log_response /usr/local/lib/python3.8/dist-packages/keystoneauth1/session.py:550}}
Jun 05 08:24:06.218909 n-d-844739-1 neutron-server[104667]: DEBUG novaclient.v2.client [-] RESP BODY: {"events": [{"server_uuid": "8cddf461-3546-4475-91c7-419b46a255af", "name": "network-vif-deleted", "tag": "82f48857-e164-413d-8768-4601593a3494", "status": "completed", "code": 200}]} {{(pid=104667) _http_log_response /usr/local/lib/python3.8/dist-packages/keystoneauth1/session.py:582}}
Jun 05 08:24:06.219164 n-d-844739-1 neutron-server[104667]: DEBUG novaclient.v2.client [-] POST call to compute for http://10.222.0.33/compute/v2.1/os-server-external-events used request id req-18e1f4df-2485-4fe3-a6d4-dce18b5da852 {{(pid=104667) request /usr/local/lib/python3.8/dist-packages/keystoneauth1/session.py:954}}
Jun 05 08:24:06.219569 n-d-844739-1 neutron-server[104667]: INFO neutron.notifiers.nova [-] Nova event matching ['req-18e1f4df-2485-4fe3-a6d4-dce18b5da852'] response: {'server_uuid': '8cddf461-3546-4475-91c7-419b46a255af', 'name': 'network-vif-deleted', 'tag': '82f48857-e164-413d-8768-4601593a3494', 'status': 'completed', 'code': 200}
Jun 05 08:24:06.233632 n-d-844739-1 neutron-server[104667]: INFO neutron.wsgi [None req-c9c3dec8-96e3-414e-9526-a6b40e6abf69 admin admin] 10.222.0.33 "GET /v2.0/security-groups?tenant_id=6ec5d858f1654bf08b64c803efbe5762&name=default HTTP/1.1" status: 200 len: 2996 time: 0.2719872
Jun 05 08:24:06.236551 n-d-844739-1 neutron-server[104666]: DEBUG neutron.wsgi [-] (104666) accepted ('10.222.0.33', 55082) {{(pid=104666) server /usr/local/lib/python3.8/dist-packages/eventlet/wsgi.py:1004}}
Jun 05 08:24:06.334962 n-d-844739-1 neutron-server[104666]: DEBUG neutron_lib.callbacks.manager [None req-3b7d08be-3489-4736-96c8-bf269f2a0286 admin admin] Publish callbacks [] for security_group (5b0c1280-8e69-4167-964a-8079af2554a7), before_delete {{(pid=104666) _notify_loop /usr/local/lib/python3.8/dist-packages/neutron_lib/callbacks/manager.py:176}}
Jun 05 08:24:06.351358 n-d-844739-1 neutron-server[104666]: INFO neutron.wsgi [req-bd6dff16-5146-4bdd-9852-1d36bb50c7a0 req-6c76f68f-faae-4613-95cc-fa4cc20b0ac0 tempest-SecurityGroupRulesNegativeTestJSON-689221279 tempest-SecurityGroupRulesNegativeTestJSON-689221279-project] 10.222.0.33 "GET /v2.0/security-groups/14bc3b48-e812-4490-b3c3-d56af618b8ea HTTP/1.1" status: 200 len: 1830 time: 0.0639143
Jun 05 08:24:06.363132 n-d-844739-1 neutron-server[104666]: DEBUG neutron_lib.callbacks.manager [None req-3b7d08be-3489-4736-96c8-bf269f2a0286 admin admin] Publish callbacks [] for security_group (5b0c1280-8e69-4167-964a-8079af2554a7), precommit_delete {{(pid=104666) _notify_loop /usr/local/lib/python3.8/dist-packages/neutron_lib/callbacks/manager.py:176}}
Jun 05 08:24:06.398267 n-d-844739-1 neutron-server[104666]: DEBUG neutron.api.v2.base [req-1f238d71-3fd9-45b7-96f7-3711601ae97c req-f0b8cb1d-d51f-44f7-ba9e-fff47a39e504 tempest-SecurityGroupRulesNegativeTestJSON-689221279 tempest-SecurityGroupRulesNegativeTestJSON-689221279-project] Request body: {'security_group': {'name': 'tempest-SecurityGroupRulesNegativeTestJSON-securitygroup-1115256798', 'description': 'tempest-description-303230243'}} {{(pid=104666) prepare_request_body /opt/stack/neutron/neutron/api/v2/base.py:730}}
Jun 05 08:24:06.439715 n-d-844739-1 neutron-server[104668]: DEBUG neutron.plugins.ml2.rpc [None req-7f0fd572-b336-4717-a1af-27abda86ce42 None None] Device b5f2e58e-0349-480d-8927-484d2f39dee5 up at agent hyperv_n-h1-844739-1 {{(pid=104668) update_device_up /opt/stack/neutron/neutron/plugins/ml2/rpc.py:296}}
Jun 05 08:24:06.440998 n-d-844739-1 neutron-server[104666]: INFO neutron.wsgi [req-5647e46a-ff45-4181-b67b-fb8047ccf019 req-85bf1b65-5c54-450c-acb4-216beb4e4e0c tempest-AggregatesAdminTestJSON-1472665320 tempest-AggregatesAdminTestJSON-1472665320-project] 10.222.0.33 "GET /v2.0/ports?device_id=63dc26bf-e378-436f-a328-a88919547afc HTTP/1.1" status: 200 len: 210 time: 0.0382528
Jun 05 08:24:06.450068 n-d-844739-1 neutron-server[104666]: DEBUG neutron_lib.callbacks.manager [req-1f238d71-3fd9-45b7-96f7-3711601ae97c req-f0b8cb1d-d51f-44f7-ba9e-fff47a39e504 tempest-SecurityGroupRulesNegativeTestJSON-689221279 tempest-SecurityGroupRulesNegativeTestJSON-689221279-project] Publish callbacks [] for security_group (None), before_create {{(pid=104666) _notify_loop /usr/local/lib/python3.8/dist-packages/neutron_lib/callbacks/manager.py:176}}
Jun 05 08:24:06.471831 n-d-844739-1 neutron-server[104666]: DEBUG dbcounter [-] [104666] Writing DB stats neutron:SELECT=93,neutron:INSERT=4,neutron:DELETE=3 {{(pid=104666) stat_writer /usr/local/lib/python3.8/dist-packages/dbcounter.py:114}}
Jun 05 08:24:06.476079 n-d-844739-1 neutron-server[104666]: DEBUG neutron_lib.callbacks.manager [None req-3b7d08be-3489-4736-96c8-bf269f2a0286 admin admin] Publish callbacks ['neutron.plugins.ml2.ovo_rpc._ObjectChangeHandler.handle_event-594980'] for security_group (5b0c1280-8e69-4167-964a-8079af2554a7), after_delete {{(pid=104666) _notify_loop /usr/local/lib/python3.8/dist-packages/neutron_lib/callbacks/manager.py:176}}
Jun 05 08:24:06.479052 n-d-844739-1 neutron-server[104666]: DEBUG neutron_lib.callbacks.manager [None req-3b7d08be-3489-4736-96c8-bf269f2a0286 admin admin] Publish callbacks [] for security_group (None), before_response {{(pid=104666) _notify_loop /usr/local/lib/python3.8/dist-packages/neutron_lib/callbacks/manager.py:176}}
Jun 05 08:24:06.480635 n-d-844739-1 neutron-server[104666]: INFO neutron.wsgi [None req-3b7d08be-3489-4736-96c8-bf269f2a0286 admin admin] 10.222.0.33 "DELETE /v2.0/security-groups/5b0c1280-8e69-4167-964a-8079af2554a7 HTTP/1.1" status: 204 len: 168 time: 0.2428575
Jun 05 08:24:06.501834 n-d-844739-1 neutron-server[104668]: DEBUG neutron.db.provisioning_blocks [None req-7f0fd572-b336-4717-a1af-27abda86ce42 None None] Provisioning for port b5f2e58e-0349-480d-8927-484d2f39dee5 completed by entity L2. {{(pid=104668) provisioning_complete /opt/stack/neutron/neutron/db/provisioning_blocks.py:137}}
Jun 05 08:24:06.513199 n-d-844739-1 neutron-server[104668]: DEBUG neutron.db.provisioning_blocks [None req-7f0fd572-b336-4717-a1af-27abda86ce42 None None] Provisioning complete for port b5f2e58e-0349-480d-8927-484d2f39dee5 triggered by entity L2. {{(pid=104668) provisioning_complete /opt/stack/neutron/neutron/db/provisioning_blocks.py:145}}
Jun 05 08:24:06.513681 n-d-844739-1 neutron-server[104668]: DEBUG neutron_lib.callbacks.manager [None req-7f0fd572-b336-4717-a1af-27abda86ce42 None None] Publish callbacks ['neutron.plugins.ml2.plugin.Ml2Plugin._port_provisioned-4071279'] for port (b5f2e58e-0349-480d-8927-484d2f39dee5), provisioning_complete {{(pid=104668) _notify_loop /usr/local/lib/python3.8/dist-packages/neutron_lib/callbacks/manager.py:176}}
Jun 05 08:24:06.525734 n-d-844739-1 neutron-server[104666]: DEBUG neutron.api.rpc.handlers.resources_rpc [None req-3b7d08be-3489-4736-96c8-bf269f2a0286 admin admin] Pushing event deleted for resources: {'SecurityGroup': ['ID=5b0c1280-8e69-4167-964a-8079af2554a7,revision_number=None']} {{(pid=104666) push /opt/stack/neutron/neutron/api/rpc/handlers/resources_rpc.py:237}}
Jun 05 08:24:06.533247 n-d-844739-1 neutron-server[104666]: INFO neutron.wsgi [req-4de198d9-bfb3-467c-9313-b402a787f94b req-b8923882-982e-44e3-8ec1-9d97f856aac3 service neutron] 10.222.0.24 "GET /v2.0/ports?tenant_id=f9587ff19dfc4eefb5129656cbdf4a97&device_id=63dc26bf-e378-436f-a328-a88919547afc HTTP/1.1" status: 200 len: 210 time: 0.0664978
Jun 05 08:24:06.602105 n-d-844739-1 neutron-server[104666]: INFO neutron.wsgi [req-4de198d9-bfb3-467c-9313-b402a787f94b req-8f683299-419b-4ee1-b986-a655d7d771e3 service neutron] 10.222.0.24 "GET /v2.0/networks?tenant_id=f9587ff19dfc4eefb5129656cbdf4a97&shared=False HTTP/1.1" status: 200 len: 213 time: 0.0620003
Jun 05 08:24:06.640872 n-d-844739-1 neutron-server[104666]: DEBUG neutron_lib.callbacks.manager [req-1f238d71-3fd9-45b7-96f7-3711601ae97c req-f0b8cb1d-d51f-44f7-ba9e-fff47a39e504 tempest-SecurityGroupRulesNegativeTestJSON-689221279 tempest-SecurityGroupRulesNegativeTestJSON-689221279-project] Publish callbacks [] for security_group (5128ee40-93a4-431c-a4c2-399823a2def7), precommit_create {{(pid=104666) _notify_loop /usr/local/lib/python3.8/dist-packages/neutron_lib/callbacks/manager.py:176}}
Jun 05 08:24:06.664748 n-d-844739-1 neutron-server[104668]: DEBUG neutron.plugins.ml2.plugin [None req-7f0fd572-b336-4717-a1af-27abda86ce42 None None] Current status of the port b5f2e58e-0349-480d-8927-484d2f39dee5 is: BUILD; New status is: ACTIVE {{(pid=104668) _update_individual_port_db_status /opt/stack/neutron/neutron/plugins/ml2/plugin.py:2298}}
Jun 05 08:24:06.665526 n-d-844739-1 neutron-server[104668]: DEBUG neutron_lib.callbacks.manager [None req-7f0fd572-b336-4717-a1af-27abda86ce42 None None] Publish callbacks ['neutron.plugins.ml2.plugin.SecurityGroupDbMixin._ensure_default_security_group_handler-3730220'] for port (b5f2e58e-0349-480d-8927-484d2f39dee5), before_update {{(pid=104668) _notify_loop /usr/local/lib/python3.8/dist-packages/neutron_lib/callbacks/manager.py:176}}
Jun 05 08:24:06.667063 n-d-844739-1 neutron-server[104666]: DEBUG neutron_lib.callbacks.manager [req-1f238d71-3fd9-45b7-96f7-3711601ae97c req-f0b8cb1d-d51f-44f7-ba9e-fff47a39e504 tempest-SecurityGroupRulesNegativeTestJSON-689221279 tempest-SecurityGroupRulesNegativeTestJSON-689221279-project] Publish callbacks ['neutron.plugins.ml2.ovo_rpc._ObjectChangeHandler.handle_event-594980'] for security_group (5128ee40-93a4-431c-a4c2-399823a2def7), after_create {{(pid=104666) _notify_loop /usr/local/lib/python3.8/dist-packages/neutron_lib/callbacks/manager.py:176}}
Jun 05 08:24:06.694691 n-d-844739-1 neutron-server[104667]: INFO neutron.wsgi [req-a89dc085-7167-4813-9843-641509638cbd req-32117b0a-457b-4da7-b7d5-23a7e0480d93 tempest-LiveMigrationNegativeTest-1546668528 tempest-LiveMigrationNegativeTest-1546668528-project] 10.222.0.24 "GET /v2.0/networks?tenant_id=68bdb8ea7b9848e598fadcaa8e92a86e&shared=False HTTP/1.1" status: 200 len: 213 time: 0.0526645
Jun 05 08:24:06.708976 n-d-844739-1 neutron-server[104668]: DEBUG neutron.notifiers.nova [-] Sending events: [{'server_uuid': '969237ff-17eb-4838-9c3d-68dcbc1f94ca', 'name': 'network-vif-plugged', 'status': 'completed', 'tag': 'b5f2e58e-0349-480d-8927-484d2f39dee5'}] {{(pid=104668) send_events /opt/stack/neutron/neutron/notifiers/nova.py:271}}
Jun 05 08:24:06.711709 n-d-844739-1 neutron-server[104668]: DEBUG novaclient.v2.client [-] REQ: curl -g -i --cacert "/opt/stack/data/ca-bundle.pem" -X POST http://10.222.0.33/compute/v2.1/os-server-external-events -H "Accept: application/json" -H "Content-Type: application/json" -H "User-Agent: python-novaclient" -H "X-Auth-Token: {SHA256}2e62713313a35f424d3d1ccd912967aa65f558d02c634797041192f5f55e5312" -H "X-OpenStack-Nova-API-Version: 2.1" -H "X-OpenStack-Request-ID: req-c8e3e8f7-76a1-48d1-a5bd-b0a61b5ae1d5" -d '{"events": [{"server_uuid": "969237ff-17eb-4838-9c3d-68dcbc1f94ca", "name": "network-vif-plugged", "status": "completed", "tag": "b5f2e58e-0349-480d-8927-484d2f39dee5"}]}' {{(pid=104668) _http_log_request /usr/local/lib/python3.8/dist-packages/keystoneauth1/session.py:519}}
Jun 05 08:24:06.722941 n-d-844739-1 neutron-server[104668]: DEBUG dbcounter [-] [104668] Writing DB stats neutron:SELECT=98,neutron:UPDATE=1,neutron:DELETE=1 {{(pid=104668) stat_writer /usr/local/lib/python3.8/dist-packages/dbcounter.py:114}}
Jun 05 08:24:06.728205 n-d-844739-1 neutron-server[104668]: DEBUG neutron.plugins.ml2.db [None req-7f0fd572-b336-4717-a1af-27abda86ce42 None None] For port b5f2e58e-0349-480d-8927-484d2f39dee5, host n-h1-844739-1, got binding levels [PortBindingLevel(driver='hyperv',host='n-h1-844739-1',level=0,port_id=b5f2e58e-0349-480d-8927-484d2f39dee5,segment=NetworkSegment(5294fb0d-b93a-4ade-a873-bbd4335c7c03),segment_id=5294fb0d-b93a-4ade-a873-bbd4335c7c03)] {{(pid=104668) get_binding_level_objs /opt/stack/neutron/neutron/plugins/ml2/db.py:74}}
Jun 05 08:24:06.734635 n-d-844739-1 neutron-server[104668]: DEBUG neutron_lib.callbacks.manager [None req-7f0fd572-b336-4717-a1af-27abda86ce42 None None] Publish callbacks ['neutron.plugins.ml2.plugin.SecurityGroupServerNotifierRpcMixin._notify_sg_on_port_change-3730413', 'neutron.plugins.ml2.ovo_rpc._ObjectChangeHandler.handle_event-426775', 'neutron.api.rpc.agentnotifiers.dhcp_rpc_agent_api.DhcpAgentNotifyAPI._native_event_send_dhcp_notification-588495', 'neutron.db.l3_db.L3RpcNotifierMixin._notify_gateway_port_ip_changed-8754059382146', 'neutron.db.l3_dvrscheduler_db._notify_l3_agent_port_update-8754059097375', 'neutron.db.l3_hascheduler_db._notify_l3_agent_ha_port_update-8754059097393'] for port (b5f2e58e-0349-480d-8927-484d2f39dee5), after_update {{(pid=104668) _notify_loop /usr/local/lib/python3.8/dist-packages/neutron_lib/callbacks/manager.py:176}}
Jun 05 08:24:06.751391 n-d-844739-1 neutron-server[104666]: INFO neutron.wsgi [req-c3f10558-d3fc-466e-ab79-53bbc4a1b42b req-dac89e0f-62d1-4ce0-a684-52c9ff5316fe tempest-DeleteServersAdminTestJSON-1318540523 tempest-DeleteServersAdminTestJSON-1318540523-project] 10.222.0.33 "GET /v2.0/ports?device_id=8cddf461-3546-4475-91c7-419b46a255af HTTP/1.1" status: 200 len: 210 time: 0.1087456
Jun 05 08:24:06.811719 n-d-844739-1 neutron-server[104666]: DEBUG neutron_lib.callbacks.manager [req-1f238d71-3fd9-45b7-96f7-3711601ae97c req-f0b8cb1d-d51f-44f7-ba9e-fff47a39e504 tempest-SecurityGroupRulesNegativeTestJSON-689221279 tempest-SecurityGroupRulesNegativeTestJSON-689221279-project] Publish callbacks [] for security_group (None), before_response {{(pid=104666) _notify_loop /usr/local/lib/python3.8/dist-packages/neutron_lib/callbacks/manager.py:176}}
Jun 05 08:24:06.824637 n-d-844739-1 neutron-server[104666]: INFO neutron.wsgi [req-1f238d71-3fd9-45b7-96f7-3711601ae97c req-f0b8cb1d-d51f-44f7-ba9e-fff47a39e504 tempest-SecurityGroupRulesNegativeTestJSON-689221279 tempest-SecurityGroupRulesNegativeTestJSON-689221279-project] 10.222.0.33 "POST /v2.0/security-groups HTTP/1.1" status: 201 len: 1834 time: 0.4327269
Jun 05 08:24:06.869216 n-d-844739-1 neutron-server[104668]: DEBUG neutron.api.rpc.handlers.resources_rpc [None req-7f0fd572-b336-4717-a1af-27abda86ce42 None None] Pushing event updated for resources: {'Port': ['ID=b5f2e58e-0349-480d-8927-484d2f39dee5,revision_number=5']} {{(pid=104668) push /opt/stack/neutron/neutron/api/rpc/handlers/resources_rpc.py:237}}
Jun 05 08:24:06.924405 n-d-844739-1 neutron-server[104668]: DEBUG novaclient.v2.client [-] RESP: [200] Connection: close Content-Length: 183 Content-Type: application/json Date: Sun, 05 Jun 2022 08:24:06 GMT OpenStack-API-Version: compute 2.1 Server: Apache/2.4.41 (Ubuntu) Vary: OpenStack-API-Version,X-OpenStack-Nova-API-Version X-OpenStack-Nova-API-Version: 2.1 x-compute-request-id: req-e9961a43-1fab-475d-9f58-80407c1142fb x-openstack-request-id: req-e9961a43-1fab-475d-9f58-80407c1142fb {{(pid=104668) _http_log_response /usr/local/lib/python3.8/dist-packages/keystoneauth1/session.py:550}}
Jun 05 08:24:06.924938 n-d-844739-1 neutron-server[104668]: DEBUG novaclient.v2.client [-] RESP BODY: {"events": [{"server_uuid": "969237ff-17eb-4838-9c3d-68dcbc1f94ca", "name": "network-vif-plugged", "status": "completed", "tag": "b5f2e58e-0349-480d-8927-484d2f39dee5", "code": 200}]} {{(pid=104668) _http_log_response /usr/local/lib/python3.8/dist-packages/keystoneauth1/session.py:582}}
Jun 05 08:24:06.925372 n-d-844739-1 neutron-server[104668]: DEBUG novaclient.v2.client [-] POST call to compute for http://10.222.0.33/compute/v2.1/os-server-external-events used request id req-e9961a43-1fab-475d-9f58-80407c1142fb {{(pid=104668) request /usr/local/lib/python3.8/dist-packages/keystoneauth1/session.py:954}}
Jun 05 08:24:06.926043 n-d-844739-1 neutron-server[104668]: INFO neutron.notifiers.nova [-] Nova event matching ['req-e9961a43-1fab-475d-9f58-80407c1142fb'] response: {'server_uuid': '969237ff-17eb-4838-9c3d-68dcbc1f94ca', 'name': 'network-vif-plugged', 'status': 'completed', 'tag': 'b5f2e58e-0349-480d-8927-484d2f39dee5', 'code': 200}
Jun 05 08:24:06.955809 n-d-844739-1 neutron-server[104666]: DEBUG neutron.api.rpc.handlers.resources_rpc [None req-f0b8cb1d-d51f-44f7-ba9e-fff47a39e504 tempest-SecurityGroupRulesNegativeTestJSON-689221279 tempest-SecurityGroupRulesNegativeTestJSON-689221279-project] Pushing event updated for resources: {'SecurityGroup': ['ID=5128ee40-93a4-431c-a4c2-399823a2def7,revision_number=1']} {{(pid=104666) push /opt/stack/neutron/neutron/api/rpc/handlers/resources_rpc.py:237}}
Jun 05 08:24:07.017828 n-d-844739-1 neutron-server[104667]: DEBUG neutron.pecan_wsgi.hooks.policy_enforcement [req-a89dc085-7167-4813-9843-641509638cbd req-ac32188d-a66d-461d-abf8-96d2e2650145 tempest-LiveMigrationNegativeTest-1546668528 tempest-LiveMigrationNegativeTest-1546668528-project] Attributes excluded by policy engine: ['standard_attr_id', 'vlan_transparent', 'provider:network_type', 'provider:physical_network', 'provider:segmentation_id'] {{(pid=104667) _exclude_attributes_by_policy /opt/stack/neutron/neutron/pecan_wsgi/hooks/policy_enforcement.py:259}}
Jun 05 08:24:07.019470 n-d-844739-1 neutron-server[104667]: INFO neutron.wsgi [req-a89dc085-7167-4813-9843-641509638cbd req-ac32188d-a66d-461d-abf8-96d2e2650145 tempest-LiveMigrationNegativeTest-1546668528 tempest-LiveMigrationNegativeTest-1546668528-project] 10.222.0.24 "GET /v2.0/networks?shared=True HTTP/1.1" status: 200 len: 769 time: 0.3196945
Jun 05 08:24:07.035154 n-d-844739-1 neutron-server[104667]: DEBUG neutron.api.v2.base [req-a89dc085-7167-4813-9843-641509638cbd req-537e0e00-e43f-46c7-bd45-e45cccaf5b6f tempest-LiveMigrationNegativeTest-1546668528 tempest-LiveMigrationNegativeTest-1546668528-project] Request body: {'port': {'device_id': '98766f8e-7b27-49e9-8565-4bc9c3e808d8', 'network_id': '7bf17b3b-42ea-45fc-a2bc-89e48d837097', 'admin_state_up': True, 'tenant_id': '68bdb8ea7b9848e598fadcaa8e92a86e'}} {{(pid=104667) prepare_request_body /opt/stack/neutron/neutron/api/v2/base.py:730}}
Jun 05 08:24:07.103251 n-d-844739-1 neutron-server[104666]: INFO neutron.wsgi [req-4def22ba-ec5a-4db0-b69b-a1d3f81dac77 req-6c18d8fe-15c1-4d0f-91c6-5607a2ff3c8b tempest-LiveMigrationNegativeTest-1546668528 tempest-LiveMigrationNegativeTest-1546668528-project] 10.222.0.33 "GET /v2.0/ports?device_id=98766f8e-7b27-49e9-8565-4bc9c3e808d8 HTTP/1.1" status: 200 len: 210 time: 0.0857854
Jun 05 08:24:07.106934 n-d-844739-1 neutron-server[104667]: DEBUG neutron.pecan_wsgi.hooks.policy_enforcement [req-120ff378-ed60-4135-a495-59760d843062 req-4cc12c3c-9d33-41f4-a145-fb55b42d734f service neutron] Attributes excluded by policy engine: ['standard_attr_id'] {{(pid=104667) _exclude_attributes_by_policy /opt/stack/neutron/neutron/pecan_wsgi/hooks/policy_enforcement.py:259}}
Jun 05 08:24:07.108643 n-d-844739-1 neutron-server[104667]: INFO neutron.wsgi [req-120ff378-ed60-4135-a495-59760d843062 req-4cc12c3c-9d33-41f4-a145-fb55b42d734f service neutron] 10.222.0.39 "GET /v2.0/ports?device_id=969237ff-17eb-4838-9c3d-68dcbc1f94ca HTTP/1.1" status: 200 len: 1128 time: 0.0883074
Jun 05 08:24:07.121189 n-d-844739-1 neutron-server[104666]: DEBUG neutron.pecan_wsgi.hooks.policy_enforcement [req-48e4fb80-0829-46c9-9b43-e6e3e15a24b7 req-cdd94dfd-9d37-48a9-8a40-2417e70348ff tempest-ServersWithSpecificFlavorTestJSON-2126239023 tempest-ServersWithSpecificFlavorTestJSON-2126239023-project] Attributes excluded by policy engine: ['standard_attr_id', 'binding:profile', 'binding:host_id', 'binding:vif_type', 'binding:vif_details'] {{(pid=104666) _exclude_attributes_by_policy /opt/stack/neutron/neutron/pecan_wsgi/hooks/policy_enforcement.py:259}}
Jun 05 08:24:07.122666 n-d-844739-1 neutron-server[104666]: INFO neutron.wsgi [req-48e4fb80-0829-46c9-9b43-e6e3e15a24b7 req-cdd94dfd-9d37-48a9-8a40-2417e70348ff tempest-ServersWithSpecificFlavorTestJSON-2126239023 tempest-ServersWithSpecificFlavorTestJSON-2126239023-project] 10.222.0.33 "GET /v2.0/ports?device_id=e4c09fb3-f67f-4b07-a992-2e70683932bd HTTP/1.1" status: 200 len: 945 time: 0.1540322
Jun 05 08:24:07.147720 n-d-844739-1 neutron-server[104666]: DEBUG neutron.pecan_wsgi.hooks.policy_enforcement [req-4de198d9-bfb3-467c-9313-b402a787f94b req-d5d6bacd-0bd7-4000-9df1-52e822a4098d service neutron] Attributes excluded by policy engine: ['standard_attr_id', 'vlan_transparent'] {{(pid=104666) _exclude_attributes_by_policy /opt/stack/neutron/neutron/pecan_wsgi/hooks/policy_enforcement.py:259}}
Jun 05 08:24:07.149430 n-d-844739-1 neutron-server[104666]: INFO neutron.wsgi [req-4de198d9-bfb3-467c-9313-b402a787f94b req-d5d6bacd-0bd7-4000-9df1-52e822a4098d service neutron] 10.222.0.24 "GET /v2.0/networks?shared=True HTTP/1.1" status: 200 len: 870 time: 0.4935973
Jun 05 08:24:07.191695 n-d-844739-1 neutron-server[104667]: INFO neutron.wsgi [req-120ff378-ed60-4135-a495-59760d843062 req-a7844caa-29a5-44cf-8ee2-0c9552db7bae service neutron] 10.222.0.39 "GET /v2.0/security-groups?id=fff182d8-59e6-424e-8c95-c67e122c454a&fields=id&fields=name HTTP/1.1" status: 200 len: 286 time: 0.0753050
Jun 05 08:24:07.200529 n-d-844739-1 neutron-server[104667]: DEBUG dbcounter [-] [104667] Writing DB stats neutron:SELECT=89,neutron:DELETE=8,neutron:INSERT=3 {{(pid=104667) stat_writer /usr/local/lib/python3.8/dist-packages/dbcounter.py:114}}
Jun 05 08:24:07.214058 n-d-844739-1 neutron-server[104667]: DEBUG neutron.pecan_wsgi.hooks.quota_enforcement [req-a89dc085-7167-4813-9843-641509638cbd req-537e0e00-e43f-46c7-bd45-e45cccaf5b6f tempest-LiveMigrationNegativeTest-1546668528 tempest-LiveMigrationNegativeTest-1546668528-project] Made reservation on behalf of 68bdb8ea7b9848e598fadcaa8e92a86e for: {'port': 1} {{(pid=104667) before /opt/stack/neutron/neutron/pecan_wsgi/hooks/quota_enforcement.py:53}}
Jun 05 08:24:07.217891 n-d-844739-1 neutron-server[104667]: DEBUG neutron_lib.callbacks.manager [req-a89dc085-7167-4813-9843-641509638cbd req-537e0e00-e43f-46c7-bd45-e45cccaf5b6f tempest-LiveMigrationNegativeTest-1546668528 tempest-LiveMigrationNegativeTest-1546668528-project] Publish callbacks ['neutron.plugins.ml2.plugin.SecurityGroupDbMixin._ensure_default_security_group_handler-3730220'] for port (None), before_create {{(pid=104667) _notify_loop /usr/local/lib/python3.8/dist-packages/neutron_lib/callbacks/manager.py:176}}
Jun 05 08:24:07.245646 n-d-844739-1 neutron-server[104666]: INFO neutron.wsgi [req-4de198d9-bfb3-467c-9313-b402a787f94b req-997bb411-7ded-42f0-966c-5c48e49c99f7 tempest-AggregatesAdminTestJSON-1472665320 tempest-AggregatesAdminTestJSON-1472665320-project] 10.222.0.24 "GET /v2.0/ports?device_id=63dc26bf-e378-436f-a328-a88919547afc HTTP/1.1" status: 200 len: 210 time: 0.0450022
Jun 05 08:24:07.267886 n-d-844739-1 neutron-server[104666]: INFO neutron.wsgi [req-48e4fb80-0829-46c9-9b43-e6e3e15a24b7 req-06d4b885-7404-4d5e-95a1-ca698beffaf5 tempest-ServersWithSpecificFlavorTestJSON-2126239023 tempest-ServersWithSpecificFlavorTestJSON-2126239023-project] 10.222.0.33 "GET /v2.0/security-groups?id=6e60efe0-48ed-46d9-8da2-d3f99663b556&fields=id&fields=name HTTP/1.1" status: 200 len: 313 time: 0.1336789
Jun 05 08:24:07.303681 n-d-844739-1 neutron-server[104666]: INFO neutron.wsgi [req-bc019c44-581a-4618-9b7a-3dc6bd91eaae req-d1e9e6da-ae22-47ad-b052-5b289020f5a0 tempest-SecurityGroupRulesNegativeTestJSON-689221279 tempest-SecurityGroupRulesNegativeTestJSON-689221279-project] 10.222.0.33 "GET /v2.0/security-groups/5128ee40-93a4-431c-a4c2-399823a2def7 HTTP/1.1" status: 200 len: 1829 time: 0.1584747
Jun 05 08:24:07.406251 n-d-844739-1 neutron-server[104667]: DEBUG dbcounter [-] [104667] Writing DB stats neutron:SELECT=83,neutron:DELETE=4,neutron:INSERT=11,neutron:UPDATE=2 {{(pid=104667) stat_writer /usr/local/lib/python3.8/dist-packages/dbcounter.py:114}}
Jun 05 08:24:07.422068 n-d-844739-1 neutron-server[104667]: DEBUG neutron.db.db_base_plugin_common [req-a89dc085-7167-4813-9843-641509638cbd req-537e0e00-e43f-46c7-bd45-e45cccaf5b6f tempest-LiveMigrationNegativeTest-1546668528 tempest-LiveMigrationNegativeTest-1546668528-project] Allocated IP 192.168.233.175 (7bf17b3b-42ea-45fc-a2bc-89e48d837097/c3844c2b-99c2-422e-9161-dd7697ed8898/42d59f2a-9047-40e2-9f60-ef062332a62d) {{(pid=104667) _store_ip_allocation /opt/stack/neutron/neutron/db/db_base_plugin_common.py:131}}
Jun 05 08:24:07.434515 n-d-844739-1 neutron-server[104666]: INFO neutron.wsgi [req-e55b9b2c-22c6-4e96-a4ae-ca9e69de233d req-55061bc3-6c68-4179-b7f9-d288c4d7e6e5 tempest-DeleteServersAdminTestJSON-1318540523 tempest-DeleteServersAdminTestJSON-1318540523-project] 10.222.0.33 "GET /v2.0/networks?tenant_id=1ff420b4eb2442d3b779708d6fe78c1e&shared=False HTTP/1.1" status: 200 len: 213 time: 0.0576205
Jun 05 08:24:07.535427 n-d-844739-1 neutron-server[104666]: DEBUG neutron.pecan_wsgi.hooks.policy_enforcement [req-a0919a7d-71c4-4a2e-b790-2614d31f5c0a req-7c330095-ed04-4a6a-bb57-7b3873309569 tempest-LiveMigrationTest-1398373990 tempest-LiveMigrationTest-1398373990-project] Attributes excluded by policy engine: ['standard_attr_id', 'binding:profile', 'binding:host_id', 'binding:vif_type', 'binding:vif_details'] {{(pid=104666) _exclude_attributes_by_policy /opt/stack/neutron/neutron/pecan_wsgi/hooks/policy_enforcement.py:259}}
Jun 05 08:24:07.537768 n-d-844739-1 neutron-server[104666]: INFO neutron.wsgi [req-a0919a7d-71c4-4a2e-b790-2614d31f5c0a req-7c330095-ed04-4a6a-bb57-7b3873309569 tempest-LiveMigrationTest-1398373990 tempest-LiveMigrationTest-1398373990-project] 10.222.0.33 "GET /v2.0/ports?device_id=969237ff-17eb-4838-9c3d-68dcbc1f94ca HTTP/1.1" status: 200 len: 946 time: 0.1072776
Jun 05 08:24:07.579215 n-d-844739-1 neutron-server[104666]: DEBUG dbcounter [-] [104666] Writing DB stats neutron:SELECT=91,neutron:DELETE=2,neutron:INSERT=6,neutron:UPDATE=1 {{(pid=104666) stat_writer /usr/local/lib/python3.8/dist-packages/dbcounter.py:114}}
Jun 05 08:24:07.604879 n-d-844739-1 neutron-server[104667]: DEBUG neutron_lib.callbacks.manager [req-a89dc085-7167-4813-9843-641509638cbd req-537e0e00-e43f-46c7-bd45-e45cccaf5b6f tempest-LiveMigrationNegativeTest-1546668528 tempest-LiveMigrationNegativeTest-1546668528-project] Publish callbacks [] for port (42d59f2a-9047-40e2-9f60-ef062332a62d), precommit_create {{(pid=104667) _notify_loop /usr/local/lib/python3.8/dist-packages/neutron_lib/callbacks/manager.py:176}}
Jun 05 08:24:07.616483 n-d-844739-1 neutron-server[104666]: DEBUG neutron.pecan_wsgi.hooks.policy_enforcement [req-e55b9b2c-22c6-4e96-a4ae-ca9e69de233d req-6e73df58-f250-4342-a3cc-8dbef6d81f6a tempest-DeleteServersAdminTestJSON-1318540523 tempest-DeleteServersAdminTestJSON-1318540523-project] Attributes excluded by policy engine: ['standard_attr_id', 'vlan_transparent', 'provider:network_type', 'provider:physical_network', 'provider:segmentation_id'] {{(pid=104666) _exclude_attributes_by_policy /opt/stack/neutron/neutron/pecan_wsgi/hooks/policy_enforcement.py:259}}
Jun 05 08:24:07.621089 n-d-844739-1 neutron-server[104666]: INFO neutron.wsgi [req-e55b9b2c-22c6-4e96-a4ae-ca9e69de233d req-6e73df58-f250-4342-a3cc-8dbef6d81f6a tempest-DeleteServersAdminTestJSON-1318540523 tempest-DeleteServersAdminTestJSON-1318540523-project] 10.222.0.33 "GET /v2.0/networks?shared=True HTTP/1.1" status: 200 len: 769 time: 0.1717832
Jun 05 08:24:07.640180 n-d-844739-1 neutron-server[104667]: DEBUG neutron_lib.callbacks.manager [req-a89dc085-7167-4813-9843-641509638cbd req-537e0e00-e43f-46c7-bd45-e45cccaf5b6f tempest-LiveMigrationNegativeTest-1546668528 tempest-LiveMigrationNegativeTest-1546668528-project] Publish callbacks ['neutron.plugins.ml2.plugin.SecurityGroupServerNotifierRpcMixin._notify_sg_on_port_change-3730413', 'neutron.plugins.ml2.ovo_rpc._ObjectChangeHandler.handle_event-426775', 'neutron.api.rpc.agentnotifiers.dhcp_rpc_agent_api.DhcpAgentNotifyAPI._native_event_send_dhcp_notification-588495', 'neutron.db.l3_dvrscheduler_db._notify_l3_agent_new_port-8754059097357'] for port (42d59f2a-9047-40e2-9f60-ef062332a62d), after_create {{(pid=104667) _notify_loop /usr/local/lib/python3.8/dist-packages/neutron_lib/callbacks/manager.py:176}}
Jun 05 08:24:07.656403 n-d-844739-1 neutron-server[104668]: DEBUG neutron.plugins.ml2.db [None req-29e39ef0-9f67-4d6a-b783-6690aacc3203 None None] get_ports_and_sgs() called for port_ids ['c049258a-e044-42be-8df2-e43356b5756c'] {{(pid=104668) get_ports_and_sgs /opt/stack/neutron/neutron/plugins/ml2/db.py:156}}
Jun 05 08:24:07.662275 n-d-844739-1 neutron-server[104666]: INFO neutron.wsgi [req-a0919a7d-71c4-4a2e-b790-2614d31f5c0a req-9f4dcacb-7415-4850-ac8f-33b040fd8878 tempest-LiveMigrationTest-1398373990 tempest-LiveMigrationTest-1398373990-project] 10.222.0.33 "GET /v2.0/security-groups?id=fff182d8-59e6-424e-8c95-c67e122c454a&fields=id&fields=name HTTP/1.1" status: 200 len: 286 time: 0.1125212
Jun 05 08:24:07.667518 n-d-844739-1 neutron-server[104666]: INFO neutron.wsgi [req-e55b9b2c-22c6-4e96-a4ae-ca9e69de233d req-db5d0160-687a-42e0-aa16-74c8bc1dfba7 tempest-DeleteServersAdminTestJSON-1318540523 tempest-DeleteServersAdminTestJSON-1318540523-project] 10.222.0.33 "GET /v2.0/quotas/1ff420b4eb2442d3b779708d6fe78c1e HTTP/1.1" status: 200 len: 375 time: 0.0357683
Jun 05 08:24:07.696114 n-d-844739-1 neutron-server[104667]: DEBUG neutron.scheduler.dhcp_agent_scheduler [req-a89dc085-7167-4813-9843-641509638cbd req-537e0e00-e43f-46c7-bd45-e45cccaf5b6f tempest-LiveMigrationNegativeTest-1546668528 tempest-LiveMigrationNegativeTest-1546668528-project] Network 7bf17b3b-42ea-45fc-a2bc-89e48d837097 is already hosted by enough agents. {{(pid=104667) _get_dhcp_agents_hosting_network /opt/stack/neutron/neutron/scheduler/dhcp_agent_scheduler.py:275}}
Jun 05 08:24:07.707234 n-d-844739-1 neutron-server[104667]: DEBUG neutron.scheduler.base_scheduler [req-a89dc085-7167-4813-9843-641509638cbd req-537e0e00-e43f-46c7-bd45-e45cccaf5b6f tempest-LiveMigrationNegativeTest-1546668528 tempest-LiveMigrationNegativeTest-1546668528-project] Resources bound (agent type, host, resource id): {{(pid=104667) schedule /opt/stack/neutron/neutron/scheduler/base_scheduler.py:57}}
Jun 05 08:24:07.710041 n-d-844739-1 neutron-server[104667]: DEBUG neutron.db.l3_dvrscheduler_db [req-a89dc085-7167-4813-9843-641509638cbd req-537e0e00-e43f-46c7-bd45-e45cccaf5b6f tempest-LiveMigrationNegativeTest-1546668528 tempest-LiveMigrationNegativeTest-1546668528-project] Received port after_create {{(pid=104667) _notify_l3_agent_new_port /opt/stack/neutron/neutron/db/l3_dvrscheduler_db.py:542}}
Jun 05 08:24:07.717430 n-d-844739-1 neutron-server[104667]: DEBUG neutron.pecan_wsgi.hooks.policy_enforcement [req-a89dc085-7167-4813-9843-641509638cbd req-537e0e00-e43f-46c7-bd45-e45cccaf5b6f tempest-LiveMigrationNegativeTest-1546668528 tempest-LiveMigrationNegativeTest-1546668528-project] Attributes excluded by policy engine: ['standard_attr_id', 'binding:profile', 'binding:host_id', 'binding:vif_type', 'binding:vif_details', 'network'] {{(pid=104667) _exclude_attributes_by_policy /opt/stack/neutron/neutron/pecan_wsgi/hooks/policy_enforcement.py:259}}
Jun 05 08:24:07.718435 n-d-844739-1 neutron-server[104667]: DEBUG neutron_lib.callbacks.manager [req-a89dc085-7167-4813-9843-641509638cbd req-537e0e00-e43f-46c7-bd45-e45cccaf5b6f tempest-LiveMigrationNegativeTest-1546668528 tempest-LiveMigrationNegativeTest-1546668528-project] Publish callbacks ['neutron.notifiers.nova.Notifier._send_nova_notification-445435'] for port (None), before_response {{(pid=104667) _notify_loop /usr/local/lib/python3.8/dist-packages/neutron_lib/callbacks/manager.py:176}}
Jun 05 08:24:07.730379 n-d-844739-1 neutron-server[104667]: DEBUG neutron.api.rpc.handlers.resources_rpc [None req-537e0e00-e43f-46c7-bd45-e45cccaf5b6f tempest-LiveMigrationNegativeTest-1546668528 tempest-LiveMigrationNegativeTest-1546668528-project] Pushing event updated for resources: {'Port': ['ID=42d59f2a-9047-40e2-9f60-ef062332a62d,revision_number=1']} {{(pid=104667) push /opt/stack/neutron/neutron/api/rpc/handlers/resources_rpc.py:237}}
Jun 05 08:24:07.737826 n-d-844739-1 neutron-server[104667]: INFO neutron.wsgi [req-a89dc085-7167-4813-9843-641509638cbd req-537e0e00-e43f-46c7-bd45-e45cccaf5b6f tempest-LiveMigrationNegativeTest-1546668528 tempest-LiveMigrationNegativeTest-1546668528-project] 10.222.0.24 "POST /v2.0/ports HTTP/1.1" status: 201 len: 938 time: 0.7069244
Jun 05 08:24:07.751655 n-d-844739-1 neutron-server[104667]: DEBUG neutron.api.v2.base [req-a89dc085-7167-4813-9843-641509638cbd req-7f829aed-d0e0-463d-ab06-eb45b51151a3 service neutron] Request body: {'port': {'device_id': '98766f8e-7b27-49e9-8565-4bc9c3e808d8', 'device_owner': 'compute:nova', 'binding:host_id': 'n-h2-844739-1'}} {{(pid=104667) prepare_request_body /opt/stack/neutron/neutron/api/v2/base.py:730}}
Jun 05 08:24:07.764426 n-d-844739-1 neutron-server[104666]: INFO neutron.wsgi [req-e55b9b2c-22c6-4e96-a4ae-ca9e69de233d req-3e2a12a0-cf83-41fe-b3f3-21805272a0ad tempest-DeleteServersAdminTestJSON-1318540523 tempest-DeleteServersAdminTestJSON-1318540523-project] 10.222.0.33 "GET /v2.0/ports?tenant_id=1ff420b4eb2442d3b779708d6fe78c1e&fields=id HTTP/1.1" status: 200 len: 210 time: 0.0834007
Jun 05 08:24:07.796019 n-d-844739-1 neutron-server[104668]: DEBUG dbcounter [-] [104668] Writing DB stats neutron:SELECT=97,neutron:UPDATE=3 {{(pid=104668) stat_writer /usr/local/lib/python3.8/dist-packages/dbcounter.py:114}}
Jun 05 08:24:07.850211 n-d-844739-1 neutron-server[104666]: DEBUG neutron.pecan_wsgi.hooks.policy_enforcement [req-6841b432-782d-4a7a-bc36-6d5db0e2323b req-9c9e8533-ff36-4b0d-99af-e3a736ac07f7 tempest-ServersWithSpecificFlavorTestJSON-2126239023 tempest-ServersWithSpecificFlavorTestJSON-2126239023-project] Attributes excluded by policy engine: ['standard_attr_id', 'binding:profile', 'binding:host_id', 'binding:vif_type', 'binding:vif_details'] {{(pid=104666) _exclude_attributes_by_policy /opt/stack/neutron/neutron/pecan_wsgi/hooks/policy_enforcement.py:259}}
Jun 05 08:24:07.862989 n-d-844739-1 neutron-server[104667]: DEBUG neutron.wsgi [-] (104667) accepted ('10.222.0.33', 55152) {{(pid=104667) server /usr/local/lib/python3.8/dist-packages/eventlet/wsgi.py:1004}}
Jun 05 08:24:07.868634 n-d-844739-1 neutron-server[104666]: INFO neutron.wsgi [req-6841b432-782d-4a7a-bc36-6d5db0e2323b req-9c9e8533-ff36-4b0d-99af-e3a736ac07f7 tempest-ServersWithSpecificFlavorTestJSON-2126239023 tempest-ServersWithSpecificFlavorTestJSON-2126239023-project] 10.222.0.33 "GET /v2.0/ports?device_id=e4c09fb3-f67f-4b07-a992-2e70683932bd HTTP/1.1" status: 200 len: 945 time: 0.0882876
Jun 05 08:24:07.869113 n-d-844739-1 neutron-server[104667]: DEBUG neutron.api.v2.base [None req-aae764ce-671c-4831-9d30-26a914eee919 tempest-ServersWithSpecificFlavorTestJSON-2126239023 tempest-ServersWithSpecificFlavorTestJSON-2126239023-project] Request body: {'floatingip': {'port_id': '0d4a6d59-7631-4ce9-ba50-a33984101036'}} {{(pid=104667) prepare_request_body /opt/stack/neutron/neutron/api/v2/base.py:730}}
Jun 05 08:24:07.897316 n-d-844739-1 neutron-server[104666]: INFO neutron.api.v2.resource [req-42f81264-4133-4802-b699-443fd01cc26a req-055c2d69-d8ed-4a1c-bd6f-5d3e427a035b tempest-SecurityGroupRulesNegativeTestJSON-689221279 tempest-SecurityGroupRulesNegativeTestJSON-689221279-project] show failed (client error): The resource could not be found.
Jun 05 08:24:07.899197 n-d-844739-1 neutron-server[104666]: INFO neutron.wsgi [req-42f81264-4133-4802-b699-443fd01cc26a req-055c2d69-d8ed-4a1c-bd6f-5d3e427a035b tempest-SecurityGroupRulesNegativeTestJSON-689221279 tempest-SecurityGroupRulesNegativeTestJSON-689221279-project] 10.222.0.33 "GET /v2.0/security-groups/c15ca1f3-8669-4c97-bbe2-75e86b978260 HTTP/1.1" status: 404 len: 352 time: 0.0208988
Jun 05 08:24:07.975252 n-d-844739-1 neutron-server[104667]: DEBUG neutron_lib.callbacks.manager [req-a89dc085-7167-4813-9843-641509638cbd req-7f829aed-d0e0-463d-ab06-eb45b51151a3 service neutron] Publish callbacks ['neutron.plugins.ml2.plugin.SecurityGroupDbMixin._ensure_default_security_group_handler-3730220'] for port (42d59f2a-9047-40e2-9f60-ef062332a62d), before_update {{(pid=104667) _notify_loop /usr/local/lib/python3.8/dist-packages/neutron_lib/callbacks/manager.py:176}}
Jun 05 08:24:08.056585 n-d-844739-1 neutron-server[104667]: DEBUG neutron_lib.callbacks.manager [None req-aae764ce-671c-4831-9d30-26a914eee919 tempest-ServersWithSpecificFlavorTestJSON-2126239023 tempest-ServersWithSpecificFlavorTestJSON-2126239023-project] Publish callbacks [] for floatingip (e2d95a6e-c467-45a4-90fc-59e1f18676e0), before_update {{(pid=104667) _notify_loop /usr/local/lib/python3.8/dist-packages/neutron_lib/callbacks/manager.py:176}}
Jun 05 08:24:08.062641 n-d-844739-1 neutron-server[104666]: INFO neutron.api.v2.resource [req-d2efa4d8-9afc-4d70-9559-d18568f827ee req-7654947d-c14f-43d4-932d-ccc59cde0c72 tempest-SecurityGroupRulesNegativeTestJSON-689221279 tempest-SecurityGroupRulesNegativeTestJSON-689221279-project] show failed (client error): The resource could not be found.
Jun 05 08:24:08.063687 n-d-844739-1 neutron-server[104666]: INFO neutron.wsgi [req-d2efa4d8-9afc-4d70-9559-d18568f827ee req-7654947d-c14f-43d4-932d-ccc59cde0c72 tempest-SecurityGroupRulesNegativeTestJSON-689221279 tempest-SecurityGroupRulesNegativeTestJSON-689221279-project] 10.222.0.33 "GET /v2.0/security-group-rules/b3774155-a5a3-4633-87f6-ccc11ada6014 HTTP/1.1" status: 404 len: 361 time: 0.0181236
Jun 05 08:24:08.093807 n-d-844739-1 neutron-server[104668]: DEBUG neutron.db.provisioning_blocks [None req-77d7dfd7-0df6-48aa-8d82-ac787d9ec672 None None] Provisioning complete for port 42d59f2a-9047-40e2-9f60-ef062332a62d triggered by entity DHCP. {{(pid=104668) provisioning_complete /opt/stack/neutron/neutron/db/provisioning_blocks.py:145}}
Jun 05 08:24:08.094178 n-d-844739-1 neutron-server[104668]: DEBUG neutron_lib.callbacks.manager [None req-77d7dfd7-0df6-48aa-8d82-ac787d9ec672 None None] Publish callbacks ['neutron.plugins.ml2.plugin.Ml2Plugin._port_provisioned-4071279'] for port (42d59f2a-9047-40e2-9f60-ef062332a62d), provisioning_complete {{(pid=104668) _notify_loop /usr/local/lib/python3.8/dist-packages/neutron_lib/callbacks/manager.py:176}}
