Jun 05 08:12:45.676593 n-d-844739-1 devstack@placement-api.service[105149]: : pkg_resources.extern.packaging.version.InvalidVersion: Invalid version: '0.23ubuntu1'
Jun 05 08:12:45.676811 n-d-844739-1 devstack@placement-api.service[105148]: WARNING py.warnings [-] /usr/local/lib/python3.8/dist-packages/pkg_resources/__init__.py:123: PkgResourcesDeprecationWarning: 0.1.36ubuntu1 is an invalid version and will not be supported in a future release
Jun 05 08:12:45.676811 n-d-844739-1 devstack@placement-api.service[105148]: warnings.warn(
Jun 05 08:12:45.676811 n-d-844739-1 devstack@placement-api.service[105148]: : pkg_resources.extern.packaging.version.InvalidVersion: Invalid version: '0.1.36ubuntu1'
Jun 05 08:12:45.677249 n-d-844739-1 devstack@placement-api.service[105149]: WARNING py.warnings [-] /usr/local/lib/python3.8/dist-packages/pkg_resources/__init__.py:123: PkgResourcesDeprecationWarning: 0.1.36ubuntu1 is an invalid version and will not be supported in a future release
Jun 05 08:12:45.677249 n-d-844739-1 devstack@placement-api.service[105149]: warnings.warn(
Jun 05 08:12:45.677249 n-d-844739-1 devstack@placement-api.service[105149]: : pkg_resources.extern.packaging.version.InvalidVersion: Invalid version: '0.1.36ubuntu1'
Jun 05 08:12:45.679261 n-d-844739-1 devstack@placement-api.service[105148]: WARNING keystonemiddleware.auth_token [-] Configuring www_authenticate_uri to point to the public identity endpoint is required; clients may not be able to authenticate against an admin endpoint
Jun 05 08:12:45.679904 n-d-844739-1 devstack@placement-api.service[105149]: WARNING keystonemiddleware.auth_token [-] Configuring www_authenticate_uri to point to the public identity endpoint is required; clients may not be able to authenticate against an admin endpoint
Jun 05 08:12:45.687396 n-d-844739-1 devstack@placement-api.service[105148]: DEBUG oslo_concurrency.lockutils [-] Acquired lock "trait_sync" {{(pid=105148) lock /usr/local/lib/python3.8/dist-packages/oslo_concurrency/lockutils.py:294}}
Jun 05 08:12:45.687517 n-d-844739-1 devstack@placement-api.service[105149]: DEBUG oslo_concurrency.lockutils [-] Acquired lock "trait_sync" {{(pid=105149) lock /usr/local/lib/python3.8/dist-packages/oslo_concurrency/lockutils.py:294}}
Jun 05 08:12:45.752771 n-d-844739-1 devstack@placement-api.service[105149]: INFO dbcounter [-] Registered counter for database placement
Jun 05 08:12:45.754431 n-d-844739-1 devstack@placement-api.service[105148]: INFO dbcounter [-] Registered counter for database placement
Jun 05 08:12:45.788167 n-d-844739-1 devstack@placement-api.service[105149]: DEBUG oslo_db.sqlalchemy.engines [-] MySQL server mode set to STRICT_TRANS_TABLES,STRICT_ALL_TABLES,NO_ZERO_IN_DATE,NO_ZERO_DATE,ERROR_FOR_DIVISION_BY_ZERO,TRADITIONAL,NO_ENGINE_SUBSTITUTION {{(pid=105149) _check_effective_sql_mode /usr/local/lib/python3.8/dist-packages/oslo_db/sqlalchemy/engines.py:314}}
Jun 05 08:12:45.791376 n-d-844739-1 devstack@placement-api.service[105148]: DEBUG oslo_db.sqlalchemy.engines [-] MySQL server mode set to STRICT_TRANS_TABLES,STRICT_ALL_TABLES,NO_ZERO_IN_DATE,NO_ZERO_DATE,ERROR_FOR_DIVISION_BY_ZERO,TRADITIONAL,NO_ENGINE_SUBSTITUTION {{(pid=105148) _check_effective_sql_mode /usr/local/lib/python3.8/dist-packages/oslo_db/sqlalchemy/engines.py:314}}
Jun 05 08:12:45.795340 n-d-844739-1 devstack@placement-api.service[105149]: DEBUG dbcounter [-] [105149] Writer thread running {{(pid=105149) stat_writer /usr/local/lib/python3.8/dist-packages/dbcounter.py:99}}
Jun 05 08:12:45.798369 n-d-844739-1 devstack@placement-api.service[105148]: DEBUG dbcounter [-] [105148] Writer thread running {{(pid=105148) stat_writer /usr/local/lib/python3.8/dist-packages/dbcounter.py:99}}
Jun 05 08:12:45.828630 n-d-844739-1 devstack@placement-api.service[105149]: DEBUG placement.objects.trait [-] Synced traits from os_traits into API DB: {'HW_CPU_AARCH64_SM3', 'HW_CPU_HYPERTHREADING', 'HW_CPU_X86_AMD_SEV', 'HW_NIC_DCB_PFC', 'HW_CPU_AARCH64_SHA512', 'HW_GPU_CUDA_COMPUTE_CAPABILITY_V3_2', 'HW_NUMA_ROOT', 'HW_ARCH_PPC64LE', 'HW_CPU_AARCH64_ASIMDDP', 'HW_GPU_API_DIRECT3D_V11_2', 'COMPUTE_IMAGE_TYPE_AMI', 'HW_CPU_X86_AVX512VBMI', 'COMPUTE_SOCKET_PCI_NUMA_AFFINITY', 'HW_NIC_OFFLOAD_SCS', 'HW_CPU_AARCH64_PMULL', 'COMPUTE_STORAGE_BUS_SCSI', 'HW_NIC_OFFLOAD_RDMA', 'HW_CPU_X86_SVM', 'HW_CPU_X86_SSE3', 'HW_ARCH_PPCLE', 'HW_GPU_CUDA_COMPUTE_CAPABILITY_V6_2', 'HW_CPU_PPC64LE_POWER8', 'HW_CPU_AARCH64_EVTSTRM', 'HW_ARCH_MICROBLAZE', 'HW_NIC_OFFLOAD_QINQ', 'HW_CPU_AARCH64_DCPOP', 'HW_GPU_API_DIRECT3D_V11_0', 'HW_GPU_RESOLUTION_W800H600', 'HW_GPU_MAX_DISPLAY_HEADS_6', 'HW_NIC_SRIOV_TRUSTED', 'HW_ARCH_XTENSAEB', 'HW_GPU_API_DIRECT3D_V11_1', 'COMPUTE_TRUSTED_CERTS', 'HW_CPU_AARCH64_JSCVT', 'COMPUTE_GRAPHICS_MODEL_BOCHS', 'COMPUTE_IMAGE_TYPE_QCOW2', 'HW_GPU_RESOLUTION_W1600H900', 'COMPUTE_GRAPHICS_MODEL_XEN', 'HW_CPU_X86_XOP', 'HW_NIC_ACCEL_IPSEC', 'HW_NIC_OFFLOAD_GRE', 'COMPUTE_NET_VIF_MODEL_NETFRONT', 'HW_NIC_SRIOV_QOS_RX', 'HW_CPU_AARCH64_SHA1', 'STORAGE_DISK_HDD', 'HW_CPU_X86_INTEL_PCID', 'HW_GPU_API_OPENGL_V4_5', 'COMPUTE_SECURITY_TPM_1_2', 'HW_CPU_AARCH64_SHA3', 'HW_GPU_API_DIRECT3D_V11_3', 'COMPUTE_STORAGE_BUS_XEN', 'HW_GPU_CUDA_COMPUTE_CAPABILITY_V6_1', 'HW_GPU_CUDA_COMPUTE_CAPABILITY_V1_2', 'HW_NIC_OFFLOAD_GRO', 'HW_CPU_X86_AVX512F', 'HW_NIC_SRIOV', 'HW_CPU_X86_AVX512VBMI2', 'COMPUTE_NET_ATTACH_INTERFACE_WITH_TAG', 'HW_GPU_CUDA_SDK_V6_5', 'HW_NIC_OFFLOAD_RXHASH', 'HW_NIC_ACCEL_TLS', 'HW_GPU_RESOLUTION_W3840H2160', 'HW_CPU_AARCH64_AES', 'COMPUTE_VOLUME_EXTEND', 'HW_NIC_SRIOV_MULTIQUEUE', 'HW_GPU_API_OPENCL_V2_2', 'HW_GPU_RESOLUTION_W1280H1024', 'COMPUTE_GRAPHICS_MODEL_GOP', 'HW_GPU_RESOLUTION_W1024H768', 'HW_CPU_X86_SSE41', 'HW_GPU_RESOLUTION_W1600H1200', 'COMPUTE_GRAPHICS_MODEL_CIRRUS', 'COMPUTE_STORAGE_BUS_USB', 'HW_GPU_API_OPENGL_V4_3', 'HW_ARCH_MIPS64EL', 'HW_CPU_X86_AVX512VL', 'HW_GPU_RESOLUTION_W1280H800', 'HW_GPU_API_DIRECT3D_V7_0', 'HW_CPU_AARCH64_SHA2', 'COMPUTE_IMAGE_TYPE_VHD', 'HW_CPU_X86_AVX512BITALG', 'HW_CPU_AARCH64_FCMA', 'HW_CPU_X86_AVX', 'COMPUTE_NET_VIF_MODEL_VMXNET3', 'HW_CPU_X86_AMD_IBPB', 'COMPUTE_NET_VIF_MODEL_E1000E', 'COMPUTE_ARCH_RISCV64', 'HW_CPU_X86_AVX2', 'HW_NIC_VMDQ', 'COMPUTE_ARCH_PPC64LE', 'HW_ARCH_S390X', 'HW_CPU_AARCH64_ASIMDHP', 'HW_CPU_AARCH64_CPUID', 'HW_CPU_X86_AVX512PF', 'COMPUTE_IMAGE_TYPE_VDI', 'HW_NIC_OFFLOAD_TXVLAN', 'HW_GPU_CUDA_COMPUTE_CAPABILITY_V5_2', 'HW_GPU_API_DIRECT3D_V10_0', 'HW_GPU_CUDA_COMPUTE_CAPABILITY_V7_2', 'HW_CPU_X86_SHA', 'COMPUTE_MIGRATE_AUTO_CONVERGE', 'HW_CPU_AARCH64_FPHP', 'HW_GPU_API_DIRECT3D_V10_1', 'HW_NIC_OFFLOAD_TXUDP', 'HW_GPU_RESOLUTION_W1024H600', 'COMPUTE_IMAGE_TYPE_RAW', 'COMPUTE_IMAGE_TYPE_AKI', 'HW_ARCH_AARCH64', 'HW_NIC_ACCEL_DIFFIEH', 'COMPUTE_EPHEMERAL_ENCRYPTION', 'COMPUTE_MIGRATE_POST_COPY', 'HW_CPU_X86_MPX', 'HW_GPU_MAX_DISPLAY_HEADS_2', 'COMPUTE_RESCUE_BFV', 'HW_CPU_X86_CLMUL', 'HW_GPU_RESOLUTION_W2560H1440', 'HW_GPU_RESOLUTION_W1280H720', 'HW_GPU_API_DIRECT2D', 'HW_NIC_OFFLOAD_GSO', 'COMPUTE_EPHEMERAL_ENCRYPTION_PLAIN', 'HW_GPU_API_DIRECT3D_V9_0', 'HW_ARCH_M68K', 'HW_GPU_CUDA_COMPUTE_CAPABILITY_V3_0', 'HW_CPU_X86_BMI2', 'HW_GPU_API_OPENGL_V1_2', 'HW_GPU_API_OPENGL_V2_0', 'HW_GPU_API_DIRECTX_V11', 'HW_GPU_API_DIRECTX_V10', 'COMPUTE_NET_VIF_MODEL_E1000', 'COMPUTE_REMOTE_MANAGED_PORTS', 'COMPUTE_NET_VIF_MODEL_SPAPR_VLAN', 'HW_CPU_X86_INTEL_SSBD', 'COMPUTE_NET_VIF_MODEL_NE2K_PCI', 'HW_ARCH_MIPSEL', 'HW_ARCH_PPCEMB', 'HW_CPU_X86_F16C', 'HW_GPU_CUDA_COMPUTE_CAPABILITY_V2_0', 'HW_NIC_PROGRAMMABLE_PIPELINE', 'COMPUTE_STORAGE_BUS_VIRTIO', 'HW_GPU_CUDA_COMPUTE_CAPABILITY_V1_3', 'HW_GPU_CUDA_SDK_V8_0', 'HW_NIC_DCB_QCN', 'HW_ARCH_CRIS', 'COMPUTE_ARCH_MIPSEL', 'HW_GPU_RESOLUTION_W7680H4320', 'HW_ARCH_LM32', 'HW_CPU_AARCH64_ASIMDRDM', 'HW_GPU_API_OPENCL_V2_0', 'HW_CPU_X86_INTEL_SPEC_CTRL', 'HW_GPU_API_DXVA', 'HW_NIC_OFFLOAD_RXVLAN', 'HW_GPU_API_DIRECT3D_V12_0', 'COMPUTE_NODE', 'HW_NIC_OFFLOAD_SWITCHDEV', 'HW_NIC_OFFLOAD_UFO', 'HW_ARCH_SPARC64', 'HW_GPU_CUDA_COMPUTE_CAPABILITY_V6_0', 'HW_CPU_X86_INTEL_VMX', 'STORAGE_DISK_SSD', 'HW_GPU_API_DIRECTX_V12', 'COMPUTE_GRAPHICS_MODEL_VIRTIO', 'HW_ARCH_PPC64', 'HW_ARCH_SH4EB', 'HW_CPU_X86_AVX512GFNI', 'HW_GPU_API_OPENGL_V3_0', 'HW_GPU_RESOLUTION_W640H480', 'HW_CPU_X86_AVX512VNNI', 'HW_GPU_RESOLUTION_W1680H1050', 'HW_NIC_OFFLOAD_L2CRC', 'HW_NIC_OFFLOAD_FDF', 'COMPUTE_GRAPHICS_MODEL_QXL', 'HW_GPU_RESOLUTION_W320H240', 'HW_GPU_API_OPENCL_V1_0', 'HW_GPU_CUDA_SDK_V7_5', 'HW_CPU_X86_MMX', 'COMPUTE_VOLUME_ATTACH', 'HW_GPU_API_DIRECT3D_V9_0B', 'HW_CPU_X86_AMD_SSBD', 'HW_GPU_API_OPENCL_V1_2', 'HW_CPU_X86_AVX512CD', 'HW_CPU_X86_SSE', 'COMPUTE_STORAGE_BUS_FDC', 'HW_CPU_X86_TBM', 'HW_CPU_AARCH64_ASIMD', 'HW_ARCH_ARMV7', 'COMPUTE_IMAGE_TYPE_ISO', 'HW_CPU_X86_AMD_NO_SSB', 'HW_NIC_ACCEL_ECC', 'HW_CPU_X86_AVX512VPOPCNTDQ', 'HW_GPU_API_OPENGL_V3_2', 'HW_CPU_X86_AVX512ER', 'COMPUTE_IMAGE_TYPE_ARI', 'HW_GPU_RESOLUTION_W1440H900', 'HW_GPU_API_OPENGL_V3_1', 'HW_GPU_CUDA_COMPUTE_CAPABILITY_V3_5', 'HW_CPU_X86_AVX512VPCLMULQDQ', 'HW_GPU_API_DIRECT3D_V8_1', 'HW_CPU_X86_TSX', 'COMPUTE_IMAGE_TYPE_VHDX', 'HW_NIC_OFFLOAD_TX', 'COMPUTE_IMAGE_TYPE_VMDK', 'COMPUTE_SAME_HOST_COLD_MIGRATE', 'HW_ARCH_I686', 'HW_CPU_AARCH64_FP', 'HW_CPU_X86_AMD_VIRT_SSBD', 'HW_NIC_SRIOV_QOS_TX', 'COMPUTE_STORAGE_BUS_SATA', 'COMPUTE_NET_VIF_MODEL_LAN9118', 'HW_GPU_RESOLUTION_W1280H768', 'HW_CPU_X86_SGX', 'HW_ARCH_MICROBLAZEEL', 'COMPUTE_NET_VIF_MODEL_PCNET', 'HW_NIC_OFFLOAD_RX', 'HW_GPU_API_OPENGL_V4_1', 'COMPUTE_SECURITY_TPM_2_0', 'HW_GPU_API_OPENGL_V4_0', 'HW_NIC_OFFLOAD_UCS', 'HW_GPU_MAX_DISPLAY_HEADS_8', 'HW_GPU_CUDA_SDK_V10_0', 'HW_CPU_X86_AVX512BW', 'HW_ARCH_SH4', 'HW_GPU_API_OPENCL_V1_1', 'HW_CPU_X86_AVX512VAES', 'HW_ARCH_XTENSA', 'HW_GPU_API_DIRECT3D_V8_0', 'HW_ARCH_ARMV6', 'HW_CPU_X86_FMA3', 'COMPUTE_FIRMWARE_UEFI', 'HW_NIC_DCB_ETS', 'HW_CPU_X86_AESNI', 'HW_GPU_API_OPENGL_V4_2', 'HW_CPU_X86_ASF', 'HW_GPU_MAX_DISPLAY_HEADS_1', 'HW_NIC_OFFLOAD_VXLAN', 'HW_CPU_X86_AVX512IFMA', 'COMPUTE_SECURITY_UEFI_SECURE_BOOT', 'HW_NIC_ACCEL_LZS', 'HW_GPU_RESOLUTION_W1152H864', 'HW_NIC_OFFLOAD_SG', 'HW_ARCH_MIPS64', 'HW_CPU_PPC64LE_POWER9', 'COMPUTE_EPHEMERAL_ENCRYPTION_LUKS', 'HW_GPU_CUDA_SDK_V9_1', 'HW_ARCH_IA64', 'HW_GPU_API_OPENGL_V1_1', 'COMPUTE_STORAGE_BUS_UML', 'COMPUTE_NET_VIF_MODEL_RTL8139', 'HW_ARCH_ALPHA', 'HW_CPU_X86_AVX512DQ', 'HW_GPU_API_OPENGL_V4_4', 'HW_CPU_AARCH64_ATOMICS', 'HW_GPU_CUDA_COMPUTE_CAPABILITY_V5_0', 'HW_GPU_CUDA_COMPUTE_CAPABILITY_V2_1', 'HW_GPU_API_OPENGL_V3_3', 'HW_GPU_RESOLUTION_W1360H768', 'COMPUTE_NET_VIF_MODEL_VMXNET', 'HW_CPU_X86_3DNOW', 'HW_GPU_CUDA_SDK_V9_0', 'HW_NIC_OFFLOAD_TCS', 'HW_CPU_AARCH64_LRCPC', 'HW_CPU_X86_SSE42', 'HW_ARCH_ARMV7B', 'HW_GPU_RESOLUTION_W2560H1600', 'HW_CPU_X86_SSE2', 'HW_GPU_API_OPENGL_V1_3', 'HW_GPU_CUDA_SDK_V9_2', 'HW_GPU_CUDA_COMPUTE_CAPABILITY_V7_1', 'HW_ARCH_MIPS', 'HW_CPU_X86_STIBP', 'COMPUTE_FIRMWARE_BIOS', 'COMPUTE_NET_VIF_MODEL_SRIOV', 'HW_NIC_ACCEL_RSA', 'HW_CPU_X86_INTEL_MD_CLEAR', 'HW_GPU_CUDA_COMPUTE_CAPABILITY_V7_0', 'HW_GPU_CUDA_COMPUTE_CAPABILITY_V3_7', 'HW_GPU_API_DIRECT3D_V9_0L', 'COMPUTE_IMAGE_TYPE_PLOOP', 'COMPUTE_ARCH_AARCH64', 'COMPUTE_GRAPHICS_MODEL_VGA', 'HW_GPU_API_OPENGL_V1_5', 'HW_NIC_MULTIQUEUE', 'HW_GPU_MAX_DISPLAY_HEADS_4', 'HW_CPU_X86_VMX', 'HW_GPU_CUDA_COMPUTE_CAPABILITY_V1_0', 'COMPUTE_GRAPHICS_MODEL_NONE', 'HW_GPU_API_VULKAN', 'HW_ARCH_UNICORE32', 'COMPUTE_ARCH_S390X', 'HW_GPU_API_OPENGL_V1_4', 'HW_CPU_AARCH64_SVE', 'HW_CPU_X86_BMI', 'HW_GPU_CUDA_COMPUTE_CAPABILITY_V5_3', 'HW_GPU_API_OPENGL_V2_1', 'HW_ARCH_X86_64', 'COMPUTE_VOLUME_ATTACH_WITH_TAG', 'COMPUTE_NET_VIF_MODEL_VIRTIO', 'COMPUTE_NET_ATTACH_INTERFACE', 'COMPUTE_DEVICE_TAGGING', 'HW_GPU_RESOLUTION_W1920H1080', 'HW_CPU_X86_FMA4', 'HW_NIC_OFFLOAD_GENEVE', 'HW_ARCH_OPENRISC', 'HW_GPU_RESOLUTION_W1920H1200', 'COMPUTE_STORAGE_BUS_LXC', 'HW_CPU_X86_SSE4A', 'COMPUTE_STATUS_DISABLED', 'HW_ARCH_PARISC64', 'HW_NIC_OFFLOAD_LRO', 'HW_NIC_ACCEL_DEFLATE', 'HW_GPU_RESOLUTION_W1366H768', 'COMPUTE_EPHEMERAL_ENCRYPTION_LUKSV2', 'HW_GPU_API_DIRECT3D_V6_0', 'HW_GPU_CUDA_COMPUTE_CAPABILITY_V1_1', 'HW_NIC_ACCEL_SSL', 'HW_GPU_API_OPENCL_V2_1', 'HW_CPU_AMD_SEV', 'HW_CPU_X86_AMD_SVM', 'HW_NIC_OFFLOAD_LSO', 'HW_ARCH_S390', 'HW_ARCH_SPARC', 'HW_NIC_OFFLOAD_TSO', 'MISC_SHARES_VIA_AGGREGATE', 'HW_CPU_X86_ABM', 'HW_ARCH_PARISC', 'COMPUTE_ACCELERATORS', 'HW_CPU_AARCH64_SM4', 'HW_ARCH_PPC', 'COMPUTE_VOLUME_MULTI_ATTACH', 'COMPUTE_STORAGE_BUS_IDE', 'HW_CPU_AARCH64_CRC32', 'COMPUTE_ARCH_X86_64', 'HW_CPU_X86_SSSE3', 'HW_CPU_X86_PDPE1GB', 'HW_GPU_API_DIRECT3D_V9_0C', 'COMPUTE_GRAPHICS_MODEL_VMVGA'} {{(pid=105149) _trait_sync /opt/stack/placement/placement/objects/trait.py:296}}
Jun 05 08:12:45.833147 n-d-844739-1 devstack@placement-api.service[105149]: DEBUG oslo_concurrency.lockutils [-] Releasing lock "trait_sync" {{(pid=105149) lock /usr/local/lib/python3.8/dist-packages/oslo_concurrency/lockutils.py:312}}
Jun 05 08:12:45.833552 n-d-844739-1 devstack@placement-api.service[105149]: DEBUG oslo_concurrency.lockutils [-] Acquired lock "resource_classes_sync" {{(pid=105149) lock /usr/local/lib/python3.8/dist-packages/oslo_concurrency/lockutils.py:294}}
Jun 05 08:12:45.835892 n-d-844739-1 devstack@placement-api.service[105148]: DEBUG oslo_concurrency.lockutils [-] Releasing lock "trait_sync" {{(pid=105148) lock /usr/local/lib/python3.8/dist-packages/oslo_concurrency/lockutils.py:312}}
Jun 05 08:12:45.836241 n-d-844739-1 devstack@placement-api.service[105148]: DEBUG oslo_concurrency.lockutils [-] Acquired lock "resource_classes_sync" {{(pid=105148) lock /usr/local/lib/python3.8/dist-packages/oslo_concurrency/lockutils.py:294}}
Jun 05 08:12:45.899385 n-d-844739-1 devstack@placement-api.service[105149]: DEBUG placement.objects.resource_class [-] Found existing resource classes in db: [] {{(pid=105149) _resource_classes_sync /opt/stack/placement/placement/objects/resource_class.py:233}}
Jun 05 08:12:45.899632 n-d-844739-1 devstack@placement-api.service[105148]: DEBUG placement.objects.resource_class [-] Found existing resource classes in db: [] {{(pid=105148) _resource_classes_sync /opt/stack/placement/placement/objects/resource_class.py:233}}
Jun 05 08:12:45.904554 n-d-844739-1 devstack@placement-api.service[105149]: DEBUG placement.objects.resource_class [-] Synced resource_classes from os_resource_classes: [{'name': 'VCPU', 'id': 0}, {'name': 'MEMORY_MB', 'id': 1}, {'name': 'DISK_GB', 'id': 2}, {'name': 'PCI_DEVICE', 'id': 3}, {'name': 'SRIOV_NET_VF', 'id': 4}, {'name': 'NUMA_SOCKET', 'id': 5}, {'name': 'NUMA_CORE', 'id': 6}, {'name': 'NUMA_THREAD', 'id': 7}, {'name': 'NUMA_MEMORY_MB', 'id': 8}, {'name': 'IPV4_ADDRESS', 'id': 9}, {'name': 'VGPU', 'id': 10}, {'name': 'VGPU_DISPLAY_HEAD', 'id': 11}, {'name': 'NET_BW_EGR_KILOBIT_PER_SEC', 'id': 12}, {'name': 'NET_BW_IGR_KILOBIT_PER_SEC', 'id': 13}, {'name': 'PCPU', 'id': 14}, {'name': 'MEM_ENCRYPTION_CONTEXT', 'id': 15}, {'name': 'FPGA', 'id': 16}, {'name': 'PGPU', 'id': 17}, {'name': 'NET_PACKET_RATE_KILOPACKET_PER_SEC', 'id': 18}, {'name': 'NET_PACKET_RATE_EGR_KILOPACKET_PER_SEC', 'id': 19}, {'name': 'NET_PACKET_RATE_IGR_KILOPACKET_PER_SEC', 'id': 20}] {{(pid=105149) _resource_classes_sync /opt/stack/placement/placement/objects/resource_class.py:250}}
Jun 05 08:12:45.907791 n-d-844739-1 devstack@placement-api.service[105149]: DEBUG oslo_concurrency.lockutils [-] Releasing lock "resource_classes_sync" {{(pid=105149) lock /usr/local/lib/python3.8/dist-packages/oslo_concurrency/lockutils.py:312}}
Jun 05 08:12:45.907957 n-d-844739-1 devstack@placement-api.service[105149]: WSGI app 0 (mountpoint='') ready in 2 seconds on interpreter 0x55df4277a9c0 pid: 105149 (default app)
Jun 05 08:12:45.908931 n-d-844739-1 devstack@placement-api.service[105148]: DEBUG oslo_concurrency.lockutils [-] Releasing lock "resource_classes_sync" {{(pid=105148) lock /usr/local/lib/python3.8/dist-packages/oslo_concurrency/lockutils.py:312}}
Jun 05 08:12:45.909095 n-d-844739-1 devstack@placement-api.service[105148]: WSGI app 0 (mountpoint='') ready in 2 seconds on interpreter 0x55df4277a9c0 pid: 105148 (default app)
Jun 05 08:12:45.909438 n-d-844739-1 devstack@placement-api.service[105149]: DEBUG placement.requestlog [None req-7159c243-99fa-4ed4-a896-7d856c397fc4 None None] Starting request: 10.222.0.33 "GET /placement/" {{(pid=105149) __call__ /opt/stack/placement/placement/requestlog.py:55}}
Jun 05 08:12:45.924477 n-d-844739-1 devstack@placement-api.service[105149]: INFO placement.requestlog [None req-7159c243-99fa-4ed4-a896-7d856c397fc4 None None] 10.222.0.33 "GET /placement/" status: 200 len: 136 microversion: 1.0
Jun 05 08:12:45.924808 n-d-844739-1 devstack@placement-api.service[105149]: [pid: 105149|app: 0|req: 1/1] 10.222.0.33 () {50 vars in 776 bytes} [Sun Jun 5 08:12:45 2022] GET /placement => generated 136 bytes in 16 msecs (HTTP/1.1 200) 6 headers in 224 bytes (1 switches on core 0)
Jun 05 08:12:55.903585 n-d-844739-1 devstack@placement-api.service[105149]: DEBUG dbcounter [-] [105149] Writing DB stats placement:SELECT=5,placement:INSERT=2,placement:SET=1 {{(pid=105149) stat_writer /usr/local/lib/python3.8/dist-packages/dbcounter.py:114}}
Jun 05 08:12:55.904657 n-d-844739-1 devstack@placement-api.service[105148]: DEBUG dbcounter [-] [105148] Writing DB stats placement:SELECT=5,placement:INSERT=2,placement:SET=1 {{(pid=105148) stat_writer /usr/local/lib/python3.8/dist-packages/dbcounter.py:114}}
Jun 05 08:13:43.608767 n-d-844739-1 devstack@placement-api.service[105148]: DEBUG placement.requestlog [None req-3416c794-0ca8-406e-ac44-4a7674a0ce5e None None] Starting request: 10.222.0.33 "GET /placement/" {{(pid=105148) __call__ /opt/stack/placement/placement/requestlog.py:55}}
Jun 05 08:13:43.635387 n-d-844739-1 devstack@placement-api.service[105148]: INFO placement.requestlog [None req-3416c794-0ca8-406e-ac44-4a7674a0ce5e None None] 10.222.0.33 "GET /placement/" status: 200 len: 136 microversion: 1.0
Jun 05 08:13:43.636457 n-d-844739-1 devstack@placement-api.service[105148]: [pid: 105148|app: 0|req: 1/2] 10.222.0.33 () {54 vars in 916 bytes} [Sun Jun 5 08:13:43 2022] GET /placement => generated 136 bytes in 30 msecs (HTTP/1.1 200) 6 headers in 224 bytes (1 switches on core 0)
Jun 05 08:13:48.056863 n-d-844739-1 devstack@placement-api.service[105149]: DEBUG placement.requestlog [None req-db39ecf3-92f4-4dd1-a23d-ec9d71c88af8 None None] Starting request: 10.222.0.33 "GET /placement/" {{(pid=105149) __call__ /opt/stack/placement/placement/requestlog.py:55}}
Jun 05 08:13:48.057988 n-d-844739-1 devstack@placement-api.service[105149]: INFO placement.requestlog [None req-db39ecf3-92f4-4dd1-a23d-ec9d71c88af8 None None] 10.222.0.33 "GET /placement/" status: 200 len: 136 microversion: 1.0
Jun 05 08:13:48.058461 n-d-844739-1 devstack@placement-api.service[105149]: [pid: 105149|app: 0|req: 2/3] 10.222.0.33 () {54 vars in 916 bytes} [Sun Jun 5 08:13:48 2022] GET /placement => generated 136 bytes in 2 msecs (HTTP/1.1 200) 6 headers in 224 bytes (1 switches on core 0)
Jun 05 08:13:49.586656 n-d-844739-1 devstack@placement-api.service[105148]: DEBUG placement.requestlog [None req-debbb8f5-f0ed-4478-99e0-61d90575489d None None] Starting request: 10.222.0.33 "GET /placement/" {{(pid=105148) __call__ /opt/stack/placement/placement/requestlog.py:55}}
Jun 05 08:13:49.587599 n-d-844739-1 devstack@placement-api.service[105148]: INFO placement.requestlog [None req-debbb8f5-f0ed-4478-99e0-61d90575489d None None] 10.222.0.33 "GET /placement/" status: 200 len: 136 microversion: 1.0
Jun 05 08:13:49.588070 n-d-844739-1 devstack@placement-api.service[105148]: [pid: 105148|app: 0|req: 2/4] 10.222.0.33 () {54 vars in 916 bytes} [Sun Jun 5 08:13:49 2022] GET /placement => generated 136 bytes in 1 msecs (HTTP/1.1 200) 6 headers in 224 bytes (1 switches on core 0)
Jun 05 08:14:47.608218 n-d-844739-1 devstack@placement-api.service[105149]: DEBUG placement.requestlog [None req-7c5c75e5-972e-457d-a4fe-8ef8d41849f9 None None] Starting request: 10.222.0.33 "GET /placement//" {{(pid=105149) __call__ /opt/stack/placement/placement/requestlog.py:55}}
Jun 05 08:14:47.609164 n-d-844739-1 devstack@placement-api.service[105149]: INFO placement.requestlog [None req-7c5c75e5-972e-457d-a4fe-8ef8d41849f9 None None] 10.222.0.33 "GET /placement//" status: 200 len: 136 microversion: 1.0
Jun 05 08:14:47.609472 n-d-844739-1 devstack@placement-api.service[105149]: [pid: 105149|app: 0|req: 3/5] 10.222.0.33 () {56 vars in 1106 bytes} [Sun Jun 5 08:14:47 2022] GET /placement/ => generated 136 bytes in 2 msecs (HTTP/1.1 200) 6 headers in 224 bytes (1 switches on core 0)
Jun 05 08:20:53.665444 n-d-844739-1 devstack@placement-api.service[105148]: DEBUG placement.requestlog [None req-8e3dcf51-ea06-4c0a-a8a8-7f9a0907c036 None None] Starting request: 10.222.0.24 "GET /placement/" {{(pid=105148) __call__ /opt/stack/placement/placement/requestlog.py:55}}
Jun 05 08:20:53.666389 n-d-844739-1 devstack@placement-api.service[105148]: INFO placement.requestlog [None req-8e3dcf51-ea06-4c0a-a8a8-7f9a0907c036 None None] 10.222.0.24 "GET /placement/" status: 200 len: 136 microversion: 1.0
Jun 05 08:20:53.666737 n-d-844739-1 devstack@placement-api.service[105148]: [pid: 105148|app: 0|req: 3/6] 10.222.0.24 () {54 vars in 913 bytes} [Sun Jun 5 08:20:53 2022] GET /placement => generated 136 bytes in 2 msecs (HTTP/1.1 200) 6 headers in 224 bytes (1 switches on core 0)
Jun 05 08:20:55.422472 n-d-844739-1 devstack@placement-api.service[105149]: DEBUG placement.requestlog [None req-91b0b1b3-2e62-4f30-b305-96d465dcc90a None None] Starting request: 10.222.0.39 "GET /placement/" {{(pid=105149) __call__ /opt/stack/placement/placement/requestlog.py:55}}
Jun 05 08:20:55.423459 n-d-844739-1 devstack@placement-api.service[105149]: INFO placement.requestlog [None req-91b0b1b3-2e62-4f30-b305-96d465dcc90a None None] 10.222.0.39 "GET /placement/" status: 200 len: 136 microversion: 1.0
Jun 05 08:20:55.423776 n-d-844739-1 devstack@placement-api.service[105149]: [pid: 105149|app: 0|req: 4/7] 10.222.0.39 () {54 vars in 913 bytes} [Sun Jun 5 08:20:55 2022] GET /placement => generated 136 bytes in 2 msecs (HTTP/1.1 200) 6 headers in 224 bytes (1 switches on core 0)
Jun 05 08:20:56.970038 n-d-844739-1 devstack@placement-api.service[105148]: DEBUG placement.requestlog [req-e3242b88-39f7-4f17-84ce-7f26e0439260 req-1c6b4495-a9be-48d2-873f-15090cccac24 None None] Starting request: 10.222.0.24 "GET /placement/resource_providers?in_tree=02979639-b6ff-4615-a01e-29c6e09ce421" {{(pid=105148) __call__ /opt/stack/placement/placement/requestlog.py:55}}
Jun 05 08:20:57.530217 n-d-844739-1 devstack@placement-api.service[105148]: INFO placement.requestlog [req-e3242b88-39f7-4f17-84ce-7f26e0439260 req-1c6b4495-a9be-48d2-873f-15090cccac24 service placement] 10.222.0.24 "GET /placement/resource_providers?in_tree=02979639-b6ff-4615-a01e-29c6e09ce421" status: 200 len: 26 microversion: 1.14
Jun 05 08:20:57.530548 n-d-844739-1 devstack@placement-api.service[105148]: [pid: 105148|app: 0|req: 4/8] 10.222.0.24 () {60 vars in 1376 bytes} [Sun Jun 5 08:20:56 2022] GET /placement/resource_providers?in_tree=02979639-b6ff-4615-a01e-29c6e09ce421 => generated 26 bytes in 561 msecs (HTTP/1.1 200) 6 headers in 224 bytes (1 switches on core 0)
Jun 05 08:20:57.537660 n-d-844739-1 devstack@placement-api.service[105149]: DEBUG placement.requestlog [req-e3242b88-39f7-4f17-84ce-7f26e0439260 req-f85192c6-96e2-495d-aa17-d4cac162057f None None] Starting request: 10.222.0.24 "POST /placement/resource_providers" {{(pid=105149) __call__ /opt/stack/placement/placement/requestlog.py:55}}
Jun 05 08:20:58.047207 n-d-844739-1 devstack@placement-api.service[105149]: INFO placement.requestlog [req-e3242b88-39f7-4f17-84ce-7f26e0439260 req-f85192c6-96e2-495d-aa17-d4cac162057f service placement] 10.222.0.24 "POST /placement/resource_providers" status: 200 len: 836 microversion: 1.20
Jun 05 08:20:58.047616 n-d-844739-1 devstack@placement-api.service[105149]: [pid: 105149|app: 0|req: 5/9] 10.222.0.24 () {64 vars in 1340 bytes} [Sun Jun 5 08:20:57 2022] POST /placement/resource_providers => generated 836 bytes in 510 msecs (HTTP/1.1 200) 9 headers in 392 bytes (2 switches on core 0)
Jun 05 08:20:58.252659 n-d-844739-1 devstack@placement-api.service[105148]: DEBUG placement.requestlog [req-e3242b88-39f7-4f17-84ce-7f26e0439260 req-7a4cb931-173b-4a78-b728-cbd059f0b0ec None None] Starting request: 10.222.0.24 "PUT /placement/resource_providers/02979639-b6ff-4615-a01e-29c6e09ce421/inventories" {{(pid=105148) __call__ /opt/stack/placement/placement/requestlog.py:55}}
Jun 05 08:20:58.285790 n-d-844739-1 devstack@placement-api.service[105148]: INFO placement.requestlog [req-e3242b88-39f7-4f17-84ce-7f26e0439260 req-7a4cb931-173b-4a78-b728-cbd059f0b0ec service placement] 10.222.0.24 "PUT /placement/resource_providers/02979639-b6ff-4615-a01e-29c6e09ce421/inventories" status: 200 len: 397 microversion: 1.26
Jun 05 08:20:58.286216 n-d-844739-1 devstack@placement-api.service[105148]: [pid: 105148|app: 0|req: 5/10] 10.222.0.24 () {64 vars in 1487 bytes} [Sun Jun 5 08:20:58 2022] PUT /placement/resource_providers/02979639-b6ff-4615-a01e-29c6e09ce421/inventories => generated 397 bytes in 34 msecs (HTTP/1.1 200) 8 headers in 296 bytes (1 switches on core 0)
Jun 05 08:20:58.296240 n-d-844739-1 devstack@placement-api.service[105149]: DEBUG placement.requestlog [req-e3242b88-39f7-4f17-84ce-7f26e0439260 req-412c448d-a75a-4efc-b665-3c64189a466b None None] Starting request: 10.222.0.24 "GET /placement/traits?name=in:COMPUTE_NODE,COMPUTE_NET_ATTACH_INTERFACE,COMPUTE_SECURITY_UEFI_SECURE_BOOT,COMPUTE_IMAGE_TYPE_VHD,COMPUTE_IMAGE_TYPE_VHDX,COMPUTE_DEVICE_TAGGING" {{(pid=105149) __call__ /opt/stack/placement/placement/requestlog.py:55}}
Jun 05 08:20:58.310064 n-d-844739-1 devstack@placement-api.service[105149]: INFO placement.requestlog [req-e3242b88-39f7-4f17-84ce-7f26e0439260 req-412c448d-a75a-4efc-b665-3c64189a466b service placement] 10.222.0.24 "GET /placement/traits?name=in:COMPUTE_NODE,COMPUTE_NET_ATTACH_INTERFACE,COMPUTE_SECURITY_UEFI_SECURE_BOOT,COMPUTE_IMAGE_TYPE_VHD,COMPUTE_IMAGE_TYPE_VHDX,COMPUTE_DEVICE_TAGGING" status: 200 len: 176 microversion: 1.6
Jun 05 08:20:58.310423 n-d-844739-1 devstack@placement-api.service[105149]: [pid: 105149|app: 0|req: 6/11] 10.222.0.24 () {60 vars in 1557 bytes} [Sun Jun 5 08:20:58 2022] GET /placement/traits?name=in:COMPUTE_NODE,COMPUTE_NET_ATTACH_INTERFACE,COMPUTE_SECURITY_UEFI_SECURE_BOOT,COMPUTE_IMAGE_TYPE_VHD,COMPUTE_IMAGE_TYPE_VHDX,COMPUTE_DEVICE_TAGGING => generated 176 bytes in 15 msecs (HTTP/1.1 200) 6 headers in 224 bytes (1 switches on core 0)
Jun 05 08:20:58.316591 n-d-844739-1 devstack@placement-api.service[105148]: DEBUG placement.requestlog [req-e3242b88-39f7-4f17-84ce-7f26e0439260 req-950b5b4c-2e12-4a60-8eba-ba19e7d0a9ad None None] Starting request: 10.222.0.24 "PUT /placement/resource_providers/02979639-b6ff-4615-a01e-29c6e09ce421/traits" {{(pid=105148) __call__ /opt/stack/placement/placement/requestlog.py:55}}
Jun 05 08:20:58.361728 n-d-844739-1 devstack@placement-api.service[105148]: INFO placement.requestlog [req-e3242b88-39f7-4f17-84ce-7f26e0439260 req-950b5b4c-2e12-4a60-8eba-ba19e7d0a9ad service placement] 10.222.0.24 "PUT /placement/resource_providers/02979639-b6ff-4615-a01e-29c6e09ce421/traits" status: 200 len: 211 microversion: 1.6
Jun 05 08:20:58.362141 n-d-844739-1 devstack@placement-api.service[105148]: [pid: 105148|app: 0|req: 6/12] 10.222.0.24 () {64 vars in 1471 bytes} [Sun Jun 5 08:20:58 2022] PUT /placement/resource_providers/02979639-b6ff-4615-a01e-29c6e09ce421/traits => generated 211 bytes in 46 msecs (HTTP/1.1 200) 6 headers in 224 bytes (1 switches on core 0)
Jun 05 08:20:58.750637 n-d-844739-1 devstack@placement-api.service[105149]: DEBUG placement.requestlog [req-1c7dc0b1-cddc-4f35-9393-5646aaf53b55 req-4c9b2d53-fe55-42c8-a1b0-4868b775cea1 None None] Starting request: 10.222.0.39 "GET /placement/resource_providers?in_tree=f8d5b1c2-af8c-4760-b101-e430e1a31204" {{(pid=105149) __call__ /opt/stack/placement/placement/requestlog.py:55}}
Jun 05 08:20:58.858803 n-d-844739-1 devstack@placement-api.service[105149]: INFO placement.requestlog [req-1c7dc0b1-cddc-4f35-9393-5646aaf53b55 req-4c9b2d53-fe55-42c8-a1b0-4868b775cea1 service placement] 10.222.0.39 "GET /placement/resource_providers?in_tree=f8d5b1c2-af8c-4760-b101-e430e1a31204" status: 200 len: 26 microversion: 1.14
Jun 05 08:20:58.859139 n-d-844739-1 devstack@placement-api.service[105149]: [pid: 105149|app: 0|req: 7/13] 10.222.0.39 () {60 vars in 1376 bytes} [Sun Jun 5 08:20:58 2022] GET /placement/resource_providers?in_tree=f8d5b1c2-af8c-4760-b101-e430e1a31204 => generated 26 bytes in 109 msecs (HTTP/1.1 200) 6 headers in 224 bytes (1 switches on core 0)
Jun 05 08:20:58.867655 n-d-844739-1 devstack@placement-api.service[105148]: DEBUG placement.requestlog [req-1c7dc0b1-cddc-4f35-9393-5646aaf53b55 req-10731144-d282-4b23-a5fd-2e808daffff4 None None] Starting request: 10.222.0.39 "POST /placement/resource_providers" {{(pid=105148) __call__ /opt/stack/placement/placement/requestlog.py:55}}
Jun 05 08:20:58.885920 n-d-844739-1 devstack@placement-api.service[105148]: INFO placement.requestlog [req-1c7dc0b1-cddc-4f35-9393-5646aaf53b55 req-10731144-d282-4b23-a5fd-2e808daffff4 service placement] 10.222.0.39 "POST /placement/resource_providers" status: 200 len: 836 microversion: 1.20
Jun 05 08:20:58.886307 n-d-844739-1 devstack@placement-api.service[105148]: [pid: 105148|app: 0|req: 7/14] 10.222.0.39 () {64 vars in 1340 bytes} [Sun Jun 5 08:20:58 2022] POST /placement/resource_providers => generated 836 bytes in 20 msecs (HTTP/1.1 200) 9 headers in 392 bytes (1 switches on core 0)
Jun 05 08:20:59.089640 n-d-844739-1 devstack@placement-api.service[105149]: DEBUG placement.requestlog [req-1c7dc0b1-cddc-4f35-9393-5646aaf53b55 req-5ca53c75-6b02-4040-903f-770b2e51229c None None] Starting request: 10.222.0.39 "PUT /placement/resource_providers/f8d5b1c2-af8c-4760-b101-e430e1a31204/inventories" {{(pid=105149) __call__ /opt/stack/placement/placement/requestlog.py:55}}
Jun 05 08:20:59.121286 n-d-844739-1 devstack@placement-api.service[105149]: INFO placement.requestlog [req-1c7dc0b1-cddc-4f35-9393-5646aaf53b55 req-5ca53c75-6b02-4040-903f-770b2e51229c service placement] 10.222.0.39 "PUT /placement/resource_providers/f8d5b1c2-af8c-4760-b101-e430e1a31204/inventories" status: 200 len: 397 microversion: 1.26
Jun 05 08:20:59.121871 n-d-844739-1 devstack@placement-api.service[105149]: [pid: 105149|app: 0|req: 8/15] 10.222.0.39 () {64 vars in 1487 bytes} [Sun Jun 5 08:20:59 2022] PUT /placement/resource_providers/f8d5b1c2-af8c-4760-b101-e430e1a31204/inventories => generated 397 bytes in 32 msecs (HTTP/1.1 200) 8 headers in 296 bytes (2 switches on core 0)
Jun 05 08:20:59.131626 n-d-844739-1 devstack@placement-api.service[105148]: DEBUG placement.requestlog [req-1c7dc0b1-cddc-4f35-9393-5646aaf53b55 req-ef3578ec-06c0-4f04-9d3e-42613a21c021 None None] Starting request: 10.222.0.39 "GET /placement/traits?name=in:COMPUTE_IMAGE_TYPE_VHD,COMPUTE_NET_ATTACH_INTERFACE,COMPUTE_SECURITY_UEFI_SECURE_BOOT,COMPUTE_IMAGE_TYPE_VHDX,COMPUTE_NODE,COMPUTE_DEVICE_TAGGING" {{(pid=105148) __call__ /opt/stack/placement/placement/requestlog.py:55}}
Jun 05 08:20:59.141035 n-d-844739-1 devstack@placement-api.service[105148]: INFO placement.requestlog [req-1c7dc0b1-cddc-4f35-9393-5646aaf53b55 req-ef3578ec-06c0-4f04-9d3e-42613a21c021 service placement] 10.222.0.39 "GET /placement/traits?name=in:COMPUTE_IMAGE_TYPE_VHD,COMPUTE_NET_ATTACH_INTERFACE,COMPUTE_SECURITY_UEFI_SECURE_BOOT,COMPUTE_IMAGE_TYPE_VHDX,COMPUTE_NODE,COMPUTE_DEVICE_TAGGING" status: 200 len: 176 microversion: 1.6
Jun 05 08:20:59.141344 n-d-844739-1 devstack@placement-api.service[105148]: [pid: 105148|app: 0|req: 8/16] 10.222.0.39 () {60 vars in 1557 bytes} [Sun Jun 5 08:20:59 2022] GET /placement/traits?name=in:COMPUTE_IMAGE_TYPE_VHD,COMPUTE_NET_ATTACH_INTERFACE,COMPUTE_SECURITY_UEFI_SECURE_BOOT,COMPUTE_IMAGE_TYPE_VHDX,COMPUTE_NODE,COMPUTE_DEVICE_TAGGING => generated 176 bytes in 10 msecs (HTTP/1.1 200) 6 headers in 224 bytes (1 switches on core 0)
Jun 05 08:20:59.149343 n-d-844739-1 devstack@placement-api.service[105149]: DEBUG placement.requestlog [req-1c7dc0b1-cddc-4f35-9393-5646aaf53b55 req-e16a2625-f27a-45e1-b5b6-907831a00fc5 None None] Starting request: 10.222.0.39 "PUT /placement/resource_providers/f8d5b1c2-af8c-4760-b101-e430e1a31204/traits" {{(pid=105149) __call__ /opt/stack/placement/placement/requestlog.py:55}}
Jun 05 08:20:59.182729 n-d-844739-1 devstack@placement-api.service[105149]: INFO placement.requestlog [req-1c7dc0b1-cddc-4f35-9393-5646aaf53b55 req-e16a2625-f27a-45e1-b5b6-907831a00fc5 service placement] 10.222.0.39 "PUT /placement/resource_providers/f8d5b1c2-af8c-4760-b101-e430e1a31204/traits" status: 200 len: 211 microversion: 1.6
Jun 05 08:20:59.183149 n-d-844739-1 devstack@placement-api.service[105149]: [pid: 105149|app: 0|req: 9/17] 10.222.0.39 () {64 vars in 1471 bytes} [Sun Jun 5 08:20:59 2022] PUT /placement/resource_providers/f8d5b1c2-af8c-4760-b101-e430e1a31204/traits => generated 211 bytes in 34 msecs (HTTP/1.1 200) 6 headers in 224 bytes (2 switches on core 0)
Jun 05 08:21:09.138748 n-d-844739-1 devstack@placement-api.service[105148]: DEBUG dbcounter [-] [105148] Writing DB stats placement:SELECT=16,placement:INSERT=10,placement:UPDATE=3 {{(pid=105148) stat_writer /usr/local/lib/python3.8/dist-packages/dbcounter.py:114}}
Jun 05 08:21:09.178531 n-d-844739-1 devstack@placement-api.service[105149]: DEBUG dbcounter [-] [105149] Writing DB stats placement:SELECT=16,placement:INSERT=10,placement:UPDATE=3 {{(pid=105149) stat_writer /usr/local/lib/python3.8/dist-packages/dbcounter.py:114}}
Jun 05 08:21:53.845640 n-d-844739-1 devstack@placement-api.service[105148]: DEBUG placement.requestlog [req-0b24f4d9-171c-4a78-9738-9c7267ef5314 req-7474f8d1-4102-47a8-bbfe-5b6729409087 None None] Starting request: 10.222.0.24 "GET /placement/resource_providers/02979639-b6ff-4615-a01e-29c6e09ce421/allocations" {{(pid=105148) __call__ /opt/stack/placement/placement/requestlog.py:55}}
Jun 05 08:21:53.867321 n-d-844739-1 devstack@placement-api.service[105148]: INFO placement.requestlog [req-0b24f4d9-171c-4a78-9738-9c7267ef5314 req-7474f8d1-4102-47a8-bbfe-5b6729409087 service placement] 10.222.0.24 "GET /placement/resource_providers/02979639-b6ff-4615-a01e-29c6e09ce421/allocations" status: 200 len: 54 microversion: 1.0
Jun 05 08:21:53.867666 n-d-844739-1 devstack@placement-api.service[105148]: [pid: 105148|app: 0|req: 9/18] 10.222.0.24 () {58 vars in 1390 bytes} [Sun Jun 5 08:21:53 2022] GET /placement/resource_providers/02979639-b6ff-4615-a01e-29c6e09ce421/allocations => generated 54 bytes in 22 msecs (HTTP/1.1 200) 6 headers in 223 bytes (1 switches on core 0)
Jun 05 08:21:55.634737 n-d-844739-1 devstack@placement-api.service[105149]: DEBUG placement.requestlog [req-37473fe9-3003-4012-a1f4-849df50d6000 req-01a5416d-ea26-40c8-966f-b03c10767e68 None None] Starting request: 10.222.0.39 "GET /placement/resource_providers/f8d5b1c2-af8c-4760-b101-e430e1a31204/allocations" {{(pid=105149) __call__ /opt/stack/placement/placement/requestlog.py:55}}
Jun 05 08:21:55.654037 n-d-844739-1 devstack@placement-api.service[105149]: INFO placement.requestlog [req-37473fe9-3003-4012-a1f4-849df50d6000 req-01a5416d-ea26-40c8-966f-b03c10767e68 service placement] 10.222.0.39 "GET /placement/resource_providers/f8d5b1c2-af8c-4760-b101-e430e1a31204/allocations" status: 200 len: 54 microversion: 1.0
Jun 05 08:21:55.654364 n-d-844739-1 devstack@placement-api.service[105149]: [pid: 105149|app: 0|req: 10/19] 10.222.0.39 () {58 vars in 1390 bytes} [Sun Jun 5 08:21:55 2022] GET /placement/resource_providers/f8d5b1c2-af8c-4760-b101-e430e1a31204/allocations => generated 54 bytes in 20 msecs (HTTP/1.1 200) 6 headers in 223 bytes (1 switches on core 0)
Jun 05 08:22:03.862738 n-d-844739-1 devstack@placement-api.service[105148]: DEBUG dbcounter [-] [105148] Writing DB stats placement:SELECT=4 {{(pid=105148) stat_writer /usr/local/lib/python3.8/dist-packages/dbcounter.py:114}}
Jun 05 08:22:05.651999 n-d-844739-1 devstack@placement-api.service[105149]: DEBUG dbcounter [-] [105149] Writing DB stats placement:SELECT=4 {{(pid=105149) stat_writer /usr/local/lib/python3.8/dist-packages/dbcounter.py:114}}
Jun 05 08:22:32.891092 n-d-844739-1 devstack@placement-api.service[105148]: DEBUG placement.requestlog [None req-b6c2a998-4cef-4466-af6e-b4b3dfded0bd None None] Starting request: 10.222.0.33 "GET /placement/" {{(pid=105148) __call__ /opt/stack/placement/placement/requestlog.py:55}}
Jun 05 08:22:32.892109 n-d-844739-1 devstack@placement-api.service[105148]: INFO placement.requestlog [None req-b6c2a998-4cef-4466-af6e-b4b3dfded0bd None None] 10.222.0.33 "GET /placement/" status: 200 len: 136 microversion: 1.0
Jun 05 08:22:32.892434 n-d-844739-1 devstack@placement-api.service[105148]: [pid: 105148|app: 0|req: 10/20] 10.222.0.33 () {54 vars in 916 bytes} [Sun Jun 5 08:22:32 2022] GET /placement => generated 136 bytes in 2 msecs (HTTP/1.1 200) 6 headers in 224 bytes (1 switches on core 0)
Jun 05 08:22:55.803006 n-d-844739-1 devstack@placement-api.service[105149]: DEBUG placement.requestlog [req-4e2bb69b-b534-414f-9695-3a5c30f91ae3 req-e65fe31d-1a3d-4124-856e-07b9efd81c26 None None] Starting request: 10.222.0.24 "GET /placement/resource_providers/02979639-b6ff-4615-a01e-29c6e09ce421/allocations" {{(pid=105149) __call__ /opt/stack/placement/placement/requestlog.py:55}}
Jun 05 08:22:55.819717 n-d-844739-1 devstack@placement-api.service[105149]: INFO placement.requestlog [req-4e2bb69b-b534-414f-9695-3a5c30f91ae3 req-e65fe31d-1a3d-4124-856e-07b9efd81c26 service placement] 10.222.0.24 "GET /placement/resource_providers/02979639-b6ff-4615-a01e-29c6e09ce421/allocations" status: 200 len: 54 microversion: 1.0
Jun 05 08:22:55.820225 n-d-844739-1 devstack@placement-api.service[105149]: [pid: 105149|app: 0|req: 11/21] 10.222.0.24 () {58 vars in 1390 bytes} [Sun Jun 5 08:22:55 2022] GET /placement/resource_providers/02979639-b6ff-4615-a01e-29c6e09ce421/allocations => generated 54 bytes in 17 msecs (HTTP/1.1 200) 6 headers in 223 bytes (1 switches on core 0)
Jun 05 08:22:56.196698 n-d-844739-1 devstack@placement-api.service[105148]: DEBUG placement.requestlog [req-1c015596-3d1a-427c-a0dd-d8d368f617c5 req-a0cdf738-fba8-4a33-84cf-2a267363c371 None None] Starting request: 10.222.0.39 "GET /placement/resource_providers/f8d5b1c2-af8c-4760-b101-e430e1a31204/allocations" {{(pid=105148) __call__ /opt/stack/placement/placement/requestlog.py:55}}
Jun 05 08:22:56.213508 n-d-844739-1 devstack@placement-api.service[105148]: INFO placement.requestlog [req-1c015596-3d1a-427c-a0dd-d8d368f617c5 req-a0cdf738-fba8-4a33-84cf-2a267363c371 service placement] 10.222.0.39 "GET /placement/resource_providers/f8d5b1c2-af8c-4760-b101-e430e1a31204/allocations" status: 200 len: 54 microversion: 1.0
Jun 05 08:22:56.213849 n-d-844739-1 devstack@placement-api.service[105148]: [pid: 105148|app: 0|req: 11/22] 10.222.0.39 () {58 vars in 1390 bytes} [Sun Jun 5 08:22:56 2022] GET /placement/resource_providers/f8d5b1c2-af8c-4760-b101-e430e1a31204/allocations => generated 54 bytes in 18 msecs (HTTP/1.1 200) 6 headers in 223 bytes (1 switches on core 0)
Jun 05 08:23:05.817907 n-d-844739-1 devstack@placement-api.service[105149]: DEBUG dbcounter [-] [105149] Writing DB stats placement:SELECT=4 {{(pid=105149) stat_writer /usr/local/lib/python3.8/dist-packages/dbcounter.py:114}}
Jun 05 08:23:06.211562 n-d-844739-1 devstack@placement-api.service[105148]: DEBUG dbcounter [-] [105148] Writing DB stats placement:SELECT=4 {{(pid=105148) stat_writer /usr/local/lib/python3.8/dist-packages/dbcounter.py:114}}
Jun 05 08:23:19.466421 n-d-844739-1 devstack@placement-api.service[105149]: DEBUG placement.requestlog [None req-2f4e93c7-5fbc-4d27-bd60-c7b482f33c16 None None] Starting request: 10.222.0.33 "GET /placement/" {{(pid=105149) __call__ /opt/stack/placement/placement/requestlog.py:55}}
Jun 05 08:23:19.467089 n-d-844739-1 devstack@placement-api.service[105149]: INFO placement.requestlog [None req-2f4e93c7-5fbc-4d27-bd60-c7b482f33c16 None None] 10.222.0.33 "GET /placement/" status: 200 len: 136 microversion: 1.0
Jun 05 08:23:19.468331 n-d-844739-1 devstack@placement-api.service[105149]: [pid: 105149|app: 0|req: 12/23] 10.222.0.33 () {54 vars in 907 bytes} [Sun Jun 5 08:23:19 2022] GET /placement => generated 136 bytes in 3 msecs (HTTP/1.1 200) 6 headers in 224 bytes (1 switches on core 0)
Jun 05 08:23:19.501159 n-d-844739-1 devstack@placement-api.service[105148]: DEBUG placement.requestlog [req-cd66d1d2-2372-4449-a17d-4781e2ff2c11 req-c74360ff-7a20-4b8c-aff8-fdac18ba952b None None] Starting request: 10.222.0.33 "GET /placement/resource_providers?name=n-h2-844739-1" {{(pid=105148) __call__ /opt/stack/placement/placement/requestlog.py:55}}
Jun 05 08:23:19.541876 n-d-844739-1 devstack@placement-api.service[105149]: DEBUG placement.requestlog [req-1e53a3fd-fba9-4214-b8a8-672ed18624de req-b3553313-1dda-4261-8538-e03a8bf68df9 None None] Starting request: 10.222.0.33 "GET /placement/allocation_candidates?limit=1000&resources=DISK_GB%3A1%2CMEMORY_MB%3A1024%2CVCPU%3A1&root_required=%21COMPUTE_STATUS_DISABLED" {{(pid=105149) __call__ /opt/stack/placement/placement/requestlog.py:55}}
Jun 05 08:23:20.138877 n-d-844739-1 devstack@placement-api.service[105148]: INFO placement.requestlog [req-cd66d1d2-2372-4449-a17d-4781e2ff2c11 req-c74360ff-7a20-4b8c-aff8-fdac18ba952b service placement] 10.222.0.33 "GET /placement/resource_providers?name=n-h2-844739-1" status: 200 len: 440 microversion: 1.0
Jun 05 08:23:20.139476 n-d-844739-1 devstack@placement-api.service[105148]: [pid: 105148|app: 0|req: 12/24] 10.222.0.33 () {58 vars in 1274 bytes} [Sun Jun 5 08:23:19 2022] GET /placement/resource_providers?name=n-h2-844739-1 => generated 440 bytes in 639 msecs (HTTP/1.1 200) 6 headers in 224 bytes (1 switches on core 0)
Jun 05 08:23:20.146595 n-d-844739-1 devstack@placement-api.service[105148]: DEBUG placement.requestlog [req-cd66d1d2-2372-4449-a17d-4781e2ff2c11 req-7f5f9000-185d-4989-91b3-6dfafcc7d34c None None] Starting request: 10.222.0.33 "GET /placement/resource_providers/02979639-b6ff-4615-a01e-29c6e09ce421/aggregates" {{(pid=105148) __call__ /opt/stack/placement/placement/requestlog.py:55}}
Jun 05 08:23:20.200629 n-d-844739-1 devstack@placement-api.service[105148]: INFO placement.requestlog [req-cd66d1d2-2372-4449-a17d-4781e2ff2c11 req-7f5f9000-185d-4989-91b3-6dfafcc7d34c service placement] 10.222.0.33 "GET /placement/resource_providers/02979639-b6ff-4615-a01e-29c6e09ce421/aggregates" status: 200 len: 53 microversion: 1.19
Jun 05 08:23:20.201020 n-d-844739-1 devstack@placement-api.service[105148]: [pid: 105148|app: 0|req: 13/25] 10.222.0.33 () {60 vars in 1425 bytes} [Sun Jun 5 08:23:20 2022] GET /placement/resource_providers/02979639-b6ff-4615-a01e-29c6e09ce421/aggregates => generated 53 bytes in 55 msecs (HTTP/1.1 200) 8 headers in 295 bytes (1 switches on core 0)
Jun 05 08:23:20.208870 n-d-844739-1 devstack@placement-api.service[105148]: DEBUG placement.requestlog [req-cd66d1d2-2372-4449-a17d-4781e2ff2c11 req-bc95788c-db4f-4cd2-92b2-324adcab414b None None] Starting request: 10.222.0.33 "PUT /placement/resource_providers/02979639-b6ff-4615-a01e-29c6e09ce421/aggregates" {{(pid=105148) __call__ /opt/stack/placement/placement/requestlog.py:55}}
Jun 05 08:23:20.258384 n-d-844739-1 devstack@placement-api.service[105148]: DEBUG placement.objects.resource_provider [req-cd66d1d2-2372-4449-a17d-4781e2ff2c11 req-bc95788c-db4f-4cd2-92b2-324adcab414b service placement] _ensure_aggregate() did not find aggregate a9f47f6b-90e2-4a95-a43a-60c7f3359bed. Attempting to create it. {{(pid=105148) _ensure_aggregate /opt/stack/placement/placement/objects/resource_provider.py:321}}
Jun 05 08:23:20.265522 n-d-844739-1 devstack@placement-api.service[105148]: DEBUG placement.objects.resource_provider [req-cd66d1d2-2372-4449-a17d-4781e2ff2c11 req-bc95788c-db4f-4cd2-92b2-324adcab414b service placement] _ensure_aggregate() created new aggregate a9f47f6b-90e2-4a95-a43a-60c7f3359bed (id=1). {{(pid=105148) _ensure_aggregate /opt/stack/placement/placement/objects/resource_provider.py:327}}
Jun 05 08:23:20.268356 n-d-844739-1 devstack@placement-api.service[105148]: DEBUG placement.objects.resource_provider [req-cd66d1d2-2372-4449-a17d-4781e2ff2c11 req-bc95788c-db4f-4cd2-92b2-324adcab414b service placement] Setting aggregates for provider 02979639-b6ff-4615-a01e-29c6e09ce421. Successfully associated aggregate a9f47f6b-90e2-4a95-a43a-60c7f3359bed. {{(pid=105148) _set_aggregates /opt/stack/placement/placement/objects/resource_provider.py:389}}
Jun 05 08:23:20.279278 n-d-844739-1 devstack@placement-api.service[105149]: DEBUG placement.objects.research_context [req-1e53a3fd-fba9-4214-b8a8-672ed18624de req-b3553313-1dda-4261-8538-e03a8bf68df9 service placement] getting providers with 1 DISK_GB {{(pid=105149) __init__ /opt/stack/placement/placement/objects/research_context.py:136}}
Jun 05 08:23:20.283691 n-d-844739-1 devstack@placement-api.service[105148]: INFO placement.requestlog [req-cd66d1d2-2372-4449-a17d-4781e2ff2c11 req-bc95788c-db4f-4cd2-92b2-324adcab414b service placement] 10.222.0.33 "PUT /placement/resource_providers/02979639-b6ff-4615-a01e-29c6e09ce421/aggregates" status: 200 len: 91 microversion: 1.19
Jun 05 08:23:20.284161 n-d-844739-1 devstack@placement-api.service[105148]: [pid: 105148|app: 0|req: 14/26] 10.222.0.33 () {64 vars in 1477 bytes} [Sun Jun 5 08:23:20 2022] PUT /placement/resource_providers/02979639-b6ff-4615-a01e-29c6e09ce421/aggregates => generated 91 bytes in 76 msecs (HTTP/1.1 200) 8 headers in 295 bytes (1 switches on core 0)
Jun 05 08:23:20.308890 n-d-844739-1 devstack@placement-api.service[105149]: DEBUG placement.objects.research_context [req-1e53a3fd-fba9-4214-b8a8-672ed18624de req-b3553313-1dda-4261-8538-e03a8bf68df9 service placement] getting providers with 1024 MEMORY_MB {{(pid=105149) __init__ /opt/stack/placement/placement/objects/research_context.py:136}}
Jun 05 08:23:20.320927 n-d-844739-1 devstack@placement-api.service[105149]: DEBUG placement.objects.research_context [req-1e53a3fd-fba9-4214-b8a8-672ed18624de req-b3553313-1dda-4261-8538-e03a8bf68df9 service placement] getting providers with 1 VCPU {{(pid=105149) __init__ /opt/stack/placement/placement/objects/research_context.py:136}}
Jun 05 08:23:20.327674 n-d-844739-1 devstack@placement-api.service[105149]: DEBUG placement.objects.research_context [req-1e53a3fd-fba9-4214-b8a8-672ed18624de req-b3553313-1dda-4261-8538-e03a8bf68df9 service placement] found 2 providers with available 1 DISK_GB {{(pid=105149) get_provider_ids_matching /opt/stack/placement/placement/objects/research_context.py:563}}
Jun 05 08:23:20.327948 n-d-844739-1 devstack@placement-api.service[105149]: DEBUG placement.objects.research_context [req-1e53a3fd-fba9-4214-b8a8-672ed18624de req-b3553313-1dda-4261-8538-e03a8bf68df9 service placement] found 2 providers with available 1024 MEMORY_MB {{(pid=105149) get_provider_ids_matching /opt/stack/placement/placement/objects/research_context.py:563}}
Jun 05 08:23:20.328690 n-d-844739-1 devstack@placement-api.service[105149]: DEBUG placement.objects.research_context [req-1e53a3fd-fba9-4214-b8a8-672ed18624de req-b3553313-1dda-4261-8538-e03a8bf68df9 service placement] found 2 providers after filtering by previous result {{(pid=105149) get_provider_ids_matching /opt/stack/placement/placement/objects/research_context.py:594}}
Jun 05 08:23:20.335183 n-d-844739-1 devstack@placement-api.service[105149]: DEBUG placement.objects.research_context [req-1e53a3fd-fba9-4214-b8a8-672ed18624de req-b3553313-1dda-4261-8538-e03a8bf68df9 service placement] found 2 providers with available 1 VCPU {{(pid=105149) get_provider_ids_matching /opt/stack/placement/placement/objects/research_context.py:563}}
Jun 05 08:23:20.335634 n-d-844739-1 devstack@placement-api.service[105149]: DEBUG placement.objects.research_context [req-1e53a3fd-fba9-4214-b8a8-672ed18624de req-b3553313-1dda-4261-8538-e03a8bf68df9 service placement] found 2 providers after filtering by previous result {{(pid=105149) get_provider_ids_matching /opt/stack/placement/placement/objects/research_context.py:594}}
Jun 05 08:23:20.372205 n-d-844739-1 devstack@placement-api.service[105149]: DEBUG placement.objects.allocation_candidate [req-1e53a3fd-fba9-4214-b8a8-672ed18624de req-b3553313-1dda-4261-8538-e03a8bf68df9 service placement] RequestGroup(use_same_provider=False, resources={DISK_GB:1, MEMORY_MB:1024, VCPU:1}, traits=(), aggregates=[]) (suffix '') returned 2 matches {{(pid=105149) _get_by_requests /opt/stack/placement/placement/objects/allocation_candidate.py:156}}
Jun 05 08:23:20.372695 n-d-844739-1 devstack@placement-api.service[105149]: DEBUG placement.objects.allocation_candidate [req-1e53a3fd-fba9-4214-b8a8-672ed18624de req-b3553313-1dda-4261-8538-e03a8bf68df9 service placement] Merging candidates yields 2 allocation requests and 2 provider summaries {{(pid=105149) _merge_candidates /opt/stack/placement/placement/objects/allocation_candidate.py:809}}
Jun 05 08:23:20.376231 n-d-844739-1 devstack@placement-api.service[105149]: INFO placement.requestlog [req-1e53a3fd-fba9-4214-b8a8-672ed18624de req-b3553313-1dda-4261-8538-e03a8bf68df9 service placement] 10.222.0.33 "GET /placement/allocation_candidates?limit=1000&resources=DISK_GB%3A1%2CMEMORY_MB%3A1024%2CVCPU%3A1&root_required=%21COMPUTE_STATUS_DISABLED" status: 200 len: 1303 microversion: 1.36
Jun 05 08:23:20.387598 n-d-844739-1 devstack@placement-api.service[105149]: [pid: 105149|app: 0|req: 13/27] 10.222.0.33 () {60 vars in 1506 bytes} [Sun Jun 5 08:23:19 2022] GET /placement/allocation_candidates?limit=1000&resources=DISK_GB%3A1%2CMEMORY_MB%3A1024%2CVCPU%3A1&root_required=%21COMPUTE_STATUS_DISABLED => generated 1303 bytes in 847 msecs (HTTP/1.1 200) 8 headers in 297 bytes (2 switches on core 0)
