Jun 05 00:47:59.294021 n-d-844706-1 devstack@placement-api.service[111991]: DEBUG placement.handlers.allocation [req-53729f23-25f5-4aeb-901f-d84b39de3860 req-f4eeabe0-6ab4-4647-8dd1-f4dccff02998 service placement] Successfully wrote allocations [, , ] {{(pid=111991) _update_consumers_and_create_allocations /opt/stack/placement/placement/handlers/allocation.py:462}}
Jun 05 00:47:59.297950 n-d-844706-1 devstack@placement-api.service[111991]: INFO placement.requestlog [req-53729f23-25f5-4aeb-901f-d84b39de3860 req-f4eeabe0-6ab4-4647-8dd1-f4dccff02998 service placement] 10.222.0.18 "PUT /placement/allocations/940e74e2-8fa9-4f29-bf0d-adc06817f0d3" status: 204 len: 0 microversion: 1.36
Jun 05 00:47:59.298690 n-d-844706-1 devstack@placement-api.service[111991]: [pid: 111991|app: 0|req: 458/913] 10.222.0.18 () {64 vars in 1433 bytes} [Sun Jun 5 00:47:59 2022] PUT /placement/allocations/940e74e2-8fa9-4f29-bf0d-adc06817f0d3 => generated 0 bytes in 79 msecs (HTTP/1.1 204) 5 headers in 199 bytes (1 switches on core 0)
Jun 05 00:47:59.607027 n-d-844706-1 devstack@placement-api.service[111990]: DEBUG placement.requestlog [req-53729f23-25f5-4aeb-901f-d84b39de3860 req-7bf5adf6-94b5-4a7b-99df-8952acc9cc63 None None] Starting request: 10.222.0.24 "GET /placement/allocations/940e74e2-8fa9-4f29-bf0d-adc06817f0d3" {{(pid=111990) __call__ /opt/stack/placement/placement/requestlog.py:55}}
Jun 05 00:47:59.632870 n-d-844706-1 devstack@placement-api.service[111990]: INFO placement.requestlog [req-53729f23-25f5-4aeb-901f-d84b39de3860 req-7bf5adf6-94b5-4a7b-99df-8952acc9cc63 service placement] 10.222.0.24 "GET /placement/allocations/940e74e2-8fa9-4f29-bf0d-adc06817f0d3" status: 200 len: 259 microversion: 1.28
Jun 05 00:47:59.633425 n-d-844706-1 devstack@placement-api.service[111990]: [pid: 111990|app: 0|req: 456/914] 10.222.0.24 () {60 vars in 1377 bytes} [Sun Jun 5 00:47:59 2022] GET /placement/allocations/940e74e2-8fa9-4f29-bf0d-adc06817f0d3 => generated 259 bytes in 26 msecs (HTTP/1.1 200) 8 headers in 296 bytes (1 switches on core 0)
Jun 05 00:48:04.716118 n-d-844706-1 devstack@placement-api.service[111991]: DEBUG placement.requestlog [req-80cda98d-b25e-46c0-8a76-56404d459db9 req-751442f0-0af9-4b25-aadb-bb57b084537d None None] Starting request: 10.222.0.15 "DELETE /placement/allocations/61b048fc-de04-4ccb-8b1f-6506d5afbff6" {{(pid=111991) __call__ /opt/stack/placement/placement/requestlog.py:55}}
Jun 05 00:48:04.753626 n-d-844706-1 devstack@placement-api.service[111991]: DEBUG placement.handlers.allocation [req-80cda98d-b25e-46c0-8a76-56404d459db9 req-751442f0-0af9-4b25-aadb-bb57b084537d service placement] Successfully deleted allocations [, , ] {{(pid=111991) delete_allocations /opt/stack/placement/placement/handlers/allocation.py:627}}
Jun 05 00:48:04.754125 n-d-844706-1 devstack@placement-api.service[111991]: INFO placement.requestlog [req-80cda98d-b25e-46c0-8a76-56404d459db9 req-751442f0-0af9-4b25-aadb-bb57b084537d service placement] 10.222.0.15 "DELETE /placement/allocations/61b048fc-de04-4ccb-8b1f-6506d5afbff6" status: 204 len: 0 microversion: 1.0
Jun 05 00:48:04.754534 n-d-844706-1 devstack@placement-api.service[111991]: [pid: 111991|app: 0|req: 459/915] 10.222.0.15 () {60 vars in 1355 bytes} [Sun Jun 5 00:48:04 2022] DELETE /placement/allocations/61b048fc-de04-4ccb-8b1f-6506d5afbff6 => generated 0 bytes in 39 msecs (HTTP/1.1 204) 5 headers in 198 bytes (2 switches on core 0)
Jun 05 00:48:06.003381 n-d-844706-1 devstack@placement-api.service[111990]: DEBUG placement.requestlog [None req-0fedb220-fec5-4ddd-907f-e7424f7045a7 None None] Starting request: 10.222.0.18 "GET /placement/resource_providers/5d73a117-1765-4036-88a1-69bee3f3aec6/aggregates" {{(pid=111990) __call__ /opt/stack/placement/placement/requestlog.py:55}}
Jun 05 00:48:06.014326 n-d-844706-1 devstack@placement-api.service[111990]: INFO placement.requestlog [None req-0fedb220-fec5-4ddd-907f-e7424f7045a7 service placement] 10.222.0.18 "GET /placement/resource_providers/5d73a117-1765-4036-88a1-69bee3f3aec6/aggregates" status: 404 len: 235 microversion: 1.1
Jun 05 00:48:06.015137 n-d-844706-1 devstack@placement-api.service[111990]: [pid: 111990|app: 0|req: 457/916] 10.222.0.18 () {58 vars in 1362 bytes} [Sun Jun 5 00:48:06 2022] GET /placement/resource_providers/5d73a117-1765-4036-88a1-69bee3f3aec6/aggregates => generated 235 bytes in 12 msecs (HTTP/1.1 404) 5 headers in 202 bytes (1 switches on core 0)
Jun 05 00:48:06.055780 n-d-844706-1 devstack@placement-api.service[111991]: DEBUG placement.requestlog [None req-2bd6bcc8-e690-4e07-bff9-93fc389378cb None None] Starting request: 10.222.0.18 "DELETE /placement/resource_providers/5d73a117-1765-4036-88a1-69bee3f3aec6" {{(pid=111991) __call__ /opt/stack/placement/placement/requestlog.py:55}}
Jun 05 00:48:06.070213 n-d-844706-1 devstack@placement-api.service[111991]: DEBUG placement.wsgi_wrapper [None req-2bd6bcc8-e690-4e07-bff9-93fc389378cb service placement] Placement API returning an error response: No resource provider with uuid 5d73a117-1765-4036-88a1-69bee3f3aec6 found for delete {{(pid=111991) call_func /opt/stack/placement/placement/wsgi_wrapper.py:31}}
Jun 05 00:48:06.071052 n-d-844706-1 devstack@placement-api.service[111991]: INFO placement.requestlog [None req-2bd6bcc8-e690-4e07-bff9-93fc389378cb service placement] 10.222.0.18 "DELETE /placement/resource_providers/5d73a117-1765-4036-88a1-69bee3f3aec6" status: 404 len: 246 microversion: 1.1
Jun 05 00:48:06.071934 n-d-844706-1 devstack@placement-api.service[111991]: [pid: 111991|app: 0|req: 460/917] 10.222.0.18 () {60 vars in 1351 bytes} [Sun Jun 5 00:48:06 2022] DELETE /placement/resource_providers/5d73a117-1765-4036-88a1-69bee3f3aec6 => generated 246 bytes in 17 msecs (HTTP/1.1 404) 6 headers in 231 bytes (2 switches on core 0)
Jun 05 00:48:06.646207 n-d-844706-1 devstack@placement-api.service[111990]: DEBUG placement.requestlog [req-b99add4c-00d5-4e61-be45-5993cd9152a1 req-8fdc95f3-abe5-4c41-8986-3f281384862d None None] Starting request: 10.222.0.15 "DELETE /placement/allocations/63e6cdd5-2431-4e89-b2b5-ded6abe6568d" {{(pid=111990) __call__ /opt/stack/placement/placement/requestlog.py:55}}
Jun 05 00:48:06.701537 n-d-844706-1 devstack@placement-api.service[111990]: DEBUG placement.handlers.allocation [req-b99add4c-00d5-4e61-be45-5993cd9152a1 req-8fdc95f3-abe5-4c41-8986-3f281384862d service placement] Successfully deleted allocations [, , ] {{(pid=111990) delete_allocations /opt/stack/placement/placement/handlers/allocation.py:627}}
Jun 05 00:48:06.702076 n-d-844706-1 devstack@placement-api.service[111990]: INFO placement.requestlog [req-b99add4c-00d5-4e61-be45-5993cd9152a1 req-8fdc95f3-abe5-4c41-8986-3f281384862d service placement] 10.222.0.15 "DELETE /placement/allocations/63e6cdd5-2431-4e89-b2b5-ded6abe6568d" status: 204 len: 0 microversion: 1.0
Jun 05 00:48:06.704470 n-d-844706-1 devstack@placement-api.service[111990]: [pid: 111990|app: 0|req: 458/918] 10.222.0.15 () {60 vars in 1355 bytes} [Sun Jun 5 00:48:06 2022] DELETE /placement/allocations/63e6cdd5-2431-4e89-b2b5-ded6abe6568d => generated 0 bytes in 58 msecs (HTTP/1.1 204) 5 headers in 198 bytes (1 switches on core 0)
Jun 05 00:48:08.108330 n-d-844706-1 devstack@placement-api.service[111991]: DEBUG placement.requestlog [None req-c6f509d8-af59-4f66-84ee-7ddebaaa5b15 None None] Starting request: 10.222.0.18 "GET /placement/resource_providers/758df2b9-b5f4-4932-a784-bdef2b91873a/aggregates" {{(pid=111991) __call__ /opt/stack/placement/placement/requestlog.py:55}}
Jun 05 00:48:08.117974 n-d-844706-1 devstack@placement-api.service[111991]: DEBUG dbcounter [-] [111991] Writing DB stats placement:SELECT=78,placement:DELETE=8,placement:INSERT=10,placement:UPDATE=4 {{(pid=111991) stat_writer /usr/local/lib/python3.8/dist-packages/dbcounter.py:114}}
Jun 05 00:48:08.123187 n-d-844706-1 devstack@placement-api.service[111991]: INFO placement.requestlog [None req-c6f509d8-af59-4f66-84ee-7ddebaaa5b15 service placement] 10.222.0.18 "GET /placement/resource_providers/758df2b9-b5f4-4932-a784-bdef2b91873a/aggregates" status: 404 len: 235 microversion: 1.1
Jun 05 00:48:08.125385 n-d-844706-1 devstack@placement-api.service[111991]: [pid: 111991|app: 0|req: 461/919] 10.222.0.18 () {58 vars in 1362 bytes} [Sun Jun 5 00:48:08 2022] GET /placement/resource_providers/758df2b9-b5f4-4932-a784-bdef2b91873a/aggregates => generated 235 bytes in 17 msecs (HTTP/1.1 404) 5 headers in 202 bytes (1 switches on core 0)
Jun 05 00:48:08.145520 n-d-844706-1 devstack@placement-api.service[111990]: DEBUG placement.requestlog [None req-94f24cc4-a0d2-4444-9d99-a0a9c81f9a98 None None] Starting request: 10.222.0.18 "DELETE /placement/resource_providers/758df2b9-b5f4-4932-a784-bdef2b91873a" {{(pid=111990) __call__ /opt/stack/placement/placement/requestlog.py:55}}
Jun 05 00:48:08.166943 n-d-844706-1 devstack@placement-api.service[111990]: DEBUG placement.wsgi_wrapper [None req-94f24cc4-a0d2-4444-9d99-a0a9c81f9a98 service placement] Placement API returning an error response: No resource provider with uuid 758df2b9-b5f4-4932-a784-bdef2b91873a found for delete {{(pid=111990) call_func /opt/stack/placement/placement/wsgi_wrapper.py:31}}
Jun 05 00:48:08.168274 n-d-844706-1 devstack@placement-api.service[111990]: INFO placement.requestlog [None req-94f24cc4-a0d2-4444-9d99-a0a9c81f9a98 service placement] 10.222.0.18 "DELETE /placement/resource_providers/758df2b9-b5f4-4932-a784-bdef2b91873a" status: 404 len: 246 microversion: 1.1
Jun 05 00:48:08.169544 n-d-844706-1 devstack@placement-api.service[111990]: [pid: 111990|app: 0|req: 459/920] 10.222.0.18 () {60 vars in 1351 bytes} [Sun Jun 5 00:48:08 2022] DELETE /placement/resource_providers/758df2b9-b5f4-4932-a784-bdef2b91873a => generated 246 bytes in 26 msecs (HTTP/1.1 404) 6 headers in 231 bytes (1 switches on core 0)
Jun 05 00:48:09.874297 n-d-844706-1 devstack@placement-api.service[111991]: DEBUG placement.requestlog [req-2abdffdf-88a9-4af0-a8a4-ffdf705b2e7c req-9f1d0395-9469-4d17-ab11-c7759140caf5 None None] Starting request: 10.222.0.18 "GET /placement/allocation_candidates?limit=1000&resources=DISK_GB%3A1%2CMEMORY_MB%3A1024%2CVCPU%3A1&root_required=%21COMPUTE_STATUS_DISABLED" {{(pid=111991) __call__ /opt/stack/placement/placement/requestlog.py:55}}
Jun 05 00:48:09.908420 n-d-844706-1 devstack@placement-api.service[111991]: DEBUG placement.objects.research_context [req-2abdffdf-88a9-4af0-a8a4-ffdf705b2e7c req-9f1d0395-9469-4d17-ab11-c7759140caf5 service placement] getting providers with 1 DISK_GB {{(pid=111991) __init__ /opt/stack/placement/placement/objects/research_context.py:136}}
Jun 05 00:48:09.914839 n-d-844706-1 devstack@placement-api.service[111991]: DEBUG placement.objects.research_context [req-2abdffdf-88a9-4af0-a8a4-ffdf705b2e7c req-9f1d0395-9469-4d17-ab11-c7759140caf5 service placement] getting providers with 1024 MEMORY_MB {{(pid=111991) __init__ /opt/stack/placement/placement/objects/research_context.py:136}}
Jun 05 00:48:09.920543 n-d-844706-1 devstack@placement-api.service[111991]: DEBUG placement.objects.research_context [req-2abdffdf-88a9-4af0-a8a4-ffdf705b2e7c req-9f1d0395-9469-4d17-ab11-c7759140caf5 service placement] getting providers with 1 VCPU {{(pid=111991) __init__ /opt/stack/placement/placement/objects/research_context.py:136}}
Jun 05 00:48:09.927117 n-d-844706-1 devstack@placement-api.service[111991]: DEBUG placement.objects.research_context [req-2abdffdf-88a9-4af0-a8a4-ffdf705b2e7c req-9f1d0395-9469-4d17-ab11-c7759140caf5 service placement] found 2 providers with available 1 DISK_GB {{(pid=111991) get_provider_ids_matching /opt/stack/placement/placement/objects/research_context.py:563}}
Jun 05 00:48:09.927768 n-d-844706-1 devstack@placement-api.service[111991]: DEBUG placement.objects.research_context [req-2abdffdf-88a9-4af0-a8a4-ffdf705b2e7c req-9f1d0395-9469-4d17-ab11-c7759140caf5 service placement] found 2 providers with available 1024 MEMORY_MB {{(pid=111991) get_provider_ids_matching /opt/stack/placement/placement/objects/research_context.py:563}}
Jun 05 00:48:09.928118 n-d-844706-1 devstack@placement-api.service[111991]: DEBUG placement.objects.research_context [req-2abdffdf-88a9-4af0-a8a4-ffdf705b2e7c req-9f1d0395-9469-4d17-ab11-c7759140caf5 service placement] found 2 providers after filtering by previous result {{(pid=111991) get_provider_ids_matching /opt/stack/placement/placement/objects/research_context.py:594}}
Jun 05 00:48:09.928381 n-d-844706-1 devstack@placement-api.service[111991]: DEBUG placement.objects.research_context [req-2abdffdf-88a9-4af0-a8a4-ffdf705b2e7c req-9f1d0395-9469-4d17-ab11-c7759140caf5 service placement] found 2 providers with available 1 VCPU {{(pid=111991) get_provider_ids_matching /opt/stack/placement/placement/objects/research_context.py:563}}
Jun 05 00:48:09.928819 n-d-844706-1 devstack@placement-api.service[111991]: DEBUG placement.objects.research_context [req-2abdffdf-88a9-4af0-a8a4-ffdf705b2e7c req-9f1d0395-9469-4d17-ab11-c7759140caf5 service placement] found 2 providers after filtering by previous result {{(pid=111991) get_provider_ids_matching /opt/stack/placement/placement/objects/research_context.py:594}}
Jun 05 00:48:09.943603 n-d-844706-1 devstack@placement-api.service[111991]: DEBUG placement.objects.allocation_candidate [req-2abdffdf-88a9-4af0-a8a4-ffdf705b2e7c req-9f1d0395-9469-4d17-ab11-c7759140caf5 service placement] RequestGroup(use_same_provider=False, resources={DISK_GB:1, MEMORY_MB:1024, VCPU:1}, traits=(), aggregates=[]) (suffix '') returned 2 matches {{(pid=111991) _get_by_requests /opt/stack/placement/placement/objects/allocation_candidate.py:156}}
Jun 05 00:48:09.943970 n-d-844706-1 devstack@placement-api.service[111991]: DEBUG placement.objects.allocation_candidate [req-2abdffdf-88a9-4af0-a8a4-ffdf705b2e7c req-9f1d0395-9469-4d17-ab11-c7759140caf5 service placement] Merging candidates yields 2 allocation requests and 2 provider summaries {{(pid=111991) _merge_candidates /opt/stack/placement/placement/objects/allocation_candidate.py:809}}
Jun 05 00:48:09.945543 n-d-844706-1 devstack@placement-api.service[111991]: INFO placement.requestlog [req-2abdffdf-88a9-4af0-a8a4-ffdf705b2e7c req-9f1d0395-9469-4d17-ab11-c7759140caf5 service placement] 10.222.0.18 "GET /placement/allocation_candidates?limit=1000&resources=DISK_GB%3A1%2CMEMORY_MB%3A1024%2CVCPU%3A1&root_required=%21COMPUTE_STATUS_DISABLED" status: 200 len: 1309 microversion: 1.36
Jun 05 00:48:09.951344 n-d-844706-1 devstack@placement-api.service[111991]: [pid: 111991|app: 0|req: 462/921] 10.222.0.18 () {60 vars in 1506 bytes} [Sun Jun 5 00:48:09 2022] GET /placement/allocation_candidates?limit=1000&resources=DISK_GB%3A1%2CMEMORY_MB%3A1024%2CVCPU%3A1&root_required=%21COMPUTE_STATUS_DISABLED => generated 1309 bytes in 78 msecs (HTTP/1.1 200) 8 headers in 297 bytes (1 switches on core 0)
Jun 05 00:48:10.024875 n-d-844706-1 devstack@placement-api.service[111990]: DEBUG placement.requestlog [req-2abdffdf-88a9-4af0-a8a4-ffdf705b2e7c req-59fd42d7-06e3-4201-a93f-e20d61151ae3 None None] Starting request: 10.222.0.18 "GET /placement/allocations/5e614b3d-1974-45da-bee5-fd930e8c17be" {{(pid=111990) __call__ /opt/stack/placement/placement/requestlog.py:55}}
Jun 05 00:48:10.041829 n-d-844706-1 devstack@placement-api.service[111990]: INFO placement.requestlog [req-2abdffdf-88a9-4af0-a8a4-ffdf705b2e7c req-59fd42d7-06e3-4201-a93f-e20d61151ae3 service placement] 10.222.0.18 "GET /placement/allocations/5e614b3d-1974-45da-bee5-fd930e8c17be" status: 200 len: 19 microversion: 1.28
Jun 05 00:48:10.042806 n-d-844706-1 devstack@placement-api.service[111990]: [pid: 111990|app: 0|req: 460/922] 10.222.0.18 () {60 vars in 1380 bytes} [Sun Jun 5 00:48:10 2022] GET /placement/allocations/5e614b3d-1974-45da-bee5-fd930e8c17be => generated 19 bytes in 18 msecs (HTTP/1.1 200) 8 headers in 295 bytes (1 switches on core 0)
Jun 05 00:48:10.050063 n-d-844706-1 devstack@placement-api.service[111991]: DEBUG placement.requestlog [req-2abdffdf-88a9-4af0-a8a4-ffdf705b2e7c req-3bcbb95b-967b-4031-9796-82b175190cd7 None None] Starting request: 10.222.0.18 "PUT /placement/allocations/5e614b3d-1974-45da-bee5-fd930e8c17be" {{(pid=111991) __call__ /opt/stack/placement/placement/requestlog.py:55}}
Jun 05 00:48:10.171612 n-d-844706-1 devstack@placement-api.service[111991]: DEBUG placement.handlers.allocation [req-2abdffdf-88a9-4af0-a8a4-ffdf705b2e7c req-3bcbb95b-967b-4031-9796-82b175190cd7 service placement] Successfully wrote allocations [, , ] {{(pid=111991) _update_consumers_and_create_allocations /opt/stack/placement/placement/handlers/allocation.py:462}}
Jun 05 00:48:10.179093 n-d-844706-1 devstack@placement-api.service[111991]: INFO placement.requestlog [req-2abdffdf-88a9-4af0-a8a4-ffdf705b2e7c req-3bcbb95b-967b-4031-9796-82b175190cd7 service placement] 10.222.0.18 "PUT /placement/allocations/5e614b3d-1974-45da-bee5-fd930e8c17be" status: 204 len: 0 microversion: 1.36
Jun 05 00:48:10.179770 n-d-844706-1 devstack@placement-api.service[111991]: [pid: 111991|app: 0|req: 463/923] 10.222.0.18 () {64 vars in 1433 bytes} [Sun Jun 5 00:48:10 2022] PUT /placement/allocations/5e614b3d-1974-45da-bee5-fd930e8c17be => generated 0 bytes in 130 msecs (HTTP/1.1 204) 5 headers in 199 bytes (1 switches on core 0)
Jun 05 00:48:10.267830 n-d-844706-1 devstack@placement-api.service[111990]: DEBUG placement.requestlog [req-43030221-cf9e-4cca-a765-8fe2f07bcbc0 req-4322451c-d515-40ed-bb1b-522adc6d56da None None] Starting request: 10.222.0.18 "GET /placement/allocation_candidates?limit=1000&resources=DISK_GB%3A1%2CMEMORY_MB%3A1024%2CVCPU%3A1&root_required=%21COMPUTE_STATUS_DISABLED" {{(pid=111990) __call__ /opt/stack/placement/placement/requestlog.py:55}}
Jun 05 00:48:10.318523 n-d-844706-1 devstack@placement-api.service[111990]: DEBUG placement.objects.research_context [req-43030221-cf9e-4cca-a765-8fe2f07bcbc0 req-4322451c-d515-40ed-bb1b-522adc6d56da service placement] getting providers with 1 DISK_GB {{(pid=111990) __init__ /opt/stack/placement/placement/objects/research_context.py:136}}
Jun 05 00:48:10.324964 n-d-844706-1 devstack@placement-api.service[111990]: DEBUG placement.objects.research_context [req-43030221-cf9e-4cca-a765-8fe2f07bcbc0 req-4322451c-d515-40ed-bb1b-522adc6d56da service placement] getting providers with 1024 MEMORY_MB {{(pid=111990) __init__ /opt/stack/placement/placement/objects/research_context.py:136}}
Jun 05 00:48:10.333774 n-d-844706-1 devstack@placement-api.service[111990]: DEBUG placement.objects.research_context [req-43030221-cf9e-4cca-a765-8fe2f07bcbc0 req-4322451c-d515-40ed-bb1b-522adc6d56da service placement] getting providers with 1 VCPU {{(pid=111990) __init__ /opt/stack/placement/placement/objects/research_context.py:136}}
Jun 05 00:48:10.342481 n-d-844706-1 devstack@placement-api.service[111990]: DEBUG placement.objects.research_context [req-43030221-cf9e-4cca-a765-8fe2f07bcbc0 req-4322451c-d515-40ed-bb1b-522adc6d56da service placement] found 2 providers with available 1 DISK_GB {{(pid=111990) get_provider_ids_matching /opt/stack/placement/placement/objects/research_context.py:563}}
Jun 05 00:48:10.342941 n-d-844706-1 devstack@placement-api.service[111990]: DEBUG placement.objects.research_context [req-43030221-cf9e-4cca-a765-8fe2f07bcbc0 req-4322451c-d515-40ed-bb1b-522adc6d56da service placement] found 2 providers with available 1024 MEMORY_MB {{(pid=111990) get_provider_ids_matching /opt/stack/placement/placement/objects/research_context.py:563}}
Jun 05 00:48:10.343248 n-d-844706-1 devstack@placement-api.service[111990]: DEBUG placement.objects.research_context [req-43030221-cf9e-4cca-a765-8fe2f07bcbc0 req-4322451c-d515-40ed-bb1b-522adc6d56da service placement] found 2 providers after filtering by previous result {{(pid=111990) get_provider_ids_matching /opt/stack/placement/placement/objects/research_context.py:594}}
Jun 05 00:48:10.343511 n-d-844706-1 devstack@placement-api.service[111990]: DEBUG placement.objects.research_context [req-43030221-cf9e-4cca-a765-8fe2f07bcbc0 req-4322451c-d515-40ed-bb1b-522adc6d56da service placement] found 2 providers with available 1 VCPU {{(pid=111990) get_provider_ids_matching /opt/stack/placement/placement/objects/research_context.py:563}}
Jun 05 00:48:10.343840 n-d-844706-1 devstack@placement-api.service[111990]: DEBUG placement.objects.research_context [req-43030221-cf9e-4cca-a765-8fe2f07bcbc0 req-4322451c-d515-40ed-bb1b-522adc6d56da service placement] found 2 providers after filtering by previous result {{(pid=111990) get_provider_ids_matching /opt/stack/placement/placement/objects/research_context.py:594}}
Jun 05 00:48:10.363890 n-d-844706-1 devstack@placement-api.service[111990]: DEBUG placement.objects.allocation_candidate [req-43030221-cf9e-4cca-a765-8fe2f07bcbc0 req-4322451c-d515-40ed-bb1b-522adc6d56da service placement] RequestGroup(use_same_provider=False, resources={DISK_GB:1, MEMORY_MB:1024, VCPU:1}, traits=(), aggregates=[]) (suffix '') returned 2 matches {{(pid=111990) _get_by_requests /opt/stack/placement/placement/objects/allocation_candidate.py:156}}
Jun 05 00:48:10.364598 n-d-844706-1 devstack@placement-api.service[111990]: DEBUG placement.objects.allocation_candidate [req-43030221-cf9e-4cca-a765-8fe2f07bcbc0 req-4322451c-d515-40ed-bb1b-522adc6d56da service placement] Merging candidates yields 2 allocation requests and 2 provider summaries {{(pid=111990) _merge_candidates /opt/stack/placement/placement/objects/allocation_candidate.py:809}}
Jun 05 00:48:10.366748 n-d-844706-1 devstack@placement-api.service[111990]: INFO placement.requestlog [req-43030221-cf9e-4cca-a765-8fe2f07bcbc0 req-4322451c-d515-40ed-bb1b-522adc6d56da service placement] 10.222.0.18 "GET /placement/allocation_candidates?limit=1000&resources=DISK_GB%3A1%2CMEMORY_MB%3A1024%2CVCPU%3A1&root_required=%21COMPUTE_STATUS_DISABLED" status: 200 len: 1309 microversion: 1.36
Jun 05 00:48:10.367666 n-d-844706-1 devstack@placement-api.service[111990]: [pid: 111990|app: 0|req: 461/924] 10.222.0.18 () {60 vars in 1506 bytes} [Sun Jun 5 00:48:10 2022] GET /placement/allocation_candidates?limit=1000&resources=DISK_GB%3A1%2CMEMORY_MB%3A1024%2CVCPU%3A1&root_required=%21COMPUTE_STATUS_DISABLED => generated 1309 bytes in 100 msecs (HTTP/1.1 200) 8 headers in 297 bytes (1 switches on core 0)
Jun 05 00:48:10.469473 n-d-844706-1 devstack@placement-api.service[111991]: DEBUG placement.requestlog [req-43030221-cf9e-4cca-a765-8fe2f07bcbc0 req-8f2eda65-55df-4323-aab8-e6ea9cac474d None None] Starting request: 10.222.0.18 "GET /placement/allocations/43f8f5c2-b89e-48a0-8b67-006f88c5c2a9" {{(pid=111991) __call__ /opt/stack/placement/placement/requestlog.py:55}}
Jun 05 00:48:10.482428 n-d-844706-1 devstack@placement-api.service[111991]: INFO placement.requestlog [req-43030221-cf9e-4cca-a765-8fe2f07bcbc0 req-8f2eda65-55df-4323-aab8-e6ea9cac474d service placement] 10.222.0.18 "GET /placement/allocations/43f8f5c2-b89e-48a0-8b67-006f88c5c2a9" status: 200 len: 19 microversion: 1.28
Jun 05 00:48:10.489038 n-d-844706-1 devstack@placement-api.service[111990]: DEBUG placement.requestlog [req-43030221-cf9e-4cca-a765-8fe2f07bcbc0 req-8bd9aab2-423a-4d9b-9abc-9f723cb18d0e None None] Starting request: 10.222.0.18 "PUT /placement/allocations/43f8f5c2-b89e-48a0-8b67-006f88c5c2a9" {{(pid=111990) __call__ /opt/stack/placement/placement/requestlog.py:55}}
Jun 05 00:48:10.492542 n-d-844706-1 devstack@placement-api.service[111991]: [pid: 111991|app: 0|req: 464/925] 10.222.0.18 () {60 vars in 1380 bytes} [Sun Jun 5 00:48:10 2022] GET /placement/allocations/43f8f5c2-b89e-48a0-8b67-006f88c5c2a9 => generated 19 bytes in 22 msecs (HTTP/1.1 200) 8 headers in 295 bytes (1 switches on core 0)
Jun 05 00:48:10.552659 n-d-844706-1 devstack@placement-api.service[111990]: DEBUG dbcounter [-] [111990] Writing DB stats placement:SELECT=84,placement:INSERT=6,placement:DELETE=8,placement:UPDATE=2 {{(pid=111990) stat_writer /usr/local/lib/python3.8/dist-packages/dbcounter.py:114}}
Jun 05 00:48:10.613760 n-d-844706-1 devstack@placement-api.service[111991]: DEBUG placement.requestlog [req-2abdffdf-88a9-4af0-a8a4-ffdf705b2e7c req-326aadae-d511-4f14-a562-ddedf4413f72 None None] Starting request: 10.222.0.15 "GET /placement/allocations/5e614b3d-1974-45da-bee5-fd930e8c17be" {{(pid=111991) __call__ /opt/stack/placement/placement/requestlog.py:55}}
Jun 05 00:48:10.635660 n-d-844706-1 devstack@placement-api.service[111991]: INFO placement.requestlog [req-2abdffdf-88a9-4af0-a8a4-ffdf705b2e7c req-326aadae-d511-4f14-a562-ddedf4413f72 service placement] 10.222.0.15 "GET /placement/allocations/5e614b3d-1974-45da-bee5-fd930e8c17be" status: 200 len: 259 microversion: 1.28
Jun 05 00:48:10.636881 n-d-844706-1 devstack@placement-api.service[111991]: [pid: 111991|app: 0|req: 465/926] 10.222.0.15 () {60 vars in 1377 bytes} [Sun Jun 5 00:48:10 2022] GET /placement/allocations/5e614b3d-1974-45da-bee5-fd930e8c17be => generated 259 bytes in 23 msecs (HTTP/1.1 200) 8 headers in 296 bytes (1 switches on core 0)
Jun 05 00:48:10.638409 n-d-844706-1 devstack@placement-api.service[111990]: DEBUG placement.handlers.allocation [req-43030221-cf9e-4cca-a765-8fe2f07bcbc0 req-8bd9aab2-423a-4d9b-9abc-9f723cb18d0e service placement] Successfully wrote allocations [, , ] {{(pid=111990) _update_consumers_and_create_allocations /opt/stack/placement/placement/handlers/allocation.py:462}}
Jun 05 00:48:10.656049 n-d-844706-1 devstack@placement-api.service[111990]: INFO placement.requestlog [req-43030221-cf9e-4cca-a765-8fe2f07bcbc0 req-8bd9aab2-423a-4d9b-9abc-9f723cb18d0e service placement] 10.222.0.18 "PUT /placement/allocations/43f8f5c2-b89e-48a0-8b67-006f88c5c2a9" status: 204 len: 0 microversion: 1.36
Jun 05 00:48:10.657215 n-d-844706-1 devstack@placement-api.service[111990]: [pid: 111990|app: 0|req: 462/927] 10.222.0.18 () {64 vars in 1433 bytes} [Sun Jun 5 00:48:10 2022] PUT /placement/allocations/43f8f5c2-b89e-48a0-8b67-006f88c5c2a9 => generated 0 bytes in 168 msecs (HTTP/1.1 204) 5 headers in 199 bytes (1 switches on core 0)
Jun 05 00:48:11.246646 n-d-844706-1 devstack@placement-api.service[111991]: DEBUG placement.requestlog [req-43030221-cf9e-4cca-a765-8fe2f07bcbc0 req-5de09a0d-895c-4174-bc09-117620fd5e06 None None] Starting request: 10.222.0.15 "GET /placement/allocations/43f8f5c2-b89e-48a0-8b67-006f88c5c2a9" {{(pid=111991) __call__ /opt/stack/placement/placement/requestlog.py:55}}
Jun 05 00:48:11.276846 n-d-844706-1 devstack@placement-api.service[111990]: DEBUG placement.requestlog [req-bf72c883-ea3f-43b1-bb45-700d3043e07e req-7faf5547-1f11-4daa-89a3-7384a48a45ae None None] Starting request: 10.222.0.15 "GET /placement/resource_providers/30d32f85-f0cb-4cc5-aa10-c96ff36d542e/allocations" {{(pid=111990) __call__ /opt/stack/placement/placement/requestlog.py:55}}
Jun 05 00:48:11.286801 n-d-844706-1 devstack@placement-api.service[111991]: INFO placement.requestlog [req-43030221-cf9e-4cca-a765-8fe2f07bcbc0 req-5de09a0d-895c-4174-bc09-117620fd5e06 service placement] 10.222.0.15 "GET /placement/allocations/43f8f5c2-b89e-48a0-8b67-006f88c5c2a9" status: 200 len: 259 microversion: 1.28
Jun 05 00:48:11.288234 n-d-844706-1 devstack@placement-api.service[111991]: [pid: 111991|app: 0|req: 466/928] 10.222.0.15 () {60 vars in 1377 bytes} [Sun Jun 5 00:48:11 2022] GET /placement/allocations/43f8f5c2-b89e-48a0-8b67-006f88c5c2a9 => generated 259 bytes in 42 msecs (HTTP/1.1 200) 8 headers in 296 bytes (1 switches on core 0)
Jun 05 00:48:11.309232 n-d-844706-1 devstack@placement-api.service[111990]: INFO placement.requestlog [req-bf72c883-ea3f-43b1-bb45-700d3043e07e req-7faf5547-1f11-4daa-89a3-7384a48a45ae service placement] 10.222.0.15 "GET /placement/resource_providers/30d32f85-f0cb-4cc5-aa10-c96ff36d542e/allocations" status: 200 len: 457 microversion: 1.0
Jun 05 00:48:11.310483 n-d-844706-1 devstack@placement-api.service[111990]: [pid: 111990|app: 0|req: 463/929] 10.222.0.15 () {58 vars in 1390 bytes} [Sun Jun 5 00:48:11 2022] GET /placement/resource_providers/30d32f85-f0cb-4cc5-aa10-c96ff36d542e/allocations => generated 457 bytes in 34 msecs (HTTP/1.1 200) 6 headers in 224 bytes (2 switches on core 0)
Jun 05 00:48:11.864723 n-d-844706-1 devstack@placement-api.service[111991]: DEBUG placement.requestlog [req-796b627f-2798-4919-a12a-66e3b77ec695 req-a8957427-9bed-4ef2-ae2a-c472c034c49f None None] Starting request: 10.222.0.18 "GET /placement/allocation_candidates?limit=1000&resources=DISK_GB%3A1%2CMEMORY_MB%3A1024%2CVCPU%3A1&root_required=%21COMPUTE_STATUS_DISABLED" {{(pid=111991) __call__ /opt/stack/placement/placement/requestlog.py:55}}
Jun 05 00:48:11.905755 n-d-844706-1 devstack@placement-api.service[111991]: DEBUG placement.objects.research_context [req-796b627f-2798-4919-a12a-66e3b77ec695 req-a8957427-9bed-4ef2-ae2a-c472c034c49f service placement] getting providers with 1 DISK_GB {{(pid=111991) __init__ /opt/stack/placement/placement/objects/research_context.py:136}}
Jun 05 00:48:11.914647 n-d-844706-1 devstack@placement-api.service[111991]: DEBUG placement.objects.research_context [req-796b627f-2798-4919-a12a-66e3b77ec695 req-a8957427-9bed-4ef2-ae2a-c472c034c49f service placement] getting providers with 1024 MEMORY_MB {{(pid=111991) __init__ /opt/stack/placement/placement/objects/research_context.py:136}}
Jun 05 00:48:11.921753 n-d-844706-1 devstack@placement-api.service[111991]: DEBUG placement.objects.research_context [req-796b627f-2798-4919-a12a-66e3b77ec695 req-a8957427-9bed-4ef2-ae2a-c472c034c49f service placement] getting providers with 1 VCPU {{(pid=111991) __init__ /opt/stack/placement/placement/objects/research_context.py:136}}
Jun 05 00:48:11.929145 n-d-844706-1 devstack@placement-api.service[111991]: DEBUG placement.objects.research_context [req-796b627f-2798-4919-a12a-66e3b77ec695 req-a8957427-9bed-4ef2-ae2a-c472c034c49f service placement] found 2 providers with available 1 DISK_GB {{(pid=111991) get_provider_ids_matching /opt/stack/placement/placement/objects/research_context.py:563}}
Jun 05 00:48:11.929419 n-d-844706-1 devstack@placement-api.service[111991]: DEBUG placement.objects.research_context [req-796b627f-2798-4919-a12a-66e3b77ec695 req-a8957427-9bed-4ef2-ae2a-c472c034c49f service placement] found 2 providers with available 1024 MEMORY_MB {{(pid=111991) get_provider_ids_matching /opt/stack/placement/placement/objects/research_context.py:563}}
Jun 05 00:48:11.929909 n-d-844706-1 devstack@placement-api.service[111991]: DEBUG placement.objects.research_context [req-796b627f-2798-4919-a12a-66e3b77ec695 req-a8957427-9bed-4ef2-ae2a-c472c034c49f service placement] found 2 providers after filtering by previous result {{(pid=111991) get_provider_ids_matching /opt/stack/placement/placement/objects/research_context.py:594}}
Jun 05 00:48:11.930976 n-d-844706-1 devstack@placement-api.service[111991]: DEBUG placement.objects.research_context [req-796b627f-2798-4919-a12a-66e3b77ec695 req-a8957427-9bed-4ef2-ae2a-c472c034c49f service placement] found 2 providers with available 1 VCPU {{(pid=111991) get_provider_ids_matching /opt/stack/placement/placement/objects/research_context.py:563}}
Jun 05 00:48:11.931462 n-d-844706-1 devstack@placement-api.service[111991]: DEBUG placement.objects.research_context [req-796b627f-2798-4919-a12a-66e3b77ec695 req-a8957427-9bed-4ef2-ae2a-c472c034c49f service placement] found 2 providers after filtering by previous result {{(pid=111991) get_provider_ids_matching /opt/stack/placement/placement/objects/research_context.py:594}}
Jun 05 00:48:11.955285 n-d-844706-1 devstack@placement-api.service[111991]: DEBUG placement.objects.allocation_candidate [req-796b627f-2798-4919-a12a-66e3b77ec695 req-a8957427-9bed-4ef2-ae2a-c472c034c49f service placement] RequestGroup(use_same_provider=False, resources={DISK_GB:1, MEMORY_MB:1024, VCPU:1}, traits=(), aggregates=[]) (suffix '') returned 2 matches {{(pid=111991) _get_by_requests /opt/stack/placement/placement/objects/allocation_candidate.py:156}}
Jun 05 00:48:11.956266 n-d-844706-1 devstack@placement-api.service[111991]: DEBUG placement.objects.allocation_candidate [req-796b627f-2798-4919-a12a-66e3b77ec695 req-a8957427-9bed-4ef2-ae2a-c472c034c49f service placement] Merging candidates yields 2 allocation requests and 2 provider summaries {{(pid=111991) _merge_candidates /opt/stack/placement/placement/objects/allocation_candidate.py:809}}
Jun 05 00:48:11.958117 n-d-844706-1 devstack@placement-api.service[111991]: INFO placement.requestlog [req-796b627f-2798-4919-a12a-66e3b77ec695 req-a8957427-9bed-4ef2-ae2a-c472c034c49f service placement] 10.222.0.18 "GET /placement/allocation_candidates?limit=1000&resources=DISK_GB%3A1%2CMEMORY_MB%3A1024%2CVCPU%3A1&root_required=%21COMPUTE_STATUS_DISABLED" status: 200 len: 1309 microversion: 1.36
Jun 05 00:48:11.958734 n-d-844706-1 devstack@placement-api.service[111991]: [pid: 111991|app: 0|req: 467/930] 10.222.0.18 () {60 vars in 1506 bytes} [Sun Jun 5 00:48:11 2022] GET /placement/allocation_candidates?limit=1000&resources=DISK_GB%3A1%2CMEMORY_MB%3A1024%2CVCPU%3A1&root_required=%21COMPUTE_STATUS_DISABLED => generated 1309 bytes in 94 msecs (HTTP/1.1 200) 8 headers in 297 bytes (1 switches on core 0)
Jun 05 00:48:12.063914 n-d-844706-1 devstack@placement-api.service[111990]: DEBUG placement.requestlog [req-796b627f-2798-4919-a12a-66e3b77ec695 req-a77b55df-7302-4298-96a6-90e444578d16 None None] Starting request: 10.222.0.18 "GET /placement/allocations/c86404f5-f101-4769-a16e-fad2323c94f9" {{(pid=111990) __call__ /opt/stack/placement/placement/requestlog.py:55}}
Jun 05 00:48:12.075739 n-d-844706-1 devstack@placement-api.service[111990]: INFO placement.requestlog [req-796b627f-2798-4919-a12a-66e3b77ec695 req-a77b55df-7302-4298-96a6-90e444578d16 service placement] 10.222.0.18 "GET /placement/allocations/c86404f5-f101-4769-a16e-fad2323c94f9" status: 200 len: 19 microversion: 1.28
Jun 05 00:48:12.081324 n-d-844706-1 devstack@placement-api.service[111990]: [pid: 111990|app: 0|req: 464/931] 10.222.0.18 () {60 vars in 1380 bytes} [Sun Jun 5 00:48:12 2022] GET /placement/allocations/c86404f5-f101-4769-a16e-fad2323c94f9 => generated 19 bytes in 18 msecs (HTTP/1.1 200) 8 headers in 295 bytes (1 switches on core 0)
Jun 05 00:48:12.084006 n-d-844706-1 devstack@placement-api.service[111991]: DEBUG placement.requestlog [req-796b627f-2798-4919-a12a-66e3b77ec695 req-bdd51f8a-c6e8-4cc2-826c-f5f678e5706c None None] Starting request: 10.222.0.18 "PUT /placement/allocations/c86404f5-f101-4769-a16e-fad2323c94f9" {{(pid=111991) __call__ /opt/stack/placement/placement/requestlog.py:55}}
Jun 05 00:48:12.197232 n-d-844706-1 devstack@placement-api.service[111991]: DEBUG placement.handlers.allocation [req-796b627f-2798-4919-a12a-66e3b77ec695 req-bdd51f8a-c6e8-4cc2-826c-f5f678e5706c service placement] Successfully wrote allocations [, , ] {{(pid=111991) _update_consumers_and_create_allocations /opt/stack/placement/placement/handlers/allocation.py:462}}
Jun 05 00:48:12.203114 n-d-844706-1 devstack@placement-api.service[111991]: INFO placement.requestlog [req-796b627f-2798-4919-a12a-66e3b77ec695 req-bdd51f8a-c6e8-4cc2-826c-f5f678e5706c service placement] 10.222.0.18 "PUT /placement/allocations/c86404f5-f101-4769-a16e-fad2323c94f9" status: 204 len: 0 microversion: 1.36
Jun 05 00:48:12.203905 n-d-844706-1 devstack@placement-api.service[111991]: [pid: 111991|app: 0|req: 468/932] 10.222.0.18 () {64 vars in 1433 bytes} [Sun Jun 5 00:48:12 2022] PUT /placement/allocations/c86404f5-f101-4769-a16e-fad2323c94f9 => generated 0 bytes in 120 msecs (HTTP/1.1 204) 5 headers in 199 bytes (1 switches on core 0)
Jun 05 00:48:12.540595 n-d-844706-1 devstack@placement-api.service[111990]: DEBUG placement.requestlog [req-796b627f-2798-4919-a12a-66e3b77ec695 req-de1c31bd-0f04-45a0-96e0-8784e623c4f0 None None] Starting request: 10.222.0.15 "GET /placement/allocations/c86404f5-f101-4769-a16e-fad2323c94f9" {{(pid=111990) __call__ /opt/stack/placement/placement/requestlog.py:55}}
Jun 05 00:48:12.567485 n-d-844706-1 devstack@placement-api.service[111990]: INFO placement.requestlog [req-796b627f-2798-4919-a12a-66e3b77ec695 req-de1c31bd-0f04-45a0-96e0-8784e623c4f0 service placement] 10.222.0.15 "GET /placement/allocations/c86404f5-f101-4769-a16e-fad2323c94f9" status: 200 len: 259 microversion: 1.28
Jun 05 00:48:12.569225 n-d-844706-1 devstack@placement-api.service[111990]: [pid: 111990|app: 0|req: 465/933] 10.222.0.15 () {60 vars in 1377 bytes} [Sun Jun 5 00:48:12 2022] GET /placement/allocations/c86404f5-f101-4769-a16e-fad2323c94f9 => generated 259 bytes in 29 msecs (HTTP/1.1 200) 8 headers in 296 bytes (1 switches on core 0)
Jun 05 00:48:14.101753 n-d-844706-1 devstack@placement-api.service[111991]: DEBUG placement.requestlog [req-b0347a43-55a3-4aa8-baf0-377dcc0788f9 req-278b929a-759a-49c6-b812-8c097b3a0938 None None] Starting request: 10.222.0.24 "DELETE /placement/allocations/85d03def-b7d0-4b6f-b64f-3ce43f61d35b" {{(pid=111991) __call__ /opt/stack/placement/placement/requestlog.py:55}}
Jun 05 00:48:14.170352 n-d-844706-1 devstack@placement-api.service[111991]: DEBUG placement.handlers.allocation [req-b0347a43-55a3-4aa8-baf0-377dcc0788f9 req-278b929a-759a-49c6-b812-8c097b3a0938 service placement] Successfully deleted allocations [, , ] {{(pid=111991) delete_allocations /opt/stack/placement/placement/handlers/allocation.py:627}}
Jun 05 00:48:14.171150 n-d-844706-1 devstack@placement-api.service[111991]: INFO placement.requestlog [req-b0347a43-55a3-4aa8-baf0-377dcc0788f9 req-278b929a-759a-49c6-b812-8c097b3a0938 service placement] 10.222.0.24 "DELETE /placement/allocations/85d03def-b7d0-4b6f-b64f-3ce43f61d35b" status: 204 len: 0 microversion: 1.0
Jun 05 00:48:14.172079 n-d-844706-1 devstack@placement-api.service[111991]: [pid: 111991|app: 0|req: 469/934] 10.222.0.24 () {60 vars in 1355 bytes} [Sun Jun 5 00:48:14 2022] DELETE /placement/allocations/85d03def-b7d0-4b6f-b64f-3ce43f61d35b => generated 0 bytes in 70 msecs (HTTP/1.1 204) 5 headers in 198 bytes (1 switches on core 0)
Jun 05 00:48:15.412739 n-d-844706-1 devstack@placement-api.service[111990]: DEBUG placement.requestlog [None req-daf593a0-b092-448e-b127-4db03185c65e None None] Starting request: 10.222.0.18 "GET /placement/resource_providers/2958628b-6727-4d0c-8b6f-8d01748a27ca/aggregates" {{(pid=111990) __call__ /opt/stack/placement/placement/requestlog.py:55}}
Jun 05 00:48:15.423085 n-d-844706-1 devstack@placement-api.service[111990]: INFO placement.requestlog [None req-daf593a0-b092-448e-b127-4db03185c65e service placement] 10.222.0.18 "GET /placement/resource_providers/2958628b-6727-4d0c-8b6f-8d01748a27ca/aggregates" status: 404 len: 235 microversion: 1.1
Jun 05 00:48:15.423691 n-d-844706-1 devstack@placement-api.service[111990]: [pid: 111990|app: 0|req: 466/935] 10.222.0.18 () {58 vars in 1362 bytes} [Sun Jun 5 00:48:15 2022] GET /placement/resource_providers/2958628b-6727-4d0c-8b6f-8d01748a27ca/aggregates => generated 235 bytes in 11 msecs (HTTP/1.1 404) 5 headers in 202 bytes (1 switches on core 0)
Jun 05 00:48:15.463472 n-d-844706-1 devstack@placement-api.service[111991]: DEBUG placement.requestlog [None req-81c28fbf-9a63-4008-903d-df0e2c91b8f9 None None] Starting request: 10.222.0.18 "DELETE /placement/resource_providers/2958628b-6727-4d0c-8b6f-8d01748a27ca" {{(pid=111991) __call__ /opt/stack/placement/placement/requestlog.py:55}}
Jun 05 00:48:15.476782 n-d-844706-1 devstack@placement-api.service[111991]: DEBUG placement.wsgi_wrapper [None req-81c28fbf-9a63-4008-903d-df0e2c91b8f9 service placement] Placement API returning an error response: No resource provider with uuid 2958628b-6727-4d0c-8b6f-8d01748a27ca found for delete {{(pid=111991) call_func /opt/stack/placement/placement/wsgi_wrapper.py:31}}
Jun 05 00:48:15.477535 n-d-844706-1 devstack@placement-api.service[111991]: INFO placement.requestlog [None req-81c28fbf-9a63-4008-903d-df0e2c91b8f9 service placement] 10.222.0.18 "DELETE /placement/resource_providers/2958628b-6727-4d0c-8b6f-8d01748a27ca" status: 404 len: 246 microversion: 1.1
Jun 05 00:48:15.478255 n-d-844706-1 devstack@placement-api.service[111991]: [pid: 111991|app: 0|req: 470/936] 10.222.0.18 () {60 vars in 1351 bytes} [Sun Jun 5 00:48:15 2022] DELETE /placement/resource_providers/2958628b-6727-4d0c-8b6f-8d01748a27ca => generated 246 bytes in 15 msecs (HTTP/1.1 404) 6 headers in 231 bytes (2 switches on core 0)
Jun 05 00:48:15.972827 n-d-844706-1 devstack@placement-api.service[111990]: DEBUG placement.requestlog [req-1ae14b4c-dd8f-46ff-b320-205cc7031461 req-5781fc3a-d34d-444d-9be5-692e10712a0a None None] Starting request: 10.222.0.24 "GET /placement/resource_providers/2fee38b4-9637-4cf8-b4bb-e8200570029c/allocations" {{(pid=111990) __call__ /opt/stack/placement/placement/requestlog.py:55}}
Jun 05 00:48:16.004408 n-d-844706-1 devstack@placement-api.service[111990]: INFO placement.requestlog [req-1ae14b4c-dd8f-46ff-b320-205cc7031461 req-5781fc3a-d34d-444d-9be5-692e10712a0a service placement] 10.222.0.24 "GET /placement/resource_providers/2fee38b4-9637-4cf8-b4bb-e8200570029c/allocations" status: 200 len: 356 microversion: 1.0
Jun 05 00:48:16.005186 n-d-844706-1 devstack@placement-api.service[111990]: [pid: 111990|app: 0|req: 467/937] 10.222.0.24 () {58 vars in 1390 bytes} [Sun Jun 5 00:48:15 2022] GET /placement/resource_providers/2fee38b4-9637-4cf8-b4bb-e8200570029c/allocations => generated 356 bytes in 33 msecs (HTTP/1.1 200) 6 headers in 224 bytes (1 switches on core 0)
Jun 05 00:48:23.138458 n-d-844706-1 devstack@placement-api.service[111991]: DEBUG placement.requestlog [req-692dfc64-9fc2-47f5-944a-59191c3f7544 req-2ad80ea7-9677-48d9-b675-715691a01f35 None None] Starting request: 10.222.0.18 "GET /placement/allocation_candidates?limit=1000&resources=DISK_GB%3A1%2CMEMORY_MB%3A1024%2CVCPU%3A1&root_required=%21COMPUTE_STATUS_DISABLED" {{(pid=111991) __call__ /opt/stack/placement/placement/requestlog.py:55}}
Jun 05 00:48:23.442218 n-d-844706-1 devstack@placement-api.service[111991]: DEBUG placement.objects.research_context [req-692dfc64-9fc2-47f5-944a-59191c3f7544 req-2ad80ea7-9677-48d9-b675-715691a01f35 service placement] getting providers with 1 DISK_GB {{(pid=111991) __init__ /opt/stack/placement/placement/objects/research_context.py:136}}
Jun 05 00:48:23.449601 n-d-844706-1 devstack@placement-api.service[111991]: DEBUG placement.objects.research_context [req-692dfc64-9fc2-47f5-944a-59191c3f7544 req-2ad80ea7-9677-48d9-b675-715691a01f35 service placement] getting providers with 1024 MEMORY_MB {{(pid=111991) __init__ /opt/stack/placement/placement/objects/research_context.py:136}}
Jun 05 00:48:23.455979 n-d-844706-1 devstack@placement-api.service[111991]: DEBUG placement.objects.research_context [req-692dfc64-9fc2-47f5-944a-59191c3f7544 req-2ad80ea7-9677-48d9-b675-715691a01f35 service placement] getting providers with 1 VCPU {{(pid=111991) __init__ /opt/stack/placement/placement/objects/research_context.py:136}}
Jun 05 00:48:23.466619 n-d-844706-1 devstack@placement-api.service[111991]: DEBUG dbcounter [-] [111991] Writing DB stats placement:SELECT=80,placement:INSERT=10,placement:DELETE=6,placement:UPDATE=4 {{(pid=111991) stat_writer /usr/local/lib/python3.8/dist-packages/dbcounter.py:114}}
Jun 05 00:48:23.469970 n-d-844706-1 devstack@placement-api.service[111991]: DEBUG placement.objects.research_context [req-692dfc64-9fc2-47f5-944a-59191c3f7544 req-2ad80ea7-9677-48d9-b675-715691a01f35 service placement] found 2 providers with available 1 DISK_GB {{(pid=111991) get_provider_ids_matching /opt/stack/placement/placement/objects/research_context.py:563}}
Jun 05 00:48:23.470534 n-d-844706-1 devstack@placement-api.service[111991]: DEBUG placement.objects.research_context [req-692dfc64-9fc2-47f5-944a-59191c3f7544 req-2ad80ea7-9677-48d9-b675-715691a01f35 service placement] found 2 providers with available 1024 MEMORY_MB {{(pid=111991) get_provider_ids_matching /opt/stack/placement/placement/objects/research_context.py:563}}
Jun 05 00:48:23.471698 n-d-844706-1 devstack@placement-api.service[111991]: DEBUG placement.objects.research_context [req-692dfc64-9fc2-47f5-944a-59191c3f7544 req-2ad80ea7-9677-48d9-b675-715691a01f35 service placement] found 2 providers after filtering by previous result {{(pid=111991) get_provider_ids_matching /opt/stack/placement/placement/objects/research_context.py:594}}
Jun 05 00:48:23.476224 n-d-844706-1 devstack@placement-api.service[111991]: DEBUG placement.objects.research_context [req-692dfc64-9fc2-47f5-944a-59191c3f7544 req-2ad80ea7-9677-48d9-b675-715691a01f35 service placement] found 2 providers with available 1 VCPU {{(pid=111991) get_provider_ids_matching /opt/stack/placement/placement/objects/research_context.py:563}}
Jun 05 00:48:23.485079 n-d-844706-1 devstack@placement-api.service[111991]: DEBUG placement.objects.research_context [req-692dfc64-9fc2-47f5-944a-59191c3f7544 req-2ad80ea7-9677-48d9-b675-715691a01f35 service placement] found 2 providers after filtering by previous result {{(pid=111991) get_provider_ids_matching /opt/stack/placement/placement/objects/research_context.py:594}}
Jun 05 00:48:23.512311 n-d-844706-1 devstack@placement-api.service[111991]: DEBUG placement.objects.allocation_candidate [req-692dfc64-9fc2-47f5-944a-59191c3f7544 req-2ad80ea7-9677-48d9-b675-715691a01f35 service placement] RequestGroup(use_same_provider=False, resources={DISK_GB:1, MEMORY_MB:1024, VCPU:1}, traits=(), aggregates=[]) (suffix '') returned 2 matches {{(pid=111991) _get_by_requests /opt/stack/placement/placement/objects/allocation_candidate.py:156}}
Jun 05 00:48:23.512686 n-d-844706-1 devstack@placement-api.service[111991]: DEBUG placement.objects.allocation_candidate [req-692dfc64-9fc2-47f5-944a-59191c3f7544 req-2ad80ea7-9677-48d9-b675-715691a01f35 service placement] Merging candidates yields 2 allocation requests and 2 provider summaries {{(pid=111991) _merge_candidates /opt/stack/placement/placement/objects/allocation_candidate.py:809}}
Jun 05 00:48:23.517207 n-d-844706-1 devstack@placement-api.service[111991]: INFO placement.requestlog [req-692dfc64-9fc2-47f5-944a-59191c3f7544 req-2ad80ea7-9677-48d9-b675-715691a01f35 service placement] 10.222.0.18 "GET /placement/allocation_candidates?limit=1000&resources=DISK_GB%3A1%2CMEMORY_MB%3A1024%2CVCPU%3A1&root_required=%21COMPUTE_STATUS_DISABLED" status: 200 len: 1309 microversion: 1.36
Jun 05 00:48:23.517588 n-d-844706-1 devstack@placement-api.service[111991]: [pid: 111991|app: 0|req: 471/938] 10.222.0.18 () {60 vars in 1506 bytes} [Sun Jun 5 00:48:23 2022] GET /placement/allocation_candidates?limit=1000&resources=DISK_GB%3A1%2CMEMORY_MB%3A1024%2CVCPU%3A1&root_required=%21COMPUTE_STATUS_DISABLED => generated 1309 bytes in 379 msecs (HTTP/1.1 200) 8 headers in 297 bytes (1 switches on core 0)
Jun 05 00:48:23.626145 n-d-844706-1 devstack@placement-api.service[111990]: DEBUG placement.requestlog [req-692dfc64-9fc2-47f5-944a-59191c3f7544 req-8a31b1d6-73c5-4371-a34d-5664cac3e232 None None] Starting request: 10.222.0.18 "GET /placement/allocations/80f88c00-f4fa-42fb-b3d9-117d4959a8b1" {{(pid=111990) __call__ /opt/stack/placement/placement/requestlog.py:55}}
Jun 05 00:48:23.642129 n-d-844706-1 devstack@placement-api.service[111990]: INFO placement.requestlog [req-692dfc64-9fc2-47f5-944a-59191c3f7544 req-8a31b1d6-73c5-4371-a34d-5664cac3e232 service placement] 10.222.0.18 "GET /placement/allocations/80f88c00-f4fa-42fb-b3d9-117d4959a8b1" status: 200 len: 19 microversion: 1.28
Jun 05 00:48:23.649074 n-d-844706-1 devstack@placement-api.service[111990]: [pid: 111990|app: 0|req: 468/939] 10.222.0.18 () {60 vars in 1380 bytes} [Sun Jun 5 00:48:23 2022] GET /placement/allocations/80f88c00-f4fa-42fb-b3d9-117d4959a8b1 => generated 19 bytes in 23 msecs (HTTP/1.1 200) 8 headers in 295 bytes (1 switches on core 0)
Jun 05 00:48:23.650806 n-d-844706-1 devstack@placement-api.service[111991]: DEBUG placement.requestlog [req-692dfc64-9fc2-47f5-944a-59191c3f7544 req-a21e252b-b3a5-4748-bb12-082625ba4371 None None] Starting request: 10.222.0.18 "PUT /placement/allocations/80f88c00-f4fa-42fb-b3d9-117d4959a8b1" {{(pid=111991) __call__ /opt/stack/placement/placement/requestlog.py:55}}
Jun 05 00:48:23.762134 n-d-844706-1 devstack@placement-api.service[111991]: DEBUG placement.handlers.allocation [req-692dfc64-9fc2-47f5-944a-59191c3f7544 req-a21e252b-b3a5-4748-bb12-082625ba4371 service placement] Successfully wrote allocations [, , ] {{(pid=111991) _update_consumers_and_create_allocations /opt/stack/placement/placement/handlers/allocation.py:462}}
Jun 05 00:48:23.770035 n-d-844706-1 devstack@placement-api.service[111991]: INFO placement.requestlog [req-692dfc64-9fc2-47f5-944a-59191c3f7544 req-a21e252b-b3a5-4748-bb12-082625ba4371 service placement] 10.222.0.18 "PUT /placement/allocations/80f88c00-f4fa-42fb-b3d9-117d4959a8b1" status: 204 len: 0 microversion: 1.36
Jun 05 00:48:23.770956 n-d-844706-1 devstack@placement-api.service[111991]: [pid: 111991|app: 0|req: 472/940] 10.222.0.18 () {64 vars in 1433 bytes} [Sun Jun 5 00:48:23 2022] PUT /placement/allocations/80f88c00-f4fa-42fb-b3d9-117d4959a8b1 => generated 0 bytes in 120 msecs (HTTP/1.1 204) 5 headers in 199 bytes (1 switches on core 0)
Jun 05 00:48:24.179963 n-d-844706-1 devstack@placement-api.service[111990]: DEBUG placement.requestlog [req-692dfc64-9fc2-47f5-944a-59191c3f7544 req-c8dfb5c1-fbeb-4f04-8e5a-bbc0bd4847b6 None None] Starting request: 10.222.0.24 "GET /placement/allocations/80f88c00-f4fa-42fb-b3d9-117d4959a8b1" {{(pid=111990) __call__ /opt/stack/placement/placement/requestlog.py:55}}
Jun 05 00:48:24.213049 n-d-844706-1 devstack@placement-api.service[111990]: INFO placement.requestlog [req-692dfc64-9fc2-47f5-944a-59191c3f7544 req-c8dfb5c1-fbeb-4f04-8e5a-bbc0bd4847b6 service placement] 10.222.0.24 "GET /placement/allocations/80f88c00-f4fa-42fb-b3d9-117d4959a8b1" status: 200 len: 259 microversion: 1.28
