Jun 05 00:16:43.976849 n-d-844706-1 devstack@placement-api.service[111991]: : pkg_resources.extern.packaging.version.InvalidVersion: Invalid version: '0.23ubuntu1'
Jun 05 00:16:43.977125 n-d-844706-1 devstack@placement-api.service[111990]: WARNING py.warnings [-] /usr/local/lib/python3.8/dist-packages/pkg_resources/__init__.py:123: PkgResourcesDeprecationWarning: 0.1.36ubuntu1 is an invalid version and will not be supported in a future release
Jun 05 00:16:43.977125 n-d-844706-1 devstack@placement-api.service[111990]: warnings.warn(
Jun 05 00:16:43.977125 n-d-844706-1 devstack@placement-api.service[111990]: : pkg_resources.extern.packaging.version.InvalidVersion: Invalid version: '0.1.36ubuntu1'
Jun 05 00:16:43.977498 n-d-844706-1 devstack@placement-api.service[111991]: WARNING py.warnings [-] /usr/local/lib/python3.8/dist-packages/pkg_resources/__init__.py:123: PkgResourcesDeprecationWarning: 0.1.36ubuntu1 is an invalid version and will not be supported in a future release
Jun 05 00:16:43.977498 n-d-844706-1 devstack@placement-api.service[111991]: warnings.warn(
Jun 05 00:16:43.977498 n-d-844706-1 devstack@placement-api.service[111991]: : pkg_resources.extern.packaging.version.InvalidVersion: Invalid version: '0.1.36ubuntu1'
Jun 05 00:16:43.979659 n-d-844706-1 devstack@placement-api.service[111990]: WARNING keystonemiddleware.auth_token [-] Configuring www_authenticate_uri to point to the public identity endpoint is required; clients may not be able to authenticate against an admin endpoint
Jun 05 00:16:43.980182 n-d-844706-1 devstack@placement-api.service[111991]: WARNING keystonemiddleware.auth_token [-] Configuring www_authenticate_uri to point to the public identity endpoint is required; clients may not be able to authenticate against an admin endpoint
Jun 05 00:16:43.987128 n-d-844706-1 devstack@placement-api.service[111990]: DEBUG oslo_concurrency.lockutils [-] Acquired lock "trait_sync" {{(pid=111990) lock /usr/local/lib/python3.8/dist-packages/oslo_concurrency/lockutils.py:294}}
Jun 05 00:16:43.987457 n-d-844706-1 devstack@placement-api.service[111991]: DEBUG oslo_concurrency.lockutils [-] Acquired lock "trait_sync" {{(pid=111991) lock /usr/local/lib/python3.8/dist-packages/oslo_concurrency/lockutils.py:294}}
Jun 05 00:16:44.044438 n-d-844706-1 devstack@placement-api.service[111990]: INFO dbcounter [-] Registered counter for database placement
Jun 05 00:16:44.045095 n-d-844706-1 devstack@placement-api.service[111991]: INFO dbcounter [-] Registered counter for database placement
Jun 05 00:16:44.078436 n-d-844706-1 devstack@placement-api.service[111990]: DEBUG oslo_db.sqlalchemy.engines [-] MySQL server mode set to STRICT_TRANS_TABLES,STRICT_ALL_TABLES,NO_ZERO_IN_DATE,NO_ZERO_DATE,ERROR_FOR_DIVISION_BY_ZERO,TRADITIONAL,NO_ENGINE_SUBSTITUTION {{(pid=111990) _check_effective_sql_mode /usr/local/lib/python3.8/dist-packages/oslo_db/sqlalchemy/engines.py:314}}
Jun 05 00:16:44.082531 n-d-844706-1 devstack@placement-api.service[111991]: DEBUG oslo_db.sqlalchemy.engines [-] MySQL server mode set to STRICT_TRANS_TABLES,STRICT_ALL_TABLES,NO_ZERO_IN_DATE,NO_ZERO_DATE,ERROR_FOR_DIVISION_BY_ZERO,TRADITIONAL,NO_ENGINE_SUBSTITUTION {{(pid=111991) _check_effective_sql_mode /usr/local/lib/python3.8/dist-packages/oslo_db/sqlalchemy/engines.py:314}}
Jun 05 00:16:44.085498 n-d-844706-1 devstack@placement-api.service[111990]: DEBUG dbcounter [-] [111990] Writer thread running {{(pid=111990) stat_writer /usr/local/lib/python3.8/dist-packages/dbcounter.py:99}}
Jun 05 00:16:44.089087 n-d-844706-1 devstack@placement-api.service[111991]: DEBUG dbcounter [-] [111991] Writer thread running {{(pid=111991) stat_writer /usr/local/lib/python3.8/dist-packages/dbcounter.py:99}}
Jun 05 00:16:44.118838 n-d-844706-1 devstack@placement-api.service[111990]: DEBUG placement.objects.trait [-] Synced traits from os_traits into API DB: {'HW_ARCH_X86_64', 'HW_NIC_OFFLOAD_GRE', 'COMPUTE_STORAGE_BUS_USB', 'COMPUTE_IMAGE_TYPE_ARI', 'HW_NIC_OFFLOAD_LSO', 'HW_NIC_OFFLOAD_SG', 'HW_GPU_CUDA_COMPUTE_CAPABILITY_V1_3', 'HW_CPU_PPC64LE_POWER8', 'COMPUTE_NET_VIF_MODEL_E1000', 'COMPUTE_EPHEMERAL_ENCRYPTION_LUKSV2', 'COMPUTE_NODE', 'HW_NIC_SRIOV_QOS_TX', 'HW_GPU_RESOLUTION_W1280H768', 'HW_ARCH_XTENSA', 'HW_GPU_RESOLUTION_W1600H1200', 'HW_GPU_MAX_DISPLAY_HEADS_2', 'COMPUTE_IMAGE_TYPE_AMI', 'COMPUTE_SECURITY_TPM_2_0', 'HW_NIC_SRIOV_QOS_RX', 'COMPUTE_ARCH_X86_64', 'HW_GPU_API_OPENGL_V3_0', 'HW_CPU_X86_INTEL_PCID', 'HW_CPU_X86_AVX512ER', 'HW_GPU_RESOLUTION_W1280H720', 'HW_GPU_RESOLUTION_W2560H1600', 'HW_CPU_X86_PDPE1GB', 'HW_NIC_OFFLOAD_SCS', 'HW_ARCH_IA64', 'HW_CPU_X86_ASF', 'HW_CPU_X86_AMD_IBPB', 'COMPUTE_GRAPHICS_MODEL_VIRTIO', 'HW_CPU_X86_AVX512CD', 'COMPUTE_FIRMWARE_BIOS', 'COMPUTE_STORAGE_BUS_XEN', 'HW_GPU_API_VULKAN', 'HW_CPU_AARCH64_CRC32', 'COMPUTE_GRAPHICS_MODEL_QXL', 'HW_GPU_RESOLUTION_W1920H1080', 'HW_CPU_X86_AMD_SEV', 'HW_CPU_X86_TSX', 'HW_GPU_API_DIRECT3D_V8_0', 'COMPUTE_NET_VIF_MODEL_SPAPR_VLAN', 'HW_CPU_X86_AMD_SSBD', 'HW_CPU_X86_AESNI', 'HW_GPU_API_OPENGL_V4_1', 'HW_NIC_SRIOV_MULTIQUEUE', 'HW_CPU_X86_AMD_VIRT_SSBD', 'HW_GPU_MAX_DISPLAY_HEADS_6', 'COMPUTE_STATUS_DISABLED', 'HW_ARCH_PPCLE', 'HW_CPU_X86_MPX', 'HW_ARCH_LM32', 'HW_CPU_AARCH64_FCMA', 'HW_GPU_API_OPENCL_V1_1', 'STORAGE_DISK_HDD', 'HW_NIC_ACCEL_DIFFIEH', 'HW_GPU_API_OPENGL_V4_4', 'HW_CPU_X86_INTEL_VMX', 'HW_GPU_API_OPENCL_V2_0', 'HW_GPU_CUDA_SDK_V7_5', 'COMPUTE_ARCH_PPC64LE', 'HW_GPU_CUDA_COMPUTE_CAPABILITY_V5_3', 'HW_CPU_AARCH64_SHA2', 'HW_GPU_API_OPENGL_V4_3', 'HW_NIC_OFFLOAD_LRO', 'COMPUTE_ACCELERATORS', 'HW_CPU_X86_FMA3', 'COMPUTE_NET_VIF_MODEL_LAN9118', 'COMPUTE_TRUSTED_CERTS', 'HW_GPU_API_OPENGL_V1_1', 'COMPUTE_GRAPHICS_MODEL_VGA', 'COMPUTE_STORAGE_BUS_SATA', 'HW_GPU_API_OPENGL_V3_1', 'HW_NIC_OFFLOAD_TX', 'HW_ARCH_UNICORE32', 'HW_GPU_API_DIRECT3D_V6_0', 'HW_GPU_API_DIRECT3D_V9_0L', 'HW_CPU_AARCH64_FP', 'HW_GPU_RESOLUTION_W1280H1024', 'HW_GPU_API_DIRECT3D_V9_0C', 'HW_GPU_RESOLUTION_W800H600', 'HW_ARCH_MIPS', 'HW_CPU_X86_AVX512PF', 'HW_GPU_API_DIRECT3D_V11_1', 'COMPUTE_SECURITY_TPM_1_2', 'COMPUTE_VOLUME_MULTI_ATTACH', 'HW_NIC_DCB_QCN', 'HW_CPU_X86_MMX', 'HW_NIC_ACCEL_TLS', 'HW_GPU_API_OPENGL_V3_3', 'COMPUTE_GRAPHICS_MODEL_CIRRUS', 'HW_CPU_X86_AVX512BW', 'COMPUTE_NET_VIF_MODEL_VMXNET', 'COMPUTE_IMAGE_TYPE_VDI', 'HW_GPU_API_DIRECT3D_V10_1', 'HW_NIC_OFFLOAD_RXVLAN', 'HW_GPU_RESOLUTION_W1680H1050', 'COMPUTE_GRAPHICS_MODEL_XEN', 'HW_ARCH_MIPS64EL', 'HW_ARCH_ARMV6', 'HW_GPU_RESOLUTION_W1280H800', 'HW_GPU_RESOLUTION_W1024H768', 'HW_CPU_AARCH64_SHA1', 'HW_GPU_API_OPENGL_V1_2', 'HW_GPU_API_DIRECT3D_V9_0B', 'HW_GPU_API_OPENGL_V1_5', 'HW_GPU_API_OPENGL_V3_2', 'HW_GPU_API_OPENCL_V2_1', 'HW_GPU_RESOLUTION_W1024H600', 'COMPUTE_REMOTE_MANAGED_PORTS', 'COMPUTE_IMAGE_TYPE_ISO', 'HW_ARCH_S390X', 'HW_CPU_X86_AVX512GFNI', 'HW_CPU_X86_AVX512VPOPCNTDQ', 'HW_CPU_X86_SSE', 'HW_GPU_CUDA_COMPUTE_CAPABILITY_V3_5', 'COMPUTE_EPHEMERAL_ENCRYPTION_LUKS', 'COMPUTE_VOLUME_ATTACH_WITH_TAG', 'HW_CPU_AARCH64_SHA512', 'HW_NIC_PROGRAMMABLE_PIPELINE', 'HW_CPU_X86_AVX512VPCLMULQDQ', 'HW_CPU_AARCH64_ATOMICS', 'COMPUTE_NET_VIF_MODEL_SRIOV', 'HW_NIC_OFFLOAD_UCS', 'HW_ARCH_PARISC', 'HW_NIC_OFFLOAD_TXUDP', 'HW_ARCH_S390', 'HW_CPU_X86_INTEL_MD_CLEAR', 'HW_GPU_CUDA_SDK_V8_0', 'HW_CPU_X86_AVX512BITALG', 'COMPUTE_GRAPHICS_MODEL_BOCHS', 'HW_GPU_CUDA_COMPUTE_CAPABILITY_V2_0', 'COMPUTE_NET_VIF_MODEL_VMXNET3', 'COMPUTE_MIGRATE_AUTO_CONVERGE', 'HW_NUMA_ROOT', 'COMPUTE_GRAPHICS_MODEL_NONE', 'HW_ARCH_PARISC64', 'HW_CPU_X86_SVM', 'HW_GPU_CUDA_COMPUTE_CAPABILITY_V7_1', 'COMPUTE_VOLUME_EXTEND', 'HW_CPU_X86_INTEL_SSBD', 'HW_CPU_X86_F16C', 'HW_GPU_RESOLUTION_W1440H900', 'COMPUTE_SAME_HOST_COLD_MIGRATE', 'COMPUTE_NET_ATTACH_INTERFACE', 'COMPUTE_IMAGE_TYPE_PLOOP', 'HW_NIC_DCB_PFC', 'HW_GPU_RESOLUTION_W1360H768', 'HW_NIC_OFFLOAD_TXVLAN', 'HW_GPU_MAX_DISPLAY_HEADS_8', 'HW_ARCH_CRIS', 'COMPUTE_MIGRATE_POST_COPY', 'HW_NIC_MULTIQUEUE', 'HW_CPU_AARCH64_ASIMD', 'HW_CPU_X86_SHA', 'COMPUTE_STORAGE_BUS_LXC', 'HW_GPU_API_DIRECTX_V10', 'COMPUTE_NET_VIF_MODEL_NE2K_PCI', 'HW_GPU_API_DXVA', 'HW_ARCH_I686', 'HW_CPU_AARCH64_ASIMDHP', 'COMPUTE_ARCH_AARCH64', 'HW_CPU_AARCH64_FPHP', 'HW_CPU_X86_STIBP', 'HW_CPU_X86_AVX2', 'HW_GPU_API_OPENGL_V2_0', 'HW_CPU_X86_BMI', 'HW_NIC_ACCEL_SSL', 'HW_NIC_SRIOV_TRUSTED', 'HW_ARCH_MIPS64', 'HW_CPU_X86_SSE4A', 'HW_CPU_X86_CLMUL', 'HW_CPU_X86_AVX512F', 'HW_GPU_CUDA_SDK_V9_2', 'HW_ARCH_PPC64LE', 'HW_CPU_X86_SSE2', 'HW_NIC_OFFLOAD_FDF', 'HW_NIC_OFFLOAD_QINQ', 'HW_NIC_ACCEL_DEFLATE', 'HW_ARCH_M68K', 'HW_CPU_X86_SSE42', 'COMPUTE_IMAGE_TYPE_VHD', 'HW_GPU_API_DIRECT3D_V11_3', 'HW_GPU_API_DIRECTX_V11', 'COMPUTE_NET_ATTACH_INTERFACE_WITH_TAG', 'HW_GPU_RESOLUTION_W320H240', 'COMPUTE_VOLUME_ATTACH', 'HW_GPU_CUDA_COMPUTE_CAPABILITY_V3_2', 'HW_NIC_OFFLOAD_RX', 'HW_ARCH_PPC64', 'HW_CPU_X86_3DNOW', 'COMPUTE_NET_VIF_MODEL_PCNET', 'HW_GPU_API_DIRECT3D_V9_0', 'HW_GPU_API_DIRECT3D_V11_2', 'COMPUTE_IMAGE_TYPE_QCOW2', 'HW_CPU_AARCH64_SM3', 'HW_ARCH_PPC', 'COMPUTE_STORAGE_BUS_FDC', 'HW_CPU_X86_AMD_NO_SSB', 'HW_GPU_RESOLUTION_W7680H4320', 'HW_NIC_ACCEL_RSA', 'COMPUTE_IMAGE_TYPE_VMDK', 'HW_CPU_X86_TBM', 'COMPUTE_NET_VIF_MODEL_NETFRONT', 'HW_GPU_RESOLUTION_W640H480', 'HW_CPU_X86_FMA4', 'HW_CPU_AARCH64_SVE', 'HW_GPU_CUDA_COMPUTE_CAPABILITY_V3_0', 'HW_CPU_X86_AVX512VL', 'HW_ARCH_ARMV7', 'HW_GPU_API_DIRECT2D', 'HW_CPU_X86_AVX', 'COMPUTE_IMAGE_TYPE_VHDX', 'HW_GPU_CUDA_COMPUTE_CAPABILITY_V6_2', 'HW_ARCH_ARMV7B', 'HW_GPU_API_OPENCL_V2_2', 'HW_ARCH_MICROBLAZEEL', 'HW_CPU_AARCH64_SHA3', 'HW_GPU_CUDA_COMPUTE_CAPABILITY_V1_0', 'HW_GPU_CUDA_SDK_V9_1', 'HW_CPU_X86_AVX512VAES', 'HW_CPU_AARCH64_DCPOP', 'HW_NIC_VMDQ', 'HW_NIC_OFFLOAD_GRO', 'HW_CPU_X86_AMD_SVM', 'HW_GPU_API_OPENCL_V1_0', 'HW_GPU_API_OPENCL_V1_2', 'HW_GPU_CUDA_SDK_V6_5', 'HW_CPU_X86_SSSE3', 'HW_GPU_RESOLUTION_W1366H768', 'HW_CPU_PPC64LE_POWER9', 'HW_ARCH_MICROBLAZE', 'HW_GPU_CUDA_COMPUTE_CAPABILITY_V1_1', 'HW_GPU_RESOLUTION_W2560H1440', 'HW_GPU_API_OPENGL_V4_0', 'HW_GPU_API_DIRECTX_V12', 'COMPUTE_NET_VIF_MODEL_RTL8139', 'HW_GPU_RESOLUTION_W3840H2160', 'HW_CPU_X86_INTEL_SPEC_CTRL', 'HW_GPU_API_DIRECT3D_V12_0', 'COMPUTE_EPHEMERAL_ENCRYPTION_PLAIN', 'HW_GPU_CUDA_COMPUTE_CAPABILITY_V5_2', 'HW_GPU_MAX_DISPLAY_HEADS_4', 'HW_NIC_OFFLOAD_VXLAN', 'HW_GPU_API_OPENGL_V1_3', 'COMPUTE_GRAPHICS_MODEL_VMVGA', 'HW_CPU_X86_AVX512DQ', 'HW_CPU_HYPERTHREADING', 'HW_GPU_CUDA_COMPUTE_CAPABILITY_V1_2', 'COMPUTE_STORAGE_BUS_SCSI', 'COMPUTE_SOCKET_PCI_NUMA_AFFINITY', 'STORAGE_DISK_SSD', 'HW_CPU_AARCH64_ASIMDRDM', 'COMPUTE_RESCUE_BFV', 'HW_CPU_X86_SSE3', 'HW_GPU_CUDA_COMPUTE_CAPABILITY_V7_2', 'COMPUTE_DEVICE_TAGGING', 'HW_ARCH_OPENRISC', 'HW_GPU_API_OPENGL_V1_4', 'HW_CPU_AARCH64_ASIMDDP', 'HW_GPU_API_DIRECT3D_V10_0', 'HW_CPU_X86_SGX', 'HW_ARCH_ALPHA', 'HW_CPU_AARCH64_SM4', 'HW_NIC_SRIOV', 'HW_CPU_X86_AVX512VBMI', 'HW_GPU_RESOLUTION_W1152H864', 'HW_CPU_X86_XOP', 'HW_NIC_ACCEL_LZS', 'HW_CPU_X86_ABM', 'HW_NIC_OFFLOAD_RXHASH', 'HW_GPU_RESOLUTION_W1920H1200', 'COMPUTE_ARCH_RISCV64', 'HW_NIC_OFFLOAD_SWITCHDEV', 'HW_GPU_API_DIRECT3D_V11_0', 'HW_NIC_DCB_ETS', 'HW_GPU_MAX_DISPLAY_HEADS_1', 'HW_GPU_RESOLUTION_W1600H900', 'HW_ARCH_XTENSAEB', 'HW_GPU_CUDA_COMPUTE_CAPABILITY_V6_1', 'HW_NIC_OFFLOAD_RDMA', 'HW_CPU_X86_AVX512VNNI', 'HW_CPU_AMD_SEV', 'COMPUTE_STORAGE_BUS_VIRTIO', 'HW_GPU_CUDA_COMPUTE_CAPABILITY_V5_0', 'HW_ARCH_MIPSEL', 'MISC_SHARES_VIA_AGGREGATE', 'COMPUTE_GRAPHICS_MODEL_GOP', 'HW_NIC_ACCEL_IPSEC', 'COMPUTE_IMAGE_TYPE_RAW', 'HW_NIC_OFFLOAD_UFO', 'HW_GPU_CUDA_SDK_V9_0', 'HW_GPU_API_OPENGL_V4_2', 'HW_GPU_CUDA_COMPUTE_CAPABILITY_V7_0', 'COMPUTE_STORAGE_BUS_IDE', 'HW_GPU_CUDA_COMPUTE_CAPABILITY_V6_0', 'COMPUTE_FIRMWARE_UEFI', 'HW_ARCH_SPARC64', 'HW_CPU_AARCH64_LRCPC', 'HW_CPU_X86_AVX512VBMI2', 'HW_GPU_API_DIRECT3D_V7_0', 'COMPUTE_IMAGE_TYPE_AKI', 'COMPUTE_EPHEMERAL_ENCRYPTION', 'HW_CPU_X86_AVX512IFMA', 'COMPUTE_NET_VIF_MODEL_E1000E', 'HW_ARCH_SH4EB', 'HW_GPU_API_DIRECT3D_V8_1', 'HW_NIC_OFFLOAD_TSO', 'COMPUTE_STORAGE_BUS_UML', 'HW_CPU_AARCH64_PMULL', 'HW_CPU_AARCH64_JSCVT', 'HW_CPU_X86_BMI2', 'HW_CPU_X86_SSE41', 'COMPUTE_NET_VIF_MODEL_VIRTIO', 'HW_NIC_OFFLOAD_GSO', 'COMPUTE_ARCH_MIPSEL', 'HW_ARCH_AARCH64', 'HW_NIC_ACCEL_ECC', 'HW_CPU_X86_VMX', 'HW_GPU_CUDA_COMPUTE_CAPABILITY_V2_1', 'HW_CPU_AARCH64_EVTSTRM', 'HW_GPU_API_OPENGL_V4_5', 'HW_NIC_OFFLOAD_L2CRC', 'HW_NIC_OFFLOAD_TCS', 'COMPUTE_ARCH_S390X', 'HW_CPU_AARCH64_CPUID', 'HW_ARCH_SH4', 'HW_NIC_OFFLOAD_GENEVE', 'HW_ARCH_SPARC', 'COMPUTE_SECURITY_UEFI_SECURE_BOOT', 'HW_GPU_API_OPENGL_V2_1', 'HW_ARCH_PPCEMB', 'HW_GPU_CUDA_SDK_V10_0', 'HW_CPU_AARCH64_AES', 'HW_GPU_CUDA_COMPUTE_CAPABILITY_V3_7'} {{(pid=111990) _trait_sync /opt/stack/placement/placement/objects/trait.py:296}}
Jun 05 00:16:44.122330 n-d-844706-1 devstack@placement-api.service[111990]: DEBUG oslo_concurrency.lockutils [-] Releasing lock "trait_sync" {{(pid=111990) lock /usr/local/lib/python3.8/dist-packages/oslo_concurrency/lockutils.py:312}}
Jun 05 00:16:44.122663 n-d-844706-1 devstack@placement-api.service[111990]: DEBUG oslo_concurrency.lockutils [-] Acquired lock "resource_classes_sync" {{(pid=111990) lock /usr/local/lib/python3.8/dist-packages/oslo_concurrency/lockutils.py:294}}
Jun 05 00:16:44.124687 n-d-844706-1 devstack@placement-api.service[111991]: DEBUG oslo_concurrency.lockutils [-] Releasing lock "trait_sync" {{(pid=111991) lock /usr/local/lib/python3.8/dist-packages/oslo_concurrency/lockutils.py:312}}
Jun 05 00:16:44.125104 n-d-844706-1 devstack@placement-api.service[111991]: DEBUG oslo_concurrency.lockutils [-] Acquired lock "resource_classes_sync" {{(pid=111991) lock /usr/local/lib/python3.8/dist-packages/oslo_concurrency/lockutils.py:294}}
Jun 05 00:16:44.186930 n-d-844706-1 devstack@placement-api.service[111991]: DEBUG placement.objects.resource_class [-] Found existing resource classes in db: [] {{(pid=111991) _resource_classes_sync /opt/stack/placement/placement/objects/resource_class.py:233}}
Jun 05 00:16:44.187142 n-d-844706-1 devstack@placement-api.service[111990]: DEBUG placement.objects.resource_class [-] Found existing resource classes in db: [] {{(pid=111990) _resource_classes_sync /opt/stack/placement/placement/objects/resource_class.py:233}}
Jun 05 00:16:44.191115 n-d-844706-1 devstack@placement-api.service[111990]: DEBUG placement.objects.resource_class [-] Synced resource_classes from os_resource_classes: [{'name': 'VCPU', 'id': 0}, {'name': 'MEMORY_MB', 'id': 1}, {'name': 'DISK_GB', 'id': 2}, {'name': 'PCI_DEVICE', 'id': 3}, {'name': 'SRIOV_NET_VF', 'id': 4}, {'name': 'NUMA_SOCKET', 'id': 5}, {'name': 'NUMA_CORE', 'id': 6}, {'name': 'NUMA_THREAD', 'id': 7}, {'name': 'NUMA_MEMORY_MB', 'id': 8}, {'name': 'IPV4_ADDRESS', 'id': 9}, {'name': 'VGPU', 'id': 10}, {'name': 'VGPU_DISPLAY_HEAD', 'id': 11}, {'name': 'NET_BW_EGR_KILOBIT_PER_SEC', 'id': 12}, {'name': 'NET_BW_IGR_KILOBIT_PER_SEC', 'id': 13}, {'name': 'PCPU', 'id': 14}, {'name': 'MEM_ENCRYPTION_CONTEXT', 'id': 15}, {'name': 'FPGA', 'id': 16}, {'name': 'PGPU', 'id': 17}, {'name': 'NET_PACKET_RATE_KILOPACKET_PER_SEC', 'id': 18}, {'name': 'NET_PACKET_RATE_EGR_KILOPACKET_PER_SEC', 'id': 19}, {'name': 'NET_PACKET_RATE_IGR_KILOPACKET_PER_SEC', 'id': 20}] {{(pid=111990) _resource_classes_sync /opt/stack/placement/placement/objects/resource_class.py:250}}
Jun 05 00:16:44.194034 n-d-844706-1 devstack@placement-api.service[111990]: DEBUG oslo_concurrency.lockutils [-] Releasing lock "resource_classes_sync" {{(pid=111990) lock /usr/local/lib/python3.8/dist-packages/oslo_concurrency/lockutils.py:312}}
Jun 05 00:16:44.194200 n-d-844706-1 devstack@placement-api.service[111990]: WSGI app 0 (mountpoint='') ready in 3 seconds on interpreter 0x560a24a509c0 pid: 111990 (default app)
Jun 05 00:16:44.194747 n-d-844706-1 devstack@placement-api.service[111991]: DEBUG oslo_concurrency.lockutils [-] Releasing lock "resource_classes_sync" {{(pid=111991) lock /usr/local/lib/python3.8/dist-packages/oslo_concurrency/lockutils.py:312}}
Jun 05 00:16:44.194907 n-d-844706-1 devstack@placement-api.service[111991]: WSGI app 0 (mountpoint='') ready in 3 seconds on interpreter 0x560a24a509c0 pid: 111991 (default app)
Jun 05 00:16:44.195696 n-d-844706-1 devstack@placement-api.service[111990]: DEBUG placement.requestlog [None req-4c506219-f4a5-47c2-8c21-d050046ada6e None None] Starting request: 10.222.0.18 "GET /placement/" {{(pid=111990) __call__ /opt/stack/placement/placement/requestlog.py:55}}
Jun 05 00:16:44.210474 n-d-844706-1 devstack@placement-api.service[111990]: INFO placement.requestlog [None req-4c506219-f4a5-47c2-8c21-d050046ada6e None None] 10.222.0.18 "GET /placement/" status: 200 len: 136 microversion: 1.0
Jun 05 00:16:44.210803 n-d-844706-1 devstack@placement-api.service[111990]: [pid: 111990|app: 0|req: 1/1] 10.222.0.18 () {50 vars in 776 bytes} [Sun Jun 5 00:16:44 2022] GET /placement => generated 136 bytes in 16 msecs (HTTP/1.1 200) 6 headers in 224 bytes (1 switches on core 0)
Jun 05 00:16:54.190027 n-d-844706-1 devstack@placement-api.service[111990]: DEBUG dbcounter [-] [111990] Writing DB stats placement:SELECT=5,placement:INSERT=2,placement:SET=1 {{(pid=111990) stat_writer /usr/local/lib/python3.8/dist-packages/dbcounter.py:114}}
Jun 05 00:16:54.190966 n-d-844706-1 devstack@placement-api.service[111991]: DEBUG dbcounter [-] [111991] Writing DB stats placement:SELECT=5,placement:INSERT=2,placement:SET=1 {{(pid=111991) stat_writer /usr/local/lib/python3.8/dist-packages/dbcounter.py:114}}
Jun 05 00:17:41.724734 n-d-844706-1 devstack@placement-api.service[111991]: DEBUG placement.requestlog [None req-ef89067a-023b-4a9b-b1b2-dcb57a656add None None] Starting request: 10.222.0.18 "GET /placement/" {{(pid=111991) __call__ /opt/stack/placement/placement/requestlog.py:55}}
Jun 05 00:17:41.742632 n-d-844706-1 devstack@placement-api.service[111991]: INFO placement.requestlog [None req-ef89067a-023b-4a9b-b1b2-dcb57a656add None None] 10.222.0.18 "GET /placement/" status: 200 len: 136 microversion: 1.0
Jun 05 00:17:41.755581 n-d-844706-1 devstack@placement-api.service[111991]: [pid: 111991|app: 0|req: 1/2] 10.222.0.18 () {54 vars in 916 bytes} [Sun Jun 5 00:17:41 2022] GET /placement => generated 136 bytes in 32 msecs (HTTP/1.1 200) 6 headers in 224 bytes (1 switches on core 0)
Jun 05 00:17:46.255480 n-d-844706-1 devstack@placement-api.service[111990]: DEBUG placement.requestlog [None req-27230440-1624-41f9-8c69-e88c6eab6edb None None] Starting request: 10.222.0.18 "GET /placement/" {{(pid=111990) __call__ /opt/stack/placement/placement/requestlog.py:55}}
Jun 05 00:17:46.256600 n-d-844706-1 devstack@placement-api.service[111990]: INFO placement.requestlog [None req-27230440-1624-41f9-8c69-e88c6eab6edb None None] 10.222.0.18 "GET /placement/" status: 200 len: 136 microversion: 1.0
Jun 05 00:17:46.256978 n-d-844706-1 devstack@placement-api.service[111990]: [pid: 111990|app: 0|req: 2/3] 10.222.0.18 () {54 vars in 916 bytes} [Sun Jun 5 00:17:46 2022] GET /placement => generated 136 bytes in 2 msecs (HTTP/1.1 200) 6 headers in 224 bytes (1 switches on core 0)
Jun 05 00:17:47.972708 n-d-844706-1 devstack@placement-api.service[111991]: DEBUG placement.requestlog [None req-1364a095-d74c-4378-a521-911f102218ec None None] Starting request: 10.222.0.18 "GET /placement/" {{(pid=111991) __call__ /opt/stack/placement/placement/requestlog.py:55}}
Jun 05 00:17:47.973731 n-d-844706-1 devstack@placement-api.service[111991]: INFO placement.requestlog [None req-1364a095-d74c-4378-a521-911f102218ec None None] 10.222.0.18 "GET /placement/" status: 200 len: 136 microversion: 1.0
Jun 05 00:17:47.974112 n-d-844706-1 devstack@placement-api.service[111991]: [pid: 111991|app: 0|req: 2/4] 10.222.0.18 () {54 vars in 916 bytes} [Sun Jun 5 00:17:47 2022] GET /placement => generated 136 bytes in 2 msecs (HTTP/1.1 200) 6 headers in 224 bytes (1 switches on core 0)
Jun 05 00:18:45.963331 n-d-844706-1 devstack@placement-api.service[111990]: DEBUG placement.requestlog [None req-821795d7-1861-48b5-b2f1-f3d7552efe36 None None] Starting request: 10.222.0.18 "GET /placement//" {{(pid=111990) __call__ /opt/stack/placement/placement/requestlog.py:55}}
Jun 05 00:18:45.964312 n-d-844706-1 devstack@placement-api.service[111990]: INFO placement.requestlog [None req-821795d7-1861-48b5-b2f1-f3d7552efe36 None None] 10.222.0.18 "GET /placement//" status: 200 len: 136 microversion: 1.0
Jun 05 00:18:45.964652 n-d-844706-1 devstack@placement-api.service[111990]: [pid: 111990|app: 0|req: 3/5] 10.222.0.18 () {56 vars in 1106 bytes} [Sun Jun 5 00:18:45 2022] GET /placement/ => generated 136 bytes in 2 msecs (HTTP/1.1 200) 6 headers in 224 bytes (1 switches on core 0)
Jun 05 00:24:52.932150 n-d-844706-1 devstack@placement-api.service[111991]: DEBUG placement.requestlog [None req-e621635e-f306-40a8-bb19-a1f1573cd4f3 None None] Starting request: 10.222.0.24 "GET /placement/" {{(pid=111991) __call__ /opt/stack/placement/placement/requestlog.py:55}}
Jun 05 00:24:52.933094 n-d-844706-1 devstack@placement-api.service[111991]: INFO placement.requestlog [None req-e621635e-f306-40a8-bb19-a1f1573cd4f3 None None] 10.222.0.24 "GET /placement/" status: 200 len: 136 microversion: 1.0
Jun 05 00:24:52.933419 n-d-844706-1 devstack@placement-api.service[111991]: [pid: 111991|app: 0|req: 3/6] 10.222.0.24 () {54 vars in 913 bytes} [Sun Jun 5 00:24:52 2022] GET /placement => generated 136 bytes in 1 msecs (HTTP/1.1 200) 6 headers in 224 bytes (1 switches on core 0)
Jun 05 00:24:54.980798 n-d-844706-1 devstack@placement-api.service[111990]: DEBUG placement.requestlog [None req-17160a65-a2e7-4bff-afa3-8c22a538c19f None None] Starting request: 10.222.0.15 "GET /placement/" {{(pid=111990) __call__ /opt/stack/placement/placement/requestlog.py:55}}
Jun 05 00:24:54.981750 n-d-844706-1 devstack@placement-api.service[111990]: INFO placement.requestlog [None req-17160a65-a2e7-4bff-afa3-8c22a538c19f None None] 10.222.0.15 "GET /placement/" status: 200 len: 136 microversion: 1.0
Jun 05 00:24:54.982088 n-d-844706-1 devstack@placement-api.service[111990]: [pid: 111990|app: 0|req: 4/7] 10.222.0.15 () {54 vars in 913 bytes} [Sun Jun 5 00:24:54 2022] GET /placement => generated 136 bytes in 2 msecs (HTTP/1.1 200) 6 headers in 224 bytes (1 switches on core 0)
Jun 05 00:24:56.288034 n-d-844706-1 devstack@placement-api.service[111991]: DEBUG placement.requestlog [req-9c6546d3-b16a-4bbc-b196-a73ed59357ce req-03706f02-c133-4795-a6a7-5b8d4efa4a7d None None] Starting request: 10.222.0.24 "GET /placement/resource_providers?in_tree=2fee38b4-9637-4cf8-b4bb-e8200570029c" {{(pid=111991) __call__ /opt/stack/placement/placement/requestlog.py:55}}
Jun 05 00:24:56.850541 n-d-844706-1 devstack@placement-api.service[111991]: INFO placement.requestlog [req-9c6546d3-b16a-4bbc-b196-a73ed59357ce req-03706f02-c133-4795-a6a7-5b8d4efa4a7d service placement] 10.222.0.24 "GET /placement/resource_providers?in_tree=2fee38b4-9637-4cf8-b4bb-e8200570029c" status: 200 len: 26 microversion: 1.14
Jun 05 00:24:56.850867 n-d-844706-1 devstack@placement-api.service[111991]: [pid: 111991|app: 0|req: 4/8] 10.222.0.24 () {60 vars in 1376 bytes} [Sun Jun 5 00:24:56 2022] GET /placement/resource_providers?in_tree=2fee38b4-9637-4cf8-b4bb-e8200570029c => generated 26 bytes in 563 msecs (HTTP/1.1 200) 6 headers in 224 bytes (1 switches on core 0)
Jun 05 00:24:56.857717 n-d-844706-1 devstack@placement-api.service[111990]: DEBUG placement.requestlog [req-9c6546d3-b16a-4bbc-b196-a73ed59357ce req-9478def9-74ec-4fff-836a-f9d624107e8e None None] Starting request: 10.222.0.24 "POST /placement/resource_providers" {{(pid=111990) __call__ /opt/stack/placement/placement/requestlog.py:55}}
Jun 05 00:24:57.349621 n-d-844706-1 devstack@placement-api.service[111990]: INFO placement.requestlog [req-9c6546d3-b16a-4bbc-b196-a73ed59357ce req-9478def9-74ec-4fff-836a-f9d624107e8e service placement] 10.222.0.24 "POST /placement/resource_providers" status: 200 len: 836 microversion: 1.20
Jun 05 00:24:57.350013 n-d-844706-1 devstack@placement-api.service[111990]: [pid: 111990|app: 0|req: 5/9] 10.222.0.24 () {64 vars in 1340 bytes} [Sun Jun 5 00:24:56 2022] POST /placement/resource_providers => generated 836 bytes in 493 msecs (HTTP/1.1 200) 9 headers in 392 bytes (1 switches on core 0)
Jun 05 00:24:57.551991 n-d-844706-1 devstack@placement-api.service[111991]: DEBUG placement.requestlog [req-9c6546d3-b16a-4bbc-b196-a73ed59357ce req-dc761c4b-1d70-44af-8d45-66022497abbf None None] Starting request: 10.222.0.24 "PUT /placement/resource_providers/2fee38b4-9637-4cf8-b4bb-e8200570029c/inventories" {{(pid=111991) __call__ /opt/stack/placement/placement/requestlog.py:55}}
Jun 05 00:24:57.585279 n-d-844706-1 devstack@placement-api.service[111991]: INFO placement.requestlog [req-9c6546d3-b16a-4bbc-b196-a73ed59357ce req-dc761c4b-1d70-44af-8d45-66022497abbf service placement] 10.222.0.24 "PUT /placement/resource_providers/2fee38b4-9637-4cf8-b4bb-e8200570029c/inventories" status: 200 len: 397 microversion: 1.26
Jun 05 00:24:57.585777 n-d-844706-1 devstack@placement-api.service[111991]: [pid: 111991|app: 0|req: 5/10] 10.222.0.24 () {64 vars in 1487 bytes} [Sun Jun 5 00:24:57 2022] PUT /placement/resource_providers/2fee38b4-9637-4cf8-b4bb-e8200570029c/inventories => generated 397 bytes in 35 msecs (HTTP/1.1 200) 8 headers in 296 bytes (1 switches on core 0)
Jun 05 00:24:57.594588 n-d-844706-1 devstack@placement-api.service[111990]: DEBUG placement.requestlog [req-9c6546d3-b16a-4bbc-b196-a73ed59357ce req-a866cd6e-7b6c-4952-a559-cfa1adc0f054 None None] Starting request: 10.222.0.24 "GET /placement/traits?name=in:COMPUTE_NODE,COMPUTE_SECURITY_UEFI_SECURE_BOOT,COMPUTE_NET_ATTACH_INTERFACE,COMPUTE_IMAGE_TYPE_VHDX,COMPUTE_IMAGE_TYPE_VHD,COMPUTE_DEVICE_TAGGING" {{(pid=111990) __call__ /opt/stack/placement/placement/requestlog.py:55}}
Jun 05 00:24:57.607507 n-d-844706-1 devstack@placement-api.service[111990]: INFO placement.requestlog [req-9c6546d3-b16a-4bbc-b196-a73ed59357ce req-a866cd6e-7b6c-4952-a559-cfa1adc0f054 service placement] 10.222.0.24 "GET /placement/traits?name=in:COMPUTE_NODE,COMPUTE_SECURITY_UEFI_SECURE_BOOT,COMPUTE_NET_ATTACH_INTERFACE,COMPUTE_IMAGE_TYPE_VHDX,COMPUTE_IMAGE_TYPE_VHD,COMPUTE_DEVICE_TAGGING" status: 200 len: 176 microversion: 1.6
Jun 05 00:24:57.607798 n-d-844706-1 devstack@placement-api.service[111990]: [pid: 111990|app: 0|req: 6/11] 10.222.0.24 () {60 vars in 1557 bytes} [Sun Jun 5 00:24:57 2022] GET /placement/traits?name=in:COMPUTE_NODE,COMPUTE_SECURITY_UEFI_SECURE_BOOT,COMPUTE_NET_ATTACH_INTERFACE,COMPUTE_IMAGE_TYPE_VHDX,COMPUTE_IMAGE_TYPE_VHD,COMPUTE_DEVICE_TAGGING => generated 176 bytes in 13 msecs (HTTP/1.1 200) 6 headers in 224 bytes (1 switches on core 0)
Jun 05 00:24:57.614949 n-d-844706-1 devstack@placement-api.service[111991]: DEBUG placement.requestlog [req-9c6546d3-b16a-4bbc-b196-a73ed59357ce req-1c0cc05a-48a2-41ea-a2ea-0dc4ceeddaf6 None None] Starting request: 10.222.0.24 "PUT /placement/resource_providers/2fee38b4-9637-4cf8-b4bb-e8200570029c/traits" {{(pid=111991) __call__ /opt/stack/placement/placement/requestlog.py:55}}
Jun 05 00:24:57.665441 n-d-844706-1 devstack@placement-api.service[111991]: INFO placement.requestlog [req-9c6546d3-b16a-4bbc-b196-a73ed59357ce req-1c0cc05a-48a2-41ea-a2ea-0dc4ceeddaf6 service placement] 10.222.0.24 "PUT /placement/resource_providers/2fee38b4-9637-4cf8-b4bb-e8200570029c/traits" status: 200 len: 211 microversion: 1.6
Jun 05 00:24:57.665867 n-d-844706-1 devstack@placement-api.service[111991]: [pid: 111991|app: 0|req: 6/12] 10.222.0.24 () {64 vars in 1471 bytes} [Sun Jun 5 00:24:57 2022] PUT /placement/resource_providers/2fee38b4-9637-4cf8-b4bb-e8200570029c/traits => generated 211 bytes in 51 msecs (HTTP/1.1 200) 6 headers in 224 bytes (2 switches on core 0)
Jun 05 00:24:58.283445 n-d-844706-1 devstack@placement-api.service[111990]: DEBUG placement.requestlog [req-2418527e-f369-4eb4-ac15-ee41e08f397a req-fad87382-adbd-4a97-a1d5-bbc433937d9a None None] Starting request: 10.222.0.15 "GET /placement/resource_providers?in_tree=30d32f85-f0cb-4cc5-aa10-c96ff36d542e" {{(pid=111990) __call__ /opt/stack/placement/placement/requestlog.py:55}}
Jun 05 00:24:58.391636 n-d-844706-1 devstack@placement-api.service[111990]: INFO placement.requestlog [req-2418527e-f369-4eb4-ac15-ee41e08f397a req-fad87382-adbd-4a97-a1d5-bbc433937d9a service placement] 10.222.0.15 "GET /placement/resource_providers?in_tree=30d32f85-f0cb-4cc5-aa10-c96ff36d542e" status: 200 len: 26 microversion: 1.14
Jun 05 00:24:58.391967 n-d-844706-1 devstack@placement-api.service[111990]: [pid: 111990|app: 0|req: 7/13] 10.222.0.15 () {60 vars in 1376 bytes} [Sun Jun 5 00:24:58 2022] GET /placement/resource_providers?in_tree=30d32f85-f0cb-4cc5-aa10-c96ff36d542e => generated 26 bytes in 109 msecs (HTTP/1.1 200) 6 headers in 224 bytes (1 switches on core 0)
Jun 05 00:24:58.399024 n-d-844706-1 devstack@placement-api.service[111991]: DEBUG placement.requestlog [req-2418527e-f369-4eb4-ac15-ee41e08f397a req-b77c7091-3fa0-40b3-a505-a6069cee6f2a None None] Starting request: 10.222.0.15 "POST /placement/resource_providers" {{(pid=111991) __call__ /opt/stack/placement/placement/requestlog.py:55}}
Jun 05 00:24:58.417559 n-d-844706-1 devstack@placement-api.service[111991]: INFO placement.requestlog [req-2418527e-f369-4eb4-ac15-ee41e08f397a req-b77c7091-3fa0-40b3-a505-a6069cee6f2a service placement] 10.222.0.15 "POST /placement/resource_providers" status: 200 len: 836 microversion: 1.20
Jun 05 00:24:58.417962 n-d-844706-1 devstack@placement-api.service[111991]: [pid: 111991|app: 0|req: 7/14] 10.222.0.15 () {64 vars in 1340 bytes} [Sun Jun 5 00:24:58 2022] POST /placement/resource_providers => generated 836 bytes in 19 msecs (HTTP/1.1 200) 9 headers in 392 bytes (1 switches on core 0)
Jun 05 00:24:58.620902 n-d-844706-1 devstack@placement-api.service[111990]: DEBUG placement.requestlog [req-2418527e-f369-4eb4-ac15-ee41e08f397a req-fb99a7a1-273d-43e5-b317-f0f16be0f442 None None] Starting request: 10.222.0.15 "PUT /placement/resource_providers/30d32f85-f0cb-4cc5-aa10-c96ff36d542e/inventories" {{(pid=111990) __call__ /opt/stack/placement/placement/requestlog.py:55}}
Jun 05 00:24:58.650933 n-d-844706-1 devstack@placement-api.service[111990]: INFO placement.requestlog [req-2418527e-f369-4eb4-ac15-ee41e08f397a req-fb99a7a1-273d-43e5-b317-f0f16be0f442 service placement] 10.222.0.15 "PUT /placement/resource_providers/30d32f85-f0cb-4cc5-aa10-c96ff36d542e/inventories" status: 200 len: 397 microversion: 1.26
Jun 05 00:24:58.651392 n-d-844706-1 devstack@placement-api.service[111990]: [pid: 111990|app: 0|req: 8/15] 10.222.0.15 () {64 vars in 1487 bytes} [Sun Jun 5 00:24:58 2022] PUT /placement/resource_providers/30d32f85-f0cb-4cc5-aa10-c96ff36d542e/inventories => generated 397 bytes in 31 msecs (HTTP/1.1 200) 8 headers in 296 bytes (1 switches on core 0)
Jun 05 00:24:58.661750 n-d-844706-1 devstack@placement-api.service[111991]: DEBUG placement.requestlog [req-2418527e-f369-4eb4-ac15-ee41e08f397a req-3b4a9f87-ed56-496a-9438-6d942d241ac4 None None] Starting request: 10.222.0.15 "GET /placement/traits?name=in:COMPUTE_DEVICE_TAGGING,COMPUTE_IMAGE_TYPE_VHDX,COMPUTE_NET_ATTACH_INTERFACE,COMPUTE_IMAGE_TYPE_VHD,COMPUTE_NODE,COMPUTE_SECURITY_UEFI_SECURE_BOOT" {{(pid=111991) __call__ /opt/stack/placement/placement/requestlog.py:55}}
Jun 05 00:24:58.670928 n-d-844706-1 devstack@placement-api.service[111991]: INFO placement.requestlog [req-2418527e-f369-4eb4-ac15-ee41e08f397a req-3b4a9f87-ed56-496a-9438-6d942d241ac4 service placement] 10.222.0.15 "GET /placement/traits?name=in:COMPUTE_DEVICE_TAGGING,COMPUTE_IMAGE_TYPE_VHDX,COMPUTE_NET_ATTACH_INTERFACE,COMPUTE_IMAGE_TYPE_VHD,COMPUTE_NODE,COMPUTE_SECURITY_UEFI_SECURE_BOOT" status: 200 len: 176 microversion: 1.6
Jun 05 00:24:58.671378 n-d-844706-1 devstack@placement-api.service[111991]: [pid: 111991|app: 0|req: 8/16] 10.222.0.15 () {60 vars in 1557 bytes} [Sun Jun 5 00:24:58 2022] GET /placement/traits?name=in:COMPUTE_DEVICE_TAGGING,COMPUTE_IMAGE_TYPE_VHDX,COMPUTE_NET_ATTACH_INTERFACE,COMPUTE_IMAGE_TYPE_VHD,COMPUTE_NODE,COMPUTE_SECURITY_UEFI_SECURE_BOOT => generated 176 bytes in 10 msecs (HTTP/1.1 200) 6 headers in 224 bytes (1 switches on core 0)
Jun 05 00:24:58.678695 n-d-844706-1 devstack@placement-api.service[111990]: DEBUG placement.requestlog [req-2418527e-f369-4eb4-ac15-ee41e08f397a req-79199dbc-63f1-4556-b347-861d78274786 None None] Starting request: 10.222.0.15 "PUT /placement/resource_providers/30d32f85-f0cb-4cc5-aa10-c96ff36d542e/traits" {{(pid=111990) __call__ /opt/stack/placement/placement/requestlog.py:55}}
Jun 05 00:24:58.711579 n-d-844706-1 devstack@placement-api.service[111990]: INFO placement.requestlog [req-2418527e-f369-4eb4-ac15-ee41e08f397a req-79199dbc-63f1-4556-b347-861d78274786 service placement] 10.222.0.15 "PUT /placement/resource_providers/30d32f85-f0cb-4cc5-aa10-c96ff36d542e/traits" status: 200 len: 211 microversion: 1.6
Jun 05 00:24:58.712054 n-d-844706-1 devstack@placement-api.service[111990]: [pid: 111990|app: 0|req: 9/17] 10.222.0.15 () {64 vars in 1471 bytes} [Sun Jun 5 00:24:58 2022] PUT /placement/resource_providers/30d32f85-f0cb-4cc5-aa10-c96ff36d542e/traits => generated 211 bytes in 34 msecs (HTTP/1.1 200) 6 headers in 224 bytes (2 switches on core 0)
Jun 05 00:25:08.668642 n-d-844706-1 devstack@placement-api.service[111991]: DEBUG dbcounter [-] [111991] Writing DB stats placement:SELECT=16,placement:INSERT=10,placement:UPDATE=3 {{(pid=111991) stat_writer /usr/local/lib/python3.8/dist-packages/dbcounter.py:114}}
Jun 05 00:25:08.708515 n-d-844706-1 devstack@placement-api.service[111990]: DEBUG dbcounter [-] [111990] Writing DB stats placement:SELECT=16,placement:INSERT=10,placement:UPDATE=3 {{(pid=111990) stat_writer /usr/local/lib/python3.8/dist-packages/dbcounter.py:114}}
Jun 05 00:25:53.025658 n-d-844706-1 devstack@placement-api.service[111991]: DEBUG placement.requestlog [req-fe260fee-12f7-442c-8d72-25360278a03f req-f559a0b7-ff3f-4cd4-871d-c202e965711f None None] Starting request: 10.222.0.24 "GET /placement/resource_providers/2fee38b4-9637-4cf8-b4bb-e8200570029c/allocations" {{(pid=111991) __call__ /opt/stack/placement/placement/requestlog.py:55}}
Jun 05 00:25:53.047143 n-d-844706-1 devstack@placement-api.service[111991]: INFO placement.requestlog [req-fe260fee-12f7-442c-8d72-25360278a03f req-f559a0b7-ff3f-4cd4-871d-c202e965711f service placement] 10.222.0.24 "GET /placement/resource_providers/2fee38b4-9637-4cf8-b4bb-e8200570029c/allocations" status: 200 len: 54 microversion: 1.0
Jun 05 00:25:53.047515 n-d-844706-1 devstack@placement-api.service[111991]: [pid: 111991|app: 0|req: 9/18] 10.222.0.24 () {58 vars in 1390 bytes} [Sun Jun 5 00:25:53 2022] GET /placement/resource_providers/2fee38b4-9637-4cf8-b4bb-e8200570029c/allocations => generated 54 bytes in 22 msecs (HTTP/1.1 200) 6 headers in 223 bytes (1 switches on core 0)
Jun 05 00:25:55.173959 n-d-844706-1 devstack@placement-api.service[111990]: DEBUG placement.requestlog [req-90771b44-9a9b-48db-a118-053b6e381e31 req-2601d35d-125c-4b51-aa74-01d551fcfc30 None None] Starting request: 10.222.0.15 "GET /placement/resource_providers/30d32f85-f0cb-4cc5-aa10-c96ff36d542e/allocations" {{(pid=111990) __call__ /opt/stack/placement/placement/requestlog.py:55}}
Jun 05 00:25:55.194105 n-d-844706-1 devstack@placement-api.service[111990]: INFO placement.requestlog [req-90771b44-9a9b-48db-a118-053b6e381e31 req-2601d35d-125c-4b51-aa74-01d551fcfc30 service placement] 10.222.0.15 "GET /placement/resource_providers/30d32f85-f0cb-4cc5-aa10-c96ff36d542e/allocations" status: 200 len: 54 microversion: 1.0
Jun 05 00:25:55.194478 n-d-844706-1 devstack@placement-api.service[111990]: [pid: 111990|app: 0|req: 10/19] 10.222.0.15 () {58 vars in 1390 bytes} [Sun Jun 5 00:25:55 2022] GET /placement/resource_providers/30d32f85-f0cb-4cc5-aa10-c96ff36d542e/allocations => generated 54 bytes in 21 msecs (HTTP/1.1 200) 6 headers in 223 bytes (1 switches on core 0)
Jun 05 00:26:03.042651 n-d-844706-1 devstack@placement-api.service[111991]: DEBUG dbcounter [-] [111991] Writing DB stats placement:SELECT=4 {{(pid=111991) stat_writer /usr/local/lib/python3.8/dist-packages/dbcounter.py:114}}
Jun 05 00:26:05.191417 n-d-844706-1 devstack@placement-api.service[111990]: DEBUG dbcounter [-] [111990] Writing DB stats placement:SELECT=4 {{(pid=111990) stat_writer /usr/local/lib/python3.8/dist-packages/dbcounter.py:114}}
Jun 05 00:26:34.102403 n-d-844706-1 devstack@placement-api.service[111991]: DEBUG placement.requestlog [None req-a6c9b9ed-0f21-43de-b258-eb1aeb8dadaf None None] Starting request: 10.222.0.18 "GET /placement/" {{(pid=111991) __call__ /opt/stack/placement/placement/requestlog.py:55}}
Jun 05 00:26:34.103447 n-d-844706-1 devstack@placement-api.service[111991]: INFO placement.requestlog [None req-a6c9b9ed-0f21-43de-b258-eb1aeb8dadaf None None] 10.222.0.18 "GET /placement/" status: 200 len: 136 microversion: 1.0
Jun 05 00:26:34.103779 n-d-844706-1 devstack@placement-api.service[111991]: [pid: 111991|app: 0|req: 10/20] 10.222.0.18 () {54 vars in 916 bytes} [Sun Jun 5 00:26:34 2022] GET /placement => generated 136 bytes in 2 msecs (HTTP/1.1 200) 6 headers in 224 bytes (1 switches on core 0)
Jun 05 00:26:54.055035 n-d-844706-1 devstack@placement-api.service[111990]: DEBUG placement.requestlog [req-9e900e3d-b539-451b-9977-9572b9f32f76 req-4582d852-c57a-4770-aedf-87dbe48fa614 None None] Starting request: 10.222.0.24 "GET /placement/resource_providers/2fee38b4-9637-4cf8-b4bb-e8200570029c/allocations" {{(pid=111990) __call__ /opt/stack/placement/placement/requestlog.py:55}}
Jun 05 00:26:54.070812 n-d-844706-1 devstack@placement-api.service[111990]: INFO placement.requestlog [req-9e900e3d-b539-451b-9977-9572b9f32f76 req-4582d852-c57a-4770-aedf-87dbe48fa614 service placement] 10.222.0.24 "GET /placement/resource_providers/2fee38b4-9637-4cf8-b4bb-e8200570029c/allocations" status: 200 len: 54 microversion: 1.0
Jun 05 00:26:54.071143 n-d-844706-1 devstack@placement-api.service[111990]: [pid: 111990|app: 0|req: 11/21] 10.222.0.24 () {58 vars in 1390 bytes} [Sun Jun 5 00:26:54 2022] GET /placement/resource_providers/2fee38b4-9637-4cf8-b4bb-e8200570029c/allocations => generated 54 bytes in 17 msecs (HTTP/1.1 200) 6 headers in 223 bytes (2 switches on core 0)
Jun 05 00:26:55.727230 n-d-844706-1 devstack@placement-api.service[111991]: DEBUG placement.requestlog [req-12032b7e-86a3-42d8-9c1a-b7f414cab7ca req-306bc43b-d131-4c38-a1fd-ecea91d87267 None None] Starting request: 10.222.0.15 "GET /placement/resource_providers/30d32f85-f0cb-4cc5-aa10-c96ff36d542e/allocations" {{(pid=111991) __call__ /opt/stack/placement/placement/requestlog.py:55}}
Jun 05 00:26:55.745347 n-d-844706-1 devstack@placement-api.service[111991]: INFO placement.requestlog [req-12032b7e-86a3-42d8-9c1a-b7f414cab7ca req-306bc43b-d131-4c38-a1fd-ecea91d87267 service placement] 10.222.0.15 "GET /placement/resource_providers/30d32f85-f0cb-4cc5-aa10-c96ff36d542e/allocations" status: 200 len: 54 microversion: 1.0
Jun 05 00:26:55.745892 n-d-844706-1 devstack@placement-api.service[111991]: [pid: 111991|app: 0|req: 11/22] 10.222.0.15 () {58 vars in 1390 bytes} [Sun Jun 5 00:26:55 2022] GET /placement/resource_providers/30d32f85-f0cb-4cc5-aa10-c96ff36d542e/allocations => generated 54 bytes in 19 msecs (HTTP/1.1 200) 6 headers in 223 bytes (2 switches on core 0)
Jun 05 00:27:04.069031 n-d-844706-1 devstack@placement-api.service[111990]: DEBUG dbcounter [-] [111990] Writing DB stats placement:SELECT=4 {{(pid=111990) stat_writer /usr/local/lib/python3.8/dist-packages/dbcounter.py:114}}
Jun 05 00:27:05.743961 n-d-844706-1 devstack@placement-api.service[111991]: DEBUG dbcounter [-] [111991] Writing DB stats placement:SELECT=4 {{(pid=111991) stat_writer /usr/local/lib/python3.8/dist-packages/dbcounter.py:114}}
Jun 05 00:27:19.002925 n-d-844706-1 devstack@placement-api.service[111990]: DEBUG placement.requestlog [None req-e87e1f39-5889-46ca-9905-b4b81f271e59 None None] Starting request: 10.222.0.18 "GET /placement/" {{(pid=111990) __call__ /opt/stack/placement/placement/requestlog.py:55}}
Jun 05 00:27:19.004615 n-d-844706-1 devstack@placement-api.service[111990]: INFO placement.requestlog [None req-e87e1f39-5889-46ca-9905-b4b81f271e59 None None] 10.222.0.18 "GET /placement/" status: 200 len: 136 microversion: 1.0
Jun 05 00:27:19.005629 n-d-844706-1 devstack@placement-api.service[111990]: [pid: 111990|app: 0|req: 12/23] 10.222.0.18 () {54 vars in 907 bytes} [Sun Jun 5 00:27:19 2022] GET /placement => generated 136 bytes in 3 msecs (HTTP/1.1 200) 6 headers in 224 bytes (1 switches on core 0)
Jun 05 00:27:19.045940 n-d-844706-1 devstack@placement-api.service[111991]: DEBUG placement.requestlog [req-5ad6c8ec-489e-4df6-baac-8b8f8a3046cf req-9f99a219-5d6a-415f-9e47-6f2fd69c429b None None] Starting request: 10.222.0.18 "GET /placement/resource_providers?name=n-h1-844706-1" {{(pid=111991) __call__ /opt/stack/placement/placement/requestlog.py:55}}
Jun 05 00:27:19.288866 n-d-844706-1 devstack@placement-api.service[111991]: INFO placement.requestlog [req-5ad6c8ec-489e-4df6-baac-8b8f8a3046cf req-9f99a219-5d6a-415f-9e47-6f2fd69c429b service placement] 10.222.0.18 "GET /placement/resource_providers?name=n-h1-844706-1" status: 200 len: 440 microversion: 1.0
Jun 05 00:27:19.290297 n-d-844706-1 devstack@placement-api.service[111991]: [pid: 111991|app: 0|req: 12/24] 10.222.0.18 () {58 vars in 1274 bytes} [Sun Jun 5 00:27:19 2022] GET /placement/resource_providers?name=n-h1-844706-1 => generated 440 bytes in 245 msecs (HTTP/1.1 200) 6 headers in 224 bytes (1 switches on core 0)
Jun 05 00:27:19.296883 n-d-844706-1 devstack@placement-api.service[111990]: DEBUG placement.requestlog [req-5ad6c8ec-489e-4df6-baac-8b8f8a3046cf req-f30a9195-e3f7-4a92-88d6-705a4ad07c44 None None] Starting request: 10.222.0.18 "GET /placement/resource_providers/2fee38b4-9637-4cf8-b4bb-e8200570029c/aggregates" {{(pid=111990) __call__ /opt/stack/placement/placement/requestlog.py:55}}
Jun 05 00:27:19.341415 n-d-844706-1 devstack@placement-api.service[111990]: INFO placement.requestlog [req-5ad6c8ec-489e-4df6-baac-8b8f8a3046cf req-f30a9195-e3f7-4a92-88d6-705a4ad07c44 service placement] 10.222.0.18 "GET /placement/resource_providers/2fee38b4-9637-4cf8-b4bb-e8200570029c/aggregates" status: 200 len: 53 microversion: 1.19
Jun 05 00:27:19.343449 n-d-844706-1 devstack@placement-api.service[111990]: [pid: 111990|app: 0|req: 13/25] 10.222.0.18 () {60 vars in 1425 bytes} [Sun Jun 5 00:27:19 2022] GET /placement/resource_providers/2fee38b4-9637-4cf8-b4bb-e8200570029c/aggregates => generated 53 bytes in 47 msecs (HTTP/1.1 200) 8 headers in 295 bytes (1 switches on core 0)
Jun 05 00:27:19.350863 n-d-844706-1 devstack@placement-api.service[111991]: DEBUG placement.requestlog [req-5ad6c8ec-489e-4df6-baac-8b8f8a3046cf req-d0908ab3-e23e-4705-b34d-813b3c7d7f57 None None] Starting request: 10.222.0.18 "PUT /placement/resource_providers/2fee38b4-9637-4cf8-b4bb-e8200570029c/aggregates" {{(pid=111991) __call__ /opt/stack/placement/placement/requestlog.py:55}}
Jun 05 00:27:19.390697 n-d-844706-1 devstack@placement-api.service[111991]: DEBUG placement.objects.resource_provider [req-5ad6c8ec-489e-4df6-baac-8b8f8a3046cf req-d0908ab3-e23e-4705-b34d-813b3c7d7f57 service placement] _ensure_aggregate() did not find aggregate 396febb5-0ac9-4959-9f3e-5d5f66b6f32e. Attempting to create it. {{(pid=111991) _ensure_aggregate /opt/stack/placement/placement/objects/resource_provider.py:321}}
Jun 05 00:27:19.393538 n-d-844706-1 devstack@placement-api.service[111991]: DEBUG placement.objects.resource_provider [req-5ad6c8ec-489e-4df6-baac-8b8f8a3046cf req-d0908ab3-e23e-4705-b34d-813b3c7d7f57 service placement] _ensure_aggregate() created new aggregate 396febb5-0ac9-4959-9f3e-5d5f66b6f32e (id=1). {{(pid=111991) _ensure_aggregate /opt/stack/placement/placement/objects/resource_provider.py:327}}
Jun 05 00:27:19.419850 n-d-844706-1 devstack@placement-api.service[111991]: DEBUG placement.objects.resource_provider [req-5ad6c8ec-489e-4df6-baac-8b8f8a3046cf req-d0908ab3-e23e-4705-b34d-813b3c7d7f57 service placement] Setting aggregates for provider 2fee38b4-9637-4cf8-b4bb-e8200570029c. Successfully associated aggregate 396febb5-0ac9-4959-9f3e-5d5f66b6f32e. {{(pid=111991) _set_aggregates /opt/stack/placement/placement/objects/resource_provider.py:389}}
Jun 05 00:27:19.431081 n-d-844706-1 devstack@placement-api.service[111991]: INFO placement.requestlog [req-5ad6c8ec-489e-4df6-baac-8b8f8a3046cf req-d0908ab3-e23e-4705-b34d-813b3c7d7f57 service placement] 10.222.0.18 "PUT /placement/resource_providers/2fee38b4-9637-4cf8-b4bb-e8200570029c/aggregates" status: 200 len: 91 microversion: 1.19
Jun 05 00:27:19.435025 n-d-844706-1 devstack@placement-api.service[111991]: [pid: 111991|app: 0|req: 13/26] 10.222.0.18 () {64 vars in 1477 bytes} [Sun Jun 5 00:27:19 2022] PUT /placement/resource_providers/2fee38b4-9637-4cf8-b4bb-e8200570029c/aggregates => generated 91 bytes in 85 msecs (HTTP/1.1 200) 8 headers in 295 bytes (1 switches on core 0)
Jun 05 00:27:19.778186 n-d-844706-1 devstack@placement-api.service[111990]: DEBUG placement.requestlog [req-6daf4fc1-cddc-4d00-b53b-26d2fa3834b3 req-c4045a92-a2fd-4606-b696-e3f0009e321a None None] Starting request: 10.222.0.18 "GET /placement/resource_providers?name=n-h1-844706-1" {{(pid=111990) __call__ /opt/stack/placement/placement/requestlog.py:55}}
Jun 05 00:27:19.802001 n-d-844706-1 devstack@placement-api.service[111990]: INFO placement.requestlog [req-6daf4fc1-cddc-4d00-b53b-26d2fa3834b3 req-c4045a92-a2fd-4606-b696-e3f0009e321a service placement] 10.222.0.18 "GET /placement/resource_providers?name=n-h1-844706-1" status: 200 len: 440 microversion: 1.0
Jun 05 00:27:19.803960 n-d-844706-1 devstack@placement-api.service[111990]: [pid: 111990|app: 0|req: 14/27] 10.222.0.18 () {58 vars in 1274 bytes} [Sun Jun 5 00:27:19 2022] GET /placement/resource_providers?name=n-h1-844706-1 => generated 440 bytes in 26 msecs (HTTP/1.1 200) 6 headers in 224 bytes (1 switches on core 0)
Jun 05 00:27:19.809712 n-d-844706-1 devstack@placement-api.service[111991]: DEBUG placement.requestlog [req-6daf4fc1-cddc-4d00-b53b-26d2fa3834b3 req-ba67117b-16de-47e0-8687-fdced539ec1a None None] Starting request: 10.222.0.18 "GET /placement/resource_providers/2fee38b4-9637-4cf8-b4bb-e8200570029c/aggregates" {{(pid=111991) __call__ /opt/stack/placement/placement/requestlog.py:55}}
Jun 05 00:27:19.829380 n-d-844706-1 devstack@placement-api.service[111991]: INFO placement.requestlog [req-6daf4fc1-cddc-4d00-b53b-26d2fa3834b3 req-ba67117b-16de-47e0-8687-fdced539ec1a service placement] 10.222.0.18 "GET /placement/resource_providers/2fee38b4-9637-4cf8-b4bb-e8200570029c/aggregates" status: 200 len: 91 microversion: 1.19
Jun 05 00:27:19.829693 n-d-844706-1 devstack@placement-api.service[111991]: [pid: 111991|app: 0|req: 14/28] 10.222.0.18 () {60 vars in 1425 bytes} [Sun Jun 5 00:27:19 2022] GET /placement/resource_providers/2fee38b4-9637-4cf8-b4bb-e8200570029c/aggregates => generated 91 bytes in 20 msecs (HTTP/1.1 200) 8 headers in 295 bytes (1 switches on core 0)
Jun 05 00:27:19.838124 n-d-844706-1 devstack@placement-api.service[111990]: DEBUG placement.requestlog [req-6daf4fc1-cddc-4d00-b53b-26d2fa3834b3 req-39bb370f-b4c6-4445-8e6b-527d386be3ae None None] Starting request: 10.222.0.18 "PUT /placement/resource_providers/2fee38b4-9637-4cf8-b4bb-e8200570029c/aggregates" {{(pid=111990) __call__ /opt/stack/placement/placement/requestlog.py:55}}
Jun 05 00:27:19.861930 n-d-844706-1 devstack@placement-api.service[111990]: DEBUG placement.objects.resource_provider [req-6daf4fc1-cddc-4d00-b53b-26d2fa3834b3 req-39bb370f-b4c6-4445-8e6b-527d386be3ae service placement] Setting aggregates for provider 2fee38b4-9637-4cf8-b4bb-e8200570029c. Successfully disassociated aggregate 396febb5-0ac9-4959-9f3e-5d5f66b6f32e. {{(pid=111990) _set_aggregates /opt/stack/placement/placement/objects/resource_provider.py:404}}
Jun 05 00:27:19.869110 n-d-844706-1 devstack@placement-api.service[111990]: INFO placement.requestlog [req-6daf4fc1-cddc-4d00-b53b-26d2fa3834b3 req-39bb370f-b4c6-4445-8e6b-527d386be3ae service placement] 10.222.0.18 "PUT /placement/resource_providers/2fee38b4-9637-4cf8-b4bb-e8200570029c/aggregates" status: 200 len: 53 microversion: 1.19
Jun 05 00:27:19.870505 n-d-844706-1 devstack@placement-api.service[111990]: [pid: 111990|app: 0|req: 15/29] 10.222.0.18 () {64 vars in 1477 bytes} [Sun Jun 5 00:27:19 2022] PUT /placement/resource_providers/2fee38b4-9637-4cf8-b4bb-e8200570029c/aggregates => generated 53 bytes in 33 msecs (HTTP/1.1 200) 8 headers in 295 bytes (1 switches on core 0)
Jun 05 00:27:21.112435 n-d-844706-1 devstack@placement-api.service[111991]: DEBUG placement.requestlog [req-e5ad93b4-4ca1-4990-88d4-d128d96fe847 req-24ae3313-d501-46fe-827a-df4597468737 None None] Starting request: 10.222.0.18 "GET /placement/resource_providers?name=n-h1-844706-1" {{(pid=111991) __call__ /opt/stack/placement/placement/requestlog.py:55}}
Jun 05 00:27:21.131865 n-d-844706-1 devstack@placement-api.service[111991]: INFO placement.requestlog [req-e5ad93b4-4ca1-4990-88d4-d128d96fe847 req-24ae3313-d501-46fe-827a-df4597468737 service placement] 10.222.0.18 "GET /placement/resource_providers?name=n-h1-844706-1" status: 200 len: 440 microversion: 1.0
Jun 05 00:27:21.132323 n-d-844706-1 devstack@placement-api.service[111991]: [pid: 111991|app: 0|req: 15/30] 10.222.0.18 () {58 vars in 1274 bytes} [Sun Jun 5 00:27:21 2022] GET /placement/resource_providers?name=n-h1-844706-1 => generated 440 bytes in 20 msecs (HTTP/1.1 200) 6 headers in 224 bytes (1 switches on core 0)
Jun 05 00:27:21.140842 n-d-844706-1 devstack@placement-api.service[111990]: DEBUG placement.requestlog [req-e5ad93b4-4ca1-4990-88d4-d128d96fe847 req-1a8f85bb-540d-4a19-8926-95fe7e5c4fc3 None None] Starting request: 10.222.0.18 "GET /placement/resource_providers/2fee38b4-9637-4cf8-b4bb-e8200570029c/aggregates" {{(pid=111990) __call__ /opt/stack/placement/placement/requestlog.py:55}}
