Jun 03 19:20:41.657998 n-d-844628-1 cinder-volume[112687]: DEBUG cinder.volume.manager [None req-6d75ff2c-7c56-4271-803c-db6049452e97 tempest-SnapshotsActionsTest-449309213 None] Task 'cinder.volume.flows.manager.create_volume.ExtractVolumeRefTask;volume:create' (c33ee488-ce79-4096-b501-c82bcc0357aa) transitioned into state 'RUNNING' from state 'PENDING' {{(pid=112687) _task_receiver /usr/local/lib/python3.8/dist-packages/taskflow/listeners/logging.py:190}}
Jun 03 19:20:41.751707 n-d-844628-1 cinder-volume[112687]: DEBUG cinder.volume.manager [None req-6d75ff2c-7c56-4271-803c-db6049452e97 tempest-SnapshotsActionsTest-449309213 None] Task 'cinder.volume.flows.manager.create_volume.ExtractVolumeRefTask;volume:create' (c33ee488-ce79-4096-b501-c82bcc0357aa) transitioned into state 'SUCCESS' from state 'RUNNING' with result 'Volume(_name_id=None,admin_metadata=,attach_status='detached',availability_zone='nova',bootable=False,cluster=,cluster_name=None,consistencygroup=,consistencygroup_id=None,created_at=2022-06-03T19:20:41Z,deleted=False,deleted_at=None,display_description=None,display_name='tempest-SnapshotsActionsTest-Volume-21491592',ec2_id=None,encryption_key_id=None,glance_metadata=,group=,group_id=None,host='n-d-844628-1@lvmdriver-1#lvmdriver-1',id=53545503-e5f5-4459-b4ab-78493193f8b6,launched_at=None,metadata={},migration_status=None,multiattach=False,previous_status=None,project_id='f74c606907ed4692bb0cc0c92d87f812',provider_auth=None,provider_geometry=None,provider_id=None,provider_location=None,replication_driver_data=None,replication_extended_status=None,replication_status=None,scheduled_at=2022-06-03T19:20:41Z,service_uuid=None,shared_targets=True,size=1,snapshot_id=None,snapshots=,source_volid=None,status='creating',terminated_at=None,updated_at=2022-06-03T19:20:41Z,use_quota=True,user_id='99e874e603e84a5092bfbb3ac2432a4b',volume_attachment=VolumeAttachmentList,volume_type=VolumeType(9420ba1f-2c18-4c7e-abbf-796963a4e0f7),volume_type_id=9420ba1f-2c18-4c7e-abbf-796963a4e0f7)' {{(pid=112687) _task_receiver /usr/local/lib/python3.8/dist-packages/taskflow/listeners/logging.py:178}}
Jun 03 19:20:41.778367 n-d-844628-1 cinder-volume[112687]: DEBUG cinder.volume.manager [None req-6d75ff2c-7c56-4271-803c-db6049452e97 tempest-SnapshotsActionsTest-449309213 None] Task 'cinder.volume.flows.manager.create_volume.OnFailureRescheduleTask;volume:create' (2c9e31a3-2cc8-4445-9890-250538de0abf) transitioned into state 'RUNNING' from state 'PENDING' {{(pid=112687) _task_receiver /usr/local/lib/python3.8/dist-packages/taskflow/listeners/logging.py:190}}
Jun 03 19:20:41.790736 n-d-844628-1 cinder-volume[112687]: DEBUG cinder.volume.manager [None req-6d75ff2c-7c56-4271-803c-db6049452e97 tempest-SnapshotsActionsTest-449309213 None] Task 'cinder.volume.flows.manager.create_volume.OnFailureRescheduleTask;volume:create' (2c9e31a3-2cc8-4445-9890-250538de0abf) transitioned into state 'SUCCESS' from state 'RUNNING' with result 'None' {{(pid=112687) _task_receiver /usr/local/lib/python3.8/dist-packages/taskflow/listeners/logging.py:178}}
Jun 03 19:20:41.805227 n-d-844628-1 cinder-volume[112687]: DEBUG cinder.volume.manager [None req-6d75ff2c-7c56-4271-803c-db6049452e97 tempest-SnapshotsActionsTest-449309213 None] Task 'cinder.volume.flows.manager.create_volume.ExtractVolumeSpecTask;volume:create' (cd41553d-3424-49e0-bf3b-67df74cef471) transitioned into state 'RUNNING' from state 'PENDING' {{(pid=112687) _task_receiver /usr/local/lib/python3.8/dist-packages/taskflow/listeners/logging.py:190}}
Jun 03 19:20:41.815614 n-d-844628-1 cinder-volume[112687]: DEBUG cinder.volume.manager [None req-6d75ff2c-7c56-4271-803c-db6049452e97 tempest-SnapshotsActionsTest-449309213 None] Task 'cinder.volume.flows.manager.create_volume.ExtractVolumeSpecTask;volume:create' (cd41553d-3424-49e0-bf3b-67df74cef471) transitioned into state 'SUCCESS' from state 'RUNNING' with result '{'status': 'creating', 'type': 'raw', 'volume_id': '53545503-e5f5-4459-b4ab-78493193f8b6', 'volume_name': 'volume-53545503-e5f5-4459-b4ab-78493193f8b6', 'volume_size': 1}' {{(pid=112687) _task_receiver /usr/local/lib/python3.8/dist-packages/taskflow/listeners/logging.py:178}}
Jun 03 19:20:41.822210 n-d-844628-1 cinder-volume[112687]: DEBUG cinder.volume.manager [None req-6d75ff2c-7c56-4271-803c-db6049452e97 tempest-SnapshotsActionsTest-449309213 None] Task 'cinder.volume.flows.manager.create_volume.NotifyVolumeActionTask;volume:create, create.start' (260b5617-8d17-480a-94ee-d40708e29433) transitioned into state 'RUNNING' from state 'PENDING' {{(pid=112687) _task_receiver /usr/local/lib/python3.8/dist-packages/taskflow/listeners/logging.py:190}}
Jun 03 19:20:41.829268 n-d-844628-1 cinder-volume[112687]: DEBUG cinder.volume.manager [None req-6d75ff2c-7c56-4271-803c-db6049452e97 tempest-SnapshotsActionsTest-449309213 None] Task 'cinder.volume.flows.manager.create_volume.NotifyVolumeActionTask;volume:create, create.start' (260b5617-8d17-480a-94ee-d40708e29433) transitioned into state 'SUCCESS' from state 'RUNNING' with result 'None' {{(pid=112687) _task_receiver /usr/local/lib/python3.8/dist-packages/taskflow/listeners/logging.py:178}}
Jun 03 19:20:41.837617 n-d-844628-1 cinder-volume[112687]: DEBUG cinder.volume.manager [None req-6d75ff2c-7c56-4271-803c-db6049452e97 tempest-SnapshotsActionsTest-449309213 None] Task 'cinder.volume.flows.manager.create_volume.CreateVolumeFromSpecTask;volume:create' (6f9b0358-3061-4eaf-918d-debea4dcc9d5) transitioned into state 'RUNNING' from state 'PENDING' {{(pid=112687) _task_receiver /usr/local/lib/python3.8/dist-packages/taskflow/listeners/logging.py:190}}
Jun 03 19:20:41.839998 n-d-844628-1 cinder-volume[112687]: INFO cinder.volume.flows.manager.create_volume [None req-6d75ff2c-7c56-4271-803c-db6049452e97 tempest-SnapshotsActionsTest-449309213 None] Volume 53545503-e5f5-4459-b4ab-78493193f8b6: being created as raw with specification: {'status': 'creating', 'volume_name': 'volume-53545503-e5f5-4459-b4ab-78493193f8b6', 'volume_size': 1}
Jun 03 19:20:41.841683 n-d-844628-1 cinder-volume[112687]: DEBUG oslo_concurrency.processutils [None req-6d75ff2c-7c56-4271-803c-db6049452e97 tempest-SnapshotsActionsTest-449309213 None] Running cmd (subprocess): sudo cinder-rootwrap /etc/cinder/rootwrap.conf env LC_ALL=C lvcreate -n volume-53545503-e5f5-4459-b4ab-78493193f8b6 stack-volumes-lvmdriver-1 -L 1g {{(pid=112687) execute /usr/local/lib/python3.8/dist-packages/oslo_concurrency/processutils.py:384}}
Jun 03 19:20:41.889481 n-d-844628-1 sudo[137141]: ubuntu : TTY=unknown ; PWD=/ ; USER=root ; COMMAND=/usr/local/bin/cinder-rootwrap /etc/cinder/rootwrap.conf env LC_ALL=C lvcreate -n volume-53545503-e5f5-4459-b4ab-78493193f8b6 stack-volumes-lvmdriver-1 -L 1g
Jun 03 19:20:41.891059 n-d-844628-1 sudo[137141]: pam_unix(sudo:session): session opened for user root by (uid=0)
Jun 03 19:20:43.486823 n-d-844628-1 sudo[137128]: pam_unix(sudo:session): session closed for user root
Jun 03 19:20:43.489381 n-d-844628-1 cinder-volume[112687]: DEBUG oslo_concurrency.processutils [None req-528bfbbc-3ae5-4d5b-95a4-e2ff2d4b7e17 None None] CMD "sudo cinder-rootwrap /etc/cinder/rootwrap.conf env LC_ALL=C vgs --noheadings --unit=g -o name,size,free,lv_count,uuid --separator : --nosuffix stack-volumes-lvmdriver-1" returned: 0 in 3.635s {{(pid=112687) execute /usr/local/lib/python3.8/dist-packages/oslo_concurrency/processutils.py:422}}
Jun 03 19:20:43.491776 n-d-844628-1 cinder-volume[112687]: DEBUG oslo_concurrency.processutils [None req-528bfbbc-3ae5-4d5b-95a4-e2ff2d4b7e17 None None] Running cmd (subprocess): sudo cinder-rootwrap /etc/cinder/rootwrap.conf env LC_ALL=C lvs --noheadings --unit=g -o vg_name,name,size --nosuffix --readonly stack-volumes-lvmdriver-1 {{(pid=112687) execute /usr/local/lib/python3.8/dist-packages/oslo_concurrency/processutils.py:384}}
Jun 03 19:20:43.565665 n-d-844628-1 sudo[137149]: ubuntu : TTY=unknown ; PWD=/ ; USER=root ; COMMAND=/usr/local/bin/cinder-rootwrap /etc/cinder/rootwrap.conf env LC_ALL=C lvs --noheadings --unit=g -o vg_name,name,size --nosuffix --readonly stack-volumes-lvmdriver-1
Jun 03 19:20:43.566566 n-d-844628-1 sudo[137149]: pam_unix(sudo:session): session opened for user root by (uid=0)
Jun 03 19:20:44.810074 n-d-844628-1 sudo[137141]: pam_unix(sudo:session): session closed for user root
Jun 03 19:20:44.812764 n-d-844628-1 cinder-volume[112687]: DEBUG oslo_concurrency.processutils [None req-6d75ff2c-7c56-4271-803c-db6049452e97 tempest-SnapshotsActionsTest-449309213 None] CMD "sudo cinder-rootwrap /etc/cinder/rootwrap.conf env LC_ALL=C lvcreate -n volume-53545503-e5f5-4459-b4ab-78493193f8b6 stack-volumes-lvmdriver-1 -L 1g" returned: 0 in 2.970s {{(pid=112687) execute /usr/local/lib/python3.8/dist-packages/oslo_concurrency/processutils.py:422}}
Jun 03 19:20:44.819108 n-d-844628-1 cinder-volume[112687]: DEBUG cinder.volume.manager [None req-6d75ff2c-7c56-4271-803c-db6049452e97 tempest-SnapshotsActionsTest-449309213 None] Task 'cinder.volume.flows.manager.create_volume.CreateVolumeFromSpecTask;volume:create' (6f9b0358-3061-4eaf-918d-debea4dcc9d5) transitioned into state 'SUCCESS' from state 'RUNNING' with result '{'status': 'creating', 'volume_name': 'volume-53545503-e5f5-4459-b4ab-78493193f8b6', 'volume_size': 1}' {{(pid=112687) _task_receiver /usr/local/lib/python3.8/dist-packages/taskflow/listeners/logging.py:178}}
Jun 03 19:20:44.826613 n-d-844628-1 cinder-volume[112687]: DEBUG cinder.volume.manager [None req-6d75ff2c-7c56-4271-803c-db6049452e97 tempest-SnapshotsActionsTest-449309213 None] Task 'cinder.volume.flows.manager.create_volume.CreateVolumeOnFinishTask;volume:create, create.end' (7ee2c5e0-337d-42a1-922d-c4ac153c4e01) transitioned into state 'RUNNING' from state 'PENDING' {{(pid=112687) _task_receiver /usr/local/lib/python3.8/dist-packages/taskflow/listeners/logging.py:190}}
Jun 03 19:20:44.851614 n-d-844628-1 cinder-volume[112687]: INFO cinder.volume.flows.manager.create_volume [None req-6d75ff2c-7c56-4271-803c-db6049452e97 tempest-SnapshotsActionsTest-449309213 None] Volume volume-53545503-e5f5-4459-b4ab-78493193f8b6 (53545503-e5f5-4459-b4ab-78493193f8b6): created successfully
Jun 03 19:20:44.855697 n-d-844628-1 cinder-volume[112687]: DEBUG cinder.volume.manager [None req-6d75ff2c-7c56-4271-803c-db6049452e97 tempest-SnapshotsActionsTest-449309213 None] Task 'cinder.volume.flows.manager.create_volume.CreateVolumeOnFinishTask;volume:create, create.end' (7ee2c5e0-337d-42a1-922d-c4ac153c4e01) transitioned into state 'SUCCESS' from state 'RUNNING' with result 'None' {{(pid=112687) _task_receiver /usr/local/lib/python3.8/dist-packages/taskflow/listeners/logging.py:178}}
Jun 03 19:20:44.873115 n-d-844628-1 cinder-volume[112687]: DEBUG cinder.volume.manager [None req-6d75ff2c-7c56-4271-803c-db6049452e97 tempest-SnapshotsActionsTest-449309213 None] Flow 'volume_create_manager' (f87ba786-262b-49d8-a2a9-e68fba41a350) transitioned into state 'SUCCESS' from state 'RUNNING' {{(pid=112687) _flow_receiver /usr/local/lib/python3.8/dist-packages/taskflow/listeners/logging.py:141}}
Jun 03 19:20:44.901379 n-d-844628-1 cinder-volume[112687]: INFO cinder.volume.manager [None req-6d75ff2c-7c56-4271-803c-db6049452e97 tempest-SnapshotsActionsTest-449309213 None] Created volume successfully.
Jun 03 19:20:45.724421 n-d-844628-1 sudo[137134]: pam_unix(sudo:session): session closed for user root
Jun 03 19:20:45.728410 n-d-844628-1 cinder-volume[112687]: DEBUG oslo_concurrency.processutils [req-36248b62-0cc1-4edc-83da-1ec4551a4fcf req-65da7b5e-d151-4d65-842e-430cc85bd853 tempest-ServerRescueNegativeTestJSON-321155147 None] CMD "sudo cinder-rootwrap /etc/cinder/rootwrap.conf cinder-rtstool get-targets" returned: 0 in 4.826s {{(pid=112687) execute /usr/local/lib/python3.8/dist-packages/oslo_concurrency/processutils.py:422}}
Jun 03 19:20:45.730354 n-d-844628-1 cinder-volume[112687]: DEBUG oslo_concurrency.lockutils [req-36248b62-0cc1-4edc-83da-1ec4551a4fcf req-65da7b5e-d151-4d65-842e-430cc85bd853 tempest-ServerRescueNegativeTestJSON-321155147 None] Lock "lioadm" "released" by "cinder.volume.targets.lio.LioAdm._execute" :: held 4.830s {{(pid=112687) inner /usr/local/lib/python3.8/dist-packages/oslo_concurrency/lockutils.py:400}}
Jun 03 19:20:45.732136 n-d-844628-1 cinder-volume[112687]: DEBUG oslo_concurrency.lockutils [req-36248b62-0cc1-4edc-83da-1ec4551a4fcf req-65da7b5e-d151-4d65-842e-430cc85bd853 tempest-ServerRescueNegativeTestJSON-321155147 None] Lock "lioadm" acquired by "cinder.volume.targets.lio.LioAdm._execute" :: waited 0.001s {{(pid=112687) inner /usr/local/lib/python3.8/dist-packages/oslo_concurrency/lockutils.py:386}}
Jun 03 19:20:45.733868 n-d-844628-1 cinder-volume[112687]: DEBUG oslo_concurrency.processutils [req-36248b62-0cc1-4edc-83da-1ec4551a4fcf req-65da7b5e-d151-4d65-842e-430cc85bd853 tempest-ServerRescueNegativeTestJSON-321155147 None] Running cmd (subprocess): sudo cinder-rootwrap /etc/cinder/rootwrap.conf cinder-rtstool save {{(pid=112687) execute /usr/local/lib/python3.8/dist-packages/oslo_concurrency/processutils.py:384}}
Jun 03 19:20:45.821399 n-d-844628-1 sudo[137185]: ubuntu : TTY=unknown ; PWD=/ ; USER=root ; COMMAND=/usr/local/bin/cinder-rootwrap /etc/cinder/rootwrap.conf cinder-rtstool save
Jun 03 19:20:45.839120 n-d-844628-1 sudo[137185]: pam_unix(sudo:session): session opened for user root by (uid=0)
Jun 03 19:20:46.153010 n-d-844628-1 sudo[137149]: pam_unix(sudo:session): session closed for user root
Jun 03 19:20:46.156220 n-d-844628-1 cinder-volume[112687]: DEBUG oslo_concurrency.processutils [None req-528bfbbc-3ae5-4d5b-95a4-e2ff2d4b7e17 None None] CMD "sudo cinder-rootwrap /etc/cinder/rootwrap.conf env LC_ALL=C lvs --noheadings --unit=g -o vg_name,name,size --nosuffix --readonly stack-volumes-lvmdriver-1" returned: 0 in 2.664s {{(pid=112687) execute /usr/local/lib/python3.8/dist-packages/oslo_concurrency/processutils.py:422}}
Jun 03 19:20:46.158352 n-d-844628-1 cinder-volume[112687]: DEBUG cinder.manager [None req-528bfbbc-3ae5-4d5b-95a4-e2ff2d4b7e17 None None] Notifying Schedulers of capabilities ... {{(pid=112687) _publish_service_capabilities /opt/stack/cinder/cinder/manager.py:202}}
Jun 03 19:20:46.551268 n-d-844628-1 cinder-volume[112687]: DEBUG oslo_concurrency.processutils [None req-bb8c7552-3826-494f-8054-2949dc98ca55 tempest-SnapshotsActionsTest-449309213 None] Running cmd (subprocess): sudo cinder-rootwrap /etc/cinder/rootwrap.conf env LC_ALL=C lvs --noheadings --unit=g -o vg_name,name,size --nosuffix --readonly stack-volumes-lvmdriver-1/volume-53545503-e5f5-4459-b4ab-78493193f8b6 {{(pid=112687) execute /usr/local/lib/python3.8/dist-packages/oslo_concurrency/processutils.py:384}}
Jun 03 19:20:46.658332 n-d-844628-1 sudo[137188]: ubuntu : TTY=unknown ; PWD=/ ; USER=root ; COMMAND=/usr/local/bin/cinder-rootwrap /etc/cinder/rootwrap.conf env LC_ALL=C lvs --noheadings --unit=g -o vg_name,name,size --nosuffix --readonly stack-volumes-lvmdriver-1/volume-53545503-e5f5-4459-b4ab-78493193f8b6
Jun 03 19:20:46.663486 n-d-844628-1 sudo[137188]: pam_unix(sudo:session): session opened for user root by (uid=0)
Jun 03 19:20:49.541190 n-d-844628-1 sudo[137188]: pam_unix(sudo:session): session closed for user root
Jun 03 19:20:49.543192 n-d-844628-1 cinder-volume[112687]: DEBUG oslo_concurrency.processutils [None req-bb8c7552-3826-494f-8054-2949dc98ca55 tempest-SnapshotsActionsTest-449309213 None] CMD "sudo cinder-rootwrap /etc/cinder/rootwrap.conf env LC_ALL=C lvs --noheadings --unit=g -o vg_name,name,size --nosuffix --readonly stack-volumes-lvmdriver-1/volume-53545503-e5f5-4459-b4ab-78493193f8b6" returned: 0 in 2.994s {{(pid=112687) execute /usr/local/lib/python3.8/dist-packages/oslo_concurrency/processutils.py:422}}
Jun 03 19:20:49.545963 n-d-844628-1 cinder-volume[112687]: DEBUG oslo_concurrency.processutils [None req-bb8c7552-3826-494f-8054-2949dc98ca55 tempest-SnapshotsActionsTest-449309213 None] Running cmd (subprocess): sudo cinder-rootwrap /etc/cinder/rootwrap.conf env LC_ALL=C lvcreate --name _snapshot-cac82612-5a4e-40a3-912d-08e54bad42df --snapshot stack-volumes-lvmdriver-1/volume-53545503-e5f5-4459-b4ab-78493193f8b6 -L 1.00g {{(pid=112687) execute /usr/local/lib/python3.8/dist-packages/oslo_concurrency/processutils.py:384}}
Jun 03 19:20:49.622833 n-d-844628-1 sudo[137196]: ubuntu : TTY=unknown ; PWD=/ ; USER=root ; COMMAND=/usr/local/bin/cinder-rootwrap /etc/cinder/rootwrap.conf env LC_ALL=C lvcreate --name _snapshot-cac82612-5a4e-40a3-912d-08e54bad42df --snapshot stack-volumes-lvmdriver-1/volume-53545503-e5f5-4459-b4ab-78493193f8b6 -L 1.00g
Jun 03 19:20:49.643334 n-d-844628-1 sudo[137196]: pam_unix(sudo:session): session opened for user root by (uid=0)
Jun 03 19:20:50.980113 n-d-844628-1 sudo[137185]: pam_unix(sudo:session): session closed for user root
Jun 03 19:20:50.982377 n-d-844628-1 cinder-volume[112687]: DEBUG oslo_concurrency.processutils [req-36248b62-0cc1-4edc-83da-1ec4551a4fcf req-65da7b5e-d151-4d65-842e-430cc85bd853 tempest-ServerRescueNegativeTestJSON-321155147 None] CMD "sudo cinder-rootwrap /etc/cinder/rootwrap.conf cinder-rtstool save" returned: 0 in 5.249s {{(pid=112687) execute /usr/local/lib/python3.8/dist-packages/oslo_concurrency/processutils.py:422}}
Jun 03 19:20:50.983178 n-d-844628-1 cinder-volume[112687]: DEBUG oslo_concurrency.lockutils [req-36248b62-0cc1-4edc-83da-1ec4551a4fcf req-65da7b5e-d151-4d65-842e-430cc85bd853 tempest-ServerRescueNegativeTestJSON-321155147 None] Lock "lioadm" "released" by "cinder.volume.targets.lio.LioAdm._execute" :: held 5.251s {{(pid=112687) inner /usr/local/lib/python3.8/dist-packages/oslo_concurrency/lockutils.py:400}}
Jun 03 19:20:50.983820 n-d-844628-1 cinder-volume[112687]: DEBUG cinder.volume.targets.iscsi [req-36248b62-0cc1-4edc-83da-1ec4551a4fcf req-65da7b5e-d151-4d65-842e-430cc85bd853 tempest-ServerRescueNegativeTestJSON-321155147 None] Set provider_location to: 10.222.0.46:3260,iqn.2010-10.org.openstack:volume-c2890693-c9a6-4c45-872d-d2c02cda1a23 iqn.2010-10.org.openstack:volume-c2890693-c9a6-4c45-872d-d2c02cda1a23 0 {{(pid=112687) create_export /opt/stack/cinder/cinder/volume/targets/iscsi.py:205}}
Jun 03 19:20:51.000260 n-d-844628-1 cinder-volume[112687]: DEBUG oslo_concurrency.lockutils [req-36248b62-0cc1-4edc-83da-1ec4551a4fcf req-65da7b5e-d151-4d65-842e-430cc85bd853 tempest-ServerRescueNegativeTestJSON-321155147 None] Lock "lioadm" acquired by "cinder.volume.targets.lio.LioAdm._execute" :: waited 0.000s {{(pid=112687) inner /usr/local/lib/python3.8/dist-packages/oslo_concurrency/lockutils.py:386}}
Jun 03 19:20:51.004474 n-d-844628-1 cinder-volume[112687]: DEBUG oslo_concurrency.processutils [req-36248b62-0cc1-4edc-83da-1ec4551a4fcf req-65da7b5e-d151-4d65-842e-430cc85bd853 tempest-ServerRescueNegativeTestJSON-321155147 None] Running cmd (subprocess): sudo cinder-rootwrap /etc/cinder/rootwrap.conf cinder-rtstool add-initiator iqn.2010-10.org.openstack:volume-c2890693-c9a6-4c45-872d-d2c02cda1a23 ejkf5n2i7pQGcHBKmNqf 6RTFXZH3uTJrsC8i iqn.1991-05.com.microsoft:n-h1-844628-1.cbci-844628-1.local {{(pid=112687) execute /usr/local/lib/python3.8/dist-packages/oslo_concurrency/processutils.py:384}}
Jun 03 19:20:51.107375 n-d-844628-1 sudo[137201]: ubuntu : TTY=unknown ; PWD=/ ; USER=root ; COMMAND=/usr/local/bin/cinder-rootwrap /etc/cinder/rootwrap.conf cinder-rtstool add-initiator iqn.2010-10.org.openstack:volume-c2890693-c9a6-4c45-872d-d2c02cda1a23 ejkf5n2i7pQGcHBKmNqf 6RTFXZH3uTJrsC8i iqn.1991-05.com.microsoft:n-h1-844628-1.cbci-844628-1.local
Jun 03 19:20:51.108288 n-d-844628-1 sudo[137201]: pam_unix(sudo:session): session opened for user root by (uid=0)
Jun 03 19:20:53.086991 n-d-844628-1 sudo[137196]: pam_unix(sudo:session): session closed for user root
Jun 03 19:20:53.092726 n-d-844628-1 cinder-volume[112687]: DEBUG oslo_concurrency.processutils [None req-bb8c7552-3826-494f-8054-2949dc98ca55 tempest-SnapshotsActionsTest-449309213 None] CMD "sudo cinder-rootwrap /etc/cinder/rootwrap.conf env LC_ALL=C lvcreate --name _snapshot-cac82612-5a4e-40a3-912d-08e54bad42df --snapshot stack-volumes-lvmdriver-1/volume-53545503-e5f5-4459-b4ab-78493193f8b6 -L 1.00g" returned: 0 in 3.545s {{(pid=112687) execute /usr/local/lib/python3.8/dist-packages/oslo_concurrency/processutils.py:422}}
Jun 03 19:20:53.153071 n-d-844628-1 cinder-volume[112687]: INFO cinder.volume.manager [None req-bb8c7552-3826-494f-8054-2949dc98ca55 tempest-SnapshotsActionsTest-449309213 None] Create snapshot completed successfully
Jun 03 19:20:53.160895 n-d-844628-1 cinder-volume[112687]: DEBUG dbcounter [-] [112687] Writing DB stats cinder:SELECT=45,cinder:UPDATE=21,cinder:INSERT=1 {{(pid=112687) stat_writer /usr/local/lib/python3.8/dist-packages/dbcounter.py:114}}
Jun 03 19:20:55.128070 n-d-844628-1 sudo[137201]: pam_unix(sudo:session): session closed for user root
Jun 03 19:20:55.129960 n-d-844628-1 cinder-volume[112687]: DEBUG oslo_concurrency.processutils [req-36248b62-0cc1-4edc-83da-1ec4551a4fcf req-65da7b5e-d151-4d65-842e-430cc85bd853 tempest-ServerRescueNegativeTestJSON-321155147 None] CMD "sudo cinder-rootwrap /etc/cinder/rootwrap.conf cinder-rtstool add-initiator iqn.2010-10.org.openstack:volume-c2890693-c9a6-4c45-872d-d2c02cda1a23 ejkf5n2i7pQGcHBKmNqf 6RTFXZH3uTJrsC8i iqn.1991-05.com.microsoft:n-h1-844628-1.cbci-844628-1.local" returned: 0 in 4.126s {{(pid=112687) execute /usr/local/lib/python3.8/dist-packages/oslo_concurrency/processutils.py:422}}
Jun 03 19:20:55.131302 n-d-844628-1 cinder-volume[112687]: DEBUG oslo_concurrency.lockutils [req-36248b62-0cc1-4edc-83da-1ec4551a4fcf req-65da7b5e-d151-4d65-842e-430cc85bd853 tempest-ServerRescueNegativeTestJSON-321155147 None] Lock "lioadm" "released" by "cinder.volume.targets.lio.LioAdm._execute" :: held 4.131s {{(pid=112687) inner /usr/local/lib/python3.8/dist-packages/oslo_concurrency/lockutils.py:400}}
Jun 03 19:20:55.132016 n-d-844628-1 cinder-volume[112687]: DEBUG oslo_concurrency.lockutils [req-36248b62-0cc1-4edc-83da-1ec4551a4fcf req-65da7b5e-d151-4d65-842e-430cc85bd853 tempest-ServerRescueNegativeTestJSON-321155147 None] Lock "lioadm" acquired by "cinder.volume.targets.lio.LioAdm._execute" :: waited 0.000s {{(pid=112687) inner /usr/local/lib/python3.8/dist-packages/oslo_concurrency/lockutils.py:386}}
Jun 03 19:20:55.132776 n-d-844628-1 cinder-volume[112687]: DEBUG oslo_concurrency.processutils [req-36248b62-0cc1-4edc-83da-1ec4551a4fcf req-65da7b5e-d151-4d65-842e-430cc85bd853 tempest-ServerRescueNegativeTestJSON-321155147 None] Running cmd (subprocess): sudo cinder-rootwrap /etc/cinder/rootwrap.conf cinder-rtstool save {{(pid=112687) execute /usr/local/lib/python3.8/dist-packages/oslo_concurrency/processutils.py:384}}
Jun 03 19:20:55.209150 n-d-844628-1 sudo[137311]: ubuntu : TTY=unknown ; PWD=/ ; USER=root ; COMMAND=/usr/local/bin/cinder-rootwrap /etc/cinder/rootwrap.conf cinder-rtstool save
Jun 03 19:20:55.210810 n-d-844628-1 sudo[137311]: pam_unix(sudo:session): session opened for user root by (uid=0)
Jun 03 19:20:55.428895 n-d-844628-1 cinder-volume[112687]: DEBUG oslo_concurrency.processutils [None req-1f101b2a-84f0-4962-88e4-bac9b3b69c3c tempest-SnapshotsActionsTest-449309213 None] Running cmd (subprocess): sudo cinder-rootwrap /etc/cinder/rootwrap.conf env LC_ALL=C lvs --noheadings --unit=g -o vg_name,name,size --nosuffix --readonly stack-volumes-lvmdriver-1/volume-53545503-e5f5-4459-b4ab-78493193f8b6 {{(pid=112687) execute /usr/local/lib/python3.8/dist-packages/oslo_concurrency/processutils.py:384}}
Jun 03 19:20:55.480128 n-d-844628-1 sudo[137313]: ubuntu : TTY=unknown ; PWD=/ ; USER=root ; COMMAND=/usr/local/bin/cinder-rootwrap /etc/cinder/rootwrap.conf env LC_ALL=C lvs --noheadings --unit=g -o vg_name,name,size --nosuffix --readonly stack-volumes-lvmdriver-1/volume-53545503-e5f5-4459-b4ab-78493193f8b6
Jun 03 19:20:55.480952 n-d-844628-1 sudo[137313]: pam_unix(sudo:session): session opened for user root by (uid=0)
Jun 03 19:20:58.766783 n-d-844628-1 sudo[137313]: pam_unix(sudo:session): session closed for user root
Jun 03 19:20:58.768836 n-d-844628-1 cinder-volume[112687]: DEBUG oslo_concurrency.processutils [None req-1f101b2a-84f0-4962-88e4-bac9b3b69c3c tempest-SnapshotsActionsTest-449309213 None] CMD "sudo cinder-rootwrap /etc/cinder/rootwrap.conf env LC_ALL=C lvs --noheadings --unit=g -o vg_name,name,size --nosuffix --readonly stack-volumes-lvmdriver-1/volume-53545503-e5f5-4459-b4ab-78493193f8b6" returned: 0 in 3.340s {{(pid=112687) execute /usr/local/lib/python3.8/dist-packages/oslo_concurrency/processutils.py:422}}
Jun 03 19:20:58.770278 n-d-844628-1 cinder-volume[112687]: DEBUG oslo_concurrency.processutils [None req-1f101b2a-84f0-4962-88e4-bac9b3b69c3c tempest-SnapshotsActionsTest-449309213 None] Running cmd (subprocess): sudo cinder-rootwrap /etc/cinder/rootwrap.conf env LC_ALL=C lvcreate --name _snapshot-8b100d99-cc15-41cb-8e1b-86b0ae94e07a --snapshot stack-volumes-lvmdriver-1/volume-53545503-e5f5-4459-b4ab-78493193f8b6 -L 1.00g {{(pid=112687) execute /usr/local/lib/python3.8/dist-packages/oslo_concurrency/processutils.py:384}}
Jun 03 19:20:58.811911 n-d-844628-1 sudo[137353]: ubuntu : TTY=unknown ; PWD=/ ; USER=root ; COMMAND=/usr/local/bin/cinder-rootwrap /etc/cinder/rootwrap.conf env LC_ALL=C lvcreate --name _snapshot-8b100d99-cc15-41cb-8e1b-86b0ae94e07a --snapshot stack-volumes-lvmdriver-1/volume-53545503-e5f5-4459-b4ab-78493193f8b6 -L 1.00g
Jun 03 19:20:58.813148 n-d-844628-1 sudo[137353]: pam_unix(sudo:session): session opened for user root by (uid=0)
Jun 03 19:21:00.156581 n-d-844628-1 sudo[137311]: pam_unix(sudo:session): session closed for user root
Jun 03 19:21:00.159546 n-d-844628-1 cinder-volume[112687]: DEBUG oslo_concurrency.processutils [req-36248b62-0cc1-4edc-83da-1ec4551a4fcf req-65da7b5e-d151-4d65-842e-430cc85bd853 tempest-ServerRescueNegativeTestJSON-321155147 None] CMD "sudo cinder-rootwrap /etc/cinder/rootwrap.conf cinder-rtstool save" returned: 0 in 5.026s {{(pid=112687) execute /usr/local/lib/python3.8/dist-packages/oslo_concurrency/processutils.py:422}}
Jun 03 19:21:00.160356 n-d-844628-1 cinder-volume[112687]: DEBUG oslo_concurrency.lockutils [req-36248b62-0cc1-4edc-83da-1ec4551a4fcf req-65da7b5e-d151-4d65-842e-430cc85bd853 tempest-ServerRescueNegativeTestJSON-321155147 None] Lock "lioadm" "released" by "cinder.volume.targets.lio.LioAdm._execute" :: held 5.028s {{(pid=112687) inner /usr/local/lib/python3.8/dist-packages/oslo_concurrency/lockutils.py:400}}
Jun 03 19:21:00.200791 n-d-844628-1 cinder-volume[112687]: DEBUG dbcounter [-] [112687] Writing DB stats cinder:SELECT=44,cinder:UPDATE=14,cinder:DELETE=2 {{(pid=112687) stat_writer /usr/local/lib/python3.8/dist-packages/dbcounter.py:114}}
Jun 03 19:21:00.215556 n-d-844628-1 cinder-volume[112687]: DEBUG cinder.volume.manager [req-36248b62-0cc1-4edc-83da-1ec4551a4fcf req-65da7b5e-d151-4d65-842e-430cc85bd853 tempest-ServerRescueNegativeTestJSON-321155147 None] Connection info returned from driver {'target_discovered': False, 'target_portal': '10.222.0.46:3260', 'target_iqn': 'iqn.2010-10.org.openstack:volume-c2890693-c9a6-4c45-872d-d2c02cda1a23', 'target_lun': 0, 'volume_id': 'c2890693-c9a6-4c45-872d-d2c02cda1a23', 'auth_method': 'CHAP', 'auth_username': 'ejkf5n2i7pQGcHBKmNqf', 'auth_password': '***', 'encrypted': False, 'qos_specs': None, 'access_mode': 'rw', 'cacheable': False, 'driver_volume_type': 'iscsi', 'attachment_id': '4da0e76d-4fe3-4295-9e47-10a75e5eb9f6'} {{(pid=112687) _connection_create /opt/stack/cinder/cinder/volume/manager.py:4828}}
Jun 03 19:21:00.303696 n-d-844628-1 cinder-volume[112687]: INFO cinder.volume.manager [req-36248b62-0cc1-4edc-83da-1ec4551a4fcf req-65da7b5e-d151-4d65-842e-430cc85bd853 tempest-ServerRescueNegativeTestJSON-321155147 None] attachment_update completed successfully.
Jun 03 19:21:02.317723 n-d-844628-1 sudo[137353]: pam_unix(sudo:session): session closed for user root
Jun 03 19:21:02.321170 n-d-844628-1 cinder-volume[112687]: DEBUG oslo_concurrency.processutils [None req-1f101b2a-84f0-4962-88e4-bac9b3b69c3c tempest-SnapshotsActionsTest-449309213 None] CMD "sudo cinder-rootwrap /etc/cinder/rootwrap.conf env LC_ALL=C lvcreate --name _snapshot-8b100d99-cc15-41cb-8e1b-86b0ae94e07a --snapshot stack-volumes-lvmdriver-1/volume-53545503-e5f5-4459-b4ab-78493193f8b6 -L 1.00g" returned: 0 in 3.550s {{(pid=112687) execute /usr/local/lib/python3.8/dist-packages/oslo_concurrency/processutils.py:422}}
Jun 03 19:21:02.376628 n-d-844628-1 cinder-volume[112687]: INFO cinder.volume.manager [None req-1f101b2a-84f0-4962-88e4-bac9b3b69c3c tempest-SnapshotsActionsTest-449309213 None] Create snapshot completed successfully
Jun 03 19:21:03.562247 n-d-844628-1 cinder-volume[112687]: DEBUG cinder.coordination [None req-d808e40a-34e2-4ce0-8ff6-0d0e14649f07 tempest-SnapshotsActionsTest-903919611 None] Lock "b'cinder-8b100d99-cc15-41cb-8e1b-86b0ae94e07a-delete_snapshot'" acquired by "delete_snapshot" :: waited 0.017s {{(pid=112687) _synchronized /opt/stack/cinder/cinder/coordination.py:186}}
Jun 03 19:21:03.564004 n-d-844628-1 cinder-volume[112687]: DEBUG oslo_concurrency.processutils [None req-d808e40a-34e2-4ce0-8ff6-0d0e14649f07 tempest-SnapshotsActionsTest-903919611 None] Running cmd (subprocess): sudo cinder-rootwrap /etc/cinder/rootwrap.conf env LC_ALL=C lvs --noheadings --unit=g -o vg_name,name,size --nosuffix --readonly stack-volumes-lvmdriver-1/_snapshot-8b100d99-cc15-41cb-8e1b-86b0ae94e07a {{(pid=112687) execute /usr/local/lib/python3.8/dist-packages/oslo_concurrency/processutils.py:384}}
Jun 03 19:21:03.595607 n-d-844628-1 sudo[137481]: ubuntu : TTY=unknown ; PWD=/ ; USER=root ; COMMAND=/usr/local/bin/cinder-rootwrap /etc/cinder/rootwrap.conf env LC_ALL=C lvs --noheadings --unit=g -o vg_name,name,size --nosuffix --readonly stack-volumes-lvmdriver-1/_snapshot-8b100d99-cc15-41cb-8e1b-86b0ae94e07a
Jun 03 19:21:03.596539 n-d-844628-1 sudo[137481]: pam_unix(sudo:session): session opened for user root by (uid=0)
Jun 03 19:21:05.346829 n-d-844628-1 sudo[137481]: pam_unix(sudo:session): session closed for user root
Jun 03 19:21:05.350274 n-d-844628-1 cinder-volume[112687]: DEBUG oslo_concurrency.processutils [None req-d808e40a-34e2-4ce0-8ff6-0d0e14649f07 tempest-SnapshotsActionsTest-903919611 None] CMD "sudo cinder-rootwrap /etc/cinder/rootwrap.conf env LC_ALL=C lvs --noheadings --unit=g -o vg_name,name,size --nosuffix --readonly stack-volumes-lvmdriver-1/_snapshot-8b100d99-cc15-41cb-8e1b-86b0ae94e07a" returned: 0 in 1.786s {{(pid=112687) execute /usr/local/lib/python3.8/dist-packages/oslo_concurrency/processutils.py:422}}
Jun 03 19:21:05.353096 n-d-844628-1 cinder-volume[112687]: DEBUG oslo_concurrency.processutils [None req-d808e40a-34e2-4ce0-8ff6-0d0e14649f07 tempest-SnapshotsActionsTest-903919611 None] Running cmd (subprocess): sudo cinder-rootwrap /etc/cinder/rootwrap.conf lvremove --config activation { retry_deactivation = 1} -f stack-volumes-lvmdriver-1/_snapshot-8b100d99-cc15-41cb-8e1b-86b0ae94e07a {{(pid=112687) execute /usr/local/lib/python3.8/dist-packages/oslo_concurrency/processutils.py:384}}
Jun 03 19:21:05.375938 n-d-844628-1 sudo[137487]: ubuntu : TTY=unknown ; PWD=/ ; USER=root ; COMMAND=/usr/local/bin/cinder-rootwrap /etc/cinder/rootwrap.conf lvremove --config activation { retry_deactivation = 1} -f stack-volumes-lvmdriver-1/_snapshot-8b100d99-cc15-41cb-8e1b-86b0ae94e07a
Jun 03 19:21:05.377581 n-d-844628-1 sudo[137487]: pam_unix(sudo:session): session opened for user root by (uid=0)
Jun 03 19:21:08.003866 n-d-844628-1 sudo[137487]: pam_unix(sudo:session): session closed for user root
Jun 03 19:21:08.007518 n-d-844628-1 cinder-volume[112687]: DEBUG oslo_concurrency.processutils [None req-d808e40a-34e2-4ce0-8ff6-0d0e14649f07 tempest-SnapshotsActionsTest-903919611 None] CMD "sudo cinder-rootwrap /etc/cinder/rootwrap.conf lvremove --config activation { retry_deactivation = 1} -f stack-volumes-lvmdriver-1/_snapshot-8b100d99-cc15-41cb-8e1b-86b0ae94e07a" returned: 0 in 2.654s {{(pid=112687) execute /usr/local/lib/python3.8/dist-packages/oslo_concurrency/processutils.py:422}}
Jun 03 19:21:08.105757 n-d-844628-1 cinder-volume[112687]: WARNING cinder.quota [None req-d808e40a-34e2-4ce0-8ff6-0d0e14649f07 tempest-SnapshotsActionsTest-903919611 None] Deprecated: Default quota for resource: snapshots_lvmdriver-1 is set by the default quota flag: quota_snapshots_lvmdriver-1, it is now deprecated. Please use the default quota class for default quota.
Jun 03 19:21:08.134800 n-d-844628-1 cinder-volume[112687]: DEBUG cinder.quota [None req-d808e40a-34e2-4ce0-8ff6-0d0e14649f07 tempest-SnapshotsActionsTest-903919611 None] Created reservations ['caef6532-be0f-4664-8fd9-9555b7e74f23', 'ea1b04cd-de0e-43a2-9422-f6d93b18a0c3', '11f9d286-06df-4fad-8d1b-130a13de833f', '1d9adb12-6a35-4d68-8979-5acb948ceb98'] {{(pid=112687) reserve /opt/stack/cinder/cinder/quota.py:755}}
Jun 03 19:21:08.211844 n-d-844628-1 cinder-volume[112687]: INFO cinder.volume.manager [None req-d808e40a-34e2-4ce0-8ff6-0d0e14649f07 tempest-SnapshotsActionsTest-903919611 None] Delete snapshot completed successfully.
Jun 03 19:21:08.222403 n-d-844628-1 cinder-volume[112687]: DEBUG cinder.coordination [None req-d808e40a-34e2-4ce0-8ff6-0d0e14649f07 tempest-SnapshotsActionsTest-903919611 None] Lock "b'cinder-8b100d99-cc15-41cb-8e1b-86b0ae94e07a-delete_snapshot'" released by "delete_snapshot" :: held 4.660s {{(pid=112687) _synchronized /opt/stack/cinder/cinder/coordination.py:198}}
Jun 03 19:21:09.395303 n-d-844628-1 cinder-volume[112687]: DEBUG oslo_concurrency.processutils [None req-88438c68-91cc-48a4-b3aa-14e342cf5747 tempest-SnapshotsActionsTest-449309213 None] Running cmd (subprocess): sudo cinder-rootwrap /etc/cinder/rootwrap.conf env LC_ALL=C lvs --noheadings --unit=g -o vg_name,name,size --nosuffix --readonly stack-volumes-lvmdriver-1/volume-53545503-e5f5-4459-b4ab-78493193f8b6 {{(pid=112687) execute /usr/local/lib/python3.8/dist-packages/oslo_concurrency/processutils.py:384}}
Jun 03 19:21:09.463177 n-d-844628-1 sudo[137617]: ubuntu : TTY=unknown ; PWD=/ ; USER=root ; COMMAND=/usr/local/bin/cinder-rootwrap /etc/cinder/rootwrap.conf env LC_ALL=C lvs --noheadings --unit=g -o vg_name,name,size --nosuffix --readonly stack-volumes-lvmdriver-1/volume-53545503-e5f5-4459-b4ab-78493193f8b6
Jun 03 19:21:09.466968 n-d-844628-1 sudo[137617]: pam_unix(sudo:session): session opened for user root by (uid=0)
Jun 03 19:21:11.616201 n-d-844628-1 sudo[137617]: pam_unix(sudo:session): session closed for user root
Jun 03 19:21:11.618847 n-d-844628-1 cinder-volume[112687]: DEBUG oslo_concurrency.processutils [None req-88438c68-91cc-48a4-b3aa-14e342cf5747 tempest-SnapshotsActionsTest-449309213 None] CMD "sudo cinder-rootwrap /etc/cinder/rootwrap.conf env LC_ALL=C lvs --noheadings --unit=g -o vg_name,name,size --nosuffix --readonly stack-volumes-lvmdriver-1/volume-53545503-e5f5-4459-b4ab-78493193f8b6" returned: 0 in 2.223s {{(pid=112687) execute /usr/local/lib/python3.8/dist-packages/oslo_concurrency/processutils.py:422}}
Jun 03 19:21:11.621119 n-d-844628-1 cinder-volume[112687]: DEBUG oslo_concurrency.processutils [None req-88438c68-91cc-48a4-b3aa-14e342cf5747 tempest-SnapshotsActionsTest-449309213 None] Running cmd (subprocess): sudo cinder-rootwrap /etc/cinder/rootwrap.conf env LC_ALL=C lvcreate --name _snapshot-d2c303cd-60c6-433f-b5b6-9f59f760b8ab --snapshot stack-volumes-lvmdriver-1/volume-53545503-e5f5-4459-b4ab-78493193f8b6 -L 1.00g {{(pid=112687) execute /usr/local/lib/python3.8/dist-packages/oslo_concurrency/processutils.py:384}}
Jun 03 19:21:11.663295 n-d-844628-1 sudo[137647]: ubuntu : TTY=unknown ; PWD=/ ; USER=root ; COMMAND=/usr/local/bin/cinder-rootwrap /etc/cinder/rootwrap.conf env LC_ALL=C lvcreate --name _snapshot-d2c303cd-60c6-433f-b5b6-9f59f760b8ab --snapshot stack-volumes-lvmdriver-1/volume-53545503-e5f5-4459-b4ab-78493193f8b6 -L 1.00g
Jun 03 19:21:11.664323 n-d-844628-1 sudo[137647]: pam_unix(sudo:session): session opened for user root by (uid=0)
Jun 03 19:21:13.543959 n-d-844628-1 sudo[137647]: pam_unix(sudo:session): session closed for user root
Jun 03 19:21:13.562079 n-d-844628-1 cinder-volume[112687]: DEBUG oslo_concurrency.processutils [None req-88438c68-91cc-48a4-b3aa-14e342cf5747 tempest-SnapshotsActionsTest-449309213 None] CMD "sudo cinder-rootwrap /etc/cinder/rootwrap.conf env LC_ALL=C lvcreate --name _snapshot-d2c303cd-60c6-433f-b5b6-9f59f760b8ab --snapshot stack-volumes-lvmdriver-1/volume-53545503-e5f5-4459-b4ab-78493193f8b6 -L 1.00g" returned: 0 in 1.941s {{(pid=112687) execute /usr/local/lib/python3.8/dist-packages/oslo_concurrency/processutils.py:422}}
Jun 03 19:21:13.601028 n-d-844628-1 cinder-volume[112687]: INFO cinder.volume.manager [None req-88438c68-91cc-48a4-b3aa-14e342cf5747 tempest-SnapshotsActionsTest-449309213 None] Create snapshot completed successfully
Jun 03 19:21:14.971827 n-d-844628-1 cinder-volume[112687]: DEBUG cinder.coordination [None req-307b7cf7-caf4-46b6-914f-e45402badb49 tempest-SnapshotsActionsTest-903919611 None] Lock "b'cinder-d2c303cd-60c6-433f-b5b6-9f59f760b8ab-delete_snapshot'" acquired by "delete_snapshot" :: waited 0.037s {{(pid=112687) _synchronized /opt/stack/cinder/cinder/coordination.py:186}}
Jun 03 19:21:14.974918 n-d-844628-1 cinder-volume[112687]: DEBUG oslo_concurrency.processutils [None req-307b7cf7-caf4-46b6-914f-e45402badb49 tempest-SnapshotsActionsTest-903919611 None] Running cmd (subprocess): sudo cinder-rootwrap /etc/cinder/rootwrap.conf env LC_ALL=C lvs --noheadings --unit=g -o vg_name,name,size --nosuffix --readonly stack-volumes-lvmdriver-1/_snapshot-d2c303cd-60c6-433f-b5b6-9f59f760b8ab {{(pid=112687) execute /usr/local/lib/python3.8/dist-packages/oslo_concurrency/processutils.py:384}}
Jun 03 19:21:15.028554 n-d-844628-1 sudo[137819]: ubuntu : TTY=unknown ; PWD=/ ; USER=root ; COMMAND=/usr/local/bin/cinder-rootwrap /etc/cinder/rootwrap.conf env LC_ALL=C lvs --noheadings --unit=g -o vg_name,name,size --nosuffix --readonly stack-volumes-lvmdriver-1/_snapshot-d2c303cd-60c6-433f-b5b6-9f59f760b8ab
Jun 03 19:21:15.030572 n-d-844628-1 sudo[137819]: pam_unix(sudo:session): session opened for user root by (uid=0)
Jun 03 19:21:17.271437 n-d-844628-1 sudo[137819]: pam_unix(sudo:session): session closed for user root
Jun 03 19:21:17.279165 n-d-844628-1 cinder-volume[112687]: DEBUG oslo_concurrency.processutils [None req-307b7cf7-caf4-46b6-914f-e45402badb49 tempest-SnapshotsActionsTest-903919611 None] CMD "sudo cinder-rootwrap /etc/cinder/rootwrap.conf env LC_ALL=C lvs --noheadings --unit=g -o vg_name,name,size --nosuffix --readonly stack-volumes-lvmdriver-1/_snapshot-d2c303cd-60c6-433f-b5b6-9f59f760b8ab" returned: 0 in 2.305s {{(pid=112687) execute /usr/local/lib/python3.8/dist-packages/oslo_concurrency/processutils.py:422}}
Jun 03 19:21:17.291635 n-d-844628-1 cinder-volume[112687]: DEBUG oslo_concurrency.processutils [None req-307b7cf7-caf4-46b6-914f-e45402badb49 tempest-SnapshotsActionsTest-903919611 None] Running cmd (subprocess): sudo cinder-rootwrap /etc/cinder/rootwrap.conf lvremove --config activation { retry_deactivation = 1} -f stack-volumes-lvmdriver-1/_snapshot-d2c303cd-60c6-433f-b5b6-9f59f760b8ab {{(pid=112687) execute /usr/local/lib/python3.8/dist-packages/oslo_concurrency/processutils.py:384}}
Jun 03 19:21:17.375834 n-d-844628-1 sudo[137840]: ubuntu : TTY=unknown ; PWD=/ ; USER=root ; COMMAND=/usr/local/bin/cinder-rootwrap /etc/cinder/rootwrap.conf lvremove --config activation { retry_deactivation = 1} -f stack-volumes-lvmdriver-1/_snapshot-d2c303cd-60c6-433f-b5b6-9f59f760b8ab
Jun 03 19:21:17.378962 n-d-844628-1 sudo[137840]: pam_unix(sudo:session): session opened for user root by (uid=0)
Jun 03 19:21:19.616579 n-d-844628-1 sudo[137840]: pam_unix(sudo:session): session closed for user root
Jun 03 19:21:19.618801 n-d-844628-1 cinder-volume[112687]: DEBUG oslo_concurrency.processutils [None req-307b7cf7-caf4-46b6-914f-e45402badb49 tempest-SnapshotsActionsTest-903919611 None] CMD "sudo cinder-rootwrap /etc/cinder/rootwrap.conf lvremove --config activation { retry_deactivation = 1} -f stack-volumes-lvmdriver-1/_snapshot-d2c303cd-60c6-433f-b5b6-9f59f760b8ab" returned: 0 in 2.337s {{(pid=112687) execute /usr/local/lib/python3.8/dist-packages/oslo_concurrency/processutils.py:422}}
Jun 03 19:21:19.689344 n-d-844628-1 cinder-volume[112687]: DEBUG cinder.quota [None req-307b7cf7-caf4-46b6-914f-e45402badb49 tempest-SnapshotsActionsTest-903919611 None] Created reservations ['ad989a4c-ce34-4dd7-92e1-52e464ca46bc', 'ef94a544-b301-4485-874f-dddc475be7f3', 'b294b226-6f86-4967-876f-adb66ff0a72d', '20472e61-92f2-4462-8148-d6b2672cdfc0'] {{(pid=112687) reserve /opt/stack/cinder/cinder/quota.py:755}}
Jun 03 19:21:19.747333 n-d-844628-1 cinder-volume[112687]: INFO cinder.volume.manager [None req-307b7cf7-caf4-46b6-914f-e45402badb49 tempest-SnapshotsActionsTest-903919611 None] Delete snapshot completed successfully.
Jun 03 19:21:19.758319 n-d-844628-1 cinder-volume[112687]: DEBUG cinder.coordination [None req-307b7cf7-caf4-46b6-914f-e45402badb49 tempest-SnapshotsActionsTest-903919611 None] Lock "b'cinder-d2c303cd-60c6-433f-b5b6-9f59f760b8ab-delete_snapshot'" released by "delete_snapshot" :: held 4.787s {{(pid=112687) _synchronized /opt/stack/cinder/cinder/coordination.py:198}}
Jun 03 19:21:21.003395 n-d-844628-1 cinder-volume[112687]: DEBUG oslo_concurrency.processutils [None req-3653a927-bb21-4948-9fd4-4819eca2c6b2 tempest-SnapshotsActionsTest-449309213 None] Running cmd (subprocess): sudo cinder-rootwrap /etc/cinder/rootwrap.conf env LC_ALL=C lvs --noheadings --unit=g -o vg_name,name,size --nosuffix --readonly stack-volumes-lvmdriver-1/volume-53545503-e5f5-4459-b4ab-78493193f8b6 {{(pid=112687) execute /usr/local/lib/python3.8/dist-packages/oslo_concurrency/processutils.py:384}}
Jun 03 19:21:21.039834 n-d-844628-1 sudo[137989]: ubuntu : TTY=unknown ; PWD=/ ; USER=root ; COMMAND=/usr/local/bin/cinder-rootwrap /etc/cinder/rootwrap.conf env LC_ALL=C lvs --noheadings --unit=g -o vg_name,name,size --nosuffix --readonly stack-volumes-lvmdriver-1/volume-53545503-e5f5-4459-b4ab-78493193f8b6
Jun 03 19:21:21.040903 n-d-844628-1 sudo[137989]: pam_unix(sudo:session): session opened for user root by (uid=0)
Jun 03 19:21:23.153247 n-d-844628-1 sudo[137989]: pam_unix(sudo:session): session closed for user root
Jun 03 19:21:23.155700 n-d-844628-1 cinder-volume[112687]: DEBUG oslo_concurrency.processutils [None req-3653a927-bb21-4948-9fd4-4819eca2c6b2 tempest-SnapshotsActionsTest-449309213 None] CMD "sudo cinder-rootwrap /etc/cinder/rootwrap.conf env LC_ALL=C lvs --noheadings --unit=g -o vg_name,name,size --nosuffix --readonly stack-volumes-lvmdriver-1/volume-53545503-e5f5-4459-b4ab-78493193f8b6" returned: 0 in 2.152s {{(pid=112687) execute /usr/local/lib/python3.8/dist-packages/oslo_concurrency/processutils.py:422}}
Jun 03 19:21:23.157463 n-d-844628-1 cinder-volume[112687]: DEBUG oslo_concurrency.processutils [None req-3653a927-bb21-4948-9fd4-4819eca2c6b2 tempest-SnapshotsActionsTest-449309213 None] Running cmd (subprocess): sudo cinder-rootwrap /etc/cinder/rootwrap.conf env LC_ALL=C lvcreate --name _snapshot-e1c15a10-7550-45bc-a9e2-5465cf31934d --snapshot stack-volumes-lvmdriver-1/volume-53545503-e5f5-4459-b4ab-78493193f8b6 -L 1.00g {{(pid=112687) execute /usr/local/lib/python3.8/dist-packages/oslo_concurrency/processutils.py:384}}
Jun 03 19:21:23.180357 n-d-844628-1 sudo[138017]: ubuntu : TTY=unknown ; PWD=/ ; USER=root ; COMMAND=/usr/local/bin/cinder-rootwrap /etc/cinder/rootwrap.conf env LC_ALL=C lvcreate --name _snapshot-e1c15a10-7550-45bc-a9e2-5465cf31934d --snapshot stack-volumes-lvmdriver-1/volume-53545503-e5f5-4459-b4ab-78493193f8b6 -L 1.00g
Jun 03 19:21:23.182069 n-d-844628-1 sudo[138017]: pam_unix(sudo:session): session opened for user root by (uid=0)
Jun 03 19:21:25.049736 n-d-844628-1 sudo[138017]: pam_unix(sudo:session): session closed for user root
Jun 03 19:21:25.053188 n-d-844628-1 cinder-volume[112687]: DEBUG oslo_concurrency.processutils [None req-3653a927-bb21-4948-9fd4-4819eca2c6b2 tempest-SnapshotsActionsTest-449309213 None] CMD "sudo cinder-rootwrap /etc/cinder/rootwrap.conf env LC_ALL=C lvcreate --name _snapshot-e1c15a10-7550-45bc-a9e2-5465cf31934d --snapshot stack-volumes-lvmdriver-1/volume-53545503-e5f5-4459-b4ab-78493193f8b6 -L 1.00g" returned: 0 in 1.895s {{(pid=112687) execute /usr/local/lib/python3.8/dist-packages/oslo_concurrency/processutils.py:422}}
Jun 03 19:21:25.100559 n-d-844628-1 cinder-volume[112687]: DEBUG dbcounter [-] [112687] Writing DB stats cinder:SELECT=46,cinder:UPDATE=18,cinder:INSERT=6,cinder:DELETE=1 {{(pid=112687) stat_writer /usr/local/lib/python3.8/dist-packages/dbcounter.py:114}}
Jun 03 19:21:25.109988 n-d-844628-1 cinder-volume[112687]: INFO cinder.volume.manager [None req-3653a927-bb21-4948-9fd4-4819eca2c6b2 tempest-SnapshotsActionsTest-449309213 None] Create snapshot completed successfully
Jun 03 19:21:25.422598 n-d-844628-1 cinder-volume[112687]: DEBUG cinder.coordination [None req-4c1a0084-7517-4ad4-a6c8-1d2c9ef726b6 tempest-SnapshotsActionsTest-903919611 None] Lock "b'cinder-e1c15a10-7550-45bc-a9e2-5465cf31934d-delete_snapshot'" acquired by "delete_snapshot" :: waited 0.015s {{(pid=112687) _synchronized /opt/stack/cinder/cinder/coordination.py:186}}
Jun 03 19:21:25.426093 n-d-844628-1 cinder-volume[112687]: DEBUG oslo_concurrency.processutils [None req-4c1a0084-7517-4ad4-a6c8-1d2c9ef726b6 tempest-SnapshotsActionsTest-903919611 None] Running cmd (subprocess): sudo cinder-rootwrap /etc/cinder/rootwrap.conf env LC_ALL=C lvs --noheadings --unit=g -o vg_name,name,size --nosuffix --readonly stack-volumes-lvmdriver-1/_snapshot-e1c15a10-7550-45bc-a9e2-5465cf31934d {{(pid=112687) execute /usr/local/lib/python3.8/dist-packages/oslo_concurrency/processutils.py:384}}
Jun 03 19:21:25.465550 n-d-844628-1 sudo[138175]: ubuntu : TTY=unknown ; PWD=/ ; USER=root ; COMMAND=/usr/local/bin/cinder-rootwrap /etc/cinder/rootwrap.conf env LC_ALL=C lvs --noheadings --unit=g -o vg_name,name,size --nosuffix --readonly stack-volumes-lvmdriver-1/_snapshot-e1c15a10-7550-45bc-a9e2-5465cf31934d
Jun 03 19:21:25.467285 n-d-844628-1 sudo[138175]: pam_unix(sudo:session): session opened for user root by (uid=0)
Jun 03 19:21:26.948584 n-d-844628-1 sudo[138175]: pam_unix(sudo:session): session closed for user root
Jun 03 19:21:26.954754 n-d-844628-1 cinder-volume[112687]: DEBUG oslo_concurrency.processutils [None req-4c1a0084-7517-4ad4-a6c8-1d2c9ef726b6 tempest-SnapshotsActionsTest-903919611 None] CMD "sudo cinder-rootwrap /etc/cinder/rootwrap.conf env LC_ALL=C lvs --noheadings --unit=g -o vg_name,name,size --nosuffix --readonly stack-volumes-lvmdriver-1/_snapshot-e1c15a10-7550-45bc-a9e2-5465cf31934d" returned: 0 in 1.525s {{(pid=112687) execute /usr/local/lib/python3.8/dist-packages/oslo_concurrency/processutils.py:422}}
Jun 03 19:21:26.957517 n-d-844628-1 cinder-volume[112687]: DEBUG oslo_concurrency.processutils [None req-4c1a0084-7517-4ad4-a6c8-1d2c9ef726b6 tempest-SnapshotsActionsTest-903919611 None] Running cmd (subprocess): sudo cinder-rootwrap /etc/cinder/rootwrap.conf lvremove --config activation { retry_deactivation = 1} -f stack-volumes-lvmdriver-1/_snapshot-e1c15a10-7550-45bc-a9e2-5465cf31934d {{(pid=112687) execute /usr/local/lib/python3.8/dist-packages/oslo_concurrency/processutils.py:384}}
Jun 03 19:21:26.998624 n-d-844628-1 sudo[138208]: ubuntu : TTY=unknown ; PWD=/ ; USER=root ; COMMAND=/usr/local/bin/cinder-rootwrap /etc/cinder/rootwrap.conf lvremove --config activation { retry_deactivation = 1} -f stack-volumes-lvmdriver-1/_snapshot-e1c15a10-7550-45bc-a9e2-5465cf31934d
Jun 03 19:21:27.004038 n-d-844628-1 sudo[138208]: pam_unix(sudo:session): session opened for user root by (uid=0)
Jun 03 19:21:29.111946 n-d-844628-1 sudo[138208]: pam_unix(sudo:session): session closed for user root
Jun 03 19:21:29.115186 n-d-844628-1 cinder-volume[112687]: DEBUG oslo_concurrency.processutils [None req-4c1a0084-7517-4ad4-a6c8-1d2c9ef726b6 tempest-SnapshotsActionsTest-903919611 None] CMD "sudo cinder-rootwrap /etc/cinder/rootwrap.conf lvremove --config activation { retry_deactivation = 1} -f stack-volumes-lvmdriver-1/_snapshot-e1c15a10-7550-45bc-a9e2-5465cf31934d" returned: 0 in 2.157s {{(pid=112687) execute /usr/local/lib/python3.8/dist-packages/oslo_concurrency/processutils.py:422}}
Jun 03 19:21:29.234182 n-d-844628-1 cinder-volume[112687]: DEBUG cinder.quota [None req-4c1a0084-7517-4ad4-a6c8-1d2c9ef726b6 tempest-SnapshotsActionsTest-903919611 None] Created reservations ['b1205d54-9808-46ab-b067-8aa4b1257da8', '148de669-d3ea-4a2a-a93e-b0cba709dfbe', 'fac94e26-0283-4c80-bb18-e23d37e1b544', 'cc74d0d8-848d-491e-948d-aad1b41e793f'] {{(pid=112687) reserve /opt/stack/cinder/cinder/quota.py:755}}
Jun 03 19:21:29.315597 n-d-844628-1 cinder-volume[112687]: INFO cinder.volume.manager [None req-4c1a0084-7517-4ad4-a6c8-1d2c9ef726b6 tempest-SnapshotsActionsTest-903919611 None] Delete snapshot completed successfully.
Jun 03 19:21:29.325737 n-d-844628-1 cinder-volume[112687]: DEBUG cinder.coordination [None req-4c1a0084-7517-4ad4-a6c8-1d2c9ef726b6 tempest-SnapshotsActionsTest-903919611 None] Lock "b'cinder-e1c15a10-7550-45bc-a9e2-5465cf31934d-delete_snapshot'" released by "delete_snapshot" :: held 3.903s {{(pid=112687) _synchronized /opt/stack/cinder/cinder/coordination.py:198}}
Jun 03 19:21:30.262490 n-d-844628-1 cinder-volume[112687]: DEBUG oslo_concurrency.processutils [None req-37b84172-d297-45e5-a927-003d04c72054 tempest-SnapshotsActionsTest-449309213 None] Running cmd (subprocess): sudo cinder-rootwrap /etc/cinder/rootwrap.conf env LC_ALL=C lvs --noheadings --unit=g -o vg_name,name,size --nosuffix --readonly stack-volumes-lvmdriver-1/volume-53545503-e5f5-4459-b4ab-78493193f8b6 {{(pid=112687) execute /usr/local/lib/python3.8/dist-packages/oslo_concurrency/processutils.py:384}}
