Aug 08 10:07:39.018157 n-d-844627-11 devstack@placement-api.service[105218]: DEBUG placement.objects.research_context [req-0cf57bf4-18f3-47ab-837e-8cbdcb95460b req-b55dd5ac-5194-4aa7-8360-ea6c047c68be service placement] found 2 providers with available 1024 MEMORY_MB {{(pid=105218) get_provider_ids_matching /opt/stack/placement/placement/objects/research_context.py:563}}
Aug 08 10:07:39.018157 n-d-844627-11 devstack@placement-api.service[105218]: DEBUG placement.objects.research_context [req-0cf57bf4-18f3-47ab-837e-8cbdcb95460b req-b55dd5ac-5194-4aa7-8360-ea6c047c68be service placement] found 2 providers after filtering by previous result {{(pid=105218) get_provider_ids_matching /opt/stack/placement/placement/objects/research_context.py:594}}
Aug 08 10:07:39.018157 n-d-844627-11 devstack@placement-api.service[105218]: DEBUG placement.objects.research_context [req-0cf57bf4-18f3-47ab-837e-8cbdcb95460b req-b55dd5ac-5194-4aa7-8360-ea6c047c68be service placement] found 2 providers with available 1 VCPU {{(pid=105218) get_provider_ids_matching /opt/stack/placement/placement/objects/research_context.py:563}}
Aug 08 10:07:39.018673 n-d-844627-11 devstack@placement-api.service[105218]: DEBUG placement.objects.research_context [req-0cf57bf4-18f3-47ab-837e-8cbdcb95460b req-b55dd5ac-5194-4aa7-8360-ea6c047c68be service placement] found 2 providers after filtering by previous result {{(pid=105218) get_provider_ids_matching /opt/stack/placement/placement/objects/research_context.py:594}}
Aug 08 10:07:39.053281 n-d-844627-11 devstack@placement-api.service[105218]: DEBUG placement.objects.allocation_candidate [req-0cf57bf4-18f3-47ab-837e-8cbdcb95460b req-b55dd5ac-5194-4aa7-8360-ea6c047c68be service placement] RequestGroup(use_same_provider=False, resources={DISK_GB:1, MEMORY_MB:1024, VCPU:1}, traits=(), aggregates=[]) (suffix '') returned 2 matches {{(pid=105218) _get_by_requests /opt/stack/placement/placement/objects/allocation_candidate.py:156}}
Aug 08 10:07:39.053702 n-d-844627-11 devstack@placement-api.service[105218]: DEBUG placement.objects.allocation_candidate [req-0cf57bf4-18f3-47ab-837e-8cbdcb95460b req-b55dd5ac-5194-4aa7-8360-ea6c047c68be service placement] Merging candidates yields 2 allocation requests and 2 provider summaries {{(pid=105218) _merge_candidates /opt/stack/placement/placement/objects/allocation_candidate.py:809}}
Aug 08 10:07:39.059269 n-d-844627-11 devstack@placement-api.service[105218]: INFO placement.requestlog [req-0cf57bf4-18f3-47ab-837e-8cbdcb95460b req-b55dd5ac-5194-4aa7-8360-ea6c047c68be service placement] 10.222.0.20 "GET /placement/allocation_candidates?limit=1000&resources=DISK_GB%3A1%2CMEMORY_MB%3A1024%2CVCPU%3A1&root_required=%21COMPUTE_STATUS_DISABLED" status: 200 len: 1309 microversion: 1.36
Aug 08 10:07:39.060322 n-d-844627-11 devstack@placement-api.service[105218]: [pid: 105218|app: 0|req: 168/337] 10.222.0.20 () {60 vars in 1506 bytes} [Mon Aug 8 10:07:38 2022] GET /placement/allocation_candidates?limit=1000&resources=DISK_GB%3A1%2CMEMORY_MB%3A1024%2CVCPU%3A1&root_required=%21COMPUTE_STATUS_DISABLED => generated 1309 bytes in 224 msecs (HTTP/1.1 200) 8 headers in 297 bytes (1 switches on core 0)
Aug 08 10:07:39.227174 n-d-844627-11 devstack@placement-api.service[105217]: DEBUG placement.requestlog [req-0cf57bf4-18f3-47ab-837e-8cbdcb95460b req-caa567a3-a71b-4e6c-8e03-52e57601538a None None] Starting request: 10.222.0.20 "GET /placement/allocations/afaebaad-987e-41ba-bbe8-0314a8c592b3" {{(pid=105217) __call__ /opt/stack/placement/placement/requestlog.py:55}}
Aug 08 10:07:39.250300 n-d-844627-11 devstack@placement-api.service[105217]: INFO placement.requestlog [req-0cf57bf4-18f3-47ab-837e-8cbdcb95460b req-caa567a3-a71b-4e6c-8e03-52e57601538a service placement] 10.222.0.20 "GET /placement/allocations/afaebaad-987e-41ba-bbe8-0314a8c592b3" status: 200 len: 19 microversion: 1.28
Aug 08 10:07:39.257507 n-d-844627-11 devstack@placement-api.service[105217]: [pid: 105217|app: 0|req: 170/338] 10.222.0.20 () {60 vars in 1380 bytes} [Mon Aug 8 10:07:39 2022] GET /placement/allocations/afaebaad-987e-41ba-bbe8-0314a8c592b3 => generated 19 bytes in 30 msecs (HTTP/1.1 200) 8 headers in 295 bytes (1 switches on core 0)
Aug 08 10:07:39.257744 n-d-844627-11 devstack@placement-api.service[105218]: DEBUG placement.requestlog [req-0cf57bf4-18f3-47ab-837e-8cbdcb95460b req-dbd00633-2ac3-4986-991b-f393849214f5 None None] Starting request: 10.222.0.20 "PUT /placement/allocations/afaebaad-987e-41ba-bbe8-0314a8c592b3" {{(pid=105218) __call__ /opt/stack/placement/placement/requestlog.py:55}}
Aug 08 10:07:39.480674 n-d-844627-11 devstack@placement-api.service[105218]: DEBUG placement.handlers.allocation [req-0cf57bf4-18f3-47ab-837e-8cbdcb95460b req-dbd00633-2ac3-4986-991b-f393849214f5 service placement] Successfully wrote allocations [, , ] {{(pid=105218) _update_consumers_and_create_allocations /opt/stack/placement/placement/handlers/allocation.py:462}}
Aug 08 10:07:39.498472 n-d-844627-11 devstack@placement-api.service[105218]: INFO placement.requestlog [req-0cf57bf4-18f3-47ab-837e-8cbdcb95460b req-dbd00633-2ac3-4986-991b-f393849214f5 service placement] 10.222.0.20 "PUT /placement/allocations/afaebaad-987e-41ba-bbe8-0314a8c592b3" status: 204 len: 0 microversion: 1.36
Aug 08 10:07:39.500012 n-d-844627-11 devstack@placement-api.service[105218]: [pid: 105218|app: 0|req: 169/339] 10.222.0.20 () {64 vars in 1433 bytes} [Mon Aug 8 10:07:39 2022] PUT /placement/allocations/afaebaad-987e-41ba-bbe8-0314a8c592b3 => generated 0 bytes in 243 msecs (HTTP/1.1 204) 5 headers in 199 bytes (1 switches on core 0)
Aug 08 10:07:40.188480 n-d-844627-11 devstack@placement-api.service[105217]: DEBUG placement.requestlog [req-0cf57bf4-18f3-47ab-837e-8cbdcb95460b req-278077ce-c3dd-4c41-9e30-b8f548a22d53 None None] Starting request: 10.222.0.36 "GET /placement/allocations/afaebaad-987e-41ba-bbe8-0314a8c592b3" {{(pid=105217) __call__ /opt/stack/placement/placement/requestlog.py:55}}
Aug 08 10:07:40.221136 n-d-844627-11 devstack@placement-api.service[105217]: INFO placement.requestlog [req-0cf57bf4-18f3-47ab-837e-8cbdcb95460b req-278077ce-c3dd-4c41-9e30-b8f548a22d53 service placement] 10.222.0.36 "GET /placement/allocations/afaebaad-987e-41ba-bbe8-0314a8c592b3" status: 200 len: 259 microversion: 1.28
Aug 08 10:07:40.224185 n-d-844627-11 devstack@placement-api.service[105217]: [pid: 105217|app: 0|req: 171/340] 10.222.0.36 () {60 vars in 1377 bytes} [Mon Aug 8 10:07:40 2022] GET /placement/allocations/afaebaad-987e-41ba-bbe8-0314a8c592b3 => generated 259 bytes in 36 msecs (HTTP/1.1 200) 8 headers in 296 bytes (1 switches on core 0)
Aug 08 10:07:40.418253 n-d-844627-11 devstack@placement-api.service[105218]: DEBUG placement.requestlog [None req-882ea10c-6feb-42e8-b87a-08e818ab5414 None None] Starting request: 10.222.0.20 "GET /placement/resource_providers/81c965e8-f56d-4c12-b251-fffe8664664e/aggregates" {{(pid=105218) __call__ /opt/stack/placement/placement/requestlog.py:55}}
Aug 08 10:07:40.437131 n-d-844627-11 devstack@placement-api.service[105218]: INFO placement.requestlog [None req-882ea10c-6feb-42e8-b87a-08e818ab5414 service placement] 10.222.0.20 "GET /placement/resource_providers/81c965e8-f56d-4c12-b251-fffe8664664e/aggregates" status: 404 len: 235 microversion: 1.1
Aug 08 10:07:40.440983 n-d-844627-11 devstack@placement-api.service[105218]: [pid: 105218|app: 0|req: 170/341] 10.222.0.20 () {58 vars in 1362 bytes} [Mon Aug 8 10:07:40 2022] GET /placement/resource_providers/81c965e8-f56d-4c12-b251-fffe8664664e/aggregates => generated 235 bytes in 23 msecs (HTTP/1.1 404) 5 headers in 202 bytes (1 switches on core 0)
Aug 08 10:07:40.459989 n-d-844627-11 devstack@placement-api.service[105217]: DEBUG placement.requestlog [None req-d8914483-5f5b-4790-9723-51a85ec6b8ee None None] Starting request: 10.222.0.20 "DELETE /placement/resource_providers/81c965e8-f56d-4c12-b251-fffe8664664e" {{(pid=105217) __call__ /opt/stack/placement/placement/requestlog.py:55}}
Aug 08 10:07:40.472554 n-d-844627-11 devstack@placement-api.service[105217]: DEBUG placement.wsgi_wrapper [None req-d8914483-5f5b-4790-9723-51a85ec6b8ee service placement] Placement API returning an error response: No resource provider with uuid 81c965e8-f56d-4c12-b251-fffe8664664e found for delete {{(pid=105217) call_func /opt/stack/placement/placement/wsgi_wrapper.py:31}}
Aug 08 10:07:40.473342 n-d-844627-11 devstack@placement-api.service[105217]: INFO placement.requestlog [None req-d8914483-5f5b-4790-9723-51a85ec6b8ee service placement] 10.222.0.20 "DELETE /placement/resource_providers/81c965e8-f56d-4c12-b251-fffe8664664e" status: 404 len: 246 microversion: 1.1
Aug 08 10:07:40.480953 n-d-844627-11 devstack@placement-api.service[105217]: [pid: 105217|app: 0|req: 172/342] 10.222.0.20 () {60 vars in 1351 bytes} [Mon Aug 8 10:07:40 2022] DELETE /placement/resource_providers/81c965e8-f56d-4c12-b251-fffe8664664e => generated 246 bytes in 21 msecs (HTTP/1.1 404) 6 headers in 231 bytes (1 switches on core 0)
Aug 08 10:07:46.263511 n-d-844627-11 devstack@placement-api.service[105218]: DEBUG placement.requestlog [req-f124a0c7-7c6f-4799-9e60-9e59248f6bb8 req-9df947a9-5c17-44ff-b64c-e67277251fe7 None None] Starting request: 10.222.0.20 "GET /placement/allocation_candidates?limit=1000&resources=DISK_GB%3A1%2CMEMORY_MB%3A1024%2CVCPU%3A1&root_required=%21COMPUTE_STATUS_DISABLED" {{(pid=105218) __call__ /opt/stack/placement/placement/requestlog.py:55}}
Aug 08 10:07:46.361762 n-d-844627-11 devstack@placement-api.service[105218]: DEBUG placement.objects.research_context [req-f124a0c7-7c6f-4799-9e60-9e59248f6bb8 req-9df947a9-5c17-44ff-b64c-e67277251fe7 service placement] getting providers with 1 DISK_GB {{(pid=105218) __init__ /opt/stack/placement/placement/objects/research_context.py:136}}
Aug 08 10:07:46.377337 n-d-844627-11 devstack@placement-api.service[105218]: DEBUG placement.objects.research_context [req-f124a0c7-7c6f-4799-9e60-9e59248f6bb8 req-9df947a9-5c17-44ff-b64c-e67277251fe7 service placement] getting providers with 1024 MEMORY_MB {{(pid=105218) __init__ /opt/stack/placement/placement/objects/research_context.py:136}}
Aug 08 10:07:46.387286 n-d-844627-11 devstack@placement-api.service[105218]: DEBUG placement.objects.research_context [req-f124a0c7-7c6f-4799-9e60-9e59248f6bb8 req-9df947a9-5c17-44ff-b64c-e67277251fe7 service placement] getting providers with 1 VCPU {{(pid=105218) __init__ /opt/stack/placement/placement/objects/research_context.py:136}}
Aug 08 10:07:46.402825 n-d-844627-11 devstack@placement-api.service[105218]: DEBUG placement.objects.research_context [req-f124a0c7-7c6f-4799-9e60-9e59248f6bb8 req-9df947a9-5c17-44ff-b64c-e67277251fe7 service placement] found 2 providers with available 1 DISK_GB {{(pid=105218) get_provider_ids_matching /opt/stack/placement/placement/objects/research_context.py:563}}
Aug 08 10:07:46.407289 n-d-844627-11 devstack@placement-api.service[105218]: DEBUG placement.objects.research_context [req-f124a0c7-7c6f-4799-9e60-9e59248f6bb8 req-9df947a9-5c17-44ff-b64c-e67277251fe7 service placement] found 2 providers with available 1024 MEMORY_MB {{(pid=105218) get_provider_ids_matching /opt/stack/placement/placement/objects/research_context.py:563}}
Aug 08 10:07:46.408280 n-d-844627-11 devstack@placement-api.service[105218]: DEBUG placement.objects.research_context [req-f124a0c7-7c6f-4799-9e60-9e59248f6bb8 req-9df947a9-5c17-44ff-b64c-e67277251fe7 service placement] found 2 providers after filtering by previous result {{(pid=105218) get_provider_ids_matching /opt/stack/placement/placement/objects/research_context.py:594}}
Aug 08 10:07:46.408703 n-d-844627-11 devstack@placement-api.service[105218]: DEBUG placement.objects.research_context [req-f124a0c7-7c6f-4799-9e60-9e59248f6bb8 req-9df947a9-5c17-44ff-b64c-e67277251fe7 service placement] found 2 providers with available 1 VCPU {{(pid=105218) get_provider_ids_matching /opt/stack/placement/placement/objects/research_context.py:563}}
Aug 08 10:07:46.409154 n-d-844627-11 devstack@placement-api.service[105218]: DEBUG placement.objects.research_context [req-f124a0c7-7c6f-4799-9e60-9e59248f6bb8 req-9df947a9-5c17-44ff-b64c-e67277251fe7 service placement] found 2 providers after filtering by previous result {{(pid=105218) get_provider_ids_matching /opt/stack/placement/placement/objects/research_context.py:594}}
Aug 08 10:07:46.430525 n-d-844627-11 devstack@placement-api.service[105218]: DEBUG placement.objects.allocation_candidate [req-f124a0c7-7c6f-4799-9e60-9e59248f6bb8 req-9df947a9-5c17-44ff-b64c-e67277251fe7 service placement] RequestGroup(use_same_provider=False, resources={DISK_GB:1, MEMORY_MB:1024, VCPU:1}, traits=(), aggregates=[]) (suffix '') returned 2 matches {{(pid=105218) _get_by_requests /opt/stack/placement/placement/objects/allocation_candidate.py:156}}
Aug 08 10:07:46.432176 n-d-844627-11 devstack@placement-api.service[105218]: DEBUG placement.objects.allocation_candidate [req-f124a0c7-7c6f-4799-9e60-9e59248f6bb8 req-9df947a9-5c17-44ff-b64c-e67277251fe7 service placement] Merging candidates yields 2 allocation requests and 2 provider summaries {{(pid=105218) _merge_candidates /opt/stack/placement/placement/objects/allocation_candidate.py:809}}
Aug 08 10:07:46.438190 n-d-844627-11 devstack@placement-api.service[105218]: INFO placement.requestlog [req-f124a0c7-7c6f-4799-9e60-9e59248f6bb8 req-9df947a9-5c17-44ff-b64c-e67277251fe7 service placement] 10.222.0.20 "GET /placement/allocation_candidates?limit=1000&resources=DISK_GB%3A1%2CMEMORY_MB%3A1024%2CVCPU%3A1&root_required=%21COMPUTE_STATUS_DISABLED" status: 200 len: 1309 microversion: 1.36
Aug 08 10:07:46.440201 n-d-844627-11 devstack@placement-api.service[105218]: [pid: 105218|app: 0|req: 171/343] 10.222.0.20 () {60 vars in 1506 bytes} [Mon Aug 8 10:07:46 2022] GET /placement/allocation_candidates?limit=1000&resources=DISK_GB%3A1%2CMEMORY_MB%3A1024%2CVCPU%3A1&root_required=%21COMPUTE_STATUS_DISABLED => generated 1309 bytes in 177 msecs (HTTP/1.1 200) 8 headers in 297 bytes (1 switches on core 0)
Aug 08 10:07:46.653367 n-d-844627-11 devstack@placement-api.service[105217]: DEBUG placement.requestlog [req-f124a0c7-7c6f-4799-9e60-9e59248f6bb8 req-9d3c85be-db24-4ce7-8082-83feb356ebe8 None None] Starting request: 10.222.0.20 "GET /placement/allocations/67f21b3f-3ec2-4817-8d43-c6498ffe3df8" {{(pid=105217) __call__ /opt/stack/placement/placement/requestlog.py:55}}
Aug 08 10:07:46.683389 n-d-844627-11 devstack@placement-api.service[105217]: INFO placement.requestlog [req-f124a0c7-7c6f-4799-9e60-9e59248f6bb8 req-9d3c85be-db24-4ce7-8082-83feb356ebe8 service placement] 10.222.0.20 "GET /placement/allocations/67f21b3f-3ec2-4817-8d43-c6498ffe3df8" status: 200 len: 19 microversion: 1.28
Aug 08 10:07:46.684843 n-d-844627-11 devstack@placement-api.service[105217]: [pid: 105217|app: 0|req: 173/344] 10.222.0.20 () {60 vars in 1380 bytes} [Mon Aug 8 10:07:46 2022] GET /placement/allocations/67f21b3f-3ec2-4817-8d43-c6498ffe3df8 => generated 19 bytes in 32 msecs (HTTP/1.1 200) 8 headers in 295 bytes (1 switches on core 0)
Aug 08 10:07:46.702817 n-d-844627-11 devstack@placement-api.service[105218]: DEBUG placement.requestlog [req-f124a0c7-7c6f-4799-9e60-9e59248f6bb8 req-4af5af2a-d26e-4054-8946-04232d0a62b5 None None] Starting request: 10.222.0.20 "PUT /placement/allocations/67f21b3f-3ec2-4817-8d43-c6498ffe3df8" {{(pid=105218) __call__ /opt/stack/placement/placement/requestlog.py:55}}
Aug 08 10:07:46.858040 n-d-844627-11 devstack@placement-api.service[105218]: DEBUG placement.handlers.allocation [req-f124a0c7-7c6f-4799-9e60-9e59248f6bb8 req-4af5af2a-d26e-4054-8946-04232d0a62b5 service placement] Successfully wrote allocations [, , ] {{(pid=105218) _update_consumers_and_create_allocations /opt/stack/placement/placement/handlers/allocation.py:462}}
Aug 08 10:07:46.872915 n-d-844627-11 devstack@placement-api.service[105218]: INFO placement.requestlog [req-f124a0c7-7c6f-4799-9e60-9e59248f6bb8 req-4af5af2a-d26e-4054-8946-04232d0a62b5 service placement] 10.222.0.20 "PUT /placement/allocations/67f21b3f-3ec2-4817-8d43-c6498ffe3df8" status: 204 len: 0 microversion: 1.36
Aug 08 10:07:46.875095 n-d-844627-11 devstack@placement-api.service[105218]: [pid: 105218|app: 0|req: 172/345] 10.222.0.20 () {64 vars in 1433 bytes} [Mon Aug 8 10:07:46 2022] PUT /placement/allocations/67f21b3f-3ec2-4817-8d43-c6498ffe3df8 => generated 0 bytes in 172 msecs (HTTP/1.1 204) 5 headers in 199 bytes (1 switches on core 0)
Aug 08 10:07:47.393219 n-d-844627-11 devstack@placement-api.service[105217]: DEBUG placement.requestlog [req-f124a0c7-7c6f-4799-9e60-9e59248f6bb8 req-6f7e2a12-8a7c-4c06-a829-23f028af1476 None None] Starting request: 10.222.0.36 "GET /placement/allocations/67f21b3f-3ec2-4817-8d43-c6498ffe3df8" {{(pid=105217) __call__ /opt/stack/placement/placement/requestlog.py:55}}
Aug 08 10:07:47.433433 n-d-844627-11 devstack@placement-api.service[105217]: INFO placement.requestlog [req-f124a0c7-7c6f-4799-9e60-9e59248f6bb8 req-6f7e2a12-8a7c-4c06-a829-23f028af1476 service placement] 10.222.0.36 "GET /placement/allocations/67f21b3f-3ec2-4817-8d43-c6498ffe3df8" status: 200 len: 259 microversion: 1.28
Aug 08 10:07:47.433829 n-d-844627-11 devstack@placement-api.service[105217]: [pid: 105217|app: 0|req: 174/346] 10.222.0.36 () {60 vars in 1377 bytes} [Mon Aug 8 10:07:47 2022] GET /placement/allocations/67f21b3f-3ec2-4817-8d43-c6498ffe3df8 => generated 259 bytes in 41 msecs (HTTP/1.1 200) 8 headers in 296 bytes (1 switches on core 0)
Aug 08 10:07:48.147271 n-d-844627-11 devstack@placement-api.service[105218]: DEBUG placement.requestlog [req-5e862307-7b09-4d5b-a6eb-f97ae563d287 req-b2f28541-d3d7-4fbe-b15a-3b8f782dfb52 None None] Starting request: 10.222.0.39 "DELETE /placement/allocations/f698fab2-8f6b-4250-be06-8f741ae57736" {{(pid=105218) __call__ /opt/stack/placement/placement/requestlog.py:55}}
Aug 08 10:07:48.239344 n-d-844627-11 devstack@placement-api.service[105218]: DEBUG placement.handlers.allocation [req-5e862307-7b09-4d5b-a6eb-f97ae563d287 req-b2f28541-d3d7-4fbe-b15a-3b8f782dfb52 service placement] Successfully deleted allocations [, , ] {{(pid=105218) delete_allocations /opt/stack/placement/placement/handlers/allocation.py:627}}
Aug 08 10:07:48.240624 n-d-844627-11 devstack@placement-api.service[105218]: INFO placement.requestlog [req-5e862307-7b09-4d5b-a6eb-f97ae563d287 req-b2f28541-d3d7-4fbe-b15a-3b8f782dfb52 service placement] 10.222.0.39 "DELETE /placement/allocations/f698fab2-8f6b-4250-be06-8f741ae57736" status: 204 len: 0 microversion: 1.0
Aug 08 10:07:48.241427 n-d-844627-11 devstack@placement-api.service[105218]: [pid: 105218|app: 0|req: 173/347] 10.222.0.39 () {60 vars in 1355 bytes} [Mon Aug 8 10:07:48 2022] DELETE /placement/allocations/f698fab2-8f6b-4250-be06-8f741ae57736 => generated 0 bytes in 94 msecs (HTTP/1.1 204) 5 headers in 198 bytes (2 switches on core 0)
Aug 08 10:07:52.770444 n-d-844627-11 devstack@placement-api.service[105217]: DEBUG placement.requestlog [None req-c98980d8-1239-4169-b57f-c4a5d7c9c3df None None] Starting request: 10.222.0.20 "GET /placement/resource_providers/73ea9f85-c46b-4138-bb1f-3e2bf06064c6/aggregates" {{(pid=105217) __call__ /opt/stack/placement/placement/requestlog.py:55}}
Aug 08 10:07:52.787552 n-d-844627-11 devstack@placement-api.service[105217]: INFO placement.requestlog [None req-c98980d8-1239-4169-b57f-c4a5d7c9c3df service placement] 10.222.0.20 "GET /placement/resource_providers/73ea9f85-c46b-4138-bb1f-3e2bf06064c6/aggregates" status: 404 len: 235 microversion: 1.1
Aug 08 10:07:52.789530 n-d-844627-11 devstack@placement-api.service[105217]: [pid: 105217|app: 0|req: 175/348] 10.222.0.20 () {58 vars in 1362 bytes} [Mon Aug 8 10:07:52 2022] GET /placement/resource_providers/73ea9f85-c46b-4138-bb1f-3e2bf06064c6/aggregates => generated 235 bytes in 19 msecs (HTTP/1.1 404) 5 headers in 202 bytes (1 switches on core 0)
Aug 08 10:07:52.842790 n-d-844627-11 devstack@placement-api.service[105218]: DEBUG placement.requestlog [None req-a52d7db9-d63a-4a33-a78c-290ad1d0803a None None] Starting request: 10.222.0.20 "DELETE /placement/resource_providers/73ea9f85-c46b-4138-bb1f-3e2bf06064c6" {{(pid=105218) __call__ /opt/stack/placement/placement/requestlog.py:55}}
Aug 08 10:07:52.858097 n-d-844627-11 devstack@placement-api.service[105218]: DEBUG placement.wsgi_wrapper [None req-a52d7db9-d63a-4a33-a78c-290ad1d0803a service placement] Placement API returning an error response: No resource provider with uuid 73ea9f85-c46b-4138-bb1f-3e2bf06064c6 found for delete {{(pid=105218) call_func /opt/stack/placement/placement/wsgi_wrapper.py:31}}
Aug 08 10:07:52.859047 n-d-844627-11 devstack@placement-api.service[105218]: INFO placement.requestlog [None req-a52d7db9-d63a-4a33-a78c-290ad1d0803a service placement] 10.222.0.20 "DELETE /placement/resource_providers/73ea9f85-c46b-4138-bb1f-3e2bf06064c6" status: 404 len: 246 microversion: 1.1
Aug 08 10:07:52.859941 n-d-844627-11 devstack@placement-api.service[105218]: [pid: 105218|app: 0|req: 174/349] 10.222.0.20 () {60 vars in 1351 bytes} [Mon Aug 8 10:07:52 2022] DELETE /placement/resource_providers/73ea9f85-c46b-4138-bb1f-3e2bf06064c6 => generated 246 bytes in 17 msecs (HTTP/1.1 404) 6 headers in 231 bytes (2 switches on core 0)
Aug 08 10:08:00.878536 n-d-844627-11 devstack@placement-api.service[105217]: DEBUG placement.requestlog [req-262772fa-193d-44a4-9a7d-d659cff61fc2 req-e8f43ed6-9da1-4982-a4c7-aed7a85f9a02 None None] Starting request: 10.222.0.20 "GET /placement/allocation_candidates?limit=1000&resources=DISK_GB%3A1%2CMEMORY_MB%3A1024%2CVCPU%3A1&root_required=%21COMPUTE_STATUS_DISABLED" {{(pid=105217) __call__ /opt/stack/placement/placement/requestlog.py:55}}
Aug 08 10:08:00.895728 n-d-844627-11 devstack@placement-api.service[105217]: DEBUG dbcounter [-] [105217] Writing DB stats placement:SELECT=67 {{(pid=105217) stat_writer /usr/local/lib/python3.8/dist-packages/dbcounter.py:114}}
Aug 08 10:08:00.930521 n-d-844627-11 devstack@placement-api.service[105217]: DEBUG placement.objects.research_context [req-262772fa-193d-44a4-9a7d-d659cff61fc2 req-e8f43ed6-9da1-4982-a4c7-aed7a85f9a02 service placement] getting providers with 1 DISK_GB {{(pid=105217) __init__ /opt/stack/placement/placement/objects/research_context.py:136}}
Aug 08 10:08:00.944899 n-d-844627-11 devstack@placement-api.service[105217]: DEBUG placement.objects.research_context [req-262772fa-193d-44a4-9a7d-d659cff61fc2 req-e8f43ed6-9da1-4982-a4c7-aed7a85f9a02 service placement] getting providers with 1024 MEMORY_MB {{(pid=105217) __init__ /opt/stack/placement/placement/objects/research_context.py:136}}
Aug 08 10:08:00.951745 n-d-844627-11 devstack@placement-api.service[105217]: DEBUG placement.objects.research_context [req-262772fa-193d-44a4-9a7d-d659cff61fc2 req-e8f43ed6-9da1-4982-a4c7-aed7a85f9a02 service placement] getting providers with 1 VCPU {{(pid=105217) __init__ /opt/stack/placement/placement/objects/research_context.py:136}}
Aug 08 10:08:00.957723 n-d-844627-11 devstack@placement-api.service[105217]: DEBUG placement.objects.research_context [req-262772fa-193d-44a4-9a7d-d659cff61fc2 req-e8f43ed6-9da1-4982-a4c7-aed7a85f9a02 service placement] found 2 providers with available 1 DISK_GB {{(pid=105217) get_provider_ids_matching /opt/stack/placement/placement/objects/research_context.py:563}}
Aug 08 10:08:00.957999 n-d-844627-11 devstack@placement-api.service[105217]: DEBUG placement.objects.research_context [req-262772fa-193d-44a4-9a7d-d659cff61fc2 req-e8f43ed6-9da1-4982-a4c7-aed7a85f9a02 service placement] found 2 providers with available 1024 MEMORY_MB {{(pid=105217) get_provider_ids_matching /opt/stack/placement/placement/objects/research_context.py:563}}
Aug 08 10:08:00.958442 n-d-844627-11 devstack@placement-api.service[105217]: DEBUG placement.objects.research_context [req-262772fa-193d-44a4-9a7d-d659cff61fc2 req-e8f43ed6-9da1-4982-a4c7-aed7a85f9a02 service placement] found 2 providers after filtering by previous result {{(pid=105217) get_provider_ids_matching /opt/stack/placement/placement/objects/research_context.py:594}}
Aug 08 10:08:00.958921 n-d-844627-11 devstack@placement-api.service[105217]: DEBUG placement.objects.research_context [req-262772fa-193d-44a4-9a7d-d659cff61fc2 req-e8f43ed6-9da1-4982-a4c7-aed7a85f9a02 service placement] found 2 providers with available 1 VCPU {{(pid=105217) get_provider_ids_matching /opt/stack/placement/placement/objects/research_context.py:563}}
Aug 08 10:08:00.959353 n-d-844627-11 devstack@placement-api.service[105217]: DEBUG placement.objects.research_context [req-262772fa-193d-44a4-9a7d-d659cff61fc2 req-e8f43ed6-9da1-4982-a4c7-aed7a85f9a02 service placement] found 2 providers after filtering by previous result {{(pid=105217) get_provider_ids_matching /opt/stack/placement/placement/objects/research_context.py:594}}
Aug 08 10:08:00.987332 n-d-844627-11 devstack@placement-api.service[105217]: DEBUG placement.objects.allocation_candidate [req-262772fa-193d-44a4-9a7d-d659cff61fc2 req-e8f43ed6-9da1-4982-a4c7-aed7a85f9a02 service placement] RequestGroup(use_same_provider=False, resources={DISK_GB:1, MEMORY_MB:1024, VCPU:1}, traits=(), aggregates=[]) (suffix '') returned 2 matches {{(pid=105217) _get_by_requests /opt/stack/placement/placement/objects/allocation_candidate.py:156}}
Aug 08 10:08:00.987742 n-d-844627-11 devstack@placement-api.service[105217]: DEBUG placement.objects.allocation_candidate [req-262772fa-193d-44a4-9a7d-d659cff61fc2 req-e8f43ed6-9da1-4982-a4c7-aed7a85f9a02 service placement] Merging candidates yields 2 allocation requests and 2 provider summaries {{(pid=105217) _merge_candidates /opt/stack/placement/placement/objects/allocation_candidate.py:809}}
Aug 08 10:08:00.992912 n-d-844627-11 devstack@placement-api.service[105217]: INFO placement.requestlog [req-262772fa-193d-44a4-9a7d-d659cff61fc2 req-e8f43ed6-9da1-4982-a4c7-aed7a85f9a02 service placement] 10.222.0.20 "GET /placement/allocation_candidates?limit=1000&resources=DISK_GB%3A1%2CMEMORY_MB%3A1024%2CVCPU%3A1&root_required=%21COMPUTE_STATUS_DISABLED" status: 200 len: 1309 microversion: 1.36
Aug 08 10:08:00.993311 n-d-844627-11 devstack@placement-api.service[105217]: [pid: 105217|app: 0|req: 176/350] 10.222.0.20 () {60 vars in 1506 bytes} [Mon Aug 8 10:08:00 2022] GET /placement/allocation_candidates?limit=1000&resources=DISK_GB%3A1%2CMEMORY_MB%3A1024%2CVCPU%3A1&root_required=%21COMPUTE_STATUS_DISABLED => generated 1309 bytes in 115 msecs (HTTP/1.1 200) 8 headers in 297 bytes (2 switches on core 0)
Aug 08 10:08:01.068470 n-d-844627-11 devstack@placement-api.service[105218]: DEBUG placement.requestlog [req-262772fa-193d-44a4-9a7d-d659cff61fc2 req-6f5548e6-2b83-4716-9ad6-4a3107d40fe8 None None] Starting request: 10.222.0.20 "GET /placement/allocations/a7310083-48ae-490b-bc27-938fe5ada407" {{(pid=105218) __call__ /opt/stack/placement/placement/requestlog.py:55}}
Aug 08 10:08:01.087028 n-d-844627-11 devstack@placement-api.service[105218]: INFO placement.requestlog [req-262772fa-193d-44a4-9a7d-d659cff61fc2 req-6f5548e6-2b83-4716-9ad6-4a3107d40fe8 service placement] 10.222.0.20 "GET /placement/allocations/a7310083-48ae-490b-bc27-938fe5ada407" status: 200 len: 19 microversion: 1.28
Aug 08 10:08:01.088263 n-d-844627-11 devstack@placement-api.service[105218]: [pid: 105218|app: 0|req: 175/351] 10.222.0.20 () {60 vars in 1380 bytes} [Mon Aug 8 10:08:01 2022] GET /placement/allocations/a7310083-48ae-490b-bc27-938fe5ada407 => generated 19 bytes in 20 msecs (HTTP/1.1 200) 8 headers in 295 bytes (1 switches on core 0)
Aug 08 10:08:01.094588 n-d-844627-11 devstack@placement-api.service[105217]: DEBUG placement.requestlog [req-262772fa-193d-44a4-9a7d-d659cff61fc2 req-7fe15a40-c74b-43db-bce0-54dc419bcda1 None None] Starting request: 10.222.0.20 "PUT /placement/allocations/a7310083-48ae-490b-bc27-938fe5ada407" {{(pid=105217) __call__ /opt/stack/placement/placement/requestlog.py:55}}
Aug 08 10:08:01.168949 n-d-844627-11 devstack@placement-api.service[105217]: DEBUG placement.handlers.allocation [req-262772fa-193d-44a4-9a7d-d659cff61fc2 req-7fe15a40-c74b-43db-bce0-54dc419bcda1 service placement] Successfully wrote allocations [, , ] {{(pid=105217) _update_consumers_and_create_allocations /opt/stack/placement/placement/handlers/allocation.py:462}}
Aug 08 10:08:01.173490 n-d-844627-11 devstack@placement-api.service[105217]: INFO placement.requestlog [req-262772fa-193d-44a4-9a7d-d659cff61fc2 req-7fe15a40-c74b-43db-bce0-54dc419bcda1 service placement] 10.222.0.20 "PUT /placement/allocations/a7310083-48ae-490b-bc27-938fe5ada407" status: 204 len: 0 microversion: 1.36
Aug 08 10:08:01.185174 n-d-844627-11 devstack@placement-api.service[105217]: [pid: 105217|app: 0|req: 177/352] 10.222.0.20 () {64 vars in 1433 bytes} [Mon Aug 8 10:08:01 2022] PUT /placement/allocations/a7310083-48ae-490b-bc27-938fe5ada407 => generated 0 bytes in 80 msecs (HTTP/1.1 204) 5 headers in 199 bytes (1 switches on core 0)
Aug 08 10:08:01.652907 n-d-844627-11 devstack@placement-api.service[105218]: DEBUG placement.requestlog [req-262772fa-193d-44a4-9a7d-d659cff61fc2 req-1b03ab42-26bf-4458-b2f7-cfe372b2800b None None] Starting request: 10.222.0.39 "GET /placement/allocations/a7310083-48ae-490b-bc27-938fe5ada407" {{(pid=105218) __call__ /opt/stack/placement/placement/requestlog.py:55}}
Aug 08 10:08:01.681361 n-d-844627-11 devstack@placement-api.service[105218]: INFO placement.requestlog [req-262772fa-193d-44a4-9a7d-d659cff61fc2 req-1b03ab42-26bf-4458-b2f7-cfe372b2800b service placement] 10.222.0.39 "GET /placement/allocations/a7310083-48ae-490b-bc27-938fe5ada407" status: 200 len: 259 microversion: 1.28
Aug 08 10:08:01.682416 n-d-844627-11 devstack@placement-api.service[105218]: [pid: 105218|app: 0|req: 176/353] 10.222.0.39 () {60 vars in 1377 bytes} [Mon Aug 8 10:08:01 2022] GET /placement/allocations/a7310083-48ae-490b-bc27-938fe5ada407 => generated 259 bytes in 31 msecs (HTTP/1.1 200) 8 headers in 296 bytes (1 switches on core 0)
Aug 08 10:08:02.250165 n-d-844627-11 devstack@placement-api.service[105217]: DEBUG placement.requestlog [req-0d828275-e548-45fa-81b2-bd3d62ea7565 req-93460061-7a96-46e5-b3e1-b30e33439eb9 None None] Starting request: 10.222.0.36 "GET /placement/resource_providers/c3c31758-01de-41bc-9123-8615dfcf3241/allocations" {{(pid=105217) __call__ /opt/stack/placement/placement/requestlog.py:55}}
Aug 08 10:08:02.295921 n-d-844627-11 devstack@placement-api.service[105217]: INFO placement.requestlog [req-0d828275-e548-45fa-81b2-bd3d62ea7565 req-93460061-7a96-46e5-b3e1-b30e33439eb9 service placement] 10.222.0.36 "GET /placement/resource_providers/c3c31758-01de-41bc-9123-8615dfcf3241/allocations" status: 200 len: 659 microversion: 1.0
Aug 08 10:08:02.296386 n-d-844627-11 devstack@placement-api.service[105217]: [pid: 105217|app: 0|req: 178/354] 10.222.0.36 () {58 vars in 1390 bytes} [Mon Aug 8 10:08:02 2022] GET /placement/resource_providers/c3c31758-01de-41bc-9123-8615dfcf3241/allocations => generated 659 bytes in 47 msecs (HTTP/1.1 200) 6 headers in 224 bytes (1 switches on core 0)
Aug 08 10:08:02.667566 n-d-844627-11 devstack@placement-api.service[105218]: DEBUG placement.requestlog [req-7d0a5399-6c29-44e0-8d23-8e650b34c503 req-95efd9a0-6f56-4903-a8f0-e6c640ce180b None None] Starting request: 10.222.0.39 "DELETE /placement/allocations/4552dd81-1013-42c2-89b2-e0bcd4588dbd" {{(pid=105218) __call__ /opt/stack/placement/placement/requestlog.py:55}}
Aug 08 10:08:02.700915 n-d-844627-11 devstack@placement-api.service[105218]: DEBUG placement.handlers.allocation [req-7d0a5399-6c29-44e0-8d23-8e650b34c503 req-95efd9a0-6f56-4903-a8f0-e6c640ce180b service placement] Successfully deleted allocations [, , ] {{(pid=105218) delete_allocations /opt/stack/placement/placement/handlers/allocation.py:627}}
Aug 08 10:08:02.701983 n-d-844627-11 devstack@placement-api.service[105218]: INFO placement.requestlog [req-7d0a5399-6c29-44e0-8d23-8e650b34c503 req-95efd9a0-6f56-4903-a8f0-e6c640ce180b service placement] 10.222.0.39 "DELETE /placement/allocations/4552dd81-1013-42c2-89b2-e0bcd4588dbd" status: 204 len: 0 microversion: 1.0
Aug 08 10:08:02.702732 n-d-844627-11 devstack@placement-api.service[105218]: [pid: 105218|app: 0|req: 177/355] 10.222.0.39 () {60 vars in 1355 bytes} [Mon Aug 8 10:08:02 2022] DELETE /placement/allocations/4552dd81-1013-42c2-89b2-e0bcd4588dbd => generated 0 bytes in 36 msecs (HTTP/1.1 204) 5 headers in 198 bytes (1 switches on core 0)
Aug 08 10:08:04.991937 n-d-844627-11 devstack@placement-api.service[105217]: DEBUG placement.requestlog [req-6562c9a7-c978-4275-98a4-ebb800496316 req-6111e388-29db-4c78-b1be-47831e69201a None None] Starting request: 10.222.0.39 "GET /placement/resource_providers/c150edfd-8aa3-4e84-b357-fe16f771e3a7/allocations" {{(pid=105217) __call__ /opt/stack/placement/placement/requestlog.py:55}}
Aug 08 10:08:05.039376 n-d-844627-11 devstack@placement-api.service[105217]: INFO placement.requestlog [req-6562c9a7-c978-4275-98a4-ebb800496316 req-6111e388-29db-4c78-b1be-47831e69201a service placement] 10.222.0.39 "GET /placement/resource_providers/c150edfd-8aa3-4e84-b357-fe16f771e3a7/allocations" status: 200 len: 746 microversion: 1.0
Aug 08 10:08:05.040354 n-d-844627-11 devstack@placement-api.service[105217]: [pid: 105217|app: 0|req: 179/356] 10.222.0.39 () {58 vars in 1390 bytes} [Mon Aug 8 10:08:04 2022] GET /placement/resource_providers/c150edfd-8aa3-4e84-b357-fe16f771e3a7/allocations => generated 746 bytes in 49 msecs (HTTP/1.1 200) 6 headers in 224 bytes (1 switches on core 0)
Aug 08 10:08:06.864112 n-d-844627-11 devstack@placement-api.service[105218]: DEBUG placement.requestlog [req-b5a4a4d9-90ee-4583-b3b1-4ce9384bb1a5 req-41c3e5c4-68b3-440a-b011-ba84295c49c4 None None] Starting request: 10.222.0.36 "DELETE /placement/allocations/72bbf99a-7bf0-42dd-9ccf-4fa725bf1d79" {{(pid=105218) __call__ /opt/stack/placement/placement/requestlog.py:55}}
Aug 08 10:08:06.887890 n-d-844627-11 devstack@placement-api.service[105218]: DEBUG dbcounter [-] [105218] Writing DB stats placement:SELECT=77,placement:INSERT=10,placement:DELETE=8,placement:UPDATE=4 {{(pid=105218) stat_writer /usr/local/lib/python3.8/dist-packages/dbcounter.py:114}}
Aug 08 10:08:06.950451 n-d-844627-11 devstack@placement-api.service[105218]: DEBUG placement.handlers.allocation [req-b5a4a4d9-90ee-4583-b3b1-4ce9384bb1a5 req-41c3e5c4-68b3-440a-b011-ba84295c49c4 service placement] Successfully deleted allocations [, , ] {{(pid=105218) delete_allocations /opt/stack/placement/placement/handlers/allocation.py:627}}
Aug 08 10:08:06.951159 n-d-844627-11 devstack@placement-api.service[105218]: INFO placement.requestlog [req-b5a4a4d9-90ee-4583-b3b1-4ce9384bb1a5 req-41c3e5c4-68b3-440a-b011-ba84295c49c4 service placement] 10.222.0.36 "DELETE /placement/allocations/72bbf99a-7bf0-42dd-9ccf-4fa725bf1d79" status: 204 len: 0 microversion: 1.0
Aug 08 10:08:06.952237 n-d-844627-11 devstack@placement-api.service[105218]: [pid: 105218|app: 0|req: 178/357] 10.222.0.36 () {60 vars in 1355 bytes} [Mon Aug 8 10:08:06 2022] DELETE /placement/allocations/72bbf99a-7bf0-42dd-9ccf-4fa725bf1d79 => generated 0 bytes in 88 msecs (HTTP/1.1 204) 5 headers in 198 bytes (1 switches on core 0)
Aug 08 10:08:09.261174 n-d-844627-11 devstack@placement-api.service[105217]: DEBUG placement.requestlog [req-8a2cb178-64d2-4551-a205-e40b1ca5c6d8 req-109a54ca-dd22-4c58-b865-56ca46429eac None None] Starting request: 10.222.0.39 "GET /placement/allocations/7868fe00-e666-438e-a419-6ba42292de67" {{(pid=105217) __call__ /opt/stack/placement/placement/requestlog.py:55}}
Aug 08 10:08:09.288572 n-d-844627-11 devstack@placement-api.service[105217]: INFO placement.requestlog [req-8a2cb178-64d2-4551-a205-e40b1ca5c6d8 req-109a54ca-dd22-4c58-b865-56ca46429eac service placement] 10.222.0.39 "GET /placement/allocations/7868fe00-e666-438e-a419-6ba42292de67" status: 200 len: 259 microversion: 1.28
Aug 08 10:08:09.289493 n-d-844627-11 devstack@placement-api.service[105217]: [pid: 105217|app: 0|req: 180/358] 10.222.0.39 () {60 vars in 1377 bytes} [Mon Aug 8 10:08:09 2022] GET /placement/allocations/7868fe00-e666-438e-a419-6ba42292de67 => generated 259 bytes in 29 msecs (HTTP/1.1 200) 8 headers in 296 bytes (1 switches on core 0)
Aug 08 10:08:10.524675 n-d-844627-11 devstack@placement-api.service[105218]: DEBUG placement.requestlog [None req-b16b482f-6af5-4e0e-8889-cbcc2ae91143 None None] Starting request: 10.222.0.20 "GET /placement/resource_providers/d453fbbd-be54-48af-b768-b52918172a9a/aggregates" {{(pid=105218) __call__ /opt/stack/placement/placement/requestlog.py:55}}
Aug 08 10:08:10.543420 n-d-844627-11 devstack@placement-api.service[105218]: INFO placement.requestlog [None req-b16b482f-6af5-4e0e-8889-cbcc2ae91143 service placement] 10.222.0.20 "GET /placement/resource_providers/d453fbbd-be54-48af-b768-b52918172a9a/aggregates" status: 404 len: 235 microversion: 1.1
Aug 08 10:08:10.544991 n-d-844627-11 devstack@placement-api.service[105218]: [pid: 105218|app: 0|req: 179/359] 10.222.0.20 () {58 vars in 1362 bytes} [Mon Aug 8 10:08:10 2022] GET /placement/resource_providers/d453fbbd-be54-48af-b768-b52918172a9a/aggregates => generated 235 bytes in 21 msecs (HTTP/1.1 404) 5 headers in 202 bytes (1 switches on core 0)
Aug 08 10:08:10.569449 n-d-844627-11 devstack@placement-api.service[105217]: DEBUG placement.requestlog [None req-912e8320-81d0-480a-9cc7-5cc0ecbf8faa None None] Starting request: 10.222.0.20 "DELETE /placement/resource_providers/d453fbbd-be54-48af-b768-b52918172a9a" {{(pid=105217) __call__ /opt/stack/placement/placement/requestlog.py:55}}
Aug 08 10:08:10.590712 n-d-844627-11 devstack@placement-api.service[105217]: DEBUG placement.wsgi_wrapper [None req-912e8320-81d0-480a-9cc7-5cc0ecbf8faa service placement] Placement API returning an error response: No resource provider with uuid d453fbbd-be54-48af-b768-b52918172a9a found for delete {{(pid=105217) call_func /opt/stack/placement/placement/wsgi_wrapper.py:31}}
Aug 08 10:08:10.591481 n-d-844627-11 devstack@placement-api.service[105217]: INFO placement.requestlog [None req-912e8320-81d0-480a-9cc7-5cc0ecbf8faa service placement] 10.222.0.20 "DELETE /placement/resource_providers/d453fbbd-be54-48af-b768-b52918172a9a" status: 404 len: 246 microversion: 1.1
Aug 08 10:08:10.591849 n-d-844627-11 devstack@placement-api.service[105217]: [pid: 105217|app: 0|req: 181/360] 10.222.0.20 () {60 vars in 1351 bytes} [Mon Aug 8 10:08:10 2022] DELETE /placement/resource_providers/d453fbbd-be54-48af-b768-b52918172a9a => generated 246 bytes in 23 msecs (HTTP/1.1 404) 6 headers in 231 bytes (1 switches on core 0)
Aug 08 10:08:11.996437 n-d-844627-11 devstack@placement-api.service[105218]: DEBUG placement.requestlog [None req-c25ba52c-bdb6-419d-b598-2c66d5c630f2 None None] Starting request: 10.222.0.20 "GET /placement/" {{(pid=105218) __call__ /opt/stack/placement/placement/requestlog.py:55}}
Aug 08 10:08:11.998396 n-d-844627-11 devstack@placement-api.service[105218]: INFO placement.requestlog [None req-c25ba52c-bdb6-419d-b598-2c66d5c630f2 None None] 10.222.0.20 "GET /placement/" status: 200 len: 136 microversion: 1.0
Aug 08 10:08:11.999027 n-d-844627-11 devstack@placement-api.service[105218]: [pid: 105218|app: 0|req: 180/361] 10.222.0.20 () {54 vars in 916 bytes} [Mon Aug 8 10:08:11 2022] GET /placement => generated 136 bytes in 3 msecs (HTTP/1.1 200) 6 headers in 224 bytes (1 switches on core 0)
Aug 08 10:08:12.012993 n-d-844627-11 devstack@placement-api.service[105217]: DEBUG placement.requestlog [req-54d699fa-9460-4399-8260-0d1826ef86eb req-d2a0f26f-f5ec-4cc5-ae77-a5554a123279 None None] Starting request: 10.222.0.20 "GET /placement/allocations/3008427d-c101-499d-a9bc-7c0b5841ab09" {{(pid=105217) __call__ /opt/stack/placement/placement/requestlog.py:55}}
Aug 08 10:08:12.181628 n-d-844627-11 devstack@placement-api.service[105217]: INFO placement.requestlog [req-54d699fa-9460-4399-8260-0d1826ef86eb req-d2a0f26f-f5ec-4cc5-ae77-a5554a123279 service placement] 10.222.0.20 "GET /placement/allocations/3008427d-c101-499d-a9bc-7c0b5841ab09" status: 200 len: 245 microversion: 1.28
Aug 08 10:08:12.182214 n-d-844627-11 devstack@placement-api.service[105217]: [pid: 105217|app: 0|req: 182/362] 10.222.0.20 () {60 vars in 1380 bytes} [Mon Aug 8 10:08:12 2022] GET /placement/allocations/3008427d-c101-499d-a9bc-7c0b5841ab09 => generated 245 bytes in 170 msecs (HTTP/1.1 200) 8 headers in 296 bytes (2 switches on core 0)
Aug 08 10:08:12.191500 n-d-844627-11 devstack@placement-api.service[105218]: DEBUG placement.requestlog [req-54d699fa-9460-4399-8260-0d1826ef86eb req-faa2ed63-2c9a-4b8b-8628-0d0c9d01daf5 None None] Starting request: 10.222.0.20 "GET /placement/allocations/3008427d-c101-499d-a9bc-7c0b5841ab09" {{(pid=105218) __call__ /opt/stack/placement/placement/requestlog.py:55}}
Aug 08 10:08:12.223028 n-d-844627-11 devstack@placement-api.service[105218]: INFO placement.requestlog [req-54d699fa-9460-4399-8260-0d1826ef86eb req-faa2ed63-2c9a-4b8b-8628-0d0c9d01daf5 service placement] 10.222.0.20 "GET /placement/allocations/3008427d-c101-499d-a9bc-7c0b5841ab09" status: 200 len: 245 microversion: 1.28
Aug 08 10:08:12.225669 n-d-844627-11 devstack@placement-api.service[105218]: [pid: 105218|app: 0|req: 181/363] 10.222.0.20 () {60 vars in 1380 bytes} [Mon Aug 8 10:08:12 2022] GET /placement/allocations/3008427d-c101-499d-a9bc-7c0b5841ab09 => generated 245 bytes in 34 msecs (HTTP/1.1 200) 8 headers in 296 bytes (1 switches on core 0)
Aug 08 10:08:12.232897 n-d-844627-11 devstack@placement-api.service[105217]: DEBUG placement.requestlog [req-54d699fa-9460-4399-8260-0d1826ef86eb req-f1f1b70b-53dc-46ed-b674-84c61fad905f None None] Starting request: 10.222.0.20 "GET /placement/allocations/d42b345e-fc1c-41b8-aac8-b01ba46ea968" {{(pid=105217) __call__ /opt/stack/placement/placement/requestlog.py:55}}
Aug 08 10:08:12.250148 n-d-844627-11 devstack@placement-api.service[105217]: INFO placement.requestlog [req-54d699fa-9460-4399-8260-0d1826ef86eb req-f1f1b70b-53dc-46ed-b674-84c61fad905f service placement] 10.222.0.20 "GET /placement/allocations/d42b345e-fc1c-41b8-aac8-b01ba46ea968" status: 200 len: 19 microversion: 1.28
Aug 08 10:08:12.250549 n-d-844627-11 devstack@placement-api.service[105217]: [pid: 105217|app: 0|req: 183/364] 10.222.0.20 () {60 vars in 1380 bytes} [Mon Aug 8 10:08:12 2022] GET /placement/allocations/d42b345e-fc1c-41b8-aac8-b01ba46ea968 => generated 19 bytes in 18 msecs (HTTP/1.1 200) 8 headers in 295 bytes (1 switches on core 0)
Aug 08 10:08:12.261952 n-d-844627-11 devstack@placement-api.service[105218]: DEBUG placement.requestlog [req-54d699fa-9460-4399-8260-0d1826ef86eb req-6fb1e17b-b0a3-4c72-9548-23829d207875 None None] Starting request: 10.222.0.20 "POST /placement/allocations" {{(pid=105218) __call__ /opt/stack/placement/placement/requestlog.py:55}}
Aug 08 10:08:12.490187 n-d-844627-11 devstack@placement-api.service[105218]: DEBUG placement.handlers.allocation [req-54d699fa-9460-4399-8260-0d1826ef86eb req-6fb1e17b-b0a3-4c72-9548-23829d207875 service placement] Successfully wrote allocations [, , , ] {{(pid=105218) _update_consumers_and_create_allocations /opt/stack/placement/placement/handlers/allocation.py:572}}
Aug 08 10:08:12.506277 n-d-844627-11 devstack@placement-api.service[105218]: INFO placement.requestlog [req-54d699fa-9460-4399-8260-0d1826ef86eb req-6fb1e17b-b0a3-4c72-9548-23829d207875 service placement] 10.222.0.20 "POST /placement/allocations" status: 204 len: 0 microversion: 1.28
Aug 08 10:08:12.508062 n-d-844627-11 devstack@placement-api.service[105218]: [pid: 105218|app: 0|req: 182/365] 10.222.0.20 () {64 vars in 1323 bytes} [Mon Aug 8 10:08:12 2022] POST /placement/allocations => generated 0 bytes in 247 msecs (HTTP/1.1 204) 5 headers in 199 bytes (1 switches on core 0)
Aug 08 10:08:12.585155 n-d-844627-11 devstack@placement-api.service[105217]: DEBUG placement.requestlog [req-54d699fa-9460-4399-8260-0d1826ef86eb req-a7ce8316-e5c7-40f3-a55d-a277ce503c44 None None] Starting request: 10.222.0.20 "GET /placement/allocations/3008427d-c101-499d-a9bc-7c0b5841ab09" {{(pid=105217) __call__ /opt/stack/placement/placement/requestlog.py:55}}
Aug 08 10:08:12.612803 n-d-844627-11 devstack@placement-api.service[105217]: INFO placement.requestlog [req-54d699fa-9460-4399-8260-0d1826ef86eb req-a7ce8316-e5c7-40f3-a55d-a277ce503c44 service placement] 10.222.0.20 "GET /placement/allocations/3008427d-c101-499d-a9bc-7c0b5841ab09" status: 200 len: 19 microversion: 1.28
Aug 08 10:08:12.613924 n-d-844627-11 devstack@placement-api.service[105217]: [pid: 105217|app: 0|req: 184/366] 10.222.0.20 () {60 vars in 1380 bytes} [Mon Aug 8 10:08:12 2022] GET /placement/allocations/3008427d-c101-499d-a9bc-7c0b5841ab09 => generated 19 bytes in 29 msecs (HTTP/1.1 200) 8 headers in 295 bytes (1 switches on core 0)
Aug 08 10:08:12.620560 n-d-844627-11 devstack@placement-api.service[105218]: DEBUG placement.requestlog [req-54d699fa-9460-4399-8260-0d1826ef86eb req-0d8514df-773e-4812-be33-5e2af54aabaf None None] Starting request: 10.222.0.20 "PUT /placement/allocations/3008427d-c101-499d-a9bc-7c0b5841ab09" {{(pid=105218) __call__ /opt/stack/placement/placement/requestlog.py:55}}
Aug 08 10:08:12.778429 n-d-844627-11 devstack@placement-api.service[105218]: DEBUG placement.handlers.allocation [req-54d699fa-9460-4399-8260-0d1826ef86eb req-0d8514df-773e-4812-be33-5e2af54aabaf service placement] Successfully wrote allocations [, ] {{(pid=105218) _update_consumers_and_create_allocations /opt/stack/placement/placement/handlers/allocation.py:462}}
Aug 08 10:08:12.788764 n-d-844627-11 devstack@placement-api.service[105218]: INFO placement.requestlog [req-54d699fa-9460-4399-8260-0d1826ef86eb req-0d8514df-773e-4812-be33-5e2af54aabaf service placement] 10.222.0.20 "PUT /placement/allocations/3008427d-c101-499d-a9bc-7c0b5841ab09" status: 204 len: 0 microversion: 1.28
Aug 08 10:08:12.789460 n-d-844627-11 devstack@placement-api.service[105218]: [pid: 105218|app: 0|req: 183/367] 10.222.0.20 () {64 vars in 1433 bytes} [Mon Aug 8 10:08:12 2022] PUT /placement/allocations/3008427d-c101-499d-a9bc-7c0b5841ab09 => generated 0 bytes in 170 msecs (HTTP/1.1 204) 5 headers in 199 bytes (1 switches on core 0)
Aug 08 10:08:13.000555 n-d-844627-11 devstack@placement-api.service[105217]: DEBUG placement.requestlog [None req-1a29d2b3-7678-4b3f-95c1-78ff12408748 None None] Starting request: 10.222.0.20 "GET /placement/resource_providers/7616ede7-db8c-45bd-87de-f915f7da2410/aggregates" {{(pid=105217) __call__ /opt/stack/placement/placement/requestlog.py:55}}
Aug 08 10:08:13.021916 n-d-844627-11 devstack@placement-api.service[105217]: INFO placement.requestlog [None req-1a29d2b3-7678-4b3f-95c1-78ff12408748 service placement] 10.222.0.20 "GET /placement/resource_providers/7616ede7-db8c-45bd-87de-f915f7da2410/aggregates" status: 404 len: 235 microversion: 1.1
Aug 08 10:08:13.022731 n-d-844627-11 devstack@placement-api.service[105217]: [pid: 105217|app: 0|req: 185/368] 10.222.0.20 () {58 vars in 1362 bytes} [Mon Aug 8 10:08:12 2022] GET /placement/resource_providers/7616ede7-db8c-45bd-87de-f915f7da2410/aggregates => generated 235 bytes in 22 msecs (HTTP/1.1 404) 5 headers in 202 bytes (1 switches on core 0)
Aug 08 10:08:13.030796 n-d-844627-11 devstack@placement-api.service[105218]: DEBUG placement.requestlog [req-54d699fa-9460-4399-8260-0d1826ef86eb req-3a7e0643-0a0b-4673-8a9c-7d34045f5538 None None] Starting request: 10.222.0.36 "GET /placement/allocations/3008427d-c101-499d-a9bc-7c0b5841ab09" {{(pid=105218) __call__ /opt/stack/placement/placement/requestlog.py:55}}
Aug 08 10:08:13.059906 n-d-844627-11 devstack@placement-api.service[105218]: INFO placement.requestlog [req-54d699fa-9460-4399-8260-0d1826ef86eb req-3a7e0643-0a0b-4673-8a9c-7d34045f5538 service placement] 10.222.0.36 "GET /placement/allocations/3008427d-c101-499d-a9bc-7c0b5841ab09" status: 200 len: 245 microversion: 1.28
Aug 08 10:08:13.060630 n-d-844627-11 devstack@placement-api.service[105218]: [pid: 105218|app: 0|req: 184/369] 10.222.0.36 () {60 vars in 1377 bytes} [Mon Aug 8 10:08:13 2022] GET /placement/allocations/3008427d-c101-499d-a9bc-7c0b5841ab09 => generated 245 bytes in 30 msecs (HTTP/1.1 200) 8 headers in 296 bytes (1 switches on core 0)
Aug 08 10:08:13.073045 n-d-844627-11 devstack@placement-api.service[105217]: DEBUG placement.requestlog [None req-a1763faa-56aa-4334-9227-2770a8adf07f None None] Starting request: 10.222.0.20 "DELETE /placement/resource_providers/7616ede7-db8c-45bd-87de-f915f7da2410" {{(pid=105217) __call__ /opt/stack/placement/placement/requestlog.py:55}}
Aug 08 10:08:13.091897 n-d-844627-11 devstack@placement-api.service[105217]: DEBUG placement.wsgi_wrapper [None req-a1763faa-56aa-4334-9227-2770a8adf07f service placement] Placement API returning an error response: No resource provider with uuid 7616ede7-db8c-45bd-87de-f915f7da2410 found for delete {{(pid=105217) call_func /opt/stack/placement/placement/wsgi_wrapper.py:31}}
Aug 08 10:08:13.092868 n-d-844627-11 devstack@placement-api.service[105217]: INFO placement.requestlog [None req-a1763faa-56aa-4334-9227-2770a8adf07f service placement] 10.222.0.20 "DELETE /placement/resource_providers/7616ede7-db8c-45bd-87de-f915f7da2410" status: 404 len: 246 microversion: 1.1
Aug 08 10:08:13.098474 n-d-844627-11 devstack@placement-api.service[105217]: [pid: 105217|app: 0|req: 186/370] 10.222.0.20 () {60 vars in 1351 bytes} [Mon Aug 8 10:08:13 2022] DELETE /placement/resource_providers/7616ede7-db8c-45bd-87de-f915f7da2410 => generated 246 bytes in 26 msecs (HTTP/1.1 404) 6 headers in 231 bytes (1 switches on core 0)
Aug 08 10:08:21.870645 n-d-844627-11 devstack@placement-api.service[105218]: DEBUG placement.requestlog [req-e20f2e1e-f954-4c21-b452-bd9f52bb3511 req-76288d7d-05e9-48ee-bc0a-eb4d57c8be70 None None] Starting request: 10.222.0.36 "GET /placement/allocations/f834d0cd-49a9-482c-a102-a111d2b43b58" {{(pid=105218) __call__ /opt/stack/placement/placement/requestlog.py:55}}
