Aug 08 10:10:38.835553 n-d-844627-11 devstack@placement-api.service[105218]: DEBUG placement.requestlog [req-94baf82f-9922-4559-b69d-48ffb755dbc2 req-458a5363-0c0c-4a2a-8f97-a3be7dac427c None None] Starting request: 10.222.0.39 "GET /placement/allocations/e566d5a3-98fc-46d0-b4c0-7a3c995dc24d" {{(pid=105218) __call__ /opt/stack/placement/placement/requestlog.py:55}}
Aug 08 10:10:38.861077 n-d-844627-11 devstack@placement-api.service[105218]: INFO placement.requestlog [req-94baf82f-9922-4559-b69d-48ffb755dbc2 req-458a5363-0c0c-4a2a-8f97-a3be7dac427c service placement] 10.222.0.39 "GET /placement/allocations/e566d5a3-98fc-46d0-b4c0-7a3c995dc24d" status: 200 len: 258 microversion: 1.28
Aug 08 10:10:38.863947 n-d-844627-11 devstack@placement-api.service[105218]: [pid: 105218|app: 0|req: 263/522] 10.222.0.39 () {60 vars in 1377 bytes} [Mon Aug 8 10:10:38 2022] GET /placement/allocations/e566d5a3-98fc-46d0-b4c0-7a3c995dc24d => generated 258 bytes in 29 msecs (HTTP/1.1 200) 8 headers in 296 bytes (1 switches on core 0)
Aug 08 10:10:38.901564 n-d-844627-11 devstack@placement-api.service[105217]: DEBUG placement.handlers.allocation [req-c3348601-d75f-4420-98bb-35252d0153e7 req-360c58db-1c18-4fc1-becc-f0fef0d9d301 service placement] Successfully wrote allocations [, , ] {{(pid=105217) _update_consumers_and_create_allocations /opt/stack/placement/placement/handlers/allocation.py:462}}
Aug 08 10:10:38.910349 n-d-844627-11 devstack@placement-api.service[105217]: INFO placement.requestlog [req-c3348601-d75f-4420-98bb-35252d0153e7 req-360c58db-1c18-4fc1-becc-f0fef0d9d301 service placement] 10.222.0.20 "PUT /placement/allocations/3beeb52e-0f33-4f71-97a9-739b37705330" status: 204 len: 0 microversion: 1.36
Aug 08 10:10:38.911734 n-d-844627-11 devstack@placement-api.service[105217]: [pid: 105217|app: 0|req: 260/523] 10.222.0.20 () {64 vars in 1433 bytes} [Mon Aug 8 10:10:38 2022] PUT /placement/allocations/3beeb52e-0f33-4f71-97a9-739b37705330 => generated 0 bytes in 206 msecs (HTTP/1.1 204) 5 headers in 199 bytes (1 switches on core 0)
Aug 08 10:10:38.957217 n-d-844627-11 devstack@placement-api.service[105218]: DEBUG placement.requestlog [req-c3348601-d75f-4420-98bb-35252d0153e7 req-2af06f7f-d0f1-40cd-bf65-328cf2d25cd2 None None] Starting request: 10.222.0.20 "GET /placement/allocations/25f5f4ad-7c62-4742-bcbe-f58ac929d16e" {{(pid=105218) __call__ /opt/stack/placement/placement/requestlog.py:55}}
Aug 08 10:10:39.009444 n-d-844627-11 devstack@placement-api.service[105218]: INFO placement.requestlog [req-c3348601-d75f-4420-98bb-35252d0153e7 req-2af06f7f-d0f1-40cd-bf65-328cf2d25cd2 service placement] 10.222.0.20 "GET /placement/allocations/25f5f4ad-7c62-4742-bcbe-f58ac929d16e" status: 200 len: 19 microversion: 1.28
Aug 08 10:10:39.009822 n-d-844627-11 devstack@placement-api.service[105218]: [pid: 105218|app: 0|req: 264/524] 10.222.0.20 () {60 vars in 1380 bytes} [Mon Aug 8 10:10:38 2022] GET /placement/allocations/25f5f4ad-7c62-4742-bcbe-f58ac929d16e => generated 19 bytes in 54 msecs (HTTP/1.1 200) 8 headers in 295 bytes (1 switches on core 0)
Aug 08 10:10:39.020484 n-d-844627-11 devstack@placement-api.service[105217]: DEBUG placement.requestlog [req-c3348601-d75f-4420-98bb-35252d0153e7 req-cfc16745-ab5b-4220-8cd5-7c154a5c7acc None None] Starting request: 10.222.0.20 "PUT /placement/allocations/25f5f4ad-7c62-4742-bcbe-f58ac929d16e" {{(pid=105217) __call__ /opt/stack/placement/placement/requestlog.py:55}}
Aug 08 10:10:39.190040 n-d-844627-11 devstack@placement-api.service[105217]: DEBUG placement.handlers.allocation [req-c3348601-d75f-4420-98bb-35252d0153e7 req-cfc16745-ab5b-4220-8cd5-7c154a5c7acc service placement] Successfully wrote allocations [, , ] {{(pid=105217) _update_consumers_and_create_allocations /opt/stack/placement/placement/handlers/allocation.py:462}}
Aug 08 10:10:39.198121 n-d-844627-11 devstack@placement-api.service[105217]: INFO placement.requestlog [req-c3348601-d75f-4420-98bb-35252d0153e7 req-cfc16745-ab5b-4220-8cd5-7c154a5c7acc service placement] 10.222.0.20 "PUT /placement/allocations/25f5f4ad-7c62-4742-bcbe-f58ac929d16e" status: 204 len: 0 microversion: 1.36
Aug 08 10:10:39.199686 n-d-844627-11 devstack@placement-api.service[105217]: [pid: 105217|app: 0|req: 261/525] 10.222.0.20 () {64 vars in 1433 bytes} [Mon Aug 8 10:10:39 2022] PUT /placement/allocations/25f5f4ad-7c62-4742-bcbe-f58ac929d16e => generated 0 bytes in 180 msecs (HTTP/1.1 204) 5 headers in 199 bytes (1 switches on core 0)
Aug 08 10:10:40.161438 n-d-844627-11 devstack@placement-api.service[105218]: DEBUG placement.requestlog [req-eee59344-20fe-442f-8e1c-7f523ba67df6 req-b4f799ca-286d-481d-ac64-9382e43efc14 None None] Starting request: 10.222.0.20 "GET /placement/allocation_candidates?limit=1000&resources=DISK_GB%3A1%2CMEMORY_MB%3A1024%2CVCPU%3A1&root_required=%21COMPUTE_STATUS_DISABLED" {{(pid=105218) __call__ /opt/stack/placement/placement/requestlog.py:55}}
Aug 08 10:10:40.196697 n-d-844627-11 devstack@placement-api.service[105217]: DEBUG placement.requestlog [req-c3348601-d75f-4420-98bb-35252d0153e7 req-41857c20-6680-46df-b52f-67d27cd77c23 None None] Starting request: 10.222.0.39 "GET /placement/allocations/3beeb52e-0f33-4f71-97a9-739b37705330" {{(pid=105217) __call__ /opt/stack/placement/placement/requestlog.py:55}}
Aug 08 10:10:40.244531 n-d-844627-11 devstack@placement-api.service[105218]: DEBUG placement.objects.research_context [req-eee59344-20fe-442f-8e1c-7f523ba67df6 req-b4f799ca-286d-481d-ac64-9382e43efc14 service placement] getting providers with 1 DISK_GB {{(pid=105218) __init__ /opt/stack/placement/placement/objects/research_context.py:136}}
Aug 08 10:10:40.252043 n-d-844627-11 devstack@placement-api.service[105218]: DEBUG placement.objects.research_context [req-eee59344-20fe-442f-8e1c-7f523ba67df6 req-b4f799ca-286d-481d-ac64-9382e43efc14 service placement] getting providers with 1024 MEMORY_MB {{(pid=105218) __init__ /opt/stack/placement/placement/objects/research_context.py:136}}
Aug 08 10:10:40.257385 n-d-844627-11 devstack@placement-api.service[105217]: INFO placement.requestlog [req-c3348601-d75f-4420-98bb-35252d0153e7 req-41857c20-6680-46df-b52f-67d27cd77c23 service placement] 10.222.0.39 "GET /placement/allocations/3beeb52e-0f33-4f71-97a9-739b37705330" status: 200 len: 259 microversion: 1.28
Aug 08 10:10:40.259904 n-d-844627-11 devstack@placement-api.service[105217]: [pid: 105217|app: 0|req: 262/526] 10.222.0.39 () {60 vars in 1377 bytes} [Mon Aug 8 10:10:40 2022] GET /placement/allocations/3beeb52e-0f33-4f71-97a9-739b37705330 => generated 259 bytes in 64 msecs (HTTP/1.1 200) 8 headers in 296 bytes (2 switches on core 0)
Aug 08 10:10:40.261054 n-d-844627-11 devstack@placement-api.service[105218]: DEBUG placement.objects.research_context [req-eee59344-20fe-442f-8e1c-7f523ba67df6 req-b4f799ca-286d-481d-ac64-9382e43efc14 service placement] getting providers with 1 VCPU {{(pid=105218) __init__ /opt/stack/placement/placement/objects/research_context.py:136}}
Aug 08 10:10:40.293679 n-d-844627-11 devstack@placement-api.service[105218]: DEBUG placement.objects.research_context [req-eee59344-20fe-442f-8e1c-7f523ba67df6 req-b4f799ca-286d-481d-ac64-9382e43efc14 service placement] found 2 providers with available 1 DISK_GB {{(pid=105218) get_provider_ids_matching /opt/stack/placement/placement/objects/research_context.py:563}}
Aug 08 10:10:40.293679 n-d-844627-11 devstack@placement-api.service[105218]: DEBUG placement.objects.research_context [req-eee59344-20fe-442f-8e1c-7f523ba67df6 req-b4f799ca-286d-481d-ac64-9382e43efc14 service placement] found 2 providers with available 1024 MEMORY_MB {{(pid=105218) get_provider_ids_matching /opt/stack/placement/placement/objects/research_context.py:563}}
Aug 08 10:10:40.293679 n-d-844627-11 devstack@placement-api.service[105218]: DEBUG placement.objects.research_context [req-eee59344-20fe-442f-8e1c-7f523ba67df6 req-b4f799ca-286d-481d-ac64-9382e43efc14 service placement] found 2 providers after filtering by previous result {{(pid=105218) get_provider_ids_matching /opt/stack/placement/placement/objects/research_context.py:594}}
Aug 08 10:10:40.293679 n-d-844627-11 devstack@placement-api.service[105218]: DEBUG placement.objects.research_context [req-eee59344-20fe-442f-8e1c-7f523ba67df6 req-b4f799ca-286d-481d-ac64-9382e43efc14 service placement] found 2 providers with available 1 VCPU {{(pid=105218) get_provider_ids_matching /opt/stack/placement/placement/objects/research_context.py:563}}
Aug 08 10:10:40.293679 n-d-844627-11 devstack@placement-api.service[105218]: DEBUG placement.objects.research_context [req-eee59344-20fe-442f-8e1c-7f523ba67df6 req-b4f799ca-286d-481d-ac64-9382e43efc14 service placement] found 2 providers after filtering by previous result {{(pid=105218) get_provider_ids_matching /opt/stack/placement/placement/objects/research_context.py:594}}
Aug 08 10:10:40.338974 n-d-844627-11 devstack@placement-api.service[105218]: DEBUG placement.objects.allocation_candidate [req-eee59344-20fe-442f-8e1c-7f523ba67df6 req-b4f799ca-286d-481d-ac64-9382e43efc14 service placement] RequestGroup(use_same_provider=False, resources={DISK_GB:1, MEMORY_MB:1024, VCPU:1}, traits=(), aggregates=[]) (suffix '') returned 2 matches {{(pid=105218) _get_by_requests /opt/stack/placement/placement/objects/allocation_candidate.py:156}}
Aug 08 10:10:40.338974 n-d-844627-11 devstack@placement-api.service[105218]: DEBUG placement.objects.allocation_candidate [req-eee59344-20fe-442f-8e1c-7f523ba67df6 req-b4f799ca-286d-481d-ac64-9382e43efc14 service placement] Merging candidates yields 2 allocation requests and 2 provider summaries {{(pid=105218) _merge_candidates /opt/stack/placement/placement/objects/allocation_candidate.py:809}}
Aug 08 10:10:40.341657 n-d-844627-11 devstack@placement-api.service[105218]: INFO placement.requestlog [req-eee59344-20fe-442f-8e1c-7f523ba67df6 req-b4f799ca-286d-481d-ac64-9382e43efc14 service placement] 10.222.0.20 "GET /placement/allocation_candidates?limit=1000&resources=DISK_GB%3A1%2CMEMORY_MB%3A1024%2CVCPU%3A1&root_required=%21COMPUTE_STATUS_DISABLED" status: 200 len: 1309 microversion: 1.36
Aug 08 10:10:40.346452 n-d-844627-11 devstack@placement-api.service[105218]: [pid: 105218|app: 0|req: 265/527] 10.222.0.20 () {60 vars in 1506 bytes} [Mon Aug 8 10:10:40 2022] GET /placement/allocation_candidates?limit=1000&resources=DISK_GB%3A1%2CMEMORY_MB%3A1024%2CVCPU%3A1&root_required=%21COMPUTE_STATUS_DISABLED => generated 1309 bytes in 185 msecs (HTTP/1.1 200) 8 headers in 297 bytes (1 switches on core 0)
Aug 08 10:10:40.570190 n-d-844627-11 devstack@placement-api.service[105217]: DEBUG placement.requestlog [req-c3348601-d75f-4420-98bb-35252d0153e7 req-54980693-d4be-40db-82ce-2e53e0c97d85 None None] Starting request: 10.222.0.36 "GET /placement/allocations/25f5f4ad-7c62-4742-bcbe-f58ac929d16e" {{(pid=105217) __call__ /opt/stack/placement/placement/requestlog.py:55}}
Aug 08 10:10:40.576994 n-d-844627-11 devstack@placement-api.service[105218]: DEBUG placement.requestlog [req-eee59344-20fe-442f-8e1c-7f523ba67df6 req-b103bec3-e014-4b1e-8380-9288af59a82d None None] Starting request: 10.222.0.20 "GET /placement/allocations/9ef88c65-9979-4213-888b-72d5af8b9058" {{(pid=105218) __call__ /opt/stack/placement/placement/requestlog.py:55}}
Aug 08 10:10:40.580470 n-d-844627-11 devstack@placement-api.service[105217]: DEBUG dbcounter [-] [105217] Writing DB stats placement:SELECT=72,placement:INSERT=14,placement:DELETE=7,placement:UPDATE=7 {{(pid=105217) stat_writer /usr/local/lib/python3.8/dist-packages/dbcounter.py:114}}
Aug 08 10:10:40.598672 n-d-844627-11 devstack@placement-api.service[105218]: INFO placement.requestlog [req-eee59344-20fe-442f-8e1c-7f523ba67df6 req-b103bec3-e014-4b1e-8380-9288af59a82d service placement] 10.222.0.20 "GET /placement/allocations/9ef88c65-9979-4213-888b-72d5af8b9058" status: 200 len: 19 microversion: 1.28
Aug 08 10:10:40.599778 n-d-844627-11 devstack@placement-api.service[105218]: [pid: 105218|app: 0|req: 266/528] 10.222.0.20 () {60 vars in 1380 bytes} [Mon Aug 8 10:10:40 2022] GET /placement/allocations/9ef88c65-9979-4213-888b-72d5af8b9058 => generated 19 bytes in 23 msecs (HTTP/1.1 200) 8 headers in 295 bytes (2 switches on core 0)
Aug 08 10:10:40.601369 n-d-844627-11 devstack@placement-api.service[105217]: INFO placement.requestlog [req-c3348601-d75f-4420-98bb-35252d0153e7 req-54980693-d4be-40db-82ce-2e53e0c97d85 service placement] 10.222.0.36 "GET /placement/allocations/25f5f4ad-7c62-4742-bcbe-f58ac929d16e" status: 200 len: 259 microversion: 1.28
Aug 08 10:10:40.601986 n-d-844627-11 devstack@placement-api.service[105217]: [pid: 105217|app: 0|req: 263/529] 10.222.0.36 () {60 vars in 1377 bytes} [Mon Aug 8 10:10:40 2022] GET /placement/allocations/25f5f4ad-7c62-4742-bcbe-f58ac929d16e => generated 259 bytes in 32 msecs (HTTP/1.1 200) 8 headers in 296 bytes (1 switches on core 0)
Aug 08 10:10:40.616977 n-d-844627-11 devstack@placement-api.service[105218]: DEBUG placement.requestlog [req-eee59344-20fe-442f-8e1c-7f523ba67df6 req-1c650892-f2b2-4f78-b140-da282589d4b6 None None] Starting request: 10.222.0.20 "PUT /placement/allocations/9ef88c65-9979-4213-888b-72d5af8b9058" {{(pid=105218) __call__ /opt/stack/placement/placement/requestlog.py:55}}
Aug 08 10:10:40.811341 n-d-844627-11 devstack@placement-api.service[105218]: DEBUG dbcounter [-] [105218] Writing DB stats placement:SELECT=85,placement:DELETE=7,placement:INSERT=6,placement:UPDATE=2 {{(pid=105218) stat_writer /usr/local/lib/python3.8/dist-packages/dbcounter.py:114}}
Aug 08 10:10:40.853869 n-d-844627-11 devstack@placement-api.service[105218]: DEBUG placement.handlers.allocation [req-eee59344-20fe-442f-8e1c-7f523ba67df6 req-1c650892-f2b2-4f78-b140-da282589d4b6 service placement] Successfully wrote allocations [, , ] {{(pid=105218) _update_consumers_and_create_allocations /opt/stack/placement/placement/handlers/allocation.py:462}}
Aug 08 10:10:40.864820 n-d-844627-11 devstack@placement-api.service[105218]: INFO placement.requestlog [req-eee59344-20fe-442f-8e1c-7f523ba67df6 req-1c650892-f2b2-4f78-b140-da282589d4b6 service placement] 10.222.0.20 "PUT /placement/allocations/9ef88c65-9979-4213-888b-72d5af8b9058" status: 204 len: 0 microversion: 1.36
Aug 08 10:10:40.866544 n-d-844627-11 devstack@placement-api.service[105218]: [pid: 105218|app: 0|req: 267/530] 10.222.0.20 () {64 vars in 1433 bytes} [Mon Aug 8 10:10:40 2022] PUT /placement/allocations/9ef88c65-9979-4213-888b-72d5af8b9058 => generated 0 bytes in 250 msecs (HTTP/1.1 204) 5 headers in 199 bytes (1 switches on core 0)
Aug 08 10:10:40.909557 n-d-844627-11 devstack@placement-api.service[105217]: DEBUG placement.requestlog [req-0a5dd62b-15f7-41bd-bf4a-5c2a479a8552 req-213537be-7e0f-4196-9eed-ce71b816e864 None None] Starting request: 10.222.0.39 "DELETE /placement/allocations/70406f58-a2ee-4926-8279-232ee358a5a5" {{(pid=105217) __call__ /opt/stack/placement/placement/requestlog.py:55}}
Aug 08 10:10:40.972399 n-d-844627-11 devstack@placement-api.service[105217]: DEBUG placement.handlers.allocation [req-0a5dd62b-15f7-41bd-bf4a-5c2a479a8552 req-213537be-7e0f-4196-9eed-ce71b816e864 service placement] Successfully deleted allocations [, , ] {{(pid=105217) delete_allocations /opt/stack/placement/placement/handlers/allocation.py:627}}
Aug 08 10:10:40.973531 n-d-844627-11 devstack@placement-api.service[105217]: INFO placement.requestlog [req-0a5dd62b-15f7-41bd-bf4a-5c2a479a8552 req-213537be-7e0f-4196-9eed-ce71b816e864 service placement] 10.222.0.39 "DELETE /placement/allocations/70406f58-a2ee-4926-8279-232ee358a5a5" status: 204 len: 0 microversion: 1.0
Aug 08 10:10:40.975079 n-d-844627-11 devstack@placement-api.service[105217]: [pid: 105217|app: 0|req: 264/531] 10.222.0.39 () {60 vars in 1355 bytes} [Mon Aug 8 10:10:40 2022] DELETE /placement/allocations/70406f58-a2ee-4926-8279-232ee358a5a5 => generated 0 bytes in 66 msecs (HTTP/1.1 204) 5 headers in 198 bytes (1 switches on core 0)
Aug 08 10:10:41.460274 n-d-844627-11 devstack@placement-api.service[105218]: DEBUG placement.requestlog [req-eee59344-20fe-442f-8e1c-7f523ba67df6 req-71b95dae-3b1b-492d-85a5-2561c3d87abc None None] Starting request: 10.222.0.39 "GET /placement/allocations/9ef88c65-9979-4213-888b-72d5af8b9058" {{(pid=105218) __call__ /opt/stack/placement/placement/requestlog.py:55}}
Aug 08 10:10:41.492553 n-d-844627-11 devstack@placement-api.service[105218]: INFO placement.requestlog [req-eee59344-20fe-442f-8e1c-7f523ba67df6 req-71b95dae-3b1b-492d-85a5-2561c3d87abc service placement] 10.222.0.39 "GET /placement/allocations/9ef88c65-9979-4213-888b-72d5af8b9058" status: 200 len: 259 microversion: 1.28
Aug 08 10:10:41.492945 n-d-844627-11 devstack@placement-api.service[105218]: [pid: 105218|app: 0|req: 268/532] 10.222.0.39 () {60 vars in 1377 bytes} [Mon Aug 8 10:10:41 2022] GET /placement/allocations/9ef88c65-9979-4213-888b-72d5af8b9058 => generated 259 bytes in 33 msecs (HTTP/1.1 200) 8 headers in 296 bytes (1 switches on core 0)
Aug 08 10:10:45.035603 n-d-844627-11 devstack@placement-api.service[105217]: DEBUG placement.requestlog [req-bb9ac752-c578-42ee-b2e9-8d3edf089d53 req-beaa0aa8-4aae-4ceb-a1b2-06b6e7b85d94 None None] Starting request: 10.222.0.39 "DELETE /placement/allocations/0ecfc4f5-5208-4faa-bb3a-13c12b019c63" {{(pid=105217) __call__ /opt/stack/placement/placement/requestlog.py:55}}
Aug 08 10:10:45.085930 n-d-844627-11 devstack@placement-api.service[105217]: DEBUG placement.handlers.allocation [req-bb9ac752-c578-42ee-b2e9-8d3edf089d53 req-beaa0aa8-4aae-4ceb-a1b2-06b6e7b85d94 service placement] Successfully deleted allocations [, , ] {{(pid=105217) delete_allocations /opt/stack/placement/placement/handlers/allocation.py:627}}
Aug 08 10:10:45.087161 n-d-844627-11 devstack@placement-api.service[105217]: INFO placement.requestlog [req-bb9ac752-c578-42ee-b2e9-8d3edf089d53 req-beaa0aa8-4aae-4ceb-a1b2-06b6e7b85d94 service placement] 10.222.0.39 "DELETE /placement/allocations/0ecfc4f5-5208-4faa-bb3a-13c12b019c63" status: 204 len: 0 microversion: 1.0
Aug 08 10:10:45.088403 n-d-844627-11 devstack@placement-api.service[105217]: [pid: 105217|app: 0|req: 265/533] 10.222.0.39 () {60 vars in 1355 bytes} [Mon Aug 8 10:10:45 2022] DELETE /placement/allocations/0ecfc4f5-5208-4faa-bb3a-13c12b019c63 => generated 0 bytes in 53 msecs (HTTP/1.1 204) 5 headers in 198 bytes (1 switches on core 0)
Aug 08 10:10:49.653518 n-d-844627-11 devstack@placement-api.service[105218]: DEBUG placement.requestlog [None req-7213d7ba-63fe-4940-89d5-1b249ab3ca92 None None] Starting request: 10.222.0.20 "GET /placement/resource_providers/eae31c38-7b72-4aa5-b8ed-04fe8c68ac6e/aggregates" {{(pid=105218) __call__ /opt/stack/placement/placement/requestlog.py:55}}
Aug 08 10:10:49.758578 n-d-844627-11 devstack@placement-api.service[105218]: INFO placement.requestlog [None req-7213d7ba-63fe-4940-89d5-1b249ab3ca92 service placement] 10.222.0.20 "GET /placement/resource_providers/eae31c38-7b72-4aa5-b8ed-04fe8c68ac6e/aggregates" status: 404 len: 235 microversion: 1.1
Aug 08 10:10:49.759148 n-d-844627-11 devstack@placement-api.service[105218]: [pid: 105218|app: 0|req: 269/534] 10.222.0.20 () {58 vars in 1362 bytes} [Mon Aug 8 10:10:49 2022] GET /placement/resource_providers/eae31c38-7b72-4aa5-b8ed-04fe8c68ac6e/aggregates => generated 235 bytes in 106 msecs (HTTP/1.1 404) 5 headers in 202 bytes (2 switches on core 0)
Aug 08 10:10:49.819764 n-d-844627-11 devstack@placement-api.service[105217]: DEBUG placement.requestlog [None req-7329401a-5816-42d2-a8c5-73f7d85916d3 None None] Starting request: 10.222.0.20 "DELETE /placement/resource_providers/eae31c38-7b72-4aa5-b8ed-04fe8c68ac6e" {{(pid=105217) __call__ /opt/stack/placement/placement/requestlog.py:55}}
Aug 08 10:10:49.830047 n-d-844627-11 devstack@placement-api.service[105217]: DEBUG placement.wsgi_wrapper [None req-7329401a-5816-42d2-a8c5-73f7d85916d3 service placement] Placement API returning an error response: No resource provider with uuid eae31c38-7b72-4aa5-b8ed-04fe8c68ac6e found for delete {{(pid=105217) call_func /opt/stack/placement/placement/wsgi_wrapper.py:31}}
Aug 08 10:10:49.830808 n-d-844627-11 devstack@placement-api.service[105217]: INFO placement.requestlog [None req-7329401a-5816-42d2-a8c5-73f7d85916d3 service placement] 10.222.0.20 "DELETE /placement/resource_providers/eae31c38-7b72-4aa5-b8ed-04fe8c68ac6e" status: 404 len: 246 microversion: 1.1
Aug 08 10:10:49.831458 n-d-844627-11 devstack@placement-api.service[105217]: [pid: 105217|app: 0|req: 266/535] 10.222.0.20 () {60 vars in 1351 bytes} [Mon Aug 8 10:10:49 2022] DELETE /placement/resource_providers/eae31c38-7b72-4aa5-b8ed-04fe8c68ac6e => generated 246 bytes in 12 msecs (HTTP/1.1 404) 6 headers in 231 bytes (1 switches on core 0)
Aug 08 10:10:53.166299 n-d-844627-11 devstack@placement-api.service[105218]: DEBUG placement.requestlog [None req-b65b4013-0e7c-4688-9430-0049f70310b0 None None] Starting request: 10.222.0.20 "GET /placement/resource_providers/7379cf0a-b0c9-4aeb-a0ca-24ecaa337aed/aggregates" {{(pid=105218) __call__ /opt/stack/placement/placement/requestlog.py:55}}
Aug 08 10:10:53.181542 n-d-844627-11 devstack@placement-api.service[105218]: INFO placement.requestlog [None req-b65b4013-0e7c-4688-9430-0049f70310b0 service placement] 10.222.0.20 "GET /placement/resource_providers/7379cf0a-b0c9-4aeb-a0ca-24ecaa337aed/aggregates" status: 404 len: 235 microversion: 1.1
Aug 08 10:10:53.182196 n-d-844627-11 devstack@placement-api.service[105218]: [pid: 105218|app: 0|req: 270/536] 10.222.0.20 () {58 vars in 1362 bytes} [Mon Aug 8 10:10:53 2022] GET /placement/resource_providers/7379cf0a-b0c9-4aeb-a0ca-24ecaa337aed/aggregates => generated 235 bytes in 16 msecs (HTTP/1.1 404) 5 headers in 202 bytes (1 switches on core 0)
Aug 08 10:10:53.203407 n-d-844627-11 devstack@placement-api.service[105217]: DEBUG placement.requestlog [None req-35b8b3ac-3936-49fe-a7b0-f54a07959163 None None] Starting request: 10.222.0.20 "DELETE /placement/resource_providers/7379cf0a-b0c9-4aeb-a0ca-24ecaa337aed" {{(pid=105217) __call__ /opt/stack/placement/placement/requestlog.py:55}}
Aug 08 10:10:53.225677 n-d-844627-11 devstack@placement-api.service[105217]: DEBUG placement.wsgi_wrapper [None req-35b8b3ac-3936-49fe-a7b0-f54a07959163 service placement] Placement API returning an error response: No resource provider with uuid 7379cf0a-b0c9-4aeb-a0ca-24ecaa337aed found for delete {{(pid=105217) call_func /opt/stack/placement/placement/wsgi_wrapper.py:31}}
Aug 08 10:10:53.226451 n-d-844627-11 devstack@placement-api.service[105217]: INFO placement.requestlog [None req-35b8b3ac-3936-49fe-a7b0-f54a07959163 service placement] 10.222.0.20 "DELETE /placement/resource_providers/7379cf0a-b0c9-4aeb-a0ca-24ecaa337aed" status: 404 len: 246 microversion: 1.1
Aug 08 10:10:53.226815 n-d-844627-11 devstack@placement-api.service[105217]: [pid: 105217|app: 0|req: 267/537] 10.222.0.20 () {60 vars in 1351 bytes} [Mon Aug 8 10:10:53 2022] DELETE /placement/resource_providers/7379cf0a-b0c9-4aeb-a0ca-24ecaa337aed => generated 246 bytes in 24 msecs (HTTP/1.1 404) 6 headers in 231 bytes (1 switches on core 0)
Aug 08 10:10:56.873358 n-d-844627-11 devstack@placement-api.service[105218]: DEBUG placement.requestlog [req-94baf82f-9922-4559-b69d-48ffb755dbc2 req-88296c36-76b4-4b53-85b8-235835568804 None None] Starting request: 10.222.0.39 "GET /placement/allocations/e566d5a3-98fc-46d0-b4c0-7a3c995dc24d" {{(pid=105218) __call__ /opt/stack/placement/placement/requestlog.py:55}}
Aug 08 10:10:56.929106 n-d-844627-11 devstack@placement-api.service[105218]: INFO placement.requestlog [req-94baf82f-9922-4559-b69d-48ffb755dbc2 req-88296c36-76b4-4b53-85b8-235835568804 service placement] 10.222.0.39 "GET /placement/allocations/e566d5a3-98fc-46d0-b4c0-7a3c995dc24d" status: 200 len: 258 microversion: 1.28
Aug 08 10:10:56.934563 n-d-844627-11 devstack@placement-api.service[105218]: [pid: 105218|app: 0|req: 271/538] 10.222.0.39 () {60 vars in 1377 bytes} [Mon Aug 8 10:10:56 2022] GET /placement/allocations/e566d5a3-98fc-46d0-b4c0-7a3c995dc24d => generated 258 bytes in 61 msecs (HTTP/1.1 200) 8 headers in 296 bytes (1 switches on core 0)
Aug 08 10:10:57.305877 n-d-844627-11 devstack@placement-api.service[105217]: DEBUG placement.requestlog [req-13715bd9-f97e-4ea0-a22c-b3fa92fa9c78 req-0961e347-0e35-45a1-ba88-d98bb47cfe2b None None] Starting request: 10.222.0.20 "GET /placement/allocation_candidates?limit=1000&resources=DISK_GB%3A1%2CMEMORY_MB%3A1024%2CVCPU%3A1&root_required=%21COMPUTE_STATUS_DISABLED" {{(pid=105217) __call__ /opt/stack/placement/placement/requestlog.py:55}}
Aug 08 10:10:57.395503 n-d-844627-11 devstack@placement-api.service[105217]: DEBUG placement.objects.research_context [req-13715bd9-f97e-4ea0-a22c-b3fa92fa9c78 req-0961e347-0e35-45a1-ba88-d98bb47cfe2b service placement] getting providers with 1 DISK_GB {{(pid=105217) __init__ /opt/stack/placement/placement/objects/research_context.py:136}}
Aug 08 10:10:57.407183 n-d-844627-11 devstack@placement-api.service[105217]: DEBUG placement.objects.research_context [req-13715bd9-f97e-4ea0-a22c-b3fa92fa9c78 req-0961e347-0e35-45a1-ba88-d98bb47cfe2b service placement] getting providers with 1024 MEMORY_MB {{(pid=105217) __init__ /opt/stack/placement/placement/objects/research_context.py:136}}
Aug 08 10:10:57.423280 n-d-844627-11 devstack@placement-api.service[105217]: DEBUG placement.objects.research_context [req-13715bd9-f97e-4ea0-a22c-b3fa92fa9c78 req-0961e347-0e35-45a1-ba88-d98bb47cfe2b service placement] getting providers with 1 VCPU {{(pid=105217) __init__ /opt/stack/placement/placement/objects/research_context.py:136}}
Aug 08 10:10:57.440429 n-d-844627-11 devstack@placement-api.service[105217]: DEBUG placement.objects.research_context [req-13715bd9-f97e-4ea0-a22c-b3fa92fa9c78 req-0961e347-0e35-45a1-ba88-d98bb47cfe2b service placement] found 2 providers with available 1 DISK_GB {{(pid=105217) get_provider_ids_matching /opt/stack/placement/placement/objects/research_context.py:563}}
Aug 08 10:10:57.443396 n-d-844627-11 devstack@placement-api.service[105217]: DEBUG placement.objects.research_context [req-13715bd9-f97e-4ea0-a22c-b3fa92fa9c78 req-0961e347-0e35-45a1-ba88-d98bb47cfe2b service placement] found 2 providers with available 1024 MEMORY_MB {{(pid=105217) get_provider_ids_matching /opt/stack/placement/placement/objects/research_context.py:563}}
Aug 08 10:10:57.443968 n-d-844627-11 devstack@placement-api.service[105217]: DEBUG placement.objects.research_context [req-13715bd9-f97e-4ea0-a22c-b3fa92fa9c78 req-0961e347-0e35-45a1-ba88-d98bb47cfe2b service placement] found 2 providers after filtering by previous result {{(pid=105217) get_provider_ids_matching /opt/stack/placement/placement/objects/research_context.py:594}}
Aug 08 10:10:57.444655 n-d-844627-11 devstack@placement-api.service[105217]: DEBUG placement.objects.research_context [req-13715bd9-f97e-4ea0-a22c-b3fa92fa9c78 req-0961e347-0e35-45a1-ba88-d98bb47cfe2b service placement] found 2 providers with available 1 VCPU {{(pid=105217) get_provider_ids_matching /opt/stack/placement/placement/objects/research_context.py:563}}
Aug 08 10:10:57.445140 n-d-844627-11 devstack@placement-api.service[105217]: DEBUG placement.objects.research_context [req-13715bd9-f97e-4ea0-a22c-b3fa92fa9c78 req-0961e347-0e35-45a1-ba88-d98bb47cfe2b service placement] found 2 providers after filtering by previous result {{(pid=105217) get_provider_ids_matching /opt/stack/placement/placement/objects/research_context.py:594}}
Aug 08 10:10:57.468282 n-d-844627-11 devstack@placement-api.service[105217]: DEBUG placement.objects.allocation_candidate [req-13715bd9-f97e-4ea0-a22c-b3fa92fa9c78 req-0961e347-0e35-45a1-ba88-d98bb47cfe2b service placement] RequestGroup(use_same_provider=False, resources={DISK_GB:1, MEMORY_MB:1024, VCPU:1}, traits=(), aggregates=[]) (suffix '') returned 2 matches {{(pid=105217) _get_by_requests /opt/stack/placement/placement/objects/allocation_candidate.py:156}}
Aug 08 10:10:57.469005 n-d-844627-11 devstack@placement-api.service[105217]: DEBUG placement.objects.allocation_candidate [req-13715bd9-f97e-4ea0-a22c-b3fa92fa9c78 req-0961e347-0e35-45a1-ba88-d98bb47cfe2b service placement] Merging candidates yields 2 allocation requests and 2 provider summaries {{(pid=105217) _merge_candidates /opt/stack/placement/placement/objects/allocation_candidate.py:809}}
Aug 08 10:10:57.471455 n-d-844627-11 devstack@placement-api.service[105217]: INFO placement.requestlog [req-13715bd9-f97e-4ea0-a22c-b3fa92fa9c78 req-0961e347-0e35-45a1-ba88-d98bb47cfe2b service placement] 10.222.0.20 "GET /placement/allocation_candidates?limit=1000&resources=DISK_GB%3A1%2CMEMORY_MB%3A1024%2CVCPU%3A1&root_required=%21COMPUTE_STATUS_DISABLED" status: 200 len: 1309 microversion: 1.36
Aug 08 10:10:57.472466 n-d-844627-11 devstack@placement-api.service[105217]: [pid: 105217|app: 0|req: 268/539] 10.222.0.20 () {60 vars in 1506 bytes} [Mon Aug 8 10:10:57 2022] GET /placement/allocation_candidates?limit=1000&resources=DISK_GB%3A1%2CMEMORY_MB%3A1024%2CVCPU%3A1&root_required=%21COMPUTE_STATUS_DISABLED => generated 1309 bytes in 167 msecs (HTTP/1.1 200) 8 headers in 297 bytes (1 switches on core 0)
Aug 08 10:10:57.691637 n-d-844627-11 devstack@placement-api.service[105218]: DEBUG placement.requestlog [req-13715bd9-f97e-4ea0-a22c-b3fa92fa9c78 req-38a046a0-d10c-487a-bd81-ac1c8699539d None None] Starting request: 10.222.0.20 "GET /placement/allocations/8533e71f-017b-4c2b-897c-12bc9c5bbe49" {{(pid=105218) __call__ /opt/stack/placement/placement/requestlog.py:55}}
Aug 08 10:10:57.706106 n-d-844627-11 devstack@placement-api.service[105218]: INFO placement.requestlog [req-13715bd9-f97e-4ea0-a22c-b3fa92fa9c78 req-38a046a0-d10c-487a-bd81-ac1c8699539d service placement] 10.222.0.20 "GET /placement/allocations/8533e71f-017b-4c2b-897c-12bc9c5bbe49" status: 200 len: 19 microversion: 1.28
Aug 08 10:10:57.706491 n-d-844627-11 devstack@placement-api.service[105218]: [pid: 105218|app: 0|req: 272/540] 10.222.0.20 () {60 vars in 1380 bytes} [Mon Aug 8 10:10:57 2022] GET /placement/allocations/8533e71f-017b-4c2b-897c-12bc9c5bbe49 => generated 19 bytes in 15 msecs (HTTP/1.1 200) 8 headers in 295 bytes (1 switches on core 0)
Aug 08 10:10:57.713399 n-d-844627-11 devstack@placement-api.service[105217]: DEBUG placement.requestlog [req-13715bd9-f97e-4ea0-a22c-b3fa92fa9c78 req-f4870054-58ed-4090-80e1-005fad86ce39 None None] Starting request: 10.222.0.20 "PUT /placement/allocations/8533e71f-017b-4c2b-897c-12bc9c5bbe49" {{(pid=105217) __call__ /opt/stack/placement/placement/requestlog.py:55}}
Aug 08 10:10:57.867067 n-d-844627-11 devstack@placement-api.service[105217]: DEBUG placement.handlers.allocation [req-13715bd9-f97e-4ea0-a22c-b3fa92fa9c78 req-f4870054-58ed-4090-80e1-005fad86ce39 service placement] Successfully wrote allocations [, , ] {{(pid=105217) _update_consumers_and_create_allocations /opt/stack/placement/placement/handlers/allocation.py:462}}
Aug 08 10:10:57.878799 n-d-844627-11 devstack@placement-api.service[105217]: INFO placement.requestlog [req-13715bd9-f97e-4ea0-a22c-b3fa92fa9c78 req-f4870054-58ed-4090-80e1-005fad86ce39 service placement] 10.222.0.20 "PUT /placement/allocations/8533e71f-017b-4c2b-897c-12bc9c5bbe49" status: 204 len: 0 microversion: 1.36
Aug 08 10:10:57.879438 n-d-844627-11 devstack@placement-api.service[105217]: [pid: 105217|app: 0|req: 269/541] 10.222.0.20 () {64 vars in 1433 bytes} [Mon Aug 8 10:10:57 2022] PUT /placement/allocations/8533e71f-017b-4c2b-897c-12bc9c5bbe49 => generated 0 bytes in 166 msecs (HTTP/1.1 204) 5 headers in 199 bytes (2 switches on core 0)
Aug 08 10:10:58.645581 n-d-844627-11 devstack@placement-api.service[105218]: DEBUG placement.requestlog [req-13715bd9-f97e-4ea0-a22c-b3fa92fa9c78 req-397dcaf9-fdf4-45b3-8bf9-6d61a80d2cca None None] Starting request: 10.222.0.39 "GET /placement/allocations/8533e71f-017b-4c2b-897c-12bc9c5bbe49" {{(pid=105218) __call__ /opt/stack/placement/placement/requestlog.py:55}}
Aug 08 10:10:58.699216 n-d-844627-11 devstack@placement-api.service[105218]: INFO placement.requestlog [req-13715bd9-f97e-4ea0-a22c-b3fa92fa9c78 req-397dcaf9-fdf4-45b3-8bf9-6d61a80d2cca service placement] 10.222.0.39 "GET /placement/allocations/8533e71f-017b-4c2b-897c-12bc9c5bbe49" status: 200 len: 259 microversion: 1.28
Aug 08 10:10:58.703846 n-d-844627-11 devstack@placement-api.service[105218]: [pid: 105218|app: 0|req: 273/542] 10.222.0.39 () {60 vars in 1377 bytes} [Mon Aug 8 10:10:58 2022] GET /placement/allocations/8533e71f-017b-4c2b-897c-12bc9c5bbe49 => generated 259 bytes in 59 msecs (HTTP/1.1 200) 8 headers in 296 bytes (1 switches on core 0)
Aug 08 10:11:02.621089 n-d-844627-11 devstack@placement-api.service[105217]: DEBUG placement.requestlog [None req-08f9d16b-f829-4676-90d5-149bee159d28 None None] Starting request: 10.222.0.20 "GET /placement/resource_providers/bb838244-ec22-4398-8283-d33fa86e7c05/aggregates" {{(pid=105217) __call__ /opt/stack/placement/placement/requestlog.py:55}}
Aug 08 10:11:02.636328 n-d-844627-11 devstack@placement-api.service[105217]: INFO placement.requestlog [None req-08f9d16b-f829-4676-90d5-149bee159d28 service placement] 10.222.0.20 "GET /placement/resource_providers/bb838244-ec22-4398-8283-d33fa86e7c05/aggregates" status: 404 len: 235 microversion: 1.1
Aug 08 10:11:02.638403 n-d-844627-11 devstack@placement-api.service[105217]: [pid: 105217|app: 0|req: 270/543] 10.222.0.20 () {58 vars in 1362 bytes} [Mon Aug 8 10:11:02 2022] GET /placement/resource_providers/bb838244-ec22-4398-8283-d33fa86e7c05/aggregates => generated 235 bytes in 16 msecs (HTTP/1.1 404) 5 headers in 202 bytes (1 switches on core 0)
Aug 08 10:11:02.647563 n-d-844627-11 devstack@placement-api.service[105218]: DEBUG placement.requestlog [None req-eab0eff4-1d7d-45ed-8978-101276a3d9ea None None] Starting request: 10.222.0.20 "DELETE /placement/resource_providers/bb838244-ec22-4398-8283-d33fa86e7c05" {{(pid=105218) __call__ /opt/stack/placement/placement/requestlog.py:55}}
Aug 08 10:11:02.660089 n-d-844627-11 devstack@placement-api.service[105218]: DEBUG placement.wsgi_wrapper [None req-eab0eff4-1d7d-45ed-8978-101276a3d9ea service placement] Placement API returning an error response: No resource provider with uuid bb838244-ec22-4398-8283-d33fa86e7c05 found for delete {{(pid=105218) call_func /opt/stack/placement/placement/wsgi_wrapper.py:31}}
Aug 08 10:11:02.666068 n-d-844627-11 devstack@placement-api.service[105218]: INFO placement.requestlog [None req-eab0eff4-1d7d-45ed-8978-101276a3d9ea service placement] 10.222.0.20 "DELETE /placement/resource_providers/bb838244-ec22-4398-8283-d33fa86e7c05" status: 404 len: 246 microversion: 1.1
Aug 08 10:11:02.668418 n-d-844627-11 devstack@placement-api.service[105218]: [pid: 105218|app: 0|req: 274/544] 10.222.0.20 () {60 vars in 1351 bytes} [Mon Aug 8 10:11:02 2022] DELETE /placement/resource_providers/bb838244-ec22-4398-8283-d33fa86e7c05 => generated 246 bytes in 21 msecs (HTTP/1.1 404) 6 headers in 231 bytes (2 switches on core 0)
Aug 08 10:11:05.330830 n-d-844627-11 devstack@placement-api.service[105217]: DEBUG placement.requestlog [req-52f88a69-09c0-4bfc-88f2-f1572390ee3f req-5968b40a-6d33-479c-be30-d0f92892c2d2 None None] Starting request: 10.222.0.36 "GET /placement/resource_providers/c3c31758-01de-41bc-9123-8615dfcf3241/allocations" {{(pid=105217) __call__ /opt/stack/placement/placement/requestlog.py:55}}
Aug 08 10:11:05.381141 n-d-844627-11 devstack@placement-api.service[105217]: INFO placement.requestlog [req-52f88a69-09c0-4bfc-88f2-f1572390ee3f req-5968b40a-6d33-479c-be30-d0f92892c2d2 service placement] 10.222.0.36 "GET /placement/resource_providers/c3c31758-01de-41bc-9123-8615dfcf3241/allocations" status: 200 len: 558 microversion: 1.0
Aug 08 10:11:05.382131 n-d-844627-11 devstack@placement-api.service[105217]: [pid: 105217|app: 0|req: 271/545] 10.222.0.36 () {58 vars in 1390 bytes} [Mon Aug 8 10:11:05 2022] GET /placement/resource_providers/c3c31758-01de-41bc-9123-8615dfcf3241/allocations => generated 558 bytes in 51 msecs (HTTP/1.1 200) 6 headers in 224 bytes (1 switches on core 0)
Aug 08 10:11:10.565259 n-d-844627-11 devstack@placement-api.service[105218]: DEBUG placement.requestlog [req-ef53e17e-c731-4c02-afe8-8e43232cb56b req-76d415b6-337a-49dd-a4a2-2f424ca0ba04 None None] Starting request: 10.222.0.20 "GET /placement/allocation_candidates?limit=1000&resources=DISK_GB%3A1%2CMEMORY_MB%3A1024%2CVCPU%3A1&root_required=%21COMPUTE_STATUS_DISABLED" {{(pid=105218) __call__ /opt/stack/placement/placement/requestlog.py:55}}
Aug 08 10:11:10.657871 n-d-844627-11 devstack@placement-api.service[105218]: DEBUG placement.objects.research_context [req-ef53e17e-c731-4c02-afe8-8e43232cb56b req-76d415b6-337a-49dd-a4a2-2f424ca0ba04 service placement] getting providers with 1 DISK_GB {{(pid=105218) __init__ /opt/stack/placement/placement/objects/research_context.py:136}}
Aug 08 10:11:10.665150 n-d-844627-11 devstack@placement-api.service[105218]: DEBUG placement.objects.research_context [req-ef53e17e-c731-4c02-afe8-8e43232cb56b req-76d415b6-337a-49dd-a4a2-2f424ca0ba04 service placement] getting providers with 1024 MEMORY_MB {{(pid=105218) __init__ /opt/stack/placement/placement/objects/research_context.py:136}}
Aug 08 10:11:10.672442 n-d-844627-11 devstack@placement-api.service[105218]: DEBUG placement.objects.research_context [req-ef53e17e-c731-4c02-afe8-8e43232cb56b req-76d415b6-337a-49dd-a4a2-2f424ca0ba04 service placement] getting providers with 1 VCPU {{(pid=105218) __init__ /opt/stack/placement/placement/objects/research_context.py:136}}
Aug 08 10:11:10.678952 n-d-844627-11 devstack@placement-api.service[105218]: DEBUG placement.objects.research_context [req-ef53e17e-c731-4c02-afe8-8e43232cb56b req-76d415b6-337a-49dd-a4a2-2f424ca0ba04 service placement] found 2 providers with available 1 DISK_GB {{(pid=105218) get_provider_ids_matching /opt/stack/placement/placement/objects/research_context.py:563}}
Aug 08 10:11:10.679466 n-d-844627-11 devstack@placement-api.service[105218]: DEBUG placement.objects.research_context [req-ef53e17e-c731-4c02-afe8-8e43232cb56b req-76d415b6-337a-49dd-a4a2-2f424ca0ba04 service placement] found 2 providers with available 1024 MEMORY_MB {{(pid=105218) get_provider_ids_matching /opt/stack/placement/placement/objects/research_context.py:563}}
Aug 08 10:11:10.679936 n-d-844627-11 devstack@placement-api.service[105218]: DEBUG placement.objects.research_context [req-ef53e17e-c731-4c02-afe8-8e43232cb56b req-76d415b6-337a-49dd-a4a2-2f424ca0ba04 service placement] found 2 providers after filtering by previous result {{(pid=105218) get_provider_ids_matching /opt/stack/placement/placement/objects/research_context.py:594}}
Aug 08 10:11:10.680393 n-d-844627-11 devstack@placement-api.service[105218]: DEBUG placement.objects.research_context [req-ef53e17e-c731-4c02-afe8-8e43232cb56b req-76d415b6-337a-49dd-a4a2-2f424ca0ba04 service placement] found 2 providers with available 1 VCPU {{(pid=105218) get_provider_ids_matching /opt/stack/placement/placement/objects/research_context.py:563}}
Aug 08 10:11:10.680846 n-d-844627-11 devstack@placement-api.service[105218]: DEBUG placement.objects.research_context [req-ef53e17e-c731-4c02-afe8-8e43232cb56b req-76d415b6-337a-49dd-a4a2-2f424ca0ba04 service placement] found 2 providers after filtering by previous result {{(pid=105218) get_provider_ids_matching /opt/stack/placement/placement/objects/research_context.py:594}}
Aug 08 10:11:10.693646 n-d-844627-11 devstack@placement-api.service[105218]: DEBUG placement.objects.allocation_candidate [req-ef53e17e-c731-4c02-afe8-8e43232cb56b req-76d415b6-337a-49dd-a4a2-2f424ca0ba04 service placement] RequestGroup(use_same_provider=False, resources={DISK_GB:1, MEMORY_MB:1024, VCPU:1}, traits=(), aggregates=[]) (suffix '') returned 2 matches {{(pid=105218) _get_by_requests /opt/stack/placement/placement/objects/allocation_candidate.py:156}}
Aug 08 10:11:10.693880 n-d-844627-11 devstack@placement-api.service[105218]: DEBUG placement.objects.allocation_candidate [req-ef53e17e-c731-4c02-afe8-8e43232cb56b req-76d415b6-337a-49dd-a4a2-2f424ca0ba04 service placement] Merging candidates yields 2 allocation requests and 2 provider summaries {{(pid=105218) _merge_candidates /opt/stack/placement/placement/objects/allocation_candidate.py:809}}
Aug 08 10:11:10.695781 n-d-844627-11 devstack@placement-api.service[105218]: INFO placement.requestlog [req-ef53e17e-c731-4c02-afe8-8e43232cb56b req-76d415b6-337a-49dd-a4a2-2f424ca0ba04 service placement] 10.222.0.20 "GET /placement/allocation_candidates?limit=1000&resources=DISK_GB%3A1%2CMEMORY_MB%3A1024%2CVCPU%3A1&root_required=%21COMPUTE_STATUS_DISABLED" status: 200 len: 1309 microversion: 1.36
Aug 08 10:11:10.697135 n-d-844627-11 devstack@placement-api.service[105218]: [pid: 105218|app: 0|req: 275/546] 10.222.0.20 () {60 vars in 1506 bytes} [Mon Aug 8 10:11:10 2022] GET /placement/allocation_candidates?limit=1000&resources=DISK_GB%3A1%2CMEMORY_MB%3A1024%2CVCPU%3A1&root_required=%21COMPUTE_STATUS_DISABLED => generated 1309 bytes in 132 msecs (HTTP/1.1 200) 8 headers in 297 bytes (1 switches on core 0)
Aug 08 10:11:10.809335 n-d-844627-11 devstack@placement-api.service[105217]: DEBUG placement.requestlog [req-ef53e17e-c731-4c02-afe8-8e43232cb56b req-b8ba8876-8ac8-4809-969b-7e705d64730d None None] Starting request: 10.222.0.20 "GET /placement/allocations/da0986c8-6f7c-4456-b174-bae915169b19" {{(pid=105217) __call__ /opt/stack/placement/placement/requestlog.py:55}}
Aug 08 10:11:10.819565 n-d-844627-11 devstack@placement-api.service[105217]: DEBUG dbcounter [-] [105217] Writing DB stats placement:SELECT=57,placement:DELETE=6,placement:INSERT=6,placement:UPDATE=2 {{(pid=105217) stat_writer /usr/local/lib/python3.8/dist-packages/dbcounter.py:114}}
Aug 08 10:11:10.825424 n-d-844627-11 devstack@placement-api.service[105217]: INFO placement.requestlog [req-ef53e17e-c731-4c02-afe8-8e43232cb56b req-b8ba8876-8ac8-4809-969b-7e705d64730d service placement] 10.222.0.20 "GET /placement/allocations/da0986c8-6f7c-4456-b174-bae915169b19" status: 200 len: 19 microversion: 1.28
Aug 08 10:11:10.826564 n-d-844627-11 devstack@placement-api.service[105217]: [pid: 105217|app: 0|req: 272/547] 10.222.0.20 () {60 vars in 1380 bytes} [Mon Aug 8 10:11:10 2022] GET /placement/allocations/da0986c8-6f7c-4456-b174-bae915169b19 => generated 19 bytes in 17 msecs (HTTP/1.1 200) 8 headers in 295 bytes (1 switches on core 0)
Aug 08 10:11:10.835019 n-d-844627-11 devstack@placement-api.service[105218]: DEBUG placement.requestlog [req-ef53e17e-c731-4c02-afe8-8e43232cb56b req-8072fe4d-2ba8-4054-ac1a-e1fff1904d4f None None] Starting request: 10.222.0.20 "PUT /placement/allocations/da0986c8-6f7c-4456-b174-bae915169b19" {{(pid=105218) __call__ /opt/stack/placement/placement/requestlog.py:55}}
Aug 08 10:11:10.855138 n-d-844627-11 devstack@placement-api.service[105218]: DEBUG dbcounter [-] [105218] Writing DB stats placement:INSERT=2,placement:UPDATE=2,placement:SELECT=34,placement:DELETE=1 {{(pid=105218) stat_writer /usr/local/lib/python3.8/dist-packages/dbcounter.py:114}}
Aug 08 10:11:10.915812 n-d-844627-11 devstack@placement-api.service[105218]: DEBUG placement.handlers.allocation [req-ef53e17e-c731-4c02-afe8-8e43232cb56b req-8072fe4d-2ba8-4054-ac1a-e1fff1904d4f service placement] Successfully wrote allocations [, , ] {{(pid=105218) _update_consumers_and_create_allocations /opt/stack/placement/placement/handlers/allocation.py:462}}
Aug 08 10:11:10.948886 n-d-844627-11 devstack@placement-api.service[105218]: INFO placement.requestlog [req-ef53e17e-c731-4c02-afe8-8e43232cb56b req-8072fe4d-2ba8-4054-ac1a-e1fff1904d4f service placement] 10.222.0.20 "PUT /placement/allocations/da0986c8-6f7c-4456-b174-bae915169b19" status: 204 len: 0 microversion: 1.36
Aug 08 10:11:10.950891 n-d-844627-11 devstack@placement-api.service[105218]: [pid: 105218|app: 0|req: 276/548] 10.222.0.20 () {64 vars in 1433 bytes} [Mon Aug 8 10:11:10 2022] PUT /placement/allocations/da0986c8-6f7c-4456-b174-bae915169b19 => generated 0 bytes in 116 msecs (HTTP/1.1 204) 5 headers in 199 bytes (1 switches on core 0)
Aug 08 10:11:11.431257 n-d-844627-11 devstack@placement-api.service[105217]: DEBUG placement.requestlog [req-ef53e17e-c731-4c02-afe8-8e43232cb56b req-dd7b6624-e5eb-4fab-9b26-954b63cba36b None None] Starting request: 10.222.0.36 "GET /placement/allocations/da0986c8-6f7c-4456-b174-bae915169b19" {{(pid=105217) __call__ /opt/stack/placement/placement/requestlog.py:55}}
Aug 08 10:11:11.476327 n-d-844627-11 devstack@placement-api.service[105217]: INFO placement.requestlog [req-ef53e17e-c731-4c02-afe8-8e43232cb56b req-dd7b6624-e5eb-4fab-9b26-954b63cba36b service placement] 10.222.0.36 "GET /placement/allocations/da0986c8-6f7c-4456-b174-bae915169b19" status: 200 len: 259 microversion: 1.28
Aug 08 10:11:11.476784 n-d-844627-11 devstack@placement-api.service[105217]: [pid: 105217|app: 0|req: 273/549] 10.222.0.36 () {60 vars in 1377 bytes} [Mon Aug 8 10:11:11 2022] GET /placement/allocations/da0986c8-6f7c-4456-b174-bae915169b19 => generated 259 bytes in 54 msecs (HTTP/1.1 200) 8 headers in 296 bytes (1 switches on core 0)
Aug 08 10:11:11.514161 n-d-844627-11 devstack@placement-api.service[105218]: DEBUG placement.requestlog [req-ef16c532-f4fd-4455-a352-5b21d0c21442 req-eb281c66-ff86-4d31-b5a4-6d34b1e4a26e None None] Starting request: 10.222.0.36 "GET /placement/allocations/c5e3212e-bdae-4502-bd78-8e5a51501d55" {{(pid=105218) __call__ /opt/stack/placement/placement/requestlog.py:55}}
Aug 08 10:11:11.545062 n-d-844627-11 devstack@placement-api.service[105218]: INFO placement.requestlog [req-ef16c532-f4fd-4455-a352-5b21d0c21442 req-eb281c66-ff86-4d31-b5a4-6d34b1e4a26e service placement] 10.222.0.36 "GET /placement/allocations/c5e3212e-bdae-4502-bd78-8e5a51501d55" status: 200 len: 259 microversion: 1.28
Aug 08 10:11:11.545450 n-d-844627-11 devstack@placement-api.service[105218]: [pid: 105218|app: 0|req: 277/550] 10.222.0.36 () {60 vars in 1377 bytes} [Mon Aug 8 10:11:11 2022] GET /placement/allocations/c5e3212e-bdae-4502-bd78-8e5a51501d55 => generated 259 bytes in 32 msecs (HTTP/1.1 200) 8 headers in 296 bytes (1 switches on core 0)
Aug 08 10:11:11.554955 n-d-844627-11 devstack@placement-api.service[105217]: DEBUG placement.requestlog [req-ef16c532-f4fd-4455-a352-5b21d0c21442 req-548863ea-061b-460e-97eb-4da980a2641f None None] Starting request: 10.222.0.36 "GET /placement/allocations/c5e3212e-bdae-4502-bd78-8e5a51501d55" {{(pid=105217) __call__ /opt/stack/placement/placement/requestlog.py:55}}
Aug 08 10:11:11.581410 n-d-844627-11 devstack@placement-api.service[105217]: INFO placement.requestlog [req-ef16c532-f4fd-4455-a352-5b21d0c21442 req-548863ea-061b-460e-97eb-4da980a2641f service placement] 10.222.0.36 "GET /placement/allocations/c5e3212e-bdae-4502-bd78-8e5a51501d55" status: 200 len: 259 microversion: 1.28
Aug 08 10:11:11.583734 n-d-844627-11 devstack@placement-api.service[105217]: [pid: 105217|app: 0|req: 274/551] 10.222.0.36 () {60 vars in 1377 bytes} [Mon Aug 8 10:11:11 2022] GET /placement/allocations/c5e3212e-bdae-4502-bd78-8e5a51501d55 => generated 259 bytes in 29 msecs (HTTP/1.1 200) 8 headers in 296 bytes (1 switches on core 0)
Aug 08 10:11:11.619721 n-d-844627-11 devstack@placement-api.service[105218]: DEBUG placement.requestlog [req-ef16c532-f4fd-4455-a352-5b21d0c21442 req-97902cf9-410d-4364-8cf9-11bb1d4a740f None None] Starting request: 10.222.0.36 "GET /placement/allocations/e566d5a3-98fc-46d0-b4c0-7a3c995dc24d" {{(pid=105218) __call__ /opt/stack/placement/placement/requestlog.py:55}}
Aug 08 10:11:11.642854 n-d-844627-11 devstack@placement-api.service[105218]: INFO placement.requestlog [req-ef16c532-f4fd-4455-a352-5b21d0c21442 req-97902cf9-410d-4364-8cf9-11bb1d4a740f service placement] 10.222.0.36 "GET /placement/allocations/e566d5a3-98fc-46d0-b4c0-7a3c995dc24d" status: 200 len: 258 microversion: 1.28
Aug 08 10:11:11.642854 n-d-844627-11 devstack@placement-api.service[105218]: [pid: 105218|app: 0|req: 278/552] 10.222.0.36 () {60 vars in 1377 bytes} [Mon Aug 8 10:11:11 2022] GET /placement/allocations/e566d5a3-98fc-46d0-b4c0-7a3c995dc24d => generated 258 bytes in 23 msecs (HTTP/1.1 200) 8 headers in 296 bytes (1 switches on core 0)
Aug 08 10:11:11.652367 n-d-844627-11 devstack@placement-api.service[105217]: DEBUG placement.requestlog [req-ef16c532-f4fd-4455-a352-5b21d0c21442 req-438deecf-0313-4bc3-a660-a65cfd07fafa None None] Starting request: 10.222.0.36 "POST /placement/allocations" {{(pid=105217) __call__ /opt/stack/placement/placement/requestlog.py:55}}
Aug 08 10:11:11.837370 n-d-844627-11 devstack@placement-api.service[105217]: DEBUG placement.handlers.allocation [req-ef16c532-f4fd-4455-a352-5b21d0c21442 req-438deecf-0313-4bc3-a660-a65cfd07fafa service placement] Successfully wrote allocations [, , , , , ] {{(pid=105217) _update_consumers_and_create_allocations /opt/stack/placement/placement/handlers/allocation.py:572}}
Aug 08 10:11:11.845710 n-d-844627-11 devstack@placement-api.service[105217]: INFO placement.requestlog [req-ef16c532-f4fd-4455-a352-5b21d0c21442 req-438deecf-0313-4bc3-a660-a65cfd07fafa service placement] 10.222.0.36 "POST /placement/allocations" status: 204 len: 0 microversion: 1.28
Aug 08 10:11:11.846531 n-d-844627-11 devstack@placement-api.service[105217]: [pid: 105217|app: 0|req: 275/553] 10.222.0.36 () {64 vars in 1320 bytes} [Mon Aug 8 10:11:11 2022] POST /placement/allocations => generated 0 bytes in 195 msecs (HTTP/1.1 204) 5 headers in 199 bytes (1 switches on core 0)
Aug 08 10:11:12.051953 n-d-844627-11 devstack@placement-api.service[105218]: DEBUG placement.requestlog [req-ccff6ee4-fb44-4cc0-a0c5-03b0dd11ee7c req-dacc3429-6996-4e44-bd40-c804feb43451 None None] Starting request: 10.222.0.20 "GET /placement/allocation_candidates?limit=1000&resources=MEMORY_MB%3A1024%2CVCPU%3A1&root_required=%21COMPUTE_STATUS_DISABLED" {{(pid=105218) __call__ /opt/stack/placement/placement/requestlog.py:55}}
