Jun 03 19:09:10.826675 n-d-844627-1 devstack@placement-api.service[106550]: DEBUG placement.objects.allocation_candidate [req-a317d215-7215-40d7-983c-813d1ee0ea3b req-6059bea2-170f-4a87-95c1-a41e5e503e56 service placement] Merging candidates yields 2 allocation requests and 2 provider summaries {{(pid=106550) _merge_candidates /opt/stack/placement/placement/objects/allocation_candidate.py:809}}
Jun 03 19:09:10.828739 n-d-844627-1 devstack@placement-api.service[106550]: INFO placement.requestlog [req-a317d215-7215-40d7-983c-813d1ee0ea3b req-6059bea2-170f-4a87-95c1-a41e5e503e56 service placement] 10.222.0.47 "GET /placement/allocation_candidates?limit=1000&resources=DISK_GB%3A1%2CMEMORY_MB%3A1024%2CVCPU%3A1&root_required=%21COMPUTE_STATUS_DISABLED" status: 200 len: 1309 microversion: 1.36
Jun 03 19:09:10.829736 n-d-844627-1 devstack@placement-api.service[106550]: [pid: 106550|app: 0|req: 169/338] 10.222.0.47 () {60 vars in 1506 bytes} [Fri Jun 3 19:09:10 2022] GET /placement/allocation_candidates?limit=1000&resources=DISK_GB%3A1%2CMEMORY_MB%3A1024%2CVCPU%3A1&root_required=%21COMPUTE_STATUS_DISABLED => generated 1309 bytes in 129 msecs (HTTP/1.1 200) 8 headers in 297 bytes (1 switches on core 0)
Jun 03 19:09:10.979857 n-d-844627-1 devstack@placement-api.service[106551]: DEBUG placement.requestlog [req-a317d215-7215-40d7-983c-813d1ee0ea3b req-87073d65-4397-45d1-ae18-719834b42ba5 None None] Starting request: 10.222.0.47 "GET /placement/allocations/1c3698b2-947f-4083-ae76-8642714e41ad" {{(pid=106551) __call__ /opt/stack/placement/placement/requestlog.py:55}}
Jun 03 19:09:10.993243 n-d-844627-1 devstack@placement-api.service[106551]: DEBUG dbcounter [-] [106551] Writing DB stats placement:SELECT=76,placement:DELETE=10,placement:INSERT=10,placement:UPDATE=4 {{(pid=106551) stat_writer /usr/local/lib/python3.8/dist-packages/dbcounter.py:114}}
Jun 03 19:09:10.998560 n-d-844627-1 devstack@placement-api.service[106551]: INFO placement.requestlog [req-a317d215-7215-40d7-983c-813d1ee0ea3b req-87073d65-4397-45d1-ae18-719834b42ba5 service placement] 10.222.0.47 "GET /placement/allocations/1c3698b2-947f-4083-ae76-8642714e41ad" status: 200 len: 19 microversion: 1.28
Jun 03 19:09:11.004866 n-d-844627-1 devstack@placement-api.service[106551]: [pid: 106551|app: 0|req: 170/339] 10.222.0.47 () {60 vars in 1380 bytes} [Fri Jun 3 19:09:10 2022] GET /placement/allocations/1c3698b2-947f-4083-ae76-8642714e41ad => generated 19 bytes in 25 msecs (HTTP/1.1 200) 8 headers in 295 bytes (1 switches on core 0)
Jun 03 19:09:11.008364 n-d-844627-1 devstack@placement-api.service[106550]: DEBUG placement.requestlog [req-a317d215-7215-40d7-983c-813d1ee0ea3b req-5d130ba4-ae7b-4c5c-b037-4d2714480c18 None None] Starting request: 10.222.0.47 "PUT /placement/allocations/1c3698b2-947f-4083-ae76-8642714e41ad" {{(pid=106550) __call__ /opt/stack/placement/placement/requestlog.py:55}}
Jun 03 19:09:11.105974 n-d-844627-1 devstack@placement-api.service[106551]: DEBUG placement.requestlog [None req-b9c3265d-18d6-4d96-87b8-1b9f23277ea4 None None] Starting request: 10.222.0.47 "GET /placement/resource_providers/8c217d32-b64a-43d1-a5a0-8c79ab1fcd4a/aggregates" {{(pid=106551) __call__ /opt/stack/placement/placement/requestlog.py:55}}
Jun 03 19:09:11.129419 n-d-844627-1 devstack@placement-api.service[106551]: INFO placement.requestlog [None req-b9c3265d-18d6-4d96-87b8-1b9f23277ea4 service placement] 10.222.0.47 "GET /placement/resource_providers/8c217d32-b64a-43d1-a5a0-8c79ab1fcd4a/aggregates" status: 404 len: 235 microversion: 1.1
Jun 03 19:09:11.135822 n-d-844627-1 devstack@placement-api.service[106551]: [pid: 106551|app: 0|req: 171/340] 10.222.0.47 () {58 vars in 1362 bytes} [Fri Jun 3 19:09:11 2022] GET /placement/resource_providers/8c217d32-b64a-43d1-a5a0-8c79ab1fcd4a/aggregates => generated 235 bytes in 30 msecs (HTTP/1.1 404) 5 headers in 202 bytes (1 switches on core 0)
Jun 03 19:09:11.175677 n-d-844627-1 devstack@placement-api.service[106551]: DEBUG placement.requestlog [None req-1f13ab88-b9bd-4f32-8393-5a6a93eb74fd None None] Starting request: 10.222.0.47 "DELETE /placement/resource_providers/8c217d32-b64a-43d1-a5a0-8c79ab1fcd4a" {{(pid=106551) __call__ /opt/stack/placement/placement/requestlog.py:55}}
Jun 03 19:09:11.188374 n-d-844627-1 devstack@placement-api.service[106551]: DEBUG placement.wsgi_wrapper [None req-1f13ab88-b9bd-4f32-8393-5a6a93eb74fd service placement] Placement API returning an error response: No resource provider with uuid 8c217d32-b64a-43d1-a5a0-8c79ab1fcd4a found for delete {{(pid=106551) call_func /opt/stack/placement/placement/wsgi_wrapper.py:31}}
Jun 03 19:09:11.190176 n-d-844627-1 devstack@placement-api.service[106551]: INFO placement.requestlog [None req-1f13ab88-b9bd-4f32-8393-5a6a93eb74fd service placement] 10.222.0.47 "DELETE /placement/resource_providers/8c217d32-b64a-43d1-a5a0-8c79ab1fcd4a" status: 404 len: 246 microversion: 1.1
Jun 03 19:09:11.190990 n-d-844627-1 devstack@placement-api.service[106551]: [pid: 106551|app: 0|req: 172/341] 10.222.0.47 () {60 vars in 1351 bytes} [Fri Jun 3 19:09:11 2022] DELETE /placement/resource_providers/8c217d32-b64a-43d1-a5a0-8c79ab1fcd4a => generated 246 bytes in 15 msecs (HTTP/1.1 404) 6 headers in 231 bytes (2 switches on core 0)
Jun 03 19:09:11.518249 n-d-844627-1 devstack@placement-api.service[106550]: DEBUG placement.handlers.allocation [req-a317d215-7215-40d7-983c-813d1ee0ea3b req-5d130ba4-ae7b-4c5c-b037-4d2714480c18 service placement] Successfully wrote allocations [, , ] {{(pid=106550) _update_consumers_and_create_allocations /opt/stack/placement/placement/handlers/allocation.py:462}}
Jun 03 19:09:11.638188 n-d-844627-1 devstack@placement-api.service[106550]: INFO placement.requestlog [req-a317d215-7215-40d7-983c-813d1ee0ea3b req-5d130ba4-ae7b-4c5c-b037-4d2714480c18 service placement] 10.222.0.47 "PUT /placement/allocations/1c3698b2-947f-4083-ae76-8642714e41ad" status: 204 len: 0 microversion: 1.36
Jun 03 19:09:11.639731 n-d-844627-1 devstack@placement-api.service[106550]: [pid: 106550|app: 0|req: 170/342] 10.222.0.47 () {64 vars in 1433 bytes} [Fri Jun 3 19:09:11 2022] PUT /placement/allocations/1c3698b2-947f-4083-ae76-8642714e41ad => generated 0 bytes in 632 msecs (HTTP/1.1 204) 5 headers in 199 bytes (2 switches on core 0)
Jun 03 19:09:14.559363 n-d-844627-1 devstack@placement-api.service[106551]: DEBUG placement.requestlog [req-a317d215-7215-40d7-983c-813d1ee0ea3b req-ba15cb8c-7c7f-4362-866d-1f56dfdf70d1 None None] Starting request: 10.222.0.59 "GET /placement/allocations/1c3698b2-947f-4083-ae76-8642714e41ad" {{(pid=106551) __call__ /opt/stack/placement/placement/requestlog.py:55}}
Jun 03 19:09:14.596162 n-d-844627-1 devstack@placement-api.service[106551]: INFO placement.requestlog [req-a317d215-7215-40d7-983c-813d1ee0ea3b req-ba15cb8c-7c7f-4362-866d-1f56dfdf70d1 service placement] 10.222.0.59 "GET /placement/allocations/1c3698b2-947f-4083-ae76-8642714e41ad" status: 200 len: 259 microversion: 1.28
Jun 03 19:09:14.600396 n-d-844627-1 devstack@placement-api.service[106551]: [pid: 106551|app: 0|req: 173/343] 10.222.0.59 () {60 vars in 1377 bytes} [Fri Jun 3 19:09:14 2022] GET /placement/allocations/1c3698b2-947f-4083-ae76-8642714e41ad => generated 259 bytes in 38 msecs (HTTP/1.1 200) 8 headers in 296 bytes (1 switches on core 0)
Jun 03 19:09:18.968757 n-d-844627-1 devstack@placement-api.service[106550]: DEBUG placement.requestlog [req-4c33cc06-4f37-49c3-9ece-95d1edb017e3 req-16d331d2-6199-4881-8b91-756d8d478a0d None None] Starting request: 10.222.0.65 "GET /placement/resource_providers/fb8d48cd-c56b-47dc-99bc-da6f93dd9322/allocations" {{(pid=106550) __call__ /opt/stack/placement/placement/requestlog.py:55}}
Jun 03 19:09:18.991529 n-d-844627-1 devstack@placement-api.service[106550]: INFO placement.requestlog [req-4c33cc06-4f37-49c3-9ece-95d1edb017e3 req-16d331d2-6199-4881-8b91-756d8d478a0d service placement] 10.222.0.65 "GET /placement/resource_providers/fb8d48cd-c56b-47dc-99bc-da6f93dd9322/allocations" status: 200 len: 558 microversion: 1.0
Jun 03 19:09:18.991884 n-d-844627-1 devstack@placement-api.service[106550]: [pid: 106550|app: 0|req: 171/344] 10.222.0.65 () {58 vars in 1390 bytes} [Fri Jun 3 19:09:18 2022] GET /placement/resource_providers/fb8d48cd-c56b-47dc-99bc-da6f93dd9322/allocations => generated 558 bytes in 23 msecs (HTTP/1.1 200) 6 headers in 224 bytes (1 switches on core 0)
Jun 03 19:09:22.628735 n-d-844627-1 devstack@placement-api.service[106551]: DEBUG placement.requestlog [req-97f1e3ab-2154-418b-aca6-413548aeaced req-d0759613-8251-482b-b6fb-948256160912 None None] Starting request: 10.222.0.59 "GET /placement/resource_providers/abf32b39-8ed5-4762-8029-816d7b4f0f59/allocations" {{(pid=106551) __call__ /opt/stack/placement/placement/requestlog.py:55}}
Jun 03 19:09:22.666059 n-d-844627-1 devstack@placement-api.service[106551]: INFO placement.requestlog [req-97f1e3ab-2154-418b-aca6-413548aeaced req-d0759613-8251-482b-b6fb-948256160912 service placement] 10.222.0.59 "GET /placement/resource_providers/abf32b39-8ed5-4762-8029-816d7b4f0f59/allocations" status: 200 len: 1062 microversion: 1.0
Jun 03 19:09:22.672141 n-d-844627-1 devstack@placement-api.service[106551]: [pid: 106551|app: 0|req: 174/345] 10.222.0.59 () {58 vars in 1390 bytes} [Fri Jun 3 19:09:22 2022] GET /placement/resource_providers/abf32b39-8ed5-4762-8029-816d7b4f0f59/allocations => generated 1062 bytes in 38 msecs (HTTP/1.1 200) 6 headers in 225 bytes (1 switches on core 0)
Jun 03 19:09:23.432931 n-d-844627-1 devstack@placement-api.service[106550]: DEBUG placement.requestlog [req-bc0e5fd1-4c89-4aa9-b1b7-894970177c13 req-0d2988c2-5ca3-4038-a3f7-7c706fb0c6cb None None] Starting request: 10.222.0.59 "DELETE /placement/allocations/2d9b0439-4b9a-4e4a-8153-d8fa4ad8a9cb" {{(pid=106550) __call__ /opt/stack/placement/placement/requestlog.py:55}}
Jun 03 19:09:23.683237 n-d-844627-1 devstack@placement-api.service[106550]: DEBUG placement.handlers.allocation [req-bc0e5fd1-4c89-4aa9-b1b7-894970177c13 req-0d2988c2-5ca3-4038-a3f7-7c706fb0c6cb service placement] Successfully deleted allocations [, , ] {{(pid=106550) delete_allocations /opt/stack/placement/placement/handlers/allocation.py:627}}
Jun 03 19:09:23.683743 n-d-844627-1 devstack@placement-api.service[106550]: INFO placement.requestlog [req-bc0e5fd1-4c89-4aa9-b1b7-894970177c13 req-0d2988c2-5ca3-4038-a3f7-7c706fb0c6cb service placement] 10.222.0.59 "DELETE /placement/allocations/2d9b0439-4b9a-4e4a-8153-d8fa4ad8a9cb" status: 204 len: 0 microversion: 1.0
Jun 03 19:09:23.684132 n-d-844627-1 devstack@placement-api.service[106550]: [pid: 106550|app: 0|req: 172/346] 10.222.0.59 () {60 vars in 1355 bytes} [Fri Jun 3 19:09:23 2022] DELETE /placement/allocations/2d9b0439-4b9a-4e4a-8153-d8fa4ad8a9cb => generated 0 bytes in 252 msecs (HTTP/1.1 204) 5 headers in 198 bytes (1 switches on core 0)
Jun 03 19:09:23.913179 n-d-844627-1 devstack@placement-api.service[106551]: DEBUG placement.requestlog [req-eb5f3828-ded6-4418-9362-97958fa08413 req-6b8de80c-24f3-4cd3-bcba-1355863c143e None None] Starting request: 10.222.0.59 "GET /placement/allocations/1c3698b2-947f-4083-ae76-8642714e41ad" {{(pid=106551) __call__ /opt/stack/placement/placement/requestlog.py:55}}
Jun 03 19:09:23.950708 n-d-844627-1 devstack@placement-api.service[106551]: INFO placement.requestlog [req-eb5f3828-ded6-4418-9362-97958fa08413 req-6b8de80c-24f3-4cd3-bcba-1355863c143e service placement] 10.222.0.59 "GET /placement/allocations/1c3698b2-947f-4083-ae76-8642714e41ad" status: 200 len: 259 microversion: 1.28
Jun 03 19:09:23.951362 n-d-844627-1 devstack@placement-api.service[106551]: [pid: 106551|app: 0|req: 175/347] 10.222.0.59 () {60 vars in 1377 bytes} [Fri Jun 3 19:09:23 2022] GET /placement/allocations/1c3698b2-947f-4083-ae76-8642714e41ad => generated 259 bytes in 42 msecs (HTTP/1.1 200) 8 headers in 296 bytes (1 switches on core 0)
Jun 03 19:09:25.317517 n-d-844627-1 devstack@placement-api.service[106550]: DEBUG placement.requestlog [req-a925ebaf-9bb4-4574-bcb4-4f0df5020cef req-9217119a-2cc0-4665-9240-83175124cef6 None None] Starting request: 10.222.0.47 "GET /placement/allocation_candidates?limit=1000&resources=DISK_GB%3A1%2CMEMORY_MB%3A1024%2CVCPU%3A1&root_required=%21COMPUTE_STATUS_DISABLED" {{(pid=106550) __call__ /opt/stack/placement/placement/requestlog.py:55}}
Jun 03 19:09:25.367026 n-d-844627-1 devstack@placement-api.service[106550]: DEBUG placement.objects.research_context [req-a925ebaf-9bb4-4574-bcb4-4f0df5020cef req-9217119a-2cc0-4665-9240-83175124cef6 service placement] getting providers with 1 DISK_GB {{(pid=106550) __init__ /opt/stack/placement/placement/objects/research_context.py:136}}
Jun 03 19:09:25.373183 n-d-844627-1 devstack@placement-api.service[106550]: DEBUG placement.objects.research_context [req-a925ebaf-9bb4-4574-bcb4-4f0df5020cef req-9217119a-2cc0-4665-9240-83175124cef6 service placement] getting providers with 1024 MEMORY_MB {{(pid=106550) __init__ /opt/stack/placement/placement/objects/research_context.py:136}}
Jun 03 19:09:25.378814 n-d-844627-1 devstack@placement-api.service[106550]: DEBUG placement.objects.research_context [req-a925ebaf-9bb4-4574-bcb4-4f0df5020cef req-9217119a-2cc0-4665-9240-83175124cef6 service placement] getting providers with 1 VCPU {{(pid=106550) __init__ /opt/stack/placement/placement/objects/research_context.py:136}}
Jun 03 19:09:25.384576 n-d-844627-1 devstack@placement-api.service[106550]: DEBUG placement.objects.research_context [req-a925ebaf-9bb4-4574-bcb4-4f0df5020cef req-9217119a-2cc0-4665-9240-83175124cef6 service placement] found 2 providers with available 1 DISK_GB {{(pid=106550) get_provider_ids_matching /opt/stack/placement/placement/objects/research_context.py:563}}
Jun 03 19:09:25.384576 n-d-844627-1 devstack@placement-api.service[106550]: DEBUG placement.objects.research_context [req-a925ebaf-9bb4-4574-bcb4-4f0df5020cef req-9217119a-2cc0-4665-9240-83175124cef6 service placement] found 2 providers with available 1024 MEMORY_MB {{(pid=106550) get_provider_ids_matching /opt/stack/placement/placement/objects/research_context.py:563}}
Jun 03 19:09:25.385286 n-d-844627-1 devstack@placement-api.service[106550]: DEBUG placement.objects.research_context [req-a925ebaf-9bb4-4574-bcb4-4f0df5020cef req-9217119a-2cc0-4665-9240-83175124cef6 service placement] found 2 providers after filtering by previous result {{(pid=106550) get_provider_ids_matching /opt/stack/placement/placement/objects/research_context.py:594}}
Jun 03 19:09:25.385286 n-d-844627-1 devstack@placement-api.service[106550]: DEBUG placement.objects.research_context [req-a925ebaf-9bb4-4574-bcb4-4f0df5020cef req-9217119a-2cc0-4665-9240-83175124cef6 service placement] found 2 providers with available 1 VCPU {{(pid=106550) get_provider_ids_matching /opt/stack/placement/placement/objects/research_context.py:563}}
Jun 03 19:09:25.385286 n-d-844627-1 devstack@placement-api.service[106550]: DEBUG placement.objects.research_context [req-a925ebaf-9bb4-4574-bcb4-4f0df5020cef req-9217119a-2cc0-4665-9240-83175124cef6 service placement] found 2 providers after filtering by previous result {{(pid=106550) get_provider_ids_matching /opt/stack/placement/placement/objects/research_context.py:594}}
Jun 03 19:09:25.397599 n-d-844627-1 devstack@placement-api.service[106550]: DEBUG placement.objects.allocation_candidate [req-a925ebaf-9bb4-4574-bcb4-4f0df5020cef req-9217119a-2cc0-4665-9240-83175124cef6 service placement] RequestGroup(use_same_provider=False, resources={DISK_GB:1, MEMORY_MB:1024, VCPU:1}, traits=(), aggregates=[]) (suffix '') returned 2 matches {{(pid=106550) _get_by_requests /opt/stack/placement/placement/objects/allocation_candidate.py:156}}
Jun 03 19:09:25.397969 n-d-844627-1 devstack@placement-api.service[106550]: DEBUG placement.objects.allocation_candidate [req-a925ebaf-9bb4-4574-bcb4-4f0df5020cef req-9217119a-2cc0-4665-9240-83175124cef6 service placement] Merging candidates yields 2 allocation requests and 2 provider summaries {{(pid=106550) _merge_candidates /opt/stack/placement/placement/objects/allocation_candidate.py:809}}
Jun 03 19:09:25.399555 n-d-844627-1 devstack@placement-api.service[106550]: INFO placement.requestlog [req-a925ebaf-9bb4-4574-bcb4-4f0df5020cef req-9217119a-2cc0-4665-9240-83175124cef6 service placement] 10.222.0.47 "GET /placement/allocation_candidates?limit=1000&resources=DISK_GB%3A1%2CMEMORY_MB%3A1024%2CVCPU%3A1&root_required=%21COMPUTE_STATUS_DISABLED" status: 200 len: 1309 microversion: 1.36
Jun 03 19:09:25.400270 n-d-844627-1 devstack@placement-api.service[106550]: [pid: 106550|app: 0|req: 173/348] 10.222.0.47 () {60 vars in 1506 bytes} [Fri Jun 3 19:09:25 2022] GET /placement/allocation_candidates?limit=1000&resources=DISK_GB%3A1%2CMEMORY_MB%3A1024%2CVCPU%3A1&root_required=%21COMPUTE_STATUS_DISABLED => generated 1309 bytes in 83 msecs (HTTP/1.1 200) 8 headers in 297 bytes (1 switches on core 0)
Jun 03 19:09:25.513934 n-d-844627-1 devstack@placement-api.service[106551]: DEBUG placement.requestlog [req-a925ebaf-9bb4-4574-bcb4-4f0df5020cef req-221c244d-dfcb-47df-98b8-c32cf7220e33 None None] Starting request: 10.222.0.47 "GET /placement/allocations/dbdea33f-01a5-4e4e-b6bf-6a50428b07c8" {{(pid=106551) __call__ /opt/stack/placement/placement/requestlog.py:55}}
Jun 03 19:09:25.527765 n-d-844627-1 devstack@placement-api.service[106551]: INFO placement.requestlog [req-a925ebaf-9bb4-4574-bcb4-4f0df5020cef req-221c244d-dfcb-47df-98b8-c32cf7220e33 service placement] 10.222.0.47 "GET /placement/allocations/dbdea33f-01a5-4e4e-b6bf-6a50428b07c8" status: 200 len: 19 microversion: 1.28
Jun 03 19:09:25.529150 n-d-844627-1 devstack@placement-api.service[106551]: [pid: 106551|app: 0|req: 176/349] 10.222.0.47 () {60 vars in 1380 bytes} [Fri Jun 3 19:09:25 2022] GET /placement/allocations/dbdea33f-01a5-4e4e-b6bf-6a50428b07c8 => generated 19 bytes in 15 msecs (HTTP/1.1 200) 8 headers in 295 bytes (1 switches on core 0)
Jun 03 19:09:25.536750 n-d-844627-1 devstack@placement-api.service[106550]: DEBUG placement.requestlog [req-a925ebaf-9bb4-4574-bcb4-4f0df5020cef req-d3c7d63d-b692-45a7-9ab2-62749252760f None None] Starting request: 10.222.0.47 "PUT /placement/allocations/dbdea33f-01a5-4e4e-b6bf-6a50428b07c8" {{(pid=106550) __call__ /opt/stack/placement/placement/requestlog.py:55}}
Jun 03 19:09:25.669217 n-d-844627-1 devstack@placement-api.service[106550]: DEBUG placement.handlers.allocation [req-a925ebaf-9bb4-4574-bcb4-4f0df5020cef req-d3c7d63d-b692-45a7-9ab2-62749252760f service placement] Successfully wrote allocations [, , ] {{(pid=106550) _update_consumers_and_create_allocations /opt/stack/placement/placement/handlers/allocation.py:462}}
Jun 03 19:09:25.749092 n-d-844627-1 devstack@placement-api.service[106550]: INFO placement.requestlog [req-a925ebaf-9bb4-4574-bcb4-4f0df5020cef req-d3c7d63d-b692-45a7-9ab2-62749252760f service placement] 10.222.0.47 "PUT /placement/allocations/dbdea33f-01a5-4e4e-b6bf-6a50428b07c8" status: 204 len: 0 microversion: 1.36
Jun 03 19:09:25.792947 n-d-844627-1 devstack@placement-api.service[106550]: [pid: 106550|app: 0|req: 174/350] 10.222.0.47 () {64 vars in 1433 bytes} [Fri Jun 3 19:09:25 2022] PUT /placement/allocations/dbdea33f-01a5-4e4e-b6bf-6a50428b07c8 => generated 0 bytes in 214 msecs (HTTP/1.1 204) 5 headers in 199 bytes (2 switches on core 0)
Jun 03 19:09:26.979160 n-d-844627-1 devstack@placement-api.service[106551]: DEBUG placement.requestlog [req-a925ebaf-9bb4-4574-bcb4-4f0df5020cef req-750cc430-c11a-45d2-b29a-d45b93a6aea3 None None] Starting request: 10.222.0.59 "GET /placement/allocations/dbdea33f-01a5-4e4e-b6bf-6a50428b07c8" {{(pid=106551) __call__ /opt/stack/placement/placement/requestlog.py:55}}
Jun 03 19:09:26.996939 n-d-844627-1 devstack@placement-api.service[106551]: INFO placement.requestlog [req-a925ebaf-9bb4-4574-bcb4-4f0df5020cef req-750cc430-c11a-45d2-b29a-d45b93a6aea3 service placement] 10.222.0.59 "GET /placement/allocations/dbdea33f-01a5-4e4e-b6bf-6a50428b07c8" status: 200 len: 259 microversion: 1.28
Jun 03 19:09:26.997313 n-d-844627-1 devstack@placement-api.service[106551]: [pid: 106551|app: 0|req: 177/351] 10.222.0.59 () {60 vars in 1377 bytes} [Fri Jun 3 19:09:26 2022] GET /placement/allocations/dbdea33f-01a5-4e4e-b6bf-6a50428b07c8 => generated 259 bytes in 18 msecs (HTTP/1.1 200) 8 headers in 296 bytes (1 switches on core 0)
Jun 03 19:09:27.217828 n-d-844627-1 devstack@placement-api.service[106550]: DEBUG placement.requestlog [req-04bcce0a-d011-46e4-a447-4039e841ad9c req-3c92813e-f0f5-4d23-b188-e0c0cef6d45f None None] Starting request: 10.222.0.47 "GET /placement/allocation_candidates?limit=1000&resources=MEMORY_MB%3A1024%2CVCPU%3A1&root_required=%21COMPUTE_STATUS_DISABLED" {{(pid=106550) __call__ /opt/stack/placement/placement/requestlog.py:55}}
Jun 03 19:09:27.261494 n-d-844627-1 devstack@placement-api.service[106550]: DEBUG placement.objects.research_context [req-04bcce0a-d011-46e4-a447-4039e841ad9c req-3c92813e-f0f5-4d23-b188-e0c0cef6d45f service placement] getting providers with 1024 MEMORY_MB {{(pid=106550) __init__ /opt/stack/placement/placement/objects/research_context.py:136}}
Jun 03 19:09:27.271578 n-d-844627-1 devstack@placement-api.service[106550]: DEBUG placement.objects.research_context [req-04bcce0a-d011-46e4-a447-4039e841ad9c req-3c92813e-f0f5-4d23-b188-e0c0cef6d45f service placement] getting providers with 1 VCPU {{(pid=106550) __init__ /opt/stack/placement/placement/objects/research_context.py:136}}
Jun 03 19:09:27.278669 n-d-844627-1 devstack@placement-api.service[106550]: DEBUG placement.objects.research_context [req-04bcce0a-d011-46e4-a447-4039e841ad9c req-3c92813e-f0f5-4d23-b188-e0c0cef6d45f service placement] found 2 providers with available 1024 MEMORY_MB {{(pid=106550) get_provider_ids_matching /opt/stack/placement/placement/objects/research_context.py:563}}
Jun 03 19:09:27.281282 n-d-844627-1 devstack@placement-api.service[106550]: DEBUG placement.objects.research_context [req-04bcce0a-d011-46e4-a447-4039e841ad9c req-3c92813e-f0f5-4d23-b188-e0c0cef6d45f service placement] found 2 providers with available 1 VCPU {{(pid=106550) get_provider_ids_matching /opt/stack/placement/placement/objects/research_context.py:563}}
Jun 03 19:09:27.281282 n-d-844627-1 devstack@placement-api.service[106550]: DEBUG placement.objects.research_context [req-04bcce0a-d011-46e4-a447-4039e841ad9c req-3c92813e-f0f5-4d23-b188-e0c0cef6d45f service placement] found 2 providers after filtering by previous result {{(pid=106550) get_provider_ids_matching /opt/stack/placement/placement/objects/research_context.py:594}}
Jun 03 19:09:27.292094 n-d-844627-1 devstack@placement-api.service[106550]: DEBUG placement.objects.allocation_candidate [req-04bcce0a-d011-46e4-a447-4039e841ad9c req-3c92813e-f0f5-4d23-b188-e0c0cef6d45f service placement] RequestGroup(use_same_provider=False, resources={MEMORY_MB:1024, VCPU:1}, traits=(), aggregates=[]) (suffix '') returned 2 matches {{(pid=106550) _get_by_requests /opt/stack/placement/placement/objects/allocation_candidate.py:156}}
Jun 03 19:09:27.292456 n-d-844627-1 devstack@placement-api.service[106550]: DEBUG placement.objects.allocation_candidate [req-04bcce0a-d011-46e4-a447-4039e841ad9c req-3c92813e-f0f5-4d23-b188-e0c0cef6d45f service placement] Merging candidates yields 2 allocation requests and 2 provider summaries {{(pid=106550) _merge_candidates /opt/stack/placement/placement/objects/allocation_candidate.py:809}}
Jun 03 19:09:27.294113 n-d-844627-1 devstack@placement-api.service[106550]: INFO placement.requestlog [req-04bcce0a-d011-46e4-a447-4039e841ad9c req-3c92813e-f0f5-4d23-b188-e0c0cef6d45f service placement] 10.222.0.47 "GET /placement/allocation_candidates?limit=1000&resources=MEMORY_MB%3A1024%2CVCPU%3A1&root_required=%21COMPUTE_STATUS_DISABLED" status: 200 len: 1283 microversion: 1.36
Jun 03 19:09:27.294486 n-d-844627-1 devstack@placement-api.service[106550]: [pid: 106550|app: 0|req: 175/352] 10.222.0.47 () {60 vars in 1478 bytes} [Fri Jun 3 19:09:27 2022] GET /placement/allocation_candidates?limit=1000&resources=MEMORY_MB%3A1024%2CVCPU%3A1&root_required=%21COMPUTE_STATUS_DISABLED => generated 1283 bytes in 77 msecs (HTTP/1.1 200) 8 headers in 297 bytes (1 switches on core 0)
Jun 03 19:09:27.356629 n-d-844627-1 devstack@placement-api.service[106551]: DEBUG placement.requestlog [req-04bcce0a-d011-46e4-a447-4039e841ad9c req-091726fa-887d-406b-8348-4c82247d6976 None None] Starting request: 10.222.0.47 "GET /placement/allocations/a5a795f3-b26c-448b-b8a1-b78b04377a96" {{(pid=106551) __call__ /opt/stack/placement/placement/requestlog.py:55}}
Jun 03 19:09:27.385772 n-d-844627-1 devstack@placement-api.service[106551]: INFO placement.requestlog [req-04bcce0a-d011-46e4-a447-4039e841ad9c req-091726fa-887d-406b-8348-4c82247d6976 service placement] 10.222.0.47 "GET /placement/allocations/a5a795f3-b26c-448b-b8a1-b78b04377a96" status: 200 len: 19 microversion: 1.28
Jun 03 19:09:27.385772 n-d-844627-1 devstack@placement-api.service[106551]: [pid: 106551|app: 0|req: 178/353] 10.222.0.47 () {60 vars in 1380 bytes} [Fri Jun 3 19:09:27 2022] GET /placement/allocations/a5a795f3-b26c-448b-b8a1-b78b04377a96 => generated 19 bytes in 29 msecs (HTTP/1.1 200) 8 headers in 295 bytes (1 switches on core 0)
Jun 03 19:09:27.391537 n-d-844627-1 devstack@placement-api.service[106550]: DEBUG placement.requestlog [req-04bcce0a-d011-46e4-a447-4039e841ad9c req-b634ae58-351d-4e54-814f-9f0d05584646 None None] Starting request: 10.222.0.47 "PUT /placement/allocations/a5a795f3-b26c-448b-b8a1-b78b04377a96" {{(pid=106550) __call__ /opt/stack/placement/placement/requestlog.py:55}}
Jun 03 19:09:27.415403 n-d-844627-1 devstack@placement-api.service[106550]: DEBUG dbcounter [-] [106550] Writing DB stats placement:SELECT=79,placement:INSERT=11,placement:DELETE=6,placement:UPDATE=4 {{(pid=106550) stat_writer /usr/local/lib/python3.8/dist-packages/dbcounter.py:114}}
Jun 03 19:09:27.517459 n-d-844627-1 devstack@placement-api.service[106550]: DEBUG placement.handlers.allocation [req-04bcce0a-d011-46e4-a447-4039e841ad9c req-b634ae58-351d-4e54-814f-9f0d05584646 service placement] Successfully wrote allocations [, ] {{(pid=106550) _update_consumers_and_create_allocations /opt/stack/placement/placement/handlers/allocation.py:462}}
Jun 03 19:09:27.586708 n-d-844627-1 devstack@placement-api.service[106550]: INFO placement.requestlog [req-04bcce0a-d011-46e4-a447-4039e841ad9c req-b634ae58-351d-4e54-814f-9f0d05584646 service placement] 10.222.0.47 "PUT /placement/allocations/a5a795f3-b26c-448b-b8a1-b78b04377a96" status: 204 len: 0 microversion: 1.36
Jun 03 19:09:27.587472 n-d-844627-1 devstack@placement-api.service[106550]: [pid: 106550|app: 0|req: 176/354] 10.222.0.47 () {64 vars in 1433 bytes} [Fri Jun 3 19:09:27 2022] PUT /placement/allocations/a5a795f3-b26c-448b-b8a1-b78b04377a96 => generated 0 bytes in 196 msecs (HTTP/1.1 204) 5 headers in 199 bytes (1 switches on core 0)
Jun 03 19:09:28.561576 n-d-844627-1 devstack@placement-api.service[106551]: DEBUG placement.requestlog [req-ccbf4c3b-c57a-40e2-8099-4c492d30872d req-d7f91f85-1f66-4619-bf43-79590eeba3bb None None] Starting request: 10.222.0.65 "GET /placement/allocations/41083f19-86f7-418a-977c-791f0b789097" {{(pid=106551) __call__ /opt/stack/placement/placement/requestlog.py:55}}
Jun 03 19:09:28.591135 n-d-844627-1 devstack@placement-api.service[106551]: INFO placement.requestlog [req-ccbf4c3b-c57a-40e2-8099-4c492d30872d req-d7f91f85-1f66-4619-bf43-79590eeba3bb service placement] 10.222.0.65 "GET /placement/allocations/41083f19-86f7-418a-977c-791f0b789097" status: 200 len: 259 microversion: 1.28
Jun 03 19:09:28.592380 n-d-844627-1 devstack@placement-api.service[106551]: [pid: 106551|app: 0|req: 179/355] 10.222.0.65 () {60 vars in 1377 bytes} [Fri Jun 3 19:09:28 2022] GET /placement/allocations/41083f19-86f7-418a-977c-791f0b789097 => generated 259 bytes in 32 msecs (HTTP/1.1 200) 8 headers in 296 bytes (2 switches on core 0)
Jun 03 19:09:28.722973 n-d-844627-1 devstack@placement-api.service[106550]: DEBUG placement.requestlog [req-04bcce0a-d011-46e4-a447-4039e841ad9c req-45b7a891-6360-4f9d-896d-63390a73cecb None None] Starting request: 10.222.0.59 "GET /placement/allocations/a5a795f3-b26c-448b-b8a1-b78b04377a96" {{(pid=106550) __call__ /opt/stack/placement/placement/requestlog.py:55}}
Jun 03 19:09:28.750119 n-d-844627-1 devstack@placement-api.service[106550]: INFO placement.requestlog [req-04bcce0a-d011-46e4-a447-4039e841ad9c req-45b7a891-6360-4f9d-896d-63390a73cecb service placement] 10.222.0.59 "GET /placement/allocations/a5a795f3-b26c-448b-b8a1-b78b04377a96" status: 200 len: 245 microversion: 1.28
Jun 03 19:09:28.755010 n-d-844627-1 devstack@placement-api.service[106550]: [pid: 106550|app: 0|req: 177/356] 10.222.0.59 () {60 vars in 1377 bytes} [Fri Jun 3 19:09:28 2022] GET /placement/allocations/a5a795f3-b26c-448b-b8a1-b78b04377a96 => generated 245 bytes in 33 msecs (HTTP/1.1 200) 8 headers in 296 bytes (2 switches on core 0)
Jun 03 19:09:31.771329 n-d-844627-1 devstack@placement-api.service[106551]: DEBUG placement.requestlog [None req-81e9ab74-f613-4002-8be4-a9c8fe68410b None None] Starting request: 10.222.0.47 "GET /placement/resource_providers/c6cf24ca-9748-4b7f-9623-8c7e37b268a1/aggregates" {{(pid=106551) __call__ /opt/stack/placement/placement/requestlog.py:55}}
Jun 03 19:09:31.789216 n-d-844627-1 devstack@placement-api.service[106551]: INFO placement.requestlog [None req-81e9ab74-f613-4002-8be4-a9c8fe68410b service placement] 10.222.0.47 "GET /placement/resource_providers/c6cf24ca-9748-4b7f-9623-8c7e37b268a1/aggregates" status: 404 len: 235 microversion: 1.1
Jun 03 19:09:31.789609 n-d-844627-1 devstack@placement-api.service[106551]: [pid: 106551|app: 0|req: 180/357] 10.222.0.47 () {58 vars in 1362 bytes} [Fri Jun 3 19:09:31 2022] GET /placement/resource_providers/c6cf24ca-9748-4b7f-9623-8c7e37b268a1/aggregates => generated 235 bytes in 19 msecs (HTTP/1.1 404) 5 headers in 202 bytes (1 switches on core 0)
Jun 03 19:09:31.797543 n-d-844627-1 devstack@placement-api.service[106550]: DEBUG placement.requestlog [None req-c6fbb0e1-2bfb-46b6-8392-65094b7269b1 None None] Starting request: 10.222.0.47 "DELETE /placement/resource_providers/c6cf24ca-9748-4b7f-9623-8c7e37b268a1" {{(pid=106550) __call__ /opt/stack/placement/placement/requestlog.py:55}}
Jun 03 19:09:31.815709 n-d-844627-1 devstack@placement-api.service[106550]: DEBUG placement.wsgi_wrapper [None req-c6fbb0e1-2bfb-46b6-8392-65094b7269b1 service placement] Placement API returning an error response: No resource provider with uuid c6cf24ca-9748-4b7f-9623-8c7e37b268a1 found for delete {{(pid=106550) call_func /opt/stack/placement/placement/wsgi_wrapper.py:31}}
Jun 03 19:09:31.816604 n-d-844627-1 devstack@placement-api.service[106550]: INFO placement.requestlog [None req-c6fbb0e1-2bfb-46b6-8392-65094b7269b1 service placement] 10.222.0.47 "DELETE /placement/resource_providers/c6cf24ca-9748-4b7f-9623-8c7e37b268a1" status: 404 len: 246 microversion: 1.1
Jun 03 19:09:31.817100 n-d-844627-1 devstack@placement-api.service[106550]: [pid: 106550|app: 0|req: 178/358] 10.222.0.47 () {60 vars in 1351 bytes} [Fri Jun 3 19:09:31 2022] DELETE /placement/resource_providers/c6cf24ca-9748-4b7f-9623-8c7e37b268a1 => generated 246 bytes in 20 msecs (HTTP/1.1 404) 6 headers in 231 bytes (1 switches on core 0)
Jun 03 19:09:34.204897 n-d-844627-1 devstack@placement-api.service[106551]: DEBUG placement.requestlog [None req-32231fd7-1cef-46dc-a4b7-2d1f7af9eca1 None None] Starting request: 10.222.0.47 "GET /placement/" {{(pid=106551) __call__ /opt/stack/placement/placement/requestlog.py:55}}
Jun 03 19:09:34.206413 n-d-844627-1 devstack@placement-api.service[106551]: INFO placement.requestlog [None req-32231fd7-1cef-46dc-a4b7-2d1f7af9eca1 None None] 10.222.0.47 "GET /placement/" status: 200 len: 136 microversion: 1.0
Jun 03 19:09:34.207024 n-d-844627-1 devstack@placement-api.service[106551]: [pid: 106551|app: 0|req: 181/359] 10.222.0.47 () {54 vars in 916 bytes} [Fri Jun 3 19:09:34 2022] GET /placement => generated 136 bytes in 3 msecs (HTTP/1.1 200) 6 headers in 224 bytes (1 switches on core 0)
Jun 03 19:09:34.219607 n-d-844627-1 devstack@placement-api.service[106550]: DEBUG placement.requestlog [req-f735448d-e847-4af5-9bc0-1ce30842970b req-6577de5a-b183-4d28-9a3d-090bb35a9661 None None] Starting request: 10.222.0.47 "GET /placement/allocations/9bbfda49-b420-4e39-ad7a-9a86677abdfb" {{(pid=106550) __call__ /opt/stack/placement/placement/requestlog.py:55}}
Jun 03 19:09:34.316568 n-d-844627-1 devstack@placement-api.service[106550]: INFO placement.requestlog [req-f735448d-e847-4af5-9bc0-1ce30842970b req-6577de5a-b183-4d28-9a3d-090bb35a9661 service placement] 10.222.0.47 "GET /placement/allocations/9bbfda49-b420-4e39-ad7a-9a86677abdfb" status: 200 len: 259 microversion: 1.28
Jun 03 19:09:34.324596 n-d-844627-1 devstack@placement-api.service[106551]: DEBUG placement.requestlog [req-f735448d-e847-4af5-9bc0-1ce30842970b req-5b293301-1346-442c-a86a-986cd511b9aa None None] Starting request: 10.222.0.47 "GET /placement/allocations/9bbfda49-b420-4e39-ad7a-9a86677abdfb" {{(pid=106551) __call__ /opt/stack/placement/placement/requestlog.py:55}}
Jun 03 19:09:34.337005 n-d-844627-1 devstack@placement-api.service[106550]: [pid: 106550|app: 0|req: 179/360] 10.222.0.47 () {60 vars in 1380 bytes} [Fri Jun 3 19:09:34 2022] GET /placement/allocations/9bbfda49-b420-4e39-ad7a-9a86677abdfb => generated 259 bytes in 118 msecs (HTTP/1.1 200) 8 headers in 296 bytes (1 switches on core 0)
Jun 03 19:09:34.347029 n-d-844627-1 devstack@placement-api.service[106551]: INFO placement.requestlog [req-f735448d-e847-4af5-9bc0-1ce30842970b req-5b293301-1346-442c-a86a-986cd511b9aa service placement] 10.222.0.47 "GET /placement/allocations/9bbfda49-b420-4e39-ad7a-9a86677abdfb" status: 200 len: 259 microversion: 1.28
Jun 03 19:09:34.355415 n-d-844627-1 devstack@placement-api.service[106550]: DEBUG placement.requestlog [req-f735448d-e847-4af5-9bc0-1ce30842970b req-a673e6e0-6a05-4800-9386-386c3ac925e0 None None] Starting request: 10.222.0.47 "GET /placement/allocations/c0eec0e9-f70f-406f-9c71-a8093ab22da6" {{(pid=106550) __call__ /opt/stack/placement/placement/requestlog.py:55}}
Jun 03 19:09:34.364077 n-d-844627-1 devstack@placement-api.service[106551]: [pid: 106551|app: 0|req: 182/361] 10.222.0.47 () {60 vars in 1380 bytes} [Fri Jun 3 19:09:34 2022] GET /placement/allocations/9bbfda49-b420-4e39-ad7a-9a86677abdfb => generated 259 bytes in 40 msecs (HTTP/1.1 200) 8 headers in 296 bytes (2 switches on core 0)
Jun 03 19:09:34.367991 n-d-844627-1 devstack@placement-api.service[106550]: INFO placement.requestlog [req-f735448d-e847-4af5-9bc0-1ce30842970b req-a673e6e0-6a05-4800-9386-386c3ac925e0 service placement] 10.222.0.47 "GET /placement/allocations/c0eec0e9-f70f-406f-9c71-a8093ab22da6" status: 200 len: 19 microversion: 1.28
Jun 03 19:09:34.375964 n-d-844627-1 devstack@placement-api.service[106551]: DEBUG placement.requestlog [req-f735448d-e847-4af5-9bc0-1ce30842970b req-6c274dd7-880f-4a31-a087-71ff3dace4fd None None] Starting request: 10.222.0.47 "POST /placement/allocations" {{(pid=106551) __call__ /opt/stack/placement/placement/requestlog.py:55}}
Jun 03 19:09:34.380035 n-d-844627-1 devstack@placement-api.service[106550]: [pid: 106550|app: 0|req: 180/362] 10.222.0.47 () {60 vars in 1380 bytes} [Fri Jun 3 19:09:34 2022] GET /placement/allocations/c0eec0e9-f70f-406f-9c71-a8093ab22da6 => generated 19 bytes in 25 msecs (HTTP/1.1 200) 8 headers in 295 bytes (2 switches on core 0)
Jun 03 19:09:34.557575 n-d-844627-1 devstack@placement-api.service[106551]: DEBUG placement.handlers.allocation [req-f735448d-e847-4af5-9bc0-1ce30842970b req-6c274dd7-880f-4a31-a087-71ff3dace4fd service placement] Successfully wrote allocations [, , , , , ] {{(pid=106551) _update_consumers_and_create_allocations /opt/stack/placement/placement/handlers/allocation.py:572}}
Jun 03 19:09:34.674531 n-d-844627-1 devstack@placement-api.service[106551]: INFO placement.requestlog [req-f735448d-e847-4af5-9bc0-1ce30842970b req-6c274dd7-880f-4a31-a087-71ff3dace4fd service placement] 10.222.0.47 "POST /placement/allocations" status: 204 len: 0 microversion: 1.28
Jun 03 19:09:34.675528 n-d-844627-1 devstack@placement-api.service[106551]: [pid: 106551|app: 0|req: 183/363] 10.222.0.47 () {64 vars in 1323 bytes} [Fri Jun 3 19:09:34 2022] POST /placement/allocations => generated 0 bytes in 300 msecs (HTTP/1.1 204) 5 headers in 199 bytes (1 switches on core 0)
Jun 03 19:09:34.739979 n-d-844627-1 devstack@placement-api.service[106550]: DEBUG placement.requestlog [req-f735448d-e847-4af5-9bc0-1ce30842970b req-e07e4811-022a-460a-99cf-dde68b4c74b7 None None] Starting request: 10.222.0.47 "GET /placement/allocations/9bbfda49-b420-4e39-ad7a-9a86677abdfb" {{(pid=106550) __call__ /opt/stack/placement/placement/requestlog.py:55}}
Jun 03 19:09:34.755551 n-d-844627-1 devstack@placement-api.service[106550]: INFO placement.requestlog [req-f735448d-e847-4af5-9bc0-1ce30842970b req-e07e4811-022a-460a-99cf-dde68b4c74b7 service placement] 10.222.0.47 "GET /placement/allocations/9bbfda49-b420-4e39-ad7a-9a86677abdfb" status: 200 len: 19 microversion: 1.28
Jun 03 19:09:34.759739 n-d-844627-1 devstack@placement-api.service[106550]: [pid: 106550|app: 0|req: 181/364] 10.222.0.47 () {60 vars in 1380 bytes} [Fri Jun 3 19:09:34 2022] GET /placement/allocations/9bbfda49-b420-4e39-ad7a-9a86677abdfb => generated 19 bytes in 20 msecs (HTTP/1.1 200) 8 headers in 295 bytes (1 switches on core 0)
Jun 03 19:09:34.764038 n-d-844627-1 devstack@placement-api.service[106551]: DEBUG placement.requestlog [req-f735448d-e847-4af5-9bc0-1ce30842970b req-74d03272-30f2-4ce1-b878-fd36a6300433 None None] Starting request: 10.222.0.47 "PUT /placement/allocations/9bbfda49-b420-4e39-ad7a-9a86677abdfb" {{(pid=106551) __call__ /opt/stack/placement/placement/requestlog.py:55}}
Jun 03 19:09:34.925550 n-d-844627-1 devstack@placement-api.service[106551]: DEBUG placement.handlers.allocation [req-f735448d-e847-4af5-9bc0-1ce30842970b req-74d03272-30f2-4ce1-b878-fd36a6300433 service placement] Successfully wrote allocations [, , ] {{(pid=106551) _update_consumers_and_create_allocations /opt/stack/placement/placement/handlers/allocation.py:462}}
Jun 03 19:09:35.056420 n-d-844627-1 devstack@placement-api.service[106551]: INFO placement.requestlog [req-f735448d-e847-4af5-9bc0-1ce30842970b req-74d03272-30f2-4ce1-b878-fd36a6300433 service placement] 10.222.0.47 "PUT /placement/allocations/9bbfda49-b420-4e39-ad7a-9a86677abdfb" status: 204 len: 0 microversion: 1.28
Jun 03 19:09:35.058461 n-d-844627-1 devstack@placement-api.service[106551]: [pid: 106551|app: 0|req: 184/365] 10.222.0.47 () {64 vars in 1433 bytes} [Fri Jun 3 19:09:34 2022] PUT /placement/allocations/9bbfda49-b420-4e39-ad7a-9a86677abdfb => generated 0 bytes in 293 msecs (HTTP/1.1 204) 5 headers in 199 bytes (1 switches on core 0)
Jun 03 19:09:35.426339 n-d-844627-1 devstack@placement-api.service[106550]: DEBUG placement.requestlog [req-5c7a607e-37c9-465d-8ff4-77f9c67ca629 req-66e185ab-aabd-47b5-83e2-4f8402bad000 None None] Starting request: 10.222.0.47 "GET /placement/allocation_candidates?limit=1000&resources=DISK_GB%3A1%2CMEMORY_MB%3A1024%2CVCPU%3A1&root_required=%21COMPUTE_STATUS_DISABLED" {{(pid=106550) __call__ /opt/stack/placement/placement/requestlog.py:55}}
Jun 03 19:09:35.469848 n-d-844627-1 devstack@placement-api.service[106550]: DEBUG placement.objects.research_context [req-5c7a607e-37c9-465d-8ff4-77f9c67ca629 req-66e185ab-aabd-47b5-83e2-4f8402bad000 service placement] getting providers with 1 DISK_GB {{(pid=106550) __init__ /opt/stack/placement/placement/objects/research_context.py:136}}
Jun 03 19:09:35.471698 n-d-844627-1 devstack@placement-api.service[106550]: DEBUG placement.objects.research_context [req-5c7a607e-37c9-465d-8ff4-77f9c67ca629 req-66e185ab-aabd-47b5-83e2-4f8402bad000 service placement] getting providers with 1024 MEMORY_MB {{(pid=106550) __init__ /opt/stack/placement/placement/objects/research_context.py:136}}
Jun 03 19:09:35.478463 n-d-844627-1 devstack@placement-api.service[106550]: DEBUG placement.objects.research_context [req-5c7a607e-37c9-465d-8ff4-77f9c67ca629 req-66e185ab-aabd-47b5-83e2-4f8402bad000 service placement] getting providers with 1 VCPU {{(pid=106550) __init__ /opt/stack/placement/placement/objects/research_context.py:136}}
Jun 03 19:09:35.485985 n-d-844627-1 devstack@placement-api.service[106550]: DEBUG placement.objects.research_context [req-5c7a607e-37c9-465d-8ff4-77f9c67ca629 req-66e185ab-aabd-47b5-83e2-4f8402bad000 service placement] found 2 providers with available 1 DISK_GB {{(pid=106550) get_provider_ids_matching /opt/stack/placement/placement/objects/research_context.py:563}}
Jun 03 19:09:35.485985 n-d-844627-1 devstack@placement-api.service[106550]: DEBUG placement.objects.research_context [req-5c7a607e-37c9-465d-8ff4-77f9c67ca629 req-66e185ab-aabd-47b5-83e2-4f8402bad000 service placement] found 2 providers with available 1024 MEMORY_MB {{(pid=106550) get_provider_ids_matching /opt/stack/placement/placement/objects/research_context.py:563}}
Jun 03 19:09:35.486788 n-d-844627-1 devstack@placement-api.service[106550]: DEBUG placement.objects.research_context [req-5c7a607e-37c9-465d-8ff4-77f9c67ca629 req-66e185ab-aabd-47b5-83e2-4f8402bad000 service placement] found 2 providers after filtering by previous result {{(pid=106550) get_provider_ids_matching /opt/stack/placement/placement/objects/research_context.py:594}}
Jun 03 19:09:35.487044 n-d-844627-1 devstack@placement-api.service[106550]: DEBUG placement.objects.research_context [req-5c7a607e-37c9-465d-8ff4-77f9c67ca629 req-66e185ab-aabd-47b5-83e2-4f8402bad000 service placement] found 2 providers with available 1 VCPU {{(pid=106550) get_provider_ids_matching /opt/stack/placement/placement/objects/research_context.py:563}}
Jun 03 19:09:35.487303 n-d-844627-1 devstack@placement-api.service[106550]: DEBUG placement.objects.research_context [req-5c7a607e-37c9-465d-8ff4-77f9c67ca629 req-66e185ab-aabd-47b5-83e2-4f8402bad000 service placement] found 2 providers after filtering by previous result {{(pid=106550) get_provider_ids_matching /opt/stack/placement/placement/objects/research_context.py:594}}
Jun 03 19:09:35.498624 n-d-844627-1 devstack@placement-api.service[106550]: DEBUG placement.objects.allocation_candidate [req-5c7a607e-37c9-465d-8ff4-77f9c67ca629 req-66e185ab-aabd-47b5-83e2-4f8402bad000 service placement] RequestGroup(use_same_provider=False, resources={DISK_GB:1, MEMORY_MB:1024, VCPU:1}, traits=(), aggregates=[]) (suffix '') returned 2 matches {{(pid=106550) _get_by_requests /opt/stack/placement/placement/objects/allocation_candidate.py:156}}
Jun 03 19:09:35.499049 n-d-844627-1 devstack@placement-api.service[106550]: DEBUG placement.objects.allocation_candidate [req-5c7a607e-37c9-465d-8ff4-77f9c67ca629 req-66e185ab-aabd-47b5-83e2-4f8402bad000 service placement] Merging candidates yields 2 allocation requests and 2 provider summaries {{(pid=106550) _merge_candidates /opt/stack/placement/placement/objects/allocation_candidate.py:809}}
Jun 03 19:09:35.500615 n-d-844627-1 devstack@placement-api.service[106550]: INFO placement.requestlog [req-5c7a607e-37c9-465d-8ff4-77f9c67ca629 req-66e185ab-aabd-47b5-83e2-4f8402bad000 service placement] 10.222.0.47 "GET /placement/allocation_candidates?limit=1000&resources=DISK_GB%3A1%2CMEMORY_MB%3A1024%2CVCPU%3A1&root_required=%21COMPUTE_STATUS_DISABLED" status: 200 len: 1312 microversion: 1.36
Jun 03 19:09:35.500997 n-d-844627-1 devstack@placement-api.service[106550]: [pid: 106550|app: 0|req: 182/366] 10.222.0.47 () {60 vars in 1506 bytes} [Fri Jun 3 19:09:35 2022] GET /placement/allocation_candidates?limit=1000&resources=DISK_GB%3A1%2CMEMORY_MB%3A1024%2CVCPU%3A1&root_required=%21COMPUTE_STATUS_DISABLED => generated 1312 bytes in 75 msecs (HTTP/1.1 200) 8 headers in 297 bytes (1 switches on core 0)
Jun 03 19:09:35.582216 n-d-844627-1 devstack@placement-api.service[106551]: DEBUG placement.requestlog [req-5c7a607e-37c9-465d-8ff4-77f9c67ca629 req-e12e0f06-688b-4c69-8d79-6d3626a15c72 None None] Starting request: 10.222.0.47 "GET /placement/allocations/c58df64a-9c3e-4c47-bf49-33f606eff659" {{(pid=106551) __call__ /opt/stack/placement/placement/requestlog.py:55}}
Jun 03 19:09:35.597743 n-d-844627-1 devstack@placement-api.service[106551]: INFO placement.requestlog [req-5c7a607e-37c9-465d-8ff4-77f9c67ca629 req-e12e0f06-688b-4c69-8d79-6d3626a15c72 service placement] 10.222.0.47 "GET /placement/allocations/c58df64a-9c3e-4c47-bf49-33f606eff659" status: 200 len: 19 microversion: 1.28
Jun 03 19:09:35.598753 n-d-844627-1 devstack@placement-api.service[106551]: [pid: 106551|app: 0|req: 185/367] 10.222.0.47 () {60 vars in 1380 bytes} [Fri Jun 3 19:09:35 2022] GET /placement/allocations/c58df64a-9c3e-4c47-bf49-33f606eff659 => generated 19 bytes in 17 msecs (HTTP/1.1 200) 8 headers in 295 bytes (1 switches on core 0)
Jun 03 19:09:35.604636 n-d-844627-1 devstack@placement-api.service[106550]: DEBUG placement.requestlog [req-5c7a607e-37c9-465d-8ff4-77f9c67ca629 req-9340c445-c99a-46af-bea9-30c5eac8859f None None] Starting request: 10.222.0.47 "PUT /placement/allocations/c58df64a-9c3e-4c47-bf49-33f606eff659" {{(pid=106550) __call__ /opt/stack/placement/placement/requestlog.py:55}}
Jun 03 19:09:35.959784 n-d-844627-1 devstack@placement-api.service[106550]: DEBUG placement.handlers.allocation [req-5c7a607e-37c9-465d-8ff4-77f9c67ca629 req-9340c445-c99a-46af-bea9-30c5eac8859f service placement] Successfully wrote allocations [, , ] {{(pid=106550) _update_consumers_and_create_allocations /opt/stack/placement/placement/handlers/allocation.py:462}}
Jun 03 19:09:36.029306 n-d-844627-1 devstack@placement-api.service[106550]: INFO placement.requestlog [req-5c7a607e-37c9-465d-8ff4-77f9c67ca629 req-9340c445-c99a-46af-bea9-30c5eac8859f service placement] 10.222.0.47 "PUT /placement/allocations/c58df64a-9c3e-4c47-bf49-33f606eff659" status: 204 len: 0 microversion: 1.36
Jun 03 19:09:36.033189 n-d-844627-1 devstack@placement-api.service[106550]: [pid: 106550|app: 0|req: 183/368] 10.222.0.47 () {64 vars in 1433 bytes} [Fri Jun 3 19:09:35 2022] PUT /placement/allocations/c58df64a-9c3e-4c47-bf49-33f606eff659 => generated 0 bytes in 429 msecs (HTTP/1.1 204) 5 headers in 199 bytes (2 switches on core 0)
Jun 03 19:09:36.152929 n-d-844627-1 devstack@placement-api.service[106551]: DEBUG placement.requestlog [req-f735448d-e847-4af5-9bc0-1ce30842970b req-6fe08984-5c58-4664-b909-1034c81813ea None None] Starting request: 10.222.0.59 "GET /placement/allocations/9bbfda49-b420-4e39-ad7a-9a86677abdfb" {{(pid=106551) __call__ /opt/stack/placement/placement/requestlog.py:55}}
Jun 03 19:09:36.179543 n-d-844627-1 devstack@placement-api.service[106551]: INFO placement.requestlog [req-f735448d-e847-4af5-9bc0-1ce30842970b req-6fe08984-5c58-4664-b909-1034c81813ea service placement] 10.222.0.59 "GET /placement/allocations/9bbfda49-b420-4e39-ad7a-9a86677abdfb" status: 200 len: 259 microversion: 1.28
Jun 03 19:09:36.179543 n-d-844627-1 devstack@placement-api.service[106551]: [pid: 106551|app: 0|req: 186/369] 10.222.0.59 () {60 vars in 1377 bytes} [Fri Jun 3 19:09:36 2022] GET /placement/allocations/9bbfda49-b420-4e39-ad7a-9a86677abdfb => generated 259 bytes in 26 msecs (HTTP/1.1 200) 8 headers in 296 bytes (1 switches on core 0)
Jun 03 19:09:37.240940 n-d-844627-1 devstack@placement-api.service[106550]: DEBUG placement.requestlog [req-5c7a607e-37c9-465d-8ff4-77f9c67ca629 req-c604d120-6188-4cba-a9e7-ecd8b4f175ab None None] Starting request: 10.222.0.65 "GET /placement/allocations/c58df64a-9c3e-4c47-bf49-33f606eff659" {{(pid=106550) __call__ /opt/stack/placement/placement/requestlog.py:55}}
Jun 03 19:09:37.270888 n-d-844627-1 devstack@placement-api.service[106550]: INFO placement.requestlog [req-5c7a607e-37c9-465d-8ff4-77f9c67ca629 req-c604d120-6188-4cba-a9e7-ecd8b4f175ab service placement] 10.222.0.65 "GET /placement/allocations/c58df64a-9c3e-4c47-bf49-33f606eff659" status: 200 len: 259 microversion: 1.28
Jun 03 19:09:37.272387 n-d-844627-1 devstack@placement-api.service[106550]: [pid: 106550|app: 0|req: 184/370] 10.222.0.65 () {60 vars in 1377 bytes} [Fri Jun 3 19:09:37 2022] GET /placement/allocations/c58df64a-9c3e-4c47-bf49-33f606eff659 => generated 259 bytes in 32 msecs (HTTP/1.1 200) 8 headers in 296 bytes (1 switches on core 0)
Jun 03 19:09:40.539399 n-d-844627-1 devstack@placement-api.service[106551]: DEBUG placement.requestlog [req-5ae95717-f38d-47f5-887e-83f7bdfaa9f2 req-d7ce7dcd-bf71-4f03-ac79-178ba8150443 None None] Starting request: 10.222.0.59 "GET /placement/allocations/2b0a71d7-ffbc-4fc2-8e0f-37f568db25fb" {{(pid=106551) __call__ /opt/stack/placement/placement/requestlog.py:55}}
Jun 03 19:09:40.558012 n-d-844627-1 devstack@placement-api.service[106551]: INFO placement.requestlog [req-5ae95717-f38d-47f5-887e-83f7bdfaa9f2 req-d7ce7dcd-bf71-4f03-ac79-178ba8150443 service placement] 10.222.0.59 "GET /placement/allocations/2b0a71d7-ffbc-4fc2-8e0f-37f568db25fb" status: 200 len: 259 microversion: 1.28
Jun 03 19:09:40.559144 n-d-844627-1 devstack@placement-api.service[106551]: [pid: 106551|app: 0|req: 187/371] 10.222.0.59 () {60 vars in 1377 bytes} [Fri Jun 3 19:09:40 2022] GET /placement/allocations/2b0a71d7-ffbc-4fc2-8e0f-37f568db25fb => generated 259 bytes in 20 msecs (HTTP/1.1 200) 8 headers in 296 bytes (2 switches on core 0)
Jun 03 19:09:44.029402 n-d-844627-1 devstack@placement-api.service[106550]: DEBUG placement.requestlog [None req-9d1ef615-5fcc-4db7-8742-f6eb828ad791 None None] Starting request: 10.222.0.47 "GET /placement/resource_providers/ea1077d9-d4a4-4f09-b4f5-8925318467d6/aggregates" {{(pid=106550) __call__ /opt/stack/placement/placement/requestlog.py:55}}
Jun 03 19:09:44.048594 n-d-844627-1 devstack@placement-api.service[106550]: INFO placement.requestlog [None req-9d1ef615-5fcc-4db7-8742-f6eb828ad791 service placement] 10.222.0.47 "GET /placement/resource_providers/ea1077d9-d4a4-4f09-b4f5-8925318467d6/aggregates" status: 404 len: 235 microversion: 1.1
