Aug 03 19:45:26.452401 n-d-844626-6 devstack@placement-api.service[105500]: INFO placement.requestlog [None req-6665e13d-6b53-48d2-86ae-fe933cb31bca service placement] 10.222.0.115 "GET /placement/resource_providers/b96f8f91-6540-4fcb-8ef2-1af99ed85bbf/aggregates" status: 404 len: 235 microversion: 1.1
Aug 03 19:45:26.453131 n-d-844626-6 devstack@placement-api.service[105500]: [pid: 105500|app: 0|req: 253/506] 10.222.0.115 () {58 vars in 1367 bytes} [Wed Aug 3 19:45:26 2022] GET /placement/resource_providers/b96f8f91-6540-4fcb-8ef2-1af99ed85bbf/aggregates => generated 235 bytes in 15 msecs (HTTP/1.1 404) 5 headers in 202 bytes (1 switches on core 0)
Aug 03 19:45:26.478144 n-d-844626-6 devstack@placement-api.service[105501]: DEBUG placement.requestlog [None req-5640fe27-0558-427c-96e6-89e5f0a4e0b0 None None] Starting request: 10.222.0.115 "DELETE /placement/resource_providers/b96f8f91-6540-4fcb-8ef2-1af99ed85bbf" {{(pid=105501) __call__ /opt/stack/placement/placement/requestlog.py:55}}
Aug 03 19:45:26.490473 n-d-844626-6 devstack@placement-api.service[105501]: DEBUG placement.wsgi_wrapper [None req-5640fe27-0558-427c-96e6-89e5f0a4e0b0 service placement] Placement API returning an error response: No resource provider with uuid b96f8f91-6540-4fcb-8ef2-1af99ed85bbf found for delete {{(pid=105501) call_func /opt/stack/placement/placement/wsgi_wrapper.py:31}}
Aug 03 19:45:26.492462 n-d-844626-6 devstack@placement-api.service[105501]: INFO placement.requestlog [None req-5640fe27-0558-427c-96e6-89e5f0a4e0b0 service placement] 10.222.0.115 "DELETE /placement/resource_providers/b96f8f91-6540-4fcb-8ef2-1af99ed85bbf" status: 404 len: 246 microversion: 1.1
Aug 03 19:45:26.493085 n-d-844626-6 devstack@placement-api.service[105501]: [pid: 105501|app: 0|req: 254/507] 10.222.0.115 () {60 vars in 1356 bytes} [Wed Aug 3 19:45:26 2022] DELETE /placement/resource_providers/b96f8f91-6540-4fcb-8ef2-1af99ed85bbf => generated 246 bytes in 18 msecs (HTTP/1.1 404) 6 headers in 231 bytes (1 switches on core 0)
Aug 03 19:45:29.733743 n-d-844626-6 devstack@placement-api.service[105500]: DEBUG placement.requestlog [req-2b9c3270-f27b-4da1-88ae-5eb1157da68f req-7b49e9dc-de7d-4dc8-b38e-aeef4e466d6e None None] Starting request: 10.222.0.115 "GET /placement/allocation_candidates?limit=1000&resources=DISK_GB%3A1%2CMEMORY_MB%3A1024%2CVCPU%3A1&root_required=%21COMPUTE_STATUS_DISABLED" {{(pid=105500) __call__ /opt/stack/placement/placement/requestlog.py:55}}
Aug 03 19:45:29.933898 n-d-844626-6 devstack@placement-api.service[105500]: DEBUG placement.objects.research_context [req-2b9c3270-f27b-4da1-88ae-5eb1157da68f req-7b49e9dc-de7d-4dc8-b38e-aeef4e466d6e service placement] getting providers with 1 DISK_GB {{(pid=105500) __init__ /opt/stack/placement/placement/objects/research_context.py:136}}
Aug 03 19:45:29.949348 n-d-844626-6 devstack@placement-api.service[105500]: DEBUG placement.objects.research_context [req-2b9c3270-f27b-4da1-88ae-5eb1157da68f req-7b49e9dc-de7d-4dc8-b38e-aeef4e466d6e service placement] getting providers with 1024 MEMORY_MB {{(pid=105500) __init__ /opt/stack/placement/placement/objects/research_context.py:136}}
Aug 03 19:45:29.968789 n-d-844626-6 devstack@placement-api.service[105500]: DEBUG placement.objects.research_context [req-2b9c3270-f27b-4da1-88ae-5eb1157da68f req-7b49e9dc-de7d-4dc8-b38e-aeef4e466d6e service placement] getting providers with 1 VCPU {{(pid=105500) __init__ /opt/stack/placement/placement/objects/research_context.py:136}}
Aug 03 19:45:29.982083 n-d-844626-6 devstack@placement-api.service[105500]: DEBUG placement.objects.research_context [req-2b9c3270-f27b-4da1-88ae-5eb1157da68f req-7b49e9dc-de7d-4dc8-b38e-aeef4e466d6e service placement] found 2 providers with available 1 DISK_GB {{(pid=105500) get_provider_ids_matching /opt/stack/placement/placement/objects/research_context.py:563}}
Aug 03 19:45:29.982596 n-d-844626-6 devstack@placement-api.service[105500]: DEBUG placement.objects.research_context [req-2b9c3270-f27b-4da1-88ae-5eb1157da68f req-7b49e9dc-de7d-4dc8-b38e-aeef4e466d6e service placement] found 2 providers with available 1024 MEMORY_MB {{(pid=105500) get_provider_ids_matching /opt/stack/placement/placement/objects/research_context.py:563}}
Aug 03 19:45:29.983279 n-d-844626-6 devstack@placement-api.service[105500]: DEBUG placement.objects.research_context [req-2b9c3270-f27b-4da1-88ae-5eb1157da68f req-7b49e9dc-de7d-4dc8-b38e-aeef4e466d6e service placement] found 2 providers after filtering by previous result {{(pid=105500) get_provider_ids_matching /opt/stack/placement/placement/objects/research_context.py:594}}
Aug 03 19:45:29.983698 n-d-844626-6 devstack@placement-api.service[105500]: DEBUG placement.objects.research_context [req-2b9c3270-f27b-4da1-88ae-5eb1157da68f req-7b49e9dc-de7d-4dc8-b38e-aeef4e466d6e service placement] found 2 providers with available 1 VCPU {{(pid=105500) get_provider_ids_matching /opt/stack/placement/placement/objects/research_context.py:563}}
Aug 03 19:45:29.984105 n-d-844626-6 devstack@placement-api.service[105500]: DEBUG placement.objects.research_context [req-2b9c3270-f27b-4da1-88ae-5eb1157da68f req-7b49e9dc-de7d-4dc8-b38e-aeef4e466d6e service placement] found 2 providers after filtering by previous result {{(pid=105500) get_provider_ids_matching /opt/stack/placement/placement/objects/research_context.py:594}}
Aug 03 19:45:30.009596 n-d-844626-6 devstack@placement-api.service[105500]: DEBUG placement.objects.allocation_candidate [req-2b9c3270-f27b-4da1-88ae-5eb1157da68f req-7b49e9dc-de7d-4dc8-b38e-aeef4e466d6e service placement] RequestGroup(use_same_provider=False, resources={DISK_GB:1, MEMORY_MB:1024, VCPU:1}, traits=(), aggregates=[]) (suffix '') returned 2 matches {{(pid=105500) _get_by_requests /opt/stack/placement/placement/objects/allocation_candidate.py:156}}
Aug 03 19:45:30.009596 n-d-844626-6 devstack@placement-api.service[105500]: DEBUG placement.objects.allocation_candidate [req-2b9c3270-f27b-4da1-88ae-5eb1157da68f req-7b49e9dc-de7d-4dc8-b38e-aeef4e466d6e service placement] Merging candidates yields 2 allocation requests and 2 provider summaries {{(pid=105500) _merge_candidates /opt/stack/placement/placement/objects/allocation_candidate.py:809}}
Aug 03 19:45:30.014805 n-d-844626-6 devstack@placement-api.service[105500]: INFO placement.requestlog [req-2b9c3270-f27b-4da1-88ae-5eb1157da68f req-7b49e9dc-de7d-4dc8-b38e-aeef4e466d6e service placement] 10.222.0.115 "GET /placement/allocation_candidates?limit=1000&resources=DISK_GB%3A1%2CMEMORY_MB%3A1024%2CVCPU%3A1&root_required=%21COMPUTE_STATUS_DISABLED" status: 200 len: 1309 microversion: 1.36
Aug 03 19:45:30.019979 n-d-844626-6 devstack@placement-api.service[105500]: [pid: 105500|app: 0|req: 254/508] 10.222.0.115 () {60 vars in 1511 bytes} [Wed Aug 3 19:45:29 2022] GET /placement/allocation_candidates?limit=1000&resources=DISK_GB%3A1%2CMEMORY_MB%3A1024%2CVCPU%3A1&root_required=%21COMPUTE_STATUS_DISABLED => generated 1309 bytes in 286 msecs (HTTP/1.1 200) 8 headers in 297 bytes (1 switches on core 0)
Aug 03 19:45:30.183233 n-d-844626-6 devstack@placement-api.service[105501]: DEBUG placement.requestlog [req-2b9c3270-f27b-4da1-88ae-5eb1157da68f req-598147ef-bbf9-4418-942a-25a8fd73b217 None None] Starting request: 10.222.0.115 "GET /placement/allocations/cad2b2fb-8179-4b6f-a6bf-bd4b6059c06b" {{(pid=105501) __call__ /opt/stack/placement/placement/requestlog.py:55}}
Aug 03 19:45:30.198576 n-d-844626-6 devstack@placement-api.service[105501]: INFO placement.requestlog [req-2b9c3270-f27b-4da1-88ae-5eb1157da68f req-598147ef-bbf9-4418-942a-25a8fd73b217 service placement] 10.222.0.115 "GET /placement/allocations/cad2b2fb-8179-4b6f-a6bf-bd4b6059c06b" status: 200 len: 19 microversion: 1.28
Aug 03 19:45:30.199231 n-d-844626-6 devstack@placement-api.service[105501]: [pid: 105501|app: 0|req: 255/509] 10.222.0.115 () {60 vars in 1385 bytes} [Wed Aug 3 19:45:30 2022] GET /placement/allocations/cad2b2fb-8179-4b6f-a6bf-bd4b6059c06b => generated 19 bytes in 17 msecs (HTTP/1.1 200) 8 headers in 295 bytes (1 switches on core 0)
Aug 03 19:45:30.211108 n-d-844626-6 devstack@placement-api.service[105500]: DEBUG placement.requestlog [req-2b9c3270-f27b-4da1-88ae-5eb1157da68f req-665171b5-1683-463c-b7f5-86e4fb59aedf None None] Starting request: 10.222.0.115 "PUT /placement/allocations/cad2b2fb-8179-4b6f-a6bf-bd4b6059c06b" {{(pid=105500) __call__ /opt/stack/placement/placement/requestlog.py:55}}
Aug 03 19:45:30.376594 n-d-844626-6 devstack@placement-api.service[105500]: DEBUG placement.handlers.allocation [req-2b9c3270-f27b-4da1-88ae-5eb1157da68f req-665171b5-1683-463c-b7f5-86e4fb59aedf service placement] Successfully wrote allocations [, , ] {{(pid=105500) _update_consumers_and_create_allocations /opt/stack/placement/placement/handlers/allocation.py:462}}
Aug 03 19:45:30.386843 n-d-844626-6 devstack@placement-api.service[105500]: INFO placement.requestlog [req-2b9c3270-f27b-4da1-88ae-5eb1157da68f req-665171b5-1683-463c-b7f5-86e4fb59aedf service placement] 10.222.0.115 "PUT /placement/allocations/cad2b2fb-8179-4b6f-a6bf-bd4b6059c06b" status: 204 len: 0 microversion: 1.36
Aug 03 19:45:30.387448 n-d-844626-6 devstack@placement-api.service[105500]: [pid: 105500|app: 0|req: 255/510] 10.222.0.115 () {64 vars in 1438 bytes} [Wed Aug 3 19:45:30 2022] PUT /placement/allocations/cad2b2fb-8179-4b6f-a6bf-bd4b6059c06b => generated 0 bytes in 177 msecs (HTTP/1.1 204) 5 headers in 199 bytes (1 switches on core 0)
Aug 03 19:45:31.077828 n-d-844626-6 devstack@placement-api.service[105501]: DEBUG placement.requestlog [req-2b9c3270-f27b-4da1-88ae-5eb1157da68f req-05835914-263d-4a8d-bad7-06b67d1dc988 None None] Starting request: 10.222.0.17 "GET /placement/allocations/cad2b2fb-8179-4b6f-a6bf-bd4b6059c06b" {{(pid=105501) __call__ /opt/stack/placement/placement/requestlog.py:55}}
Aug 03 19:45:31.098051 n-d-844626-6 devstack@placement-api.service[105501]: INFO placement.requestlog [req-2b9c3270-f27b-4da1-88ae-5eb1157da68f req-05835914-263d-4a8d-bad7-06b67d1dc988 service placement] 10.222.0.17 "GET /placement/allocations/cad2b2fb-8179-4b6f-a6bf-bd4b6059c06b" status: 200 len: 259 microversion: 1.28
Aug 03 19:45:31.099080 n-d-844626-6 devstack@placement-api.service[105501]: [pid: 105501|app: 0|req: 256/511] 10.222.0.17 () {60 vars in 1381 bytes} [Wed Aug 3 19:45:31 2022] GET /placement/allocations/cad2b2fb-8179-4b6f-a6bf-bd4b6059c06b => generated 259 bytes in 22 msecs (HTTP/1.1 200) 8 headers in 296 bytes (1 switches on core 0)
Aug 03 19:45:31.243279 n-d-844626-6 devstack@placement-api.service[105500]: DEBUG placement.requestlog [req-1b3172e3-9625-4a50-af2b-71557ac633d0 req-a83fd2bc-347e-4cc4-9e93-13a8bed9ba55 None None] Starting request: 10.222.0.115 "GET /placement/allocation_candidates?limit=1000&resources=DISK_GB%3A1%2CMEMORY_MB%3A1024%2CVCPU%3A1&root_required=%21COMPUTE_STATUS_DISABLED" {{(pid=105500) __call__ /opt/stack/placement/placement/requestlog.py:55}}
Aug 03 19:45:31.321486 n-d-844626-6 devstack@placement-api.service[105500]: DEBUG placement.objects.research_context [req-1b3172e3-9625-4a50-af2b-71557ac633d0 req-a83fd2bc-347e-4cc4-9e93-13a8bed9ba55 service placement] getting providers with 1 DISK_GB {{(pid=105500) __init__ /opt/stack/placement/placement/objects/research_context.py:136}}
Aug 03 19:45:31.355007 n-d-844626-6 devstack@placement-api.service[105500]: DEBUG placement.objects.research_context [req-1b3172e3-9625-4a50-af2b-71557ac633d0 req-a83fd2bc-347e-4cc4-9e93-13a8bed9ba55 service placement] getting providers with 1024 MEMORY_MB {{(pid=105500) __init__ /opt/stack/placement/placement/objects/research_context.py:136}}
Aug 03 19:45:31.375303 n-d-844626-6 devstack@placement-api.service[105500]: DEBUG placement.objects.research_context [req-1b3172e3-9625-4a50-af2b-71557ac633d0 req-a83fd2bc-347e-4cc4-9e93-13a8bed9ba55 service placement] getting providers with 1 VCPU {{(pid=105500) __init__ /opt/stack/placement/placement/objects/research_context.py:136}}
Aug 03 19:45:31.392068 n-d-844626-6 devstack@placement-api.service[105500]: DEBUG placement.objects.research_context [req-1b3172e3-9625-4a50-af2b-71557ac633d0 req-a83fd2bc-347e-4cc4-9e93-13a8bed9ba55 service placement] found 2 providers with available 1 DISK_GB {{(pid=105500) get_provider_ids_matching /opt/stack/placement/placement/objects/research_context.py:563}}
Aug 03 19:45:31.393568 n-d-844626-6 devstack@placement-api.service[105500]: DEBUG placement.objects.research_context [req-1b3172e3-9625-4a50-af2b-71557ac633d0 req-a83fd2bc-347e-4cc4-9e93-13a8bed9ba55 service placement] found 2 providers with available 1024 MEMORY_MB {{(pid=105500) get_provider_ids_matching /opt/stack/placement/placement/objects/research_context.py:563}}
Aug 03 19:45:31.394083 n-d-844626-6 devstack@placement-api.service[105500]: DEBUG placement.objects.research_context [req-1b3172e3-9625-4a50-af2b-71557ac633d0 req-a83fd2bc-347e-4cc4-9e93-13a8bed9ba55 service placement] found 2 providers after filtering by previous result {{(pid=105500) get_provider_ids_matching /opt/stack/placement/placement/objects/research_context.py:594}}
Aug 03 19:45:31.394794 n-d-844626-6 devstack@placement-api.service[105500]: DEBUG placement.objects.research_context [req-1b3172e3-9625-4a50-af2b-71557ac633d0 req-a83fd2bc-347e-4cc4-9e93-13a8bed9ba55 service placement] found 2 providers with available 1 VCPU {{(pid=105500) get_provider_ids_matching /opt/stack/placement/placement/objects/research_context.py:563}}
Aug 03 19:45:31.396898 n-d-844626-6 devstack@placement-api.service[105500]: DEBUG placement.objects.research_context [req-1b3172e3-9625-4a50-af2b-71557ac633d0 req-a83fd2bc-347e-4cc4-9e93-13a8bed9ba55 service placement] found 2 providers after filtering by previous result {{(pid=105500) get_provider_ids_matching /opt/stack/placement/placement/objects/research_context.py:594}}
Aug 03 19:45:31.422832 n-d-844626-6 devstack@placement-api.service[105500]: DEBUG dbcounter [-] [105500] Writing DB stats placement:SELECT=80,placement:INSERT=10,placement:DELETE=6,placement:UPDATE=4 {{(pid=105500) stat_writer /usr/local/lib/python3.8/dist-packages/dbcounter.py:114}}
Aug 03 19:45:31.456095 n-d-844626-6 devstack@placement-api.service[105500]: DEBUG placement.objects.allocation_candidate [req-1b3172e3-9625-4a50-af2b-71557ac633d0 req-a83fd2bc-347e-4cc4-9e93-13a8bed9ba55 service placement] RequestGroup(use_same_provider=False, resources={DISK_GB:1, MEMORY_MB:1024, VCPU:1}, traits=(), aggregates=[]) (suffix '') returned 2 matches {{(pid=105500) _get_by_requests /opt/stack/placement/placement/objects/allocation_candidate.py:156}}
Aug 03 19:45:31.457582 n-d-844626-6 devstack@placement-api.service[105500]: DEBUG placement.objects.allocation_candidate [req-1b3172e3-9625-4a50-af2b-71557ac633d0 req-a83fd2bc-347e-4cc4-9e93-13a8bed9ba55 service placement] Merging candidates yields 2 allocation requests and 2 provider summaries {{(pid=105500) _merge_candidates /opt/stack/placement/placement/objects/allocation_candidate.py:809}}
Aug 03 19:45:31.463847 n-d-844626-6 devstack@placement-api.service[105500]: INFO placement.requestlog [req-1b3172e3-9625-4a50-af2b-71557ac633d0 req-a83fd2bc-347e-4cc4-9e93-13a8bed9ba55 service placement] 10.222.0.115 "GET /placement/allocation_candidates?limit=1000&resources=DISK_GB%3A1%2CMEMORY_MB%3A1024%2CVCPU%3A1&root_required=%21COMPUTE_STATUS_DISABLED" status: 200 len: 1309 microversion: 1.36
Aug 03 19:45:31.465988 n-d-844626-6 devstack@placement-api.service[105500]: [pid: 105500|app: 0|req: 256/512] 10.222.0.115 () {60 vars in 1511 bytes} [Wed Aug 3 19:45:31 2022] GET /placement/allocation_candidates?limit=1000&resources=DISK_GB%3A1%2CMEMORY_MB%3A1024%2CVCPU%3A1&root_required=%21COMPUTE_STATUS_DISABLED => generated 1309 bytes in 223 msecs (HTTP/1.1 200) 8 headers in 297 bytes (1 switches on core 0)
Aug 03 19:45:31.500961 n-d-844626-6 devstack@placement-api.service[105501]: DEBUG placement.requestlog [req-799724c9-af93-42ec-95cc-8bd8304035df req-e795cd12-7a32-466e-b420-ded9037c7fba None None] Starting request: 10.222.0.115 "GET /placement/allocation_candidates?limit=1000&resources=DISK_GB%3A1%2CMEMORY_MB%3A1024%2CVCPU%3A1&root_required=%21COMPUTE_STATUS_DISABLED" {{(pid=105501) __call__ /opt/stack/placement/placement/requestlog.py:55}}
Aug 03 19:45:31.624848 n-d-844626-6 devstack@placement-api.service[105501]: DEBUG placement.objects.research_context [req-799724c9-af93-42ec-95cc-8bd8304035df req-e795cd12-7a32-466e-b420-ded9037c7fba service placement] getting providers with 1 DISK_GB {{(pid=105501) __init__ /opt/stack/placement/placement/objects/research_context.py:136}}
Aug 03 19:45:31.632839 n-d-844626-6 devstack@placement-api.service[105501]: DEBUG placement.objects.research_context [req-799724c9-af93-42ec-95cc-8bd8304035df req-e795cd12-7a32-466e-b420-ded9037c7fba service placement] getting providers with 1024 MEMORY_MB {{(pid=105501) __init__ /opt/stack/placement/placement/objects/research_context.py:136}}
Aug 03 19:45:31.649973 n-d-844626-6 devstack@placement-api.service[105501]: DEBUG placement.objects.research_context [req-799724c9-af93-42ec-95cc-8bd8304035df req-e795cd12-7a32-466e-b420-ded9037c7fba service placement] getting providers with 1 VCPU {{(pid=105501) __init__ /opt/stack/placement/placement/objects/research_context.py:136}}
Aug 03 19:45:31.658931 n-d-844626-6 devstack@placement-api.service[105501]: DEBUG placement.objects.research_context [req-799724c9-af93-42ec-95cc-8bd8304035df req-e795cd12-7a32-466e-b420-ded9037c7fba service placement] found 2 providers with available 1 DISK_GB {{(pid=105501) get_provider_ids_matching /opt/stack/placement/placement/objects/research_context.py:563}}
Aug 03 19:45:31.659174 n-d-844626-6 devstack@placement-api.service[105501]: DEBUG placement.objects.research_context [req-799724c9-af93-42ec-95cc-8bd8304035df req-e795cd12-7a32-466e-b420-ded9037c7fba service placement] found 2 providers with available 1024 MEMORY_MB {{(pid=105501) get_provider_ids_matching /opt/stack/placement/placement/objects/research_context.py:563}}
Aug 03 19:45:31.661900 n-d-844626-6 devstack@placement-api.service[105501]: DEBUG placement.objects.research_context [req-799724c9-af93-42ec-95cc-8bd8304035df req-e795cd12-7a32-466e-b420-ded9037c7fba service placement] found 2 providers after filtering by previous result {{(pid=105501) get_provider_ids_matching /opt/stack/placement/placement/objects/research_context.py:594}}
Aug 03 19:45:31.662679 n-d-844626-6 devstack@placement-api.service[105501]: DEBUG placement.objects.research_context [req-799724c9-af93-42ec-95cc-8bd8304035df req-e795cd12-7a32-466e-b420-ded9037c7fba service placement] found 2 providers with available 1 VCPU {{(pid=105501) get_provider_ids_matching /opt/stack/placement/placement/objects/research_context.py:563}}
Aug 03 19:45:31.663580 n-d-844626-6 devstack@placement-api.service[105501]: DEBUG placement.objects.research_context [req-799724c9-af93-42ec-95cc-8bd8304035df req-e795cd12-7a32-466e-b420-ded9037c7fba service placement] found 2 providers after filtering by previous result {{(pid=105501) get_provider_ids_matching /opt/stack/placement/placement/objects/research_context.py:594}}
Aug 03 19:45:31.678836 n-d-844626-6 devstack@placement-api.service[105500]: DEBUG placement.requestlog [req-1b3172e3-9625-4a50-af2b-71557ac633d0 req-30c46b91-0c27-4020-b0f7-391d8da95728 None None] Starting request: 10.222.0.115 "GET /placement/allocations/5c44554b-caf0-4df7-9c26-6423970f2d84" {{(pid=105500) __call__ /opt/stack/placement/placement/requestlog.py:55}}
Aug 03 19:45:31.685002 n-d-844626-6 devstack@placement-api.service[105501]: DEBUG placement.objects.allocation_candidate [req-799724c9-af93-42ec-95cc-8bd8304035df req-e795cd12-7a32-466e-b420-ded9037c7fba service placement] RequestGroup(use_same_provider=False, resources={DISK_GB:1, MEMORY_MB:1024, VCPU:1}, traits=(), aggregates=[]) (suffix '') returned 2 matches {{(pid=105501) _get_by_requests /opt/stack/placement/placement/objects/allocation_candidate.py:156}}
Aug 03 19:45:31.685858 n-d-844626-6 devstack@placement-api.service[105501]: DEBUG placement.objects.allocation_candidate [req-799724c9-af93-42ec-95cc-8bd8304035df req-e795cd12-7a32-466e-b420-ded9037c7fba service placement] Merging candidates yields 2 allocation requests and 2 provider summaries {{(pid=105501) _merge_candidates /opt/stack/placement/placement/objects/allocation_candidate.py:809}}
Aug 03 19:45:31.690017 n-d-844626-6 devstack@placement-api.service[105501]: INFO placement.requestlog [req-799724c9-af93-42ec-95cc-8bd8304035df req-e795cd12-7a32-466e-b420-ded9037c7fba service placement] 10.222.0.115 "GET /placement/allocation_candidates?limit=1000&resources=DISK_GB%3A1%2CMEMORY_MB%3A1024%2CVCPU%3A1&root_required=%21COMPUTE_STATUS_DISABLED" status: 200 len: 1309 microversion: 1.36
Aug 03 19:45:31.690957 n-d-844626-6 devstack@placement-api.service[105501]: [pid: 105501|app: 0|req: 257/513] 10.222.0.115 () {60 vars in 1511 bytes} [Wed Aug 3 19:45:31 2022] GET /placement/allocation_candidates?limit=1000&resources=DISK_GB%3A1%2CMEMORY_MB%3A1024%2CVCPU%3A1&root_required=%21COMPUTE_STATUS_DISABLED => generated 1309 bytes in 191 msecs (HTTP/1.1 200) 8 headers in 297 bytes (1 switches on core 0)
Aug 03 19:45:31.714099 n-d-844626-6 devstack@placement-api.service[105500]: INFO placement.requestlog [req-1b3172e3-9625-4a50-af2b-71557ac633d0 req-30c46b91-0c27-4020-b0f7-391d8da95728 service placement] 10.222.0.115 "GET /placement/allocations/5c44554b-caf0-4df7-9c26-6423970f2d84" status: 200 len: 19 microversion: 1.28
Aug 03 19:45:31.715391 n-d-844626-6 devstack@placement-api.service[105500]: [pid: 105500|app: 0|req: 257/514] 10.222.0.115 () {60 vars in 1385 bytes} [Wed Aug 3 19:45:31 2022] GET /placement/allocations/5c44554b-caf0-4df7-9c26-6423970f2d84 => generated 19 bytes in 37 msecs (HTTP/1.1 200) 8 headers in 295 bytes (1 switches on core 0)
Aug 03 19:45:31.720809 n-d-844626-6 devstack@placement-api.service[105501]: DEBUG placement.requestlog [req-1b3172e3-9625-4a50-af2b-71557ac633d0 req-a7673fe3-70ef-43a2-a875-c51aa4e3985e None None] Starting request: 10.222.0.115 "PUT /placement/allocations/5c44554b-caf0-4df7-9c26-6423970f2d84" {{(pid=105501) __call__ /opt/stack/placement/placement/requestlog.py:55}}
Aug 03 19:45:31.898149 n-d-844626-6 devstack@placement-api.service[105500]: DEBUG placement.requestlog [req-799724c9-af93-42ec-95cc-8bd8304035df req-0fc80cac-422a-4650-ad3c-3de737ef375c None None] Starting request: 10.222.0.115 "GET /placement/allocations/875a871e-1779-4809-bb6a-568271248fea" {{(pid=105500) __call__ /opt/stack/placement/placement/requestlog.py:55}}
Aug 03 19:45:31.902467 n-d-844626-6 devstack@placement-api.service[105501]: DEBUG placement.handlers.allocation [req-1b3172e3-9625-4a50-af2b-71557ac633d0 req-a7673fe3-70ef-43a2-a875-c51aa4e3985e service placement] Successfully wrote allocations [, , ] {{(pid=105501) _update_consumers_and_create_allocations /opt/stack/placement/placement/handlers/allocation.py:462}}
Aug 03 19:45:31.918146 n-d-844626-6 devstack@placement-api.service[105501]: INFO placement.requestlog [req-1b3172e3-9625-4a50-af2b-71557ac633d0 req-a7673fe3-70ef-43a2-a875-c51aa4e3985e service placement] 10.222.0.115 "PUT /placement/allocations/5c44554b-caf0-4df7-9c26-6423970f2d84" status: 204 len: 0 microversion: 1.36
Aug 03 19:45:31.918936 n-d-844626-6 devstack@placement-api.service[105501]: [pid: 105501|app: 0|req: 258/515] 10.222.0.115 () {64 vars in 1438 bytes} [Wed Aug 3 19:45:31 2022] PUT /placement/allocations/5c44554b-caf0-4df7-9c26-6423970f2d84 => generated 0 bytes in 198 msecs (HTTP/1.1 204) 5 headers in 199 bytes (2 switches on core 0)
Aug 03 19:45:31.934060 n-d-844626-6 devstack@placement-api.service[105500]: INFO placement.requestlog [req-799724c9-af93-42ec-95cc-8bd8304035df req-0fc80cac-422a-4650-ad3c-3de737ef375c service placement] 10.222.0.115 "GET /placement/allocations/875a871e-1779-4809-bb6a-568271248fea" status: 200 len: 19 microversion: 1.28
Aug 03 19:45:31.936837 n-d-844626-6 devstack@placement-api.service[105500]: [pid: 105500|app: 0|req: 258/516] 10.222.0.115 () {60 vars in 1385 bytes} [Wed Aug 3 19:45:31 2022] GET /placement/allocations/875a871e-1779-4809-bb6a-568271248fea => generated 19 bytes in 39 msecs (HTTP/1.1 200) 8 headers in 295 bytes (1 switches on core 0)
Aug 03 19:45:31.944263 n-d-844626-6 devstack@placement-api.service[105501]: DEBUG placement.requestlog [req-799724c9-af93-42ec-95cc-8bd8304035df req-fe496d0c-5ec8-4662-ae28-c0a817a761b9 None None] Starting request: 10.222.0.115 "PUT /placement/allocations/875a871e-1779-4809-bb6a-568271248fea" {{(pid=105501) __call__ /opt/stack/placement/placement/requestlog.py:55}}
Aug 03 19:45:32.016627 n-d-844626-6 devstack@placement-api.service[105501]: DEBUG dbcounter [-] [105501] Writing DB stats placement:SELECT=79,placement:DELETE=6,placement:INSERT=11,placement:UPDATE=4 {{(pid=105501) stat_writer /usr/local/lib/python3.8/dist-packages/dbcounter.py:114}}
Aug 03 19:45:32.123580 n-d-844626-6 devstack@placement-api.service[105501]: DEBUG placement.handlers.allocation [req-799724c9-af93-42ec-95cc-8bd8304035df req-fe496d0c-5ec8-4662-ae28-c0a817a761b9 service placement] Successfully wrote allocations [, , ] {{(pid=105501) _update_consumers_and_create_allocations /opt/stack/placement/placement/handlers/allocation.py:462}}
Aug 03 19:45:32.137115 n-d-844626-6 devstack@placement-api.service[105501]: INFO placement.requestlog [req-799724c9-af93-42ec-95cc-8bd8304035df req-fe496d0c-5ec8-4662-ae28-c0a817a761b9 service placement] 10.222.0.115 "PUT /placement/allocations/875a871e-1779-4809-bb6a-568271248fea" status: 204 len: 0 microversion: 1.36
Aug 03 19:45:32.140623 n-d-844626-6 devstack@placement-api.service[105501]: [pid: 105501|app: 0|req: 259/517] 10.222.0.115 () {64 vars in 1438 bytes} [Wed Aug 3 19:45:31 2022] PUT /placement/allocations/875a871e-1779-4809-bb6a-568271248fea => generated 0 bytes in 194 msecs (HTTP/1.1 204) 5 headers in 199 bytes (1 switches on core 0)
Aug 03 19:45:32.754469 n-d-844626-6 devstack@placement-api.service[105500]: DEBUG placement.requestlog [None req-fd22f9e2-2bd1-41eb-826b-1eeb93c377aa None None] Starting request: 10.222.0.115 "GET /placement/resource_providers/df873e85-80c8-4d3d-a6e3-f7278b84aad5/aggregates" {{(pid=105500) __call__ /opt/stack/placement/placement/requestlog.py:55}}
Aug 03 19:45:32.775670 n-d-844626-6 devstack@placement-api.service[105500]: INFO placement.requestlog [None req-fd22f9e2-2bd1-41eb-826b-1eeb93c377aa service placement] 10.222.0.115 "GET /placement/resource_providers/df873e85-80c8-4d3d-a6e3-f7278b84aad5/aggregates" status: 404 len: 235 microversion: 1.1
Aug 03 19:45:32.775957 n-d-844626-6 devstack@placement-api.service[105500]: [pid: 105500|app: 0|req: 259/518] 10.222.0.115 () {58 vars in 1367 bytes} [Wed Aug 3 19:45:32 2022] GET /placement/resource_providers/df873e85-80c8-4d3d-a6e3-f7278b84aad5/aggregates => generated 235 bytes in 22 msecs (HTTP/1.1 404) 5 headers in 202 bytes (1 switches on core 0)
Aug 03 19:45:32.830812 n-d-844626-6 devstack@placement-api.service[105501]: DEBUG placement.requestlog [None req-f4b07389-3f3f-402e-9207-13a75df2b44a None None] Starting request: 10.222.0.115 "DELETE /placement/resource_providers/df873e85-80c8-4d3d-a6e3-f7278b84aad5" {{(pid=105501) __call__ /opt/stack/placement/placement/requestlog.py:55}}
Aug 03 19:45:32.847421 n-d-844626-6 devstack@placement-api.service[105501]: DEBUG placement.wsgi_wrapper [None req-f4b07389-3f3f-402e-9207-13a75df2b44a service placement] Placement API returning an error response: No resource provider with uuid df873e85-80c8-4d3d-a6e3-f7278b84aad5 found for delete {{(pid=105501) call_func /opt/stack/placement/placement/wsgi_wrapper.py:31}}
Aug 03 19:45:32.848187 n-d-844626-6 devstack@placement-api.service[105501]: INFO placement.requestlog [None req-f4b07389-3f3f-402e-9207-13a75df2b44a service placement] 10.222.0.115 "DELETE /placement/resource_providers/df873e85-80c8-4d3d-a6e3-f7278b84aad5" status: 404 len: 246 microversion: 1.1
Aug 03 19:45:32.850786 n-d-844626-6 devstack@placement-api.service[105501]: [pid: 105501|app: 0|req: 260/519] 10.222.0.115 () {60 vars in 1356 bytes} [Wed Aug 3 19:45:32 2022] DELETE /placement/resource_providers/df873e85-80c8-4d3d-a6e3-f7278b84aad5 => generated 246 bytes in 20 msecs (HTTP/1.1 404) 6 headers in 231 bytes (2 switches on core 0)
Aug 03 19:45:33.371588 n-d-844626-6 devstack@placement-api.service[105500]: DEBUG placement.requestlog [req-1b3172e3-9625-4a50-af2b-71557ac633d0 req-0adedeac-c193-4d25-802e-ff5cc25e852d None None] Starting request: 10.222.0.102 "GET /placement/allocations/5c44554b-caf0-4df7-9c26-6423970f2d84" {{(pid=105500) __call__ /opt/stack/placement/placement/requestlog.py:55}}
Aug 03 19:45:33.371806 n-d-844626-6 devstack@placement-api.service[105501]: DEBUG placement.requestlog [req-799724c9-af93-42ec-95cc-8bd8304035df req-2313683d-18b0-446e-9818-2f6618cb1583 None None] Starting request: 10.222.0.102 "GET /placement/allocations/875a871e-1779-4809-bb6a-568271248fea" {{(pid=105501) __call__ /opt/stack/placement/placement/requestlog.py:55}}
Aug 03 19:45:33.399707 n-d-844626-6 devstack@placement-api.service[105500]: INFO placement.requestlog [req-1b3172e3-9625-4a50-af2b-71557ac633d0 req-0adedeac-c193-4d25-802e-ff5cc25e852d service placement] 10.222.0.102 "GET /placement/allocations/5c44554b-caf0-4df7-9c26-6423970f2d84" status: 200 len: 259 microversion: 1.28
Aug 03 19:45:33.405598 n-d-844626-6 devstack@placement-api.service[105500]: [pid: 105500|app: 0|req: 260/520] 10.222.0.102 () {60 vars in 1382 bytes} [Wed Aug 3 19:45:33 2022] GET /placement/allocations/5c44554b-caf0-4df7-9c26-6423970f2d84 => generated 259 bytes in 33 msecs (HTTP/1.1 200) 8 headers in 296 bytes (1 switches on core 0)
Aug 03 19:45:33.408713 n-d-844626-6 devstack@placement-api.service[105501]: INFO placement.requestlog [req-799724c9-af93-42ec-95cc-8bd8304035df req-2313683d-18b0-446e-9818-2f6618cb1583 service placement] 10.222.0.102 "GET /placement/allocations/875a871e-1779-4809-bb6a-568271248fea" status: 200 len: 259 microversion: 1.28
Aug 03 19:45:33.409720 n-d-844626-6 devstack@placement-api.service[105501]: [pid: 105501|app: 0|req: 261/521] 10.222.0.102 () {60 vars in 1382 bytes} [Wed Aug 3 19:45:33 2022] GET /placement/allocations/875a871e-1779-4809-bb6a-568271248fea => generated 259 bytes in 38 msecs (HTTP/1.1 200) 8 headers in 296 bytes (2 switches on core 0)
Aug 03 19:45:35.986957 n-d-844626-6 devstack@placement-api.service[105500]: DEBUG placement.requestlog [None req-98c08a26-9570-4fdc-bfe1-d0e47532dd26 None None] Starting request: 10.222.0.115 "GET /placement/resource_providers/25730f99-e54b-403c-9040-14b48084707d/aggregates" {{(pid=105500) __call__ /opt/stack/placement/placement/requestlog.py:55}}
Aug 03 19:45:36.022771 n-d-844626-6 devstack@placement-api.service[105500]: INFO placement.requestlog [None req-98c08a26-9570-4fdc-bfe1-d0e47532dd26 service placement] 10.222.0.115 "GET /placement/resource_providers/25730f99-e54b-403c-9040-14b48084707d/aggregates" status: 404 len: 235 microversion: 1.1
Aug 03 19:45:36.023697 n-d-844626-6 devstack@placement-api.service[105500]: [pid: 105500|app: 0|req: 261/522] 10.222.0.115 () {58 vars in 1367 bytes} [Wed Aug 3 19:45:35 2022] GET /placement/resource_providers/25730f99-e54b-403c-9040-14b48084707d/aggregates => generated 235 bytes in 37 msecs (HTTP/1.1 404) 5 headers in 202 bytes (1 switches on core 0)
Aug 03 19:45:36.151747 n-d-844626-6 devstack@placement-api.service[105501]: DEBUG placement.requestlog [None req-b730ed4d-1f9d-4117-a372-6319ffc1efce None None] Starting request: 10.222.0.115 "DELETE /placement/resource_providers/25730f99-e54b-403c-9040-14b48084707d" {{(pid=105501) __call__ /opt/stack/placement/placement/requestlog.py:55}}
Aug 03 19:45:36.170764 n-d-844626-6 devstack@placement-api.service[105501]: DEBUG placement.wsgi_wrapper [None req-b730ed4d-1f9d-4117-a372-6319ffc1efce service placement] Placement API returning an error response: No resource provider with uuid 25730f99-e54b-403c-9040-14b48084707d found for delete {{(pid=105501) call_func /opt/stack/placement/placement/wsgi_wrapper.py:31}}
Aug 03 19:45:36.173197 n-d-844626-6 devstack@placement-api.service[105501]: INFO placement.requestlog [None req-b730ed4d-1f9d-4117-a372-6319ffc1efce service placement] 10.222.0.115 "DELETE /placement/resource_providers/25730f99-e54b-403c-9040-14b48084707d" status: 404 len: 246 microversion: 1.1
Aug 03 19:45:36.174022 n-d-844626-6 devstack@placement-api.service[105501]: [pid: 105501|app: 0|req: 262/523] 10.222.0.115 () {60 vars in 1356 bytes} [Wed Aug 3 19:45:36 2022] DELETE /placement/resource_providers/25730f99-e54b-403c-9040-14b48084707d => generated 246 bytes in 23 msecs (HTTP/1.1 404) 6 headers in 231 bytes (1 switches on core 0)
Aug 03 19:45:39.464901 n-d-844626-6 devstack@placement-api.service[105500]: DEBUG placement.requestlog [req-8412f676-580c-4040-8d0e-b4c1c29e2a1b req-3ad97c4f-07e8-4123-ae87-6cde42c65b7c None None] Starting request: 10.222.0.102 "DELETE /placement/allocations/fe867afd-bb8a-4fc3-980b-e629b97b4fba" {{(pid=105500) __call__ /opt/stack/placement/placement/requestlog.py:55}}
Aug 03 19:45:39.533574 n-d-844626-6 devstack@placement-api.service[105500]: DEBUG placement.handlers.allocation [req-8412f676-580c-4040-8d0e-b4c1c29e2a1b req-3ad97c4f-07e8-4123-ae87-6cde42c65b7c service placement] Successfully deleted allocations [, , ] {{(pid=105500) delete_allocations /opt/stack/placement/placement/handlers/allocation.py:627}}
Aug 03 19:45:39.534059 n-d-844626-6 devstack@placement-api.service[105500]: INFO placement.requestlog [req-8412f676-580c-4040-8d0e-b4c1c29e2a1b req-3ad97c4f-07e8-4123-ae87-6cde42c65b7c service placement] 10.222.0.102 "DELETE /placement/allocations/fe867afd-bb8a-4fc3-980b-e629b97b4fba" status: 204 len: 0 microversion: 1.0
Aug 03 19:45:39.534457 n-d-844626-6 devstack@placement-api.service[105500]: [pid: 105500|app: 0|req: 262/524] 10.222.0.102 () {60 vars in 1360 bytes} [Wed Aug 3 19:45:39 2022] DELETE /placement/allocations/fe867afd-bb8a-4fc3-980b-e629b97b4fba => generated 0 bytes in 70 msecs (HTTP/1.1 204) 5 headers in 198 bytes (1 switches on core 0)
Aug 03 19:45:46.164715 n-d-844626-6 devstack@placement-api.service[105501]: DEBUG dbcounter [-] [105501] Writing DB stats placement:SELECT=18,placement:INSERT=5,placement:DELETE=2,placement:UPDATE=2 {{(pid=105501) stat_writer /usr/local/lib/python3.8/dist-packages/dbcounter.py:114}}
Aug 03 19:45:47.276716 n-d-844626-6 devstack@placement-api.service[105501]: DEBUG placement.requestlog [req-584ab429-3698-4909-ac15-8c048a2cfe5a req-41533ac2-febd-4c40-8da3-d058886ac443 None None] Starting request: 10.222.0.102 "DELETE /placement/allocations/a8f881de-ac5d-4ecb-a1c0-effed011b29e" {{(pid=105501) __call__ /opt/stack/placement/placement/requestlog.py:55}}
Aug 03 19:45:47.371040 n-d-844626-6 devstack@placement-api.service[105501]: DEBUG placement.handlers.allocation [req-584ab429-3698-4909-ac15-8c048a2cfe5a req-41533ac2-febd-4c40-8da3-d058886ac443 service placement] Successfully deleted allocations [, , ] {{(pid=105501) delete_allocations /opt/stack/placement/placement/handlers/allocation.py:627}}
Aug 03 19:45:47.371711 n-d-844626-6 devstack@placement-api.service[105501]: INFO placement.requestlog [req-584ab429-3698-4909-ac15-8c048a2cfe5a req-41533ac2-febd-4c40-8da3-d058886ac443 service placement] 10.222.0.102 "DELETE /placement/allocations/a8f881de-ac5d-4ecb-a1c0-effed011b29e" status: 204 len: 0 microversion: 1.0
Aug 03 19:45:47.373130 n-d-844626-6 devstack@placement-api.service[105501]: [pid: 105501|app: 0|req: 263/525] 10.222.0.102 () {60 vars in 1360 bytes} [Wed Aug 3 19:45:47 2022] DELETE /placement/allocations/a8f881de-ac5d-4ecb-a1c0-effed011b29e => generated 0 bytes in 98 msecs (HTTP/1.1 204) 5 headers in 198 bytes (1 switches on core 0)
Aug 03 19:45:49.408390 n-d-844626-6 devstack@placement-api.service[105500]: DEBUG placement.requestlog [req-dfda48c2-8dee-4be2-aee1-f28ce0ad72f7 req-7eead4d9-2e9f-4406-9461-39d9c1d7da2e None None] Starting request: 10.222.0.115 "GET /placement/allocation_candidates?limit=1000&resources=DISK_GB%3A1%2CMEMORY_MB%3A1024%2CVCPU%3A1&root_required=%21COMPUTE_STATUS_DISABLED" {{(pid=105500) __call__ /opt/stack/placement/placement/requestlog.py:55}}
Aug 03 19:45:49.513062 n-d-844626-6 devstack@placement-api.service[105500]: DEBUG placement.objects.research_context [req-dfda48c2-8dee-4be2-aee1-f28ce0ad72f7 req-7eead4d9-2e9f-4406-9461-39d9c1d7da2e service placement] getting providers with 1 DISK_GB {{(pid=105500) __init__ /opt/stack/placement/placement/objects/research_context.py:136}}
Aug 03 19:45:49.539923 n-d-844626-6 devstack@placement-api.service[105500]: DEBUG placement.objects.research_context [req-dfda48c2-8dee-4be2-aee1-f28ce0ad72f7 req-7eead4d9-2e9f-4406-9461-39d9c1d7da2e service placement] getting providers with 1024 MEMORY_MB {{(pid=105500) __init__ /opt/stack/placement/placement/objects/research_context.py:136}}
Aug 03 19:45:49.557429 n-d-844626-6 devstack@placement-api.service[105500]: DEBUG placement.objects.research_context [req-dfda48c2-8dee-4be2-aee1-f28ce0ad72f7 req-7eead4d9-2e9f-4406-9461-39d9c1d7da2e service placement] getting providers with 1 VCPU {{(pid=105500) __init__ /opt/stack/placement/placement/objects/research_context.py:136}}
Aug 03 19:45:49.578522 n-d-844626-6 devstack@placement-api.service[105500]: DEBUG placement.objects.research_context [req-dfda48c2-8dee-4be2-aee1-f28ce0ad72f7 req-7eead4d9-2e9f-4406-9461-39d9c1d7da2e service placement] found 2 providers with available 1 DISK_GB {{(pid=105500) get_provider_ids_matching /opt/stack/placement/placement/objects/research_context.py:563}}
Aug 03 19:45:49.580836 n-d-844626-6 devstack@placement-api.service[105500]: DEBUG placement.objects.research_context [req-dfda48c2-8dee-4be2-aee1-f28ce0ad72f7 req-7eead4d9-2e9f-4406-9461-39d9c1d7da2e service placement] found 2 providers with available 1024 MEMORY_MB {{(pid=105500) get_provider_ids_matching /opt/stack/placement/placement/objects/research_context.py:563}}
Aug 03 19:45:49.581828 n-d-844626-6 devstack@placement-api.service[105500]: DEBUG placement.objects.research_context [req-dfda48c2-8dee-4be2-aee1-f28ce0ad72f7 req-7eead4d9-2e9f-4406-9461-39d9c1d7da2e service placement] found 2 providers after filtering by previous result {{(pid=105500) get_provider_ids_matching /opt/stack/placement/placement/objects/research_context.py:594}}
Aug 03 19:45:49.588404 n-d-844626-6 devstack@placement-api.service[105500]: DEBUG placement.objects.research_context [req-dfda48c2-8dee-4be2-aee1-f28ce0ad72f7 req-7eead4d9-2e9f-4406-9461-39d9c1d7da2e service placement] found 2 providers with available 1 VCPU {{(pid=105500) get_provider_ids_matching /opt/stack/placement/placement/objects/research_context.py:563}}
Aug 03 19:45:49.590708 n-d-844626-6 devstack@placement-api.service[105500]: DEBUG placement.objects.research_context [req-dfda48c2-8dee-4be2-aee1-f28ce0ad72f7 req-7eead4d9-2e9f-4406-9461-39d9c1d7da2e service placement] found 2 providers after filtering by previous result {{(pid=105500) get_provider_ids_matching /opt/stack/placement/placement/objects/research_context.py:594}}
Aug 03 19:45:49.657010 n-d-844626-6 devstack@placement-api.service[105500]: DEBUG placement.objects.allocation_candidate [req-dfda48c2-8dee-4be2-aee1-f28ce0ad72f7 req-7eead4d9-2e9f-4406-9461-39d9c1d7da2e service placement] RequestGroup(use_same_provider=False, resources={DISK_GB:1, MEMORY_MB:1024, VCPU:1}, traits=(), aggregates=[]) (suffix '') returned 2 matches {{(pid=105500) _get_by_requests /opt/stack/placement/placement/objects/allocation_candidate.py:156}}
Aug 03 19:45:49.657408 n-d-844626-6 devstack@placement-api.service[105500]: DEBUG placement.objects.allocation_candidate [req-dfda48c2-8dee-4be2-aee1-f28ce0ad72f7 req-7eead4d9-2e9f-4406-9461-39d9c1d7da2e service placement] Merging candidates yields 2 allocation requests and 2 provider summaries {{(pid=105500) _merge_candidates /opt/stack/placement/placement/objects/allocation_candidate.py:809}}
Aug 03 19:45:49.663876 n-d-844626-6 devstack@placement-api.service[105500]: INFO placement.requestlog [req-dfda48c2-8dee-4be2-aee1-f28ce0ad72f7 req-7eead4d9-2e9f-4406-9461-39d9c1d7da2e service placement] 10.222.0.115 "GET /placement/allocation_candidates?limit=1000&resources=DISK_GB%3A1%2CMEMORY_MB%3A1024%2CVCPU%3A1&root_required=%21COMPUTE_STATUS_DISABLED" status: 200 len: 1309 microversion: 1.36
Aug 03 19:45:49.670179 n-d-844626-6 devstack@placement-api.service[105500]: [pid: 105500|app: 0|req: 263/526] 10.222.0.115 () {60 vars in 1511 bytes} [Wed Aug 3 19:45:49 2022] GET /placement/allocation_candidates?limit=1000&resources=DISK_GB%3A1%2CMEMORY_MB%3A1024%2CVCPU%3A1&root_required=%21COMPUTE_STATUS_DISABLED => generated 1309 bytes in 262 msecs (HTTP/1.1 200) 8 headers in 297 bytes (1 switches on core 0)
Aug 03 19:45:49.904001 n-d-844626-6 devstack@placement-api.service[105501]: DEBUG placement.requestlog [req-dfda48c2-8dee-4be2-aee1-f28ce0ad72f7 req-57c13eb1-bf1e-4a39-96ca-2af95acf916d None None] Starting request: 10.222.0.115 "GET /placement/allocations/ac5faede-f536-4e40-b136-fdea996f336f" {{(pid=105501) __call__ /opt/stack/placement/placement/requestlog.py:55}}
Aug 03 19:45:49.921603 n-d-844626-6 devstack@placement-api.service[105501]: INFO placement.requestlog [req-dfda48c2-8dee-4be2-aee1-f28ce0ad72f7 req-57c13eb1-bf1e-4a39-96ca-2af95acf916d service placement] 10.222.0.115 "GET /placement/allocations/ac5faede-f536-4e40-b136-fdea996f336f" status: 200 len: 19 microversion: 1.28
Aug 03 19:45:49.927055 n-d-844626-6 devstack@placement-api.service[105501]: [pid: 105501|app: 0|req: 264/527] 10.222.0.115 () {60 vars in 1385 bytes} [Wed Aug 3 19:45:49 2022] GET /placement/allocations/ac5faede-f536-4e40-b136-fdea996f336f => generated 19 bytes in 23 msecs (HTTP/1.1 200) 8 headers in 295 bytes (1 switches on core 0)
Aug 03 19:45:49.932558 n-d-844626-6 devstack@placement-api.service[105500]: DEBUG placement.requestlog [req-dfda48c2-8dee-4be2-aee1-f28ce0ad72f7 req-c67b08c4-3162-402b-a4ab-9be356dafaa9 None None] Starting request: 10.222.0.115 "PUT /placement/allocations/ac5faede-f536-4e40-b136-fdea996f336f" {{(pid=105500) __call__ /opt/stack/placement/placement/requestlog.py:55}}
Aug 03 19:45:50.094679 n-d-844626-6 devstack@placement-api.service[105500]: DEBUG placement.handlers.allocation [req-dfda48c2-8dee-4be2-aee1-f28ce0ad72f7 req-c67b08c4-3162-402b-a4ab-9be356dafaa9 service placement] Successfully wrote allocations [, , ] {{(pid=105500) _update_consumers_and_create_allocations /opt/stack/placement/placement/handlers/allocation.py:462}}
Aug 03 19:45:50.107198 n-d-844626-6 devstack@placement-api.service[105500]: INFO placement.requestlog [req-dfda48c2-8dee-4be2-aee1-f28ce0ad72f7 req-c67b08c4-3162-402b-a4ab-9be356dafaa9 service placement] 10.222.0.115 "PUT /placement/allocations/ac5faede-f536-4e40-b136-fdea996f336f" status: 204 len: 0 microversion: 1.36
Aug 03 19:45:50.113908 n-d-844626-6 devstack@placement-api.service[105500]: [pid: 105500|app: 0|req: 264/528] 10.222.0.115 () {64 vars in 1438 bytes} [Wed Aug 3 19:45:49 2022] PUT /placement/allocations/ac5faede-f536-4e40-b136-fdea996f336f => generated 0 bytes in 175 msecs (HTTP/1.1 204) 5 headers in 199 bytes (1 switches on core 0)
Aug 03 19:45:50.784285 n-d-844626-6 devstack@placement-api.service[105501]: DEBUG placement.requestlog [req-dfda48c2-8dee-4be2-aee1-f28ce0ad72f7 req-bf9f6ebf-084e-4c53-86dc-c5ea62ca58af None None] Starting request: 10.222.0.102 "GET /placement/allocations/ac5faede-f536-4e40-b136-fdea996f336f" {{(pid=105501) __call__ /opt/stack/placement/placement/requestlog.py:55}}
Aug 03 19:45:50.820621 n-d-844626-6 devstack@placement-api.service[105501]: INFO placement.requestlog [req-dfda48c2-8dee-4be2-aee1-f28ce0ad72f7 req-bf9f6ebf-084e-4c53-86dc-c5ea62ca58af service placement] 10.222.0.102 "GET /placement/allocations/ac5faede-f536-4e40-b136-fdea996f336f" status: 200 len: 259 microversion: 1.28
Aug 03 19:45:50.821384 n-d-844626-6 devstack@placement-api.service[105501]: [pid: 105501|app: 0|req: 265/529] 10.222.0.102 () {60 vars in 1382 bytes} [Wed Aug 3 19:45:50 2022] GET /placement/allocations/ac5faede-f536-4e40-b136-fdea996f336f => generated 259 bytes in 38 msecs (HTTP/1.1 200) 8 headers in 296 bytes (1 switches on core 0)
Aug 03 19:45:56.306573 n-d-844626-6 devstack@placement-api.service[105500]: DEBUG placement.requestlog [None req-c11c26a8-c1ca-4130-8a7f-eb37103cea34 None None] Starting request: 10.222.0.115 "GET /placement/resource_providers/f77cce65-bcf7-44c9-9806-968e316d1c85/aggregates" {{(pid=105500) __call__ /opt/stack/placement/placement/requestlog.py:55}}
Aug 03 19:45:56.332062 n-d-844626-6 devstack@placement-api.service[105500]: INFO placement.requestlog [None req-c11c26a8-c1ca-4130-8a7f-eb37103cea34 service placement] 10.222.0.115 "GET /placement/resource_providers/f77cce65-bcf7-44c9-9806-968e316d1c85/aggregates" status: 404 len: 235 microversion: 1.1
Aug 03 19:45:56.333014 n-d-844626-6 devstack@placement-api.service[105500]: [pid: 105500|app: 0|req: 265/530] 10.222.0.115 () {58 vars in 1367 bytes} [Wed Aug 3 19:45:56 2022] GET /placement/resource_providers/f77cce65-bcf7-44c9-9806-968e316d1c85/aggregates => generated 235 bytes in 27 msecs (HTTP/1.1 404) 5 headers in 202 bytes (1 switches on core 0)
Aug 03 19:45:56.387164 n-d-844626-6 devstack@placement-api.service[105501]: DEBUG placement.requestlog [None req-210774bc-7229-4ac6-994e-93256b378040 None None] Starting request: 10.222.0.115 "DELETE /placement/resource_providers/f77cce65-bcf7-44c9-9806-968e316d1c85" {{(pid=105501) __call__ /opt/stack/placement/placement/requestlog.py:55}}
Aug 03 19:45:56.405316 n-d-844626-6 devstack@placement-api.service[105501]: DEBUG placement.wsgi_wrapper [None req-210774bc-7229-4ac6-994e-93256b378040 service placement] Placement API returning an error response: No resource provider with uuid f77cce65-bcf7-44c9-9806-968e316d1c85 found for delete {{(pid=105501) call_func /opt/stack/placement/placement/wsgi_wrapper.py:31}}
Aug 03 19:45:56.406893 n-d-844626-6 devstack@placement-api.service[105501]: INFO placement.requestlog [None req-210774bc-7229-4ac6-994e-93256b378040 service placement] 10.222.0.115 "DELETE /placement/resource_providers/f77cce65-bcf7-44c9-9806-968e316d1c85" status: 404 len: 246 microversion: 1.1
Aug 03 19:45:56.407904 n-d-844626-6 devstack@placement-api.service[105501]: [pid: 105501|app: 0|req: 266/531] 10.222.0.115 () {60 vars in 1356 bytes} [Wed Aug 3 19:45:56 2022] DELETE /placement/resource_providers/f77cce65-bcf7-44c9-9806-968e316d1c85 => generated 246 bytes in 21 msecs (HTTP/1.1 404) 6 headers in 231 bytes (1 switches on core 0)
Aug 03 19:45:57.447529 n-d-844626-6 devstack@placement-api.service[105500]: DEBUG placement.requestlog [req-a74d28bf-5df3-44db-b14a-fddb0c544c09 req-07561136-b852-418b-9154-b7208ef228b7 None None] Starting request: 10.222.0.115 "GET /placement/allocation_candidates?resources=DISK_GB%3A1%2CMEMORY_MB%3A1024%2CVCPU%3A1&root_required=%21COMPUTE_STATUS_DISABLED" {{(pid=105500) __call__ /opt/stack/placement/placement/requestlog.py:55}}
Aug 03 19:45:57.546721 n-d-844626-6 devstack@placement-api.service[105500]: DEBUG placement.objects.research_context [req-a74d28bf-5df3-44db-b14a-fddb0c544c09 req-07561136-b852-418b-9154-b7208ef228b7 service placement] getting providers with 1 DISK_GB {{(pid=105500) __init__ /opt/stack/placement/placement/objects/research_context.py:136}}
Aug 03 19:45:57.569716 n-d-844626-6 devstack@placement-api.service[105500]: DEBUG placement.objects.research_context [req-a74d28bf-5df3-44db-b14a-fddb0c544c09 req-07561136-b852-418b-9154-b7208ef228b7 service placement] getting providers with 1024 MEMORY_MB {{(pid=105500) __init__ /opt/stack/placement/placement/objects/research_context.py:136}}
Aug 03 19:45:57.588297 n-d-844626-6 devstack@placement-api.service[105500]: DEBUG placement.objects.research_context [req-a74d28bf-5df3-44db-b14a-fddb0c544c09 req-07561136-b852-418b-9154-b7208ef228b7 service placement] getting providers with 1 VCPU {{(pid=105500) __init__ /opt/stack/placement/placement/objects/research_context.py:136}}
Aug 03 19:45:57.607182 n-d-844626-6 devstack@placement-api.service[105500]: DEBUG placement.objects.research_context [req-a74d28bf-5df3-44db-b14a-fddb0c544c09 req-07561136-b852-418b-9154-b7208ef228b7 service placement] found 2 providers with available 1 DISK_GB {{(pid=105500) get_provider_ids_matching /opt/stack/placement/placement/objects/research_context.py:563}}
Aug 03 19:45:57.607744 n-d-844626-6 devstack@placement-api.service[105500]: DEBUG placement.objects.research_context [req-a74d28bf-5df3-44db-b14a-fddb0c544c09 req-07561136-b852-418b-9154-b7208ef228b7 service placement] found 2 providers with available 1024 MEMORY_MB {{(pid=105500) get_provider_ids_matching /opt/stack/placement/placement/objects/research_context.py:563}}
Aug 03 19:45:57.608223 n-d-844626-6 devstack@placement-api.service[105500]: DEBUG placement.objects.research_context [req-a74d28bf-5df3-44db-b14a-fddb0c544c09 req-07561136-b852-418b-9154-b7208ef228b7 service placement] found 2 providers after filtering by previous result {{(pid=105500) get_provider_ids_matching /opt/stack/placement/placement/objects/research_context.py:594}}
Aug 03 19:45:57.608600 n-d-844626-6 devstack@placement-api.service[105500]: DEBUG placement.objects.research_context [req-a74d28bf-5df3-44db-b14a-fddb0c544c09 req-07561136-b852-418b-9154-b7208ef228b7 service placement] found 2 providers with available 1 VCPU {{(pid=105500) get_provider_ids_matching /opt/stack/placement/placement/objects/research_context.py:563}}
Aug 03 19:45:57.608933 n-d-844626-6 devstack@placement-api.service[105500]: DEBUG placement.objects.research_context [req-a74d28bf-5df3-44db-b14a-fddb0c544c09 req-07561136-b852-418b-9154-b7208ef228b7 service placement] found 2 providers after filtering by previous result {{(pid=105500) get_provider_ids_matching /opt/stack/placement/placement/objects/research_context.py:594}}
