Jun 03 15:09:51.091437 n-d-844595-1 devstack@n-api.service[103372]: /usr/local/lib/python3.8/dist-packages/oslo_policy/policy.py:1065: UserWarning: Policy os_compute_api:os-server-external-events:create failed scope check. The token used to make the request was project scoped but the policy requires ['system'] scope. This behavior may change in the future where using the intended scope is required
Jun 03 15:09:51.091437 n-d-844595-1 devstack@n-api.service[103372]: warnings.warn(msg)
Jun 03 15:09:51.117205 n-d-844595-1 devstack@n-api.service[103373]: DEBUG nova.quota [None req-8c5b8964-25c5-4f50-aa25-9276cc56be2e tempest-ServersAdminTestJSON-228814918 tempest-ServersAdminTestJSON-228814918-project] Getting quotas for user e8d75a4921b74d94bb143e999bd51135 and project 913ae1f2ec924144a00c0fd3d58031eb. Resources: {'ram', 'cores', 'instances'} {{(pid=103373) _get_quotas /opt/stack/nova/nova/quota.py:377}}
Jun 03 15:09:51.119716 n-d-844595-1 devstack@n-api.service[103372]: DEBUG oslo_concurrency.lockutils [req-3c5726d6-76a8-4e1d-b8b4-cbd702aaffef req-42055f1e-009a-4dfe-9bd9-943f917f6db2 service nova] Lock "9e5c8dc9-a22c-4d30-a8ff-5b76f661fe3c" acquired by "nova.context.set_target_cell..get_or_set_cached_cell_and_set_connections" :: waited 0.000s {{(pid=103372) inner /usr/local/lib/python3.8/dist-packages/oslo_concurrency/lockutils.py:355}}
Jun 03 15:09:51.125615 n-d-844595-1 devstack@n-api.service[103372]: DEBUG oslo_concurrency.lockutils [req-3c5726d6-76a8-4e1d-b8b4-cbd702aaffef req-42055f1e-009a-4dfe-9bd9-943f917f6db2 service nova] Lock "9e5c8dc9-a22c-4d30-a8ff-5b76f661fe3c" released by "nova.context.set_target_cell..get_or_set_cached_cell_and_set_connections" :: held 0.001s {{(pid=103372) inner /usr/local/lib/python3.8/dist-packages/oslo_concurrency/lockutils.py:367}}
Jun 03 15:09:51.171671 n-d-844595-1 devstack@n-api.service[103373]: DEBUG nova.compute.api [None req-8c5b8964-25c5-4f50-aa25-9276cc56be2e tempest-ServersAdminTestJSON-228814918 tempest-ServersAdminTestJSON-228814918-project] Going to run 1 instances... {{(pid=103373) _provision_instances /opt/stack/nova/nova/compute/api.py:1283}}
Jun 03 15:09:51.176029 n-d-844595-1 devstack@n-api.service[103373]: DEBUG nova.compute.api [None req-8c5b8964-25c5-4f50-aa25-9276cc56be2e tempest-ServersAdminTestJSON-228814918 tempest-ServersAdminTestJSON-228814918-project] [instance: 95337191-54ab-4522-a835-e7dbb28fc62f] block_device_mapping [BlockDeviceMapping(attachment_id=,boot_index=0,connection_info=None,created_at=,delete_on_termination=True,deleted=,deleted_at=,destination_type='local',device_name=None,device_type='disk',disk_bus=None,guest_format=None,id=,image_id='0ac37de2-4148-4d6c-abf0-b3e7d2a877a6',instance=,instance_uuid=,no_device=False,snapshot_id=None,source_type='image',tag=None,updated_at=,uuid=,volume_id=None,volume_size=None,volume_type=None)] {{(pid=103373) _bdm_validate_set_size_and_instance /opt/stack/nova/nova/compute/api.py:1684}}
Jun 03 15:09:51.204230 n-d-844595-1 devstack@n-api.service[103372]: INFO nova.api.openstack.compute.server_external_events [req-3c5726d6-76a8-4e1d-b8b4-cbd702aaffef req-42055f1e-009a-4dfe-9bd9-943f917f6db2 service nova] Creating event network-changed:bf8fafaf-4ee6-4612-a8cf-08aac68c8dec for instance 133c1ff7-9629-4592-99f5-695db3bac1f8 on n-h1-844595-1
Jun 03 15:09:51.204747 n-d-844595-1 devstack@n-api.service[103372]: DEBUG oslo_concurrency.lockutils [req-3c5726d6-76a8-4e1d-b8b4-cbd702aaffef req-42055f1e-009a-4dfe-9bd9-943f917f6db2 service nova] Acquired lock "compute-rpcapi-router" {{(pid=103372) lock /usr/local/lib/python3.8/dist-packages/oslo_concurrency/lockutils.py:266}}
Jun 03 15:09:51.214261 n-d-844595-1 devstack@n-api.service[103372]: DEBUG oslo_concurrency.lockutils [None req-0a4089d5-922f-41c7-a19b-ed71a973eaa8 None None] Lock "00000000-0000-0000-0000-000000000000" acquired by "nova.context.set_target_cell..get_or_set_cached_cell_and_set_connections" :: waited 0.000s {{(pid=103372) inner /usr/local/lib/python3.8/dist-packages/oslo_concurrency/lockutils.py:355}}
Jun 03 15:09:51.214696 n-d-844595-1 devstack@n-api.service[103372]: DEBUG oslo_concurrency.lockutils [None req-0a4089d5-922f-41c7-a19b-ed71a973eaa8 None None] Lock "00000000-0000-0000-0000-000000000000" released by "nova.context.set_target_cell..get_or_set_cached_cell_and_set_connections" :: held 0.001s {{(pid=103372) inner /usr/local/lib/python3.8/dist-packages/oslo_concurrency/lockutils.py:367}}
Jun 03 15:09:51.220697 n-d-844595-1 devstack@n-api.service[103372]: DEBUG oslo_concurrency.lockutils [None req-0a4089d5-922f-41c7-a19b-ed71a973eaa8 None None] Lock "9e5c8dc9-a22c-4d30-a8ff-5b76f661fe3c" acquired by "nova.context.set_target_cell..get_or_set_cached_cell_and_set_connections" :: waited 0.000s {{(pid=103372) inner /usr/local/lib/python3.8/dist-packages/oslo_concurrency/lockutils.py:355}}
Jun 03 15:09:51.224044 n-d-844595-1 devstack@n-api.service[103372]: DEBUG oslo_concurrency.lockutils [None req-0a4089d5-922f-41c7-a19b-ed71a973eaa8 None None] Lock "9e5c8dc9-a22c-4d30-a8ff-5b76f661fe3c" released by "nova.context.set_target_cell..get_or_set_cached_cell_and_set_connections" :: held 0.002s {{(pid=103372) inner /usr/local/lib/python3.8/dist-packages/oslo_concurrency/lockutils.py:367}}
Jun 03 15:09:51.269775 n-d-844595-1 devstack@n-api.service[103372]: INFO nova.compute.rpcapi [None req-0a4089d5-922f-41c7-a19b-ed71a973eaa8 None None] Automatically selected compute RPC version 6.0 from minimum service version 56
Jun 03 15:09:51.272922 n-d-844595-1 devstack@n-api.service[103372]: DEBUG oslo_concurrency.lockutils [None req-0a4089d5-922f-41c7-a19b-ed71a973eaa8 None None] Releasing lock "compute-rpcapi-router" {{(pid=103372) lock /usr/local/lib/python3.8/dist-packages/oslo_concurrency/lockutils.py:282}}
Jun 03 15:09:51.342090 n-d-844595-1 devstack@n-api.service[103372]: INFO nova.api.openstack.requestlog [None req-0a4089d5-922f-41c7-a19b-ed71a973eaa8 None None] 10.222.0.48 "POST /compute/v2.1/os-server-external-events" status: 200 len: 179 microversion: 2.1 time: 0.618053
Jun 03 15:09:51.342793 n-d-844595-1 devstack@n-api.service[103372]: [pid: 103372|app: 0|req: 28/69] 10.222.0.48 () {64 vars in 1317 bytes} [Fri Jun 3 15:09:50 2022] POST /compute/v2.1/os-server-external-events => generated 179 bytes in 620 msecs (HTTP/1.1 200) 9 headers in 357 bytes (1 switches on core 0)
Jun 03 15:09:51.353063 n-d-844595-1 devstack@n-api.service[103372]: DEBUG nova.api.openstack.wsgi [None req-98cc8c45-d9ea-4704-af1e-90a126b9398f tempest-FlavorsAccessNegativeTestJSON-2019721284 tempest-FlavorsAccessNegativeTestJSON-2019721284-project-admin] Calling method '>' {{(pid=103372) _process_stack /opt/stack/nova/nova/api/openstack/wsgi.py:513}}
Jun 03 15:09:51.353915 n-d-844595-1 devstack@n-api.service[103372]: /usr/local/lib/python3.8/dist-packages/oslo_policy/policy.py:1065: UserWarning: Policy os_compute_api:os-flavor-access failed scope check. The token used to make the request was project scoped but the policy requires ['system'] scope. This behavior may change in the future where using the intended scope is required
Jun 03 15:09:51.353915 n-d-844595-1 devstack@n-api.service[103372]: warnings.warn(msg)
Jun 03 15:09:51.372722 n-d-844595-1 devstack@n-api.service[103373]: INFO nova.api.openstack.requestlog [None req-8c5b8964-25c5-4f50-aa25-9276cc56be2e tempest-ServersAdminTestJSON-228814918 tempest-ServersAdminTestJSON-228814918-project] 10.222.0.48 "POST /compute/v2.1/servers" status: 202 len: 380 microversion: 2.1 time: 1.019304
Jun 03 15:09:51.376019 n-d-844595-1 devstack@n-api.service[103373]: [pid: 103373|app: 0|req: 42/70] 10.222.0.48 () {60 vars in 1146 bytes} [Fri Jun 3 15:09:50 2022] POST /compute/v2.1/servers => generated 380 bytes in 1023 msecs (HTTP/1.1 202) 10 headers in 451 bytes (1 switches on core 0)
Jun 03 15:09:51.394880 n-d-844595-1 devstack@n-api.service[103373]: DEBUG nova.api.openstack.wsgi [None req-ddd35f3e-7317-417a-9a25-d0e281aeb63c tempest-DeleteServersAdminTestJSON-170996747 tempest-DeleteServersAdminTestJSON-170996747-project] Calling method '>' {{(pid=103373) _process_stack /opt/stack/nova/nova/api/openstack/wsgi.py:513}}
Jun 03 15:09:51.395705 n-d-844595-1 devstack@n-api.service[103373]: DEBUG nova.compute.api [None req-ddd35f3e-7317-417a-9a25-d0e281aeb63c tempest-DeleteServersAdminTestJSON-170996747 tempest-DeleteServersAdminTestJSON-170996747-project] [instance: 133c1ff7-9629-4592-99f5-695db3bac1f8] Fetching instance by UUID {{(pid=103373) get /opt/stack/nova/nova/compute/api.py:2813}}
Jun 03 15:09:51.406186 n-d-844595-1 devstack@n-api.service[103372]: INFO nova.api.openstack.wsgi [None req-98cc8c45-d9ea-4704-af1e-90a126b9398f tempest-FlavorsAccessNegativeTestJSON-2019721284 tempest-FlavorsAccessNegativeTestJSON-2019721284-project-admin] HTTP exception thrown: Access list not available for public flavors.
Jun 03 15:09:51.422132 n-d-844595-1 devstack@n-api.service[103372]: DEBUG nova.api.openstack.wsgi [None req-98cc8c45-d9ea-4704-af1e-90a126b9398f tempest-FlavorsAccessNegativeTestJSON-2019721284 tempest-FlavorsAccessNegativeTestJSON-2019721284-project-admin] Returning 404 to user: Access list not available for public flavors. {{(pid=103372) __call__ /opt/stack/nova/nova/api/openstack/wsgi.py:927}}
Jun 03 15:09:51.423250 n-d-844595-1 devstack@n-api.service[103372]: INFO nova.api.openstack.requestlog [None req-98cc8c45-d9ea-4704-af1e-90a126b9398f tempest-FlavorsAccessNegativeTestJSON-2019721284 tempest-FlavorsAccessNegativeTestJSON-2019721284-project-admin] 10.222.0.48 "GET /compute/v2.1/flavors/843838819/os-flavor-access" status: 404 len: 91 microversion: 2.1 time: 0.079328
Jun 03 15:09:51.424076 n-d-844595-1 devstack@n-api.service[103373]: DEBUG oslo_concurrency.lockutils [None req-ddd35f3e-7317-417a-9a25-d0e281aeb63c tempest-DeleteServersAdminTestJSON-170996747 tempest-DeleteServersAdminTestJSON-170996747-project] Lock "9e5c8dc9-a22c-4d30-a8ff-5b76f661fe3c" acquired by "nova.context.set_target_cell..get_or_set_cached_cell_and_set_connections" :: waited 0.000s {{(pid=103373) inner /usr/local/lib/python3.8/dist-packages/oslo_concurrency/lockutils.py:355}}
Jun 03 15:09:51.425144 n-d-844595-1 devstack@n-api.service[103372]: [pid: 103372|app: 0|req: 29/71] 10.222.0.48 () {58 vars in 1205 bytes} [Fri Jun 3 15:09:51 2022] GET /compute/v2.1/flavors/843838819/os-flavor-access => generated 91 bytes in 82 msecs (HTTP/1.1 404) 9 headers in 378 bytes (1 switches on core 0)
Jun 03 15:09:51.426982 n-d-844595-1 devstack@n-api.service[103373]: DEBUG oslo_concurrency.lockutils [None req-ddd35f3e-7317-417a-9a25-d0e281aeb63c tempest-DeleteServersAdminTestJSON-170996747 tempest-DeleteServersAdminTestJSON-170996747-project] Lock "9e5c8dc9-a22c-4d30-a8ff-5b76f661fe3c" released by "nova.context.set_target_cell..get_or_set_cached_cell_and_set_connections" :: held 0.003s {{(pid=103373) inner /usr/local/lib/python3.8/dist-packages/oslo_concurrency/lockutils.py:367}}
Jun 03 15:09:51.432131 n-d-844595-1 devstack@n-api.service[103373]: DEBUG oslo_concurrency.lockutils [None req-ddd35f3e-7317-417a-9a25-d0e281aeb63c tempest-DeleteServersAdminTestJSON-170996747 tempest-DeleteServersAdminTestJSON-170996747-project] Lock "9e5c8dc9-a22c-4d30-a8ff-5b76f661fe3c" acquired by "nova.context.set_target_cell..get_or_set_cached_cell_and_set_connections" :: waited 0.000s {{(pid=103373) inner /usr/local/lib/python3.8/dist-packages/oslo_concurrency/lockutils.py:355}}
Jun 03 15:09:51.433764 n-d-844595-1 devstack@n-api.service[103373]: DEBUG oslo_concurrency.lockutils [None req-ddd35f3e-7317-417a-9a25-d0e281aeb63c tempest-DeleteServersAdminTestJSON-170996747 tempest-DeleteServersAdminTestJSON-170996747-project] Lock "9e5c8dc9-a22c-4d30-a8ff-5b76f661fe3c" released by "nova.context.set_target_cell..get_or_set_cached_cell_and_set_connections" :: held 0.002s {{(pid=103373) inner /usr/local/lib/python3.8/dist-packages/oslo_concurrency/lockutils.py:367}}
Jun 03 15:09:51.436676 n-d-844595-1 devstack@n-api.service[103372]: DEBUG nova.api.openstack.wsgi [None req-d29f245f-2290-4922-a0fa-ceef38172c65 tempest-FlavorsV261TestJSON-1588778206 tempest-FlavorsV261TestJSON-1588778206-project-admin] Calling method '>' {{(pid=103372) _process_stack /opt/stack/nova/nova/api/openstack/wsgi.py:513}}
Jun 03 15:09:51.449343 n-d-844595-1 devstack@n-api.service[103372]: /usr/local/lib/python3.8/dist-packages/oslo_policy/policy.py:1065: UserWarning: Policy os_compute_api:os-flavor-manage:delete failed scope check. The token used to make the request was project scoped but the policy requires ['system'] scope. This behavior may change in the future where using the intended scope is required
Jun 03 15:09:51.449343 n-d-844595-1 devstack@n-api.service[103372]: warnings.warn(msg)
Jun 03 15:09:51.498132 n-d-844595-1 devstack@n-api.service[103372]: INFO nova.api.openstack.requestlog [None req-d29f245f-2290-4922-a0fa-ceef38172c65 tempest-FlavorsV261TestJSON-1588778206 tempest-FlavorsV261TestJSON-1588778206-project-admin] 10.222.0.48 "DELETE /compute/v2.1/flavors/1060904731" status: 202 len: 0 microversion: 2.61 time: 0.071668
Jun 03 15:09:51.499953 n-d-844595-1 devstack@n-api.service[103372]: [pid: 103372|app: 0|req: 30/72] 10.222.0.48 () {60 vars in 1201 bytes} [Fri Jun 3 15:09:51 2022] DELETE /compute/v2.1/flavors/1060904731 => generated 0 bytes in 74 msecs (HTTP/1.1 202) 9 headers in 363 bytes (1 switches on core 0)
Jun 03 15:09:51.505011 n-d-844595-1 devstack@n-api.service[103372]: DEBUG nova.api.openstack.wsgi [None req-a24bb522-c627-475f-8b66-0afcdf2c44be tempest-ServersAdminTestJSON-228814918 tempest-ServersAdminTestJSON-228814918-project] Calling method '>' {{(pid=103372) _process_stack /opt/stack/nova/nova/api/openstack/wsgi.py:513}}
Jun 03 15:09:51.506038 n-d-844595-1 devstack@n-api.service[103372]: DEBUG nova.compute.api [None req-a24bb522-c627-475f-8b66-0afcdf2c44be tempest-ServersAdminTestJSON-228814918 tempest-ServersAdminTestJSON-228814918-project] [instance: 95337191-54ab-4522-a835-e7dbb28fc62f] Fetching instance by UUID {{(pid=103372) get /opt/stack/nova/nova/compute/api.py:2813}}
Jun 03 15:09:52.794428 n-d-844595-1 devstack@n-api.service[103372]: DEBUG nova.policy [None req-a24bb522-c627-475f-8b66-0afcdf2c44be tempest-ServersAdminTestJSON-228814918 tempest-ServersAdminTestJSON-228814918-project] Policy check for os_compute_api:os-extended-server-attributes failed with credentials {'is_admin': False, 'user_id': 'e8d75a4921b74d94bb143e999bd51135', 'user_domain_id': 'default', 'system_scope': None, 'domain_id': None, 'project_id': '913ae1f2ec924144a00c0fd3d58031eb', 'project_domain_id': 'default', 'roles': ['reader', 'member'], 'is_admin_project': True, 'service_user_id': None, 'service_user_domain_id': None, 'service_project_id': None, 'service_project_domain_id': None, 'service_roles': []} {{(pid=103372) authorize /opt/stack/nova/nova/policy.py:199}}
Jun 03 15:09:52.804527 n-d-844595-1 devstack@n-api.service[103372]: INFO nova.api.openstack.requestlog [None req-a24bb522-c627-475f-8b66-0afcdf2c44be tempest-ServersAdminTestJSON-228814918 tempest-ServersAdminTestJSON-228814918-project] 10.222.0.48 "GET /compute/v2.1/servers/95337191-54ab-4522-a835-e7dbb28fc62f" status: 200 len: 1213 microversion: 2.1 time: 1.300770
Jun 03 15:09:52.805950 n-d-844595-1 devstack@n-api.service[103372]: [pid: 103372|app: 0|req: 31/73] 10.222.0.48 () {58 vars in 1235 bytes} [Fri Jun 3 15:09:51 2022] GET /compute/v2.1/servers/95337191-54ab-4522-a835-e7dbb28fc62f => generated 1213 bytes in 1305 msecs (HTTP/1.1 200) 9 headers in 358 bytes (1 switches on core 0)
Jun 03 15:09:52.814118 n-d-844595-1 devstack@n-api.service[103372]: DEBUG nova.api.openstack.wsgi [None req-6b13be03-85e1-4d32-b4d6-8fb7ab43851b tempest-FlavorsAccessNegativeTestJSON-2019721284 tempest-FlavorsAccessNegativeTestJSON-2019721284-project-admin] Calling method '>' {{(pid=103372) _process_stack /opt/stack/nova/nova/api/openstack/wsgi.py:513}}
Jun 03 15:09:52.818617 n-d-844595-1 devstack@n-api.service[103372]: /usr/local/lib/python3.8/dist-packages/oslo_policy/policy.py:1065: UserWarning: Policy os_compute_api:os-flavor-manage:delete failed scope check. The token used to make the request was project scoped but the policy requires ['system'] scope. This behavior may change in the future where using the intended scope is required
Jun 03 15:09:52.818617 n-d-844595-1 devstack@n-api.service[103372]: warnings.warn(msg)
Jun 03 15:09:52.851856 n-d-844595-1 devstack@n-api.service[103372]: INFO nova.api.openstack.requestlog [None req-6b13be03-85e1-4d32-b4d6-8fb7ab43851b tempest-FlavorsAccessNegativeTestJSON-2019721284 tempest-FlavorsAccessNegativeTestJSON-2019721284-project-admin] 10.222.0.48 "DELETE /compute/v2.1/flavors/843838819" status: 202 len: 0 microversion: 2.1 time: 0.044442
Jun 03 15:09:52.852870 n-d-844595-1 devstack@n-api.service[103372]: [pid: 103372|app: 0|req: 32/74] 10.222.0.48 () {58 vars in 1157 bytes} [Fri Jun 3 15:09:52 2022] DELETE /compute/v2.1/flavors/843838819 => generated 0 bytes in 46 msecs (HTTP/1.1 202) 9 headers in 361 bytes (1 switches on core 0)
Jun 03 15:09:52.868522 n-d-844595-1 devstack@n-api.service[103372]: DEBUG nova.api.openstack.wsgi [None req-d63f7d19-6ed5-4208-8058-0556a0184560 tempest-FlavorsV261TestJSON-1588778206 tempest-FlavorsV261TestJSON-1588778206-project-admin] Calling method '>' {{(pid=103372) _process_stack /opt/stack/nova/nova/api/openstack/wsgi.py:513}}
Jun 03 15:09:52.927988 n-d-844595-1 devstack@n-api.service[103372]: INFO nova.api.openstack.requestlog [None req-d63f7d19-6ed5-4208-8058-0556a0184560 tempest-FlavorsV261TestJSON-1588778206 tempest-FlavorsV261TestJSON-1588778206-project-admin] 10.222.0.48 "GET /compute/v2.1/flavors/detail" status: 200 len: 5791 microversion: 2.61 time: 0.073722
Jun 03 15:09:52.946222 n-d-844595-1 devstack@n-api.service[103372]: [pid: 103372|app: 0|req: 33/75] 10.222.0.48 () {60 vars in 1186 bytes} [Fri Jun 3 15:09:52 2022] GET /compute/v2.1/flavors/detail => generated 5791 bytes in 93 msecs (HTTP/1.1 200) 9 headers in 360 bytes (1 switches on core 0)
Jun 03 15:09:52.968867 n-d-844595-1 devstack@n-api.service[103372]: DEBUG nova.api.openstack.wsgi [None req-bd74b4d8-8cdf-4ebd-9e59-ae21eb8dd7c6 tempest-AggregatesAdminTestJSON-391870953 tempest-AggregatesAdminTestJSON-391870953-project] Calling method '>' {{(pid=103372) _process_stack /opt/stack/nova/nova/api/openstack/wsgi.py:513}}
Jun 03 15:09:52.971523 n-d-844595-1 devstack@n-api.service[103372]: DEBUG nova.compute.api [None req-bd74b4d8-8cdf-4ebd-9e59-ae21eb8dd7c6 tempest-AggregatesAdminTestJSON-391870953 tempest-AggregatesAdminTestJSON-391870953-project] [instance: 10b5c8d1-96e2-4483-b88c-eac5f66b9b5f] Fetching instance by UUID {{(pid=103372) get /opt/stack/nova/nova/compute/api.py:2813}}
Jun 03 15:09:52.992886 n-d-844595-1 devstack@n-api.service[103372]: DEBUG oslo_concurrency.lockutils [None req-bd74b4d8-8cdf-4ebd-9e59-ae21eb8dd7c6 tempest-AggregatesAdminTestJSON-391870953 tempest-AggregatesAdminTestJSON-391870953-project] Lock "9e5c8dc9-a22c-4d30-a8ff-5b76f661fe3c" acquired by "nova.context.set_target_cell..get_or_set_cached_cell_and_set_connections" :: waited 0.000s {{(pid=103372) inner /usr/local/lib/python3.8/dist-packages/oslo_concurrency/lockutils.py:355}}
Jun 03 15:09:52.994606 n-d-844595-1 devstack@n-api.service[103372]: DEBUG oslo_concurrency.lockutils [None req-bd74b4d8-8cdf-4ebd-9e59-ae21eb8dd7c6 tempest-AggregatesAdminTestJSON-391870953 tempest-AggregatesAdminTestJSON-391870953-project] Lock "9e5c8dc9-a22c-4d30-a8ff-5b76f661fe3c" released by "nova.context.set_target_cell..get_or_set_cached_cell_and_set_connections" :: held 0.002s {{(pid=103372) inner /usr/local/lib/python3.8/dist-packages/oslo_concurrency/lockutils.py:367}}
Jun 03 15:09:52.997516 n-d-844595-1 devstack@n-api.service[103372]: DEBUG oslo_concurrency.lockutils [None req-bd74b4d8-8cdf-4ebd-9e59-ae21eb8dd7c6 tempest-AggregatesAdminTestJSON-391870953 tempest-AggregatesAdminTestJSON-391870953-project] Lock "9e5c8dc9-a22c-4d30-a8ff-5b76f661fe3c" acquired by "nova.context.set_target_cell..get_or_set_cached_cell_and_set_connections" :: waited 0.000s {{(pid=103372) inner /usr/local/lib/python3.8/dist-packages/oslo_concurrency/lockutils.py:355}}
Jun 03 15:09:52.998854 n-d-844595-1 devstack@n-api.service[103372]: DEBUG oslo_concurrency.lockutils [None req-bd74b4d8-8cdf-4ebd-9e59-ae21eb8dd7c6 tempest-AggregatesAdminTestJSON-391870953 tempest-AggregatesAdminTestJSON-391870953-project] Lock "9e5c8dc9-a22c-4d30-a8ff-5b76f661fe3c" released by "nova.context.set_target_cell..get_or_set_cached_cell_and_set_connections" :: held 0.001s {{(pid=103372) inner /usr/local/lib/python3.8/dist-packages/oslo_concurrency/lockutils.py:367}}
Jun 03 15:09:53.727708 n-d-844595-1 devstack@n-api.service[103372]: DEBUG nova.policy [None req-bd74b4d8-8cdf-4ebd-9e59-ae21eb8dd7c6 tempest-AggregatesAdminTestJSON-391870953 tempest-AggregatesAdminTestJSON-391870953-project] Policy check for os_compute_api:os-extended-server-attributes failed with credentials {'is_admin': False, 'user_id': '8fd99edc46ce4181baa71e54810008eb', 'user_domain_id': 'default', 'system_scope': None, 'domain_id': None, 'project_id': '167462f0d27d41f29b29cb3a82b32217', 'project_domain_id': 'default', 'roles': ['reader', 'member'], 'is_admin_project': True, 'service_user_id': None, 'service_user_domain_id': None, 'service_project_id': None, 'service_project_domain_id': None, 'service_roles': []} {{(pid=103372) authorize /opt/stack/nova/nova/policy.py:199}}
Jun 03 15:09:53.744863 n-d-844595-1 devstack@n-api.service[103372]: INFO nova.api.openstack.requestlog [None req-bd74b4d8-8cdf-4ebd-9e59-ae21eb8dd7c6 tempest-AggregatesAdminTestJSON-391870953 tempest-AggregatesAdminTestJSON-391870953-project] 10.222.0.48 "GET /compute/v2.1/servers/10b5c8d1-96e2-4483-b88c-eac5f66b9b5f" status: 200 len: 1296 microversion: 2.1 time: 0.796965
Jun 03 15:09:53.756431 n-d-844595-1 devstack@n-api.service[103372]: [pid: 103372|app: 0|req: 34/76] 10.222.0.48 () {58 vars in 1235 bytes} [Fri Jun 3 15:09:52 2022] GET /compute/v2.1/servers/10b5c8d1-96e2-4483-b88c-eac5f66b9b5f => generated 1296 bytes in 809 msecs (HTTP/1.1 200) 9 headers in 358 bytes (1 switches on core 0)
Jun 03 15:09:53.767628 n-d-844595-1 devstack@n-api.service[103372]: DEBUG nova.api.openstack.wsgi [None req-bd44fa06-1ff7-47ea-8b8f-e0d9b0a8f2b1 tempest-FlavorsAccessNegativeTestJSON-2019721284 tempest-FlavorsAccessNegativeTestJSON-2019721284-project-admin] Calling method '>' {{(pid=103372) _process_stack /opt/stack/nova/nova/api/openstack/wsgi.py:513}}
Jun 03 15:09:53.841603 n-d-844595-1 devstack@n-api.service[103372]: INFO nova.api.openstack.requestlog [None req-bd44fa06-1ff7-47ea-8b8f-e0d9b0a8f2b1 tempest-FlavorsAccessNegativeTestJSON-2019721284 tempest-FlavorsAccessNegativeTestJSON-2019721284-project-admin] 10.222.0.48 "GET /compute/v2.1/flavors/detail" status: 200 len: 4991 microversion: 2.1 time: 0.082144
Jun 03 15:09:53.844528 n-d-844595-1 devstack@n-api.service[103372]: [pid: 103372|app: 0|req: 35/77] 10.222.0.48 () {58 vars in 1145 bytes} [Fri Jun 3 15:09:53 2022] GET /compute/v2.1/flavors/detail => generated 4991 bytes in 87 msecs (HTTP/1.1 200) 9 headers in 358 bytes (1 switches on core 0)
Jun 03 15:09:53.852551 n-d-844595-1 devstack@n-api.service[103372]: DEBUG nova.api.openstack.wsgi [None req-6f8aa1eb-eafb-48ab-82df-d5a453c58f25 tempest-ServersAdminTestJSON-228814918 tempest-ServersAdminTestJSON-228814918-project] Calling method '>' {{(pid=103372) _process_stack /opt/stack/nova/nova/api/openstack/wsgi.py:513}}
Jun 03 15:09:53.858201 n-d-844595-1 devstack@n-api.service[103372]: DEBUG nova.compute.api [None req-6f8aa1eb-eafb-48ab-82df-d5a453c58f25 tempest-ServersAdminTestJSON-228814918 tempest-ServersAdminTestJSON-228814918-project] [instance: 95337191-54ab-4522-a835-e7dbb28fc62f] Fetching instance by UUID {{(pid=103372) get /opt/stack/nova/nova/compute/api.py:2813}}
Jun 03 15:09:53.885140 n-d-844595-1 devstack@n-api.service[103372]: DEBUG oslo_concurrency.lockutils [None req-6f8aa1eb-eafb-48ab-82df-d5a453c58f25 tempest-ServersAdminTestJSON-228814918 tempest-ServersAdminTestJSON-228814918-project] Lock "9e5c8dc9-a22c-4d30-a8ff-5b76f661fe3c" acquired by "nova.context.set_target_cell..get_or_set_cached_cell_and_set_connections" :: waited 0.000s {{(pid=103372) inner /usr/local/lib/python3.8/dist-packages/oslo_concurrency/lockutils.py:355}}
Jun 03 15:09:53.885939 n-d-844595-1 devstack@n-api.service[103372]: DEBUG oslo_concurrency.lockutils [None req-6f8aa1eb-eafb-48ab-82df-d5a453c58f25 tempest-ServersAdminTestJSON-228814918 tempest-ServersAdminTestJSON-228814918-project] Lock "9e5c8dc9-a22c-4d30-a8ff-5b76f661fe3c" released by "nova.context.set_target_cell..get_or_set_cached_cell_and_set_connections" :: held 0.001s {{(pid=103372) inner /usr/local/lib/python3.8/dist-packages/oslo_concurrency/lockutils.py:367}}
Jun 03 15:09:53.889371 n-d-844595-1 devstack@n-api.service[103372]: DEBUG oslo_concurrency.lockutils [None req-6f8aa1eb-eafb-48ab-82df-d5a453c58f25 tempest-ServersAdminTestJSON-228814918 tempest-ServersAdminTestJSON-228814918-project] Lock "9e5c8dc9-a22c-4d30-a8ff-5b76f661fe3c" acquired by "nova.context.set_target_cell..get_or_set_cached_cell_and_set_connections" :: waited 0.000s {{(pid=103372) inner /usr/local/lib/python3.8/dist-packages/oslo_concurrency/lockutils.py:355}}
Jun 03 15:09:53.890744 n-d-844595-1 devstack@n-api.service[103372]: DEBUG oslo_concurrency.lockutils [None req-6f8aa1eb-eafb-48ab-82df-d5a453c58f25 tempest-ServersAdminTestJSON-228814918 tempest-ServersAdminTestJSON-228814918-project] Lock "9e5c8dc9-a22c-4d30-a8ff-5b76f661fe3c" released by "nova.context.set_target_cell..get_or_set_cached_cell_and_set_connections" :: held 0.001s {{(pid=103372) inner /usr/local/lib/python3.8/dist-packages/oslo_concurrency/lockutils.py:367}}
Jun 03 15:09:54.226068 n-d-844595-1 devstack@n-api.service[103372]: DEBUG nova.policy [None req-6f8aa1eb-eafb-48ab-82df-d5a453c58f25 tempest-ServersAdminTestJSON-228814918 tempest-ServersAdminTestJSON-228814918-project] Policy check for os_compute_api:os-extended-server-attributes failed with credentials {'is_admin': False, 'user_id': 'e8d75a4921b74d94bb143e999bd51135', 'user_domain_id': 'default', 'system_scope': None, 'domain_id': None, 'project_id': '913ae1f2ec924144a00c0fd3d58031eb', 'project_domain_id': 'default', 'roles': ['reader', 'member'], 'is_admin_project': True, 'service_user_id': None, 'service_user_domain_id': None, 'service_project_id': None, 'service_project_domain_id': None, 'service_roles': []} {{(pid=103372) authorize /opt/stack/nova/nova/policy.py:199}}
Jun 03 15:09:54.236549 n-d-844595-1 devstack@n-api.service[103372]: INFO nova.api.openstack.requestlog [None req-6f8aa1eb-eafb-48ab-82df-d5a453c58f25 tempest-ServersAdminTestJSON-228814918 tempest-ServersAdminTestJSON-228814918-project] 10.222.0.48 "GET /compute/v2.1/servers/95337191-54ab-4522-a835-e7dbb28fc62f" status: 200 len: 1273 microversion: 2.1 time: 0.387806
Jun 03 15:09:54.242682 n-d-844595-1 devstack@n-api.service[103372]: [pid: 103372|app: 0|req: 36/78] 10.222.0.48 () {58 vars in 1235 bytes} [Fri Jun 3 15:09:53 2022] GET /compute/v2.1/servers/95337191-54ab-4522-a835-e7dbb28fc62f => generated 1273 bytes in 397 msecs (HTTP/1.1 200) 9 headers in 358 bytes (1 switches on core 0)
Jun 03 15:09:54.251951 n-d-844595-1 devstack@n-api.service[103372]: DEBUG nova.api.openstack.wsgi [None req-f68b44d2-6694-4187-b2e6-81c288dbf5a5 tempest-FlavorsAccessNegativeTestJSON-2019721284 tempest-FlavorsAccessNegativeTestJSON-2019721284-project-admin] Action: 'create', calling method: >, body: {"flavor": {"ram": 512, "vcpus": 1, "disk": 10, "name": "tempest-FlavorsAccessNegativeTestJSON-flavor-952008433", "id": 1454825969, "os-flavor-access:is_public": "False"}} {{(pid=103372) _process_stack /opt/stack/nova/nova/api/openstack/wsgi.py:511}}
Jun 03 15:09:54.253947 n-d-844595-1 devstack@n-api.service[103372]: /usr/local/lib/python3.8/dist-packages/oslo_policy/policy.py:1065: UserWarning: Policy os_compute_api:os-flavor-manage:create failed scope check. The token used to make the request was project scoped but the policy requires ['system'] scope. This behavior may change in the future where using the intended scope is required
Jun 03 15:09:54.253947 n-d-844595-1 devstack@n-api.service[103372]: warnings.warn(msg)
Jun 03 15:09:54.272469 n-d-844595-1 devstack@n-api.service[103373]: DEBUG nova.policy [None req-ddd35f3e-7317-417a-9a25-d0e281aeb63c tempest-DeleteServersAdminTestJSON-170996747 tempest-DeleteServersAdminTestJSON-170996747-project] Policy check for os_compute_api:os-extended-server-attributes failed with credentials {'is_admin': False, 'user_id': 'b59d65c006f94a4fb2963cc04879a350', 'user_domain_id': 'default', 'system_scope': None, 'domain_id': None, 'project_id': 'c69570c344ce43bc9b3e17cb35cb59b7', 'project_domain_id': 'default', 'roles': ['reader', 'member'], 'is_admin_project': True, 'service_user_id': None, 'service_user_domain_id': None, 'service_project_id': None, 'service_project_domain_id': None, 'service_roles': []} {{(pid=103373) authorize /opt/stack/nova/nova/policy.py:199}}
Jun 03 15:09:54.291662 n-d-844595-1 devstack@n-api.service[103373]: INFO nova.api.openstack.requestlog [None req-ddd35f3e-7317-417a-9a25-d0e281aeb63c tempest-DeleteServersAdminTestJSON-170996747 tempest-DeleteServersAdminTestJSON-170996747-project] 10.222.0.48 "GET /compute/v2.1/servers/133c1ff7-9629-4592-99f5-695db3bac1f8" status: 200 len: 1341 microversion: 2.1 time: 2.910086
Jun 03 15:09:54.299374 n-d-844595-1 devstack@n-api.service[103373]: [pid: 103373|app: 0|req: 43/79] 10.222.0.48 () {58 vars in 1235 bytes} [Fri Jun 3 15:09:51 2022] GET /compute/v2.1/servers/133c1ff7-9629-4592-99f5-695db3bac1f8 => generated 1341 bytes in 2923 msecs (HTTP/1.1 200) 9 headers in 358 bytes (1 switches on core 0)
Jun 03 15:09:54.326794 n-d-844595-1 devstack@n-api.service[103372]: INFO nova.api.openstack.requestlog [None req-f68b44d2-6694-4187-b2e6-81c288dbf5a5 tempest-FlavorsAccessNegativeTestJSON-2019721284 tempest-FlavorsAccessNegativeTestJSON-2019721284-project-admin] 10.222.0.48 "POST /compute/v2.1/flavors" status: 200 len: 438 microversion: 2.1 time: 0.082445
Jun 03 15:09:54.327782 n-d-844595-1 devstack@n-api.service[103372]: [pid: 103372|app: 0|req: 37/80] 10.222.0.48 () {60 vars in 1146 bytes} [Fri Jun 3 15:09:54 2022] POST /compute/v2.1/flavors => generated 438 bytes in 84 msecs (HTTP/1.1 200) 9 headers in 357 bytes (1 switches on core 0)
Jun 03 15:09:55.290256 n-d-844595-1 devstack@n-api.service[103372]: DEBUG nova.api.openstack.wsgi [None req-2aa1a24f-34e1-4843-92c2-bf4e4cee6b27 tempest-FlavorsV255TestJSON-2118753701 tempest-FlavorsV255TestJSON-2118753701-project-admin] Action: 'create', calling method: >, body: {"flavor": {"ram": 512, "vcpus": 1, "disk": 10, "name": "tempest-FlavorsV255TestJSON-flavor-686717003", "id": 349293504, "os-flavor-access:is_public": "True"}} {{(pid=103372) _process_stack /opt/stack/nova/nova/api/openstack/wsgi.py:511}}
Jun 03 15:09:55.311552 n-d-844595-1 devstack@n-api.service[103373]: DEBUG nova.api.openstack.wsgi [None req-8ff1b9a3-0d09-48aa-9ba5-c330ceb56735 tempest-FlavorsAccessNegativeTestJSON-550552055 tempest-FlavorsAccessNegativeTestJSON-550552055-project] Action: 'action', calling method: >, body: {"addTenantAccess": {"tenant": "78a0e99d51e14a22aa6067c64af2845d"}} {{(pid=103373) _process_stack /opt/stack/nova/nova/api/openstack/wsgi.py:511}}
Jun 03 15:09:55.314258 n-d-844595-1 devstack@n-api.service[103373]: /usr/local/lib/python3.8/dist-packages/oslo_policy/policy.py:1065: UserWarning: Policy os_compute_api:os-flavor-access:add_tenant_access failed scope check. The token used to make the request was project scoped but the policy requires ['system'] scope. This behavior may change in the future where using the intended scope is required
Jun 03 15:09:55.314258 n-d-844595-1 devstack@n-api.service[103373]: warnings.warn(msg)
Jun 03 15:09:55.315764 n-d-844595-1 devstack@n-api.service[103373]: DEBUG nova.policy [None req-8ff1b9a3-0d09-48aa-9ba5-c330ceb56735 tempest-FlavorsAccessNegativeTestJSON-550552055 tempest-FlavorsAccessNegativeTestJSON-550552055-project] Policy check for os_compute_api:os-flavor-access:add_tenant_access failed with credentials {'is_admin': False, 'user_id': '713bf74d82cb40ffb3f038049f157e90', 'user_domain_id': 'default', 'system_scope': None, 'domain_id': None, 'project_id': '78a0e99d51e14a22aa6067c64af2845d', 'project_domain_id': 'default', 'roles': ['reader', 'member'], 'is_admin_project': True, 'service_user_id': None, 'service_user_domain_id': None, 'service_project_id': None, 'service_project_domain_id': None, 'service_roles': []} {{(pid=103373) authorize /opt/stack/nova/nova/policy.py:199}}
Jun 03 15:09:55.316664 n-d-844595-1 devstack@n-api.service[103373]: DEBUG nova.api.openstack.wsgi [None req-8ff1b9a3-0d09-48aa-9ba5-c330ceb56735 tempest-FlavorsAccessNegativeTestJSON-550552055 tempest-FlavorsAccessNegativeTestJSON-550552055-project] Returning 403 to user: Policy doesn't allow os_compute_api:os-flavor-access:add_tenant_access to be performed. {{(pid=103373) __call__ /opt/stack/nova/nova/api/openstack/wsgi.py:927}}
Jun 03 15:09:55.317739 n-d-844595-1 devstack@n-api.service[103373]: INFO nova.api.openstack.requestlog [None req-8ff1b9a3-0d09-48aa-9ba5-c330ceb56735 tempest-FlavorsAccessNegativeTestJSON-550552055 tempest-FlavorsAccessNegativeTestJSON-550552055-project] 10.222.0.48 "POST /compute/v2.1/flavors/1454825969/action" status: 403 len: 130 microversion: 2.1 time: 0.982724
Jun 03 15:09:55.327489 n-d-844595-1 devstack@n-api.service[103373]: [pid: 103373|app: 0|req: 44/81] 10.222.0.48 () {60 vars in 1199 bytes} [Fri Jun 3 15:09:54 2022] POST /compute/v2.1/flavors/1454825969/action => generated 130 bytes in 993 msecs (HTTP/1.1 403) 9 headers in 379 bytes (1 switches on core 0)
Jun 03 15:09:55.335566 n-d-844595-1 devstack@n-api.service[103373]: DEBUG nova.api.openstack.wsgi [None req-5115a6ad-75a9-4841-bbbc-9a9010a92927 tempest-AggregatesAdminTestJSON-391870953 tempest-AggregatesAdminTestJSON-391870953-project] Calling method '>' {{(pid=103373) _process_stack /opt/stack/nova/nova/api/openstack/wsgi.py:513}}
Jun 03 15:09:55.341329 n-d-844595-1 devstack@n-api.service[103373]: DEBUG nova.compute.api [None req-5115a6ad-75a9-4841-bbbc-9a9010a92927 tempest-AggregatesAdminTestJSON-391870953 tempest-AggregatesAdminTestJSON-391870953-project] [instance: 10b5c8d1-96e2-4483-b88c-eac5f66b9b5f] Fetching instance by UUID {{(pid=103373) get /opt/stack/nova/nova/compute/api.py:2813}}
Jun 03 15:09:55.368920 n-d-844595-1 devstack@n-api.service[103372]: INFO nova.api.openstack.requestlog [None req-2aa1a24f-34e1-4843-92c2-bf4e4cee6b27 tempest-FlavorsV255TestJSON-2118753701 tempest-FlavorsV255TestJSON-2118753701-project-admin] 10.222.0.48 "POST /compute/v2.1/flavors" status: 200 len: 445 microversion: 2.55 time: 0.636004
Jun 03 15:09:55.373696 n-d-844595-1 devstack@n-api.service[103373]: DEBUG oslo_concurrency.lockutils [None req-5115a6ad-75a9-4841-bbbc-9a9010a92927 tempest-AggregatesAdminTestJSON-391870953 tempest-AggregatesAdminTestJSON-391870953-project] Lock "9e5c8dc9-a22c-4d30-a8ff-5b76f661fe3c" acquired by "nova.context.set_target_cell..get_or_set_cached_cell_and_set_connections" :: waited 0.000s {{(pid=103373) inner /usr/local/lib/python3.8/dist-packages/oslo_concurrency/lockutils.py:355}}
Jun 03 15:09:55.377455 n-d-844595-1 devstack@n-api.service[103373]: DEBUG oslo_concurrency.lockutils [None req-5115a6ad-75a9-4841-bbbc-9a9010a92927 tempest-AggregatesAdminTestJSON-391870953 tempest-AggregatesAdminTestJSON-391870953-project] Lock "9e5c8dc9-a22c-4d30-a8ff-5b76f661fe3c" released by "nova.context.set_target_cell..get_or_set_cached_cell_and_set_connections" :: held 0.004s {{(pid=103373) inner /usr/local/lib/python3.8/dist-packages/oslo_concurrency/lockutils.py:367}}
Jun 03 15:09:55.378694 n-d-844595-1 devstack@n-api.service[103372]: [pid: 103372|app: 0|req: 38/82] 10.222.0.48 () {62 vars in 1187 bytes} [Fri Jun 3 15:09:54 2022] POST /compute/v2.1/flavors => generated 445 bytes in 646 msecs (HTTP/1.1 200) 9 headers in 359 bytes (2 switches on core 0)
Jun 03 15:09:55.382711 n-d-844595-1 devstack@n-api.service[103373]: DEBUG oslo_concurrency.lockutils [None req-5115a6ad-75a9-4841-bbbc-9a9010a92927 tempest-AggregatesAdminTestJSON-391870953 tempest-AggregatesAdminTestJSON-391870953-project] Lock "9e5c8dc9-a22c-4d30-a8ff-5b76f661fe3c" acquired by "nova.context.set_target_cell..get_or_set_cached_cell_and_set_connections" :: waited 0.000s {{(pid=103373) inner /usr/local/lib/python3.8/dist-packages/oslo_concurrency/lockutils.py:355}}
Jun 03 15:09:55.383485 n-d-844595-1 devstack@n-api.service[103373]: DEBUG oslo_concurrency.lockutils [None req-5115a6ad-75a9-4841-bbbc-9a9010a92927 tempest-AggregatesAdminTestJSON-391870953 tempest-AggregatesAdminTestJSON-391870953-project] Lock "9e5c8dc9-a22c-4d30-a8ff-5b76f661fe3c" released by "nova.context.set_target_cell..get_or_set_cached_cell_and_set_connections" :: held 0.002s {{(pid=103373) inner /usr/local/lib/python3.8/dist-packages/oslo_concurrency/lockutils.py:367}}
Jun 03 15:09:55.388030 n-d-844595-1 devstack@n-api.service[103372]: DEBUG nova.api.openstack.wsgi [None req-72e4ef46-7856-497a-83ed-4a91b94210ae tempest-ServersAdminTestJSON-228814918 tempest-ServersAdminTestJSON-228814918-project] Calling method '>' {{(pid=103372) _process_stack /opt/stack/nova/nova/api/openstack/wsgi.py:513}}
Jun 03 15:09:55.398828 n-d-844595-1 devstack@n-api.service[103372]: DEBUG nova.compute.api [None req-72e4ef46-7856-497a-83ed-4a91b94210ae tempest-ServersAdminTestJSON-228814918 tempest-ServersAdminTestJSON-228814918-project] [instance: 95337191-54ab-4522-a835-e7dbb28fc62f] Fetching instance by UUID {{(pid=103372) get /opt/stack/nova/nova/compute/api.py:2813}}
Jun 03 15:09:55.425495 n-d-844595-1 devstack@n-api.service[103372]: DEBUG oslo_concurrency.lockutils [None req-72e4ef46-7856-497a-83ed-4a91b94210ae tempest-ServersAdminTestJSON-228814918 tempest-ServersAdminTestJSON-228814918-project] Lock "9e5c8dc9-a22c-4d30-a8ff-5b76f661fe3c" acquired by "nova.context.set_target_cell..get_or_set_cached_cell_and_set_connections" :: waited 0.000s {{(pid=103372) inner /usr/local/lib/python3.8/dist-packages/oslo_concurrency/lockutils.py:355}}
Jun 03 15:09:55.433460 n-d-844595-1 devstack@n-api.service[103372]: DEBUG oslo_concurrency.lockutils [None req-72e4ef46-7856-497a-83ed-4a91b94210ae tempest-ServersAdminTestJSON-228814918 tempest-ServersAdminTestJSON-228814918-project] Lock "9e5c8dc9-a22c-4d30-a8ff-5b76f661fe3c" released by "nova.context.set_target_cell..get_or_set_cached_cell_and_set_connections" :: held 0.007s {{(pid=103372) inner /usr/local/lib/python3.8/dist-packages/oslo_concurrency/lockutils.py:367}}
Jun 03 15:09:55.435552 n-d-844595-1 devstack@n-api.service[103372]: DEBUG oslo_concurrency.lockutils [None req-72e4ef46-7856-497a-83ed-4a91b94210ae tempest-ServersAdminTestJSON-228814918 tempest-ServersAdminTestJSON-228814918-project] Lock "9e5c8dc9-a22c-4d30-a8ff-5b76f661fe3c" acquired by "nova.context.set_target_cell..get_or_set_cached_cell_and_set_connections" :: waited 0.000s {{(pid=103372) inner /usr/local/lib/python3.8/dist-packages/oslo_concurrency/lockutils.py:355}}
Jun 03 15:09:55.437581 n-d-844595-1 devstack@n-api.service[103372]: DEBUG oslo_concurrency.lockutils [None req-72e4ef46-7856-497a-83ed-4a91b94210ae tempest-ServersAdminTestJSON-228814918 tempest-ServersAdminTestJSON-228814918-project] Lock "9e5c8dc9-a22c-4d30-a8ff-5b76f661fe3c" released by "nova.context.set_target_cell..get_or_set_cached_cell_and_set_connections" :: held 0.002s {{(pid=103372) inner /usr/local/lib/python3.8/dist-packages/oslo_concurrency/lockutils.py:367}}
Jun 03 15:09:56.142735 n-d-844595-1 devstack@n-api.service[103372]: DEBUG nova.policy [None req-72e4ef46-7856-497a-83ed-4a91b94210ae tempest-ServersAdminTestJSON-228814918 tempest-ServersAdminTestJSON-228814918-project] Policy check for os_compute_api:os-extended-server-attributes failed with credentials {'is_admin': False, 'user_id': 'e8d75a4921b74d94bb143e999bd51135', 'user_domain_id': 'default', 'system_scope': None, 'domain_id': None, 'project_id': '913ae1f2ec924144a00c0fd3d58031eb', 'project_domain_id': 'default', 'roles': ['reader', 'member'], 'is_admin_project': True, 'service_user_id': None, 'service_user_domain_id': None, 'service_project_id': None, 'service_project_domain_id': None, 'service_roles': []} {{(pid=103372) authorize /opt/stack/nova/nova/policy.py:199}}
Jun 03 15:09:56.154667 n-d-844595-1 devstack@n-api.service[103372]: INFO nova.api.openstack.requestlog [None req-72e4ef46-7856-497a-83ed-4a91b94210ae tempest-ServersAdminTestJSON-228814918 tempest-ServersAdminTestJSON-228814918-project] 10.222.0.48 "GET /compute/v2.1/servers/95337191-54ab-4522-a835-e7dbb28fc62f" status: 200 len: 1271 microversion: 2.1 time: 0.774599
Jun 03 15:09:56.159101 n-d-844595-1 devstack@n-api.service[103372]: [pid: 103372|app: 0|req: 39/83] 10.222.0.48 () {58 vars in 1235 bytes} [Fri Jun 3 15:09:55 2022] GET /compute/v2.1/servers/95337191-54ab-4522-a835-e7dbb28fc62f => generated 1271 bytes in 779 msecs (HTTP/1.1 200) 9 headers in 358 bytes (1 switches on core 0)
Jun 03 15:09:56.170483 n-d-844595-1 devstack@n-api.service[103372]: DEBUG nova.api.openstack.wsgi [None req-bb54c96d-4aed-47dd-8a4c-2c963743fbcf tempest-DeleteServersAdminTestJSON-170996747 tempest-DeleteServersAdminTestJSON-170996747-project] Calling method '>' {{(pid=103372) _process_stack /opt/stack/nova/nova/api/openstack/wsgi.py:513}}
Jun 03 15:09:56.171227 n-d-844595-1 devstack@n-api.service[103372]: DEBUG nova.compute.api [None req-bb54c96d-4aed-47dd-8a4c-2c963743fbcf tempest-DeleteServersAdminTestJSON-170996747 tempest-DeleteServersAdminTestJSON-170996747-project] [instance: 133c1ff7-9629-4592-99f5-695db3bac1f8] Fetching instance by UUID {{(pid=103372) get /opt/stack/nova/nova/compute/api.py:2813}}
Jun 03 15:09:56.191469 n-d-844595-1 devstack@n-api.service[103372]: DEBUG oslo_concurrency.lockutils [None req-bb54c96d-4aed-47dd-8a4c-2c963743fbcf tempest-DeleteServersAdminTestJSON-170996747 tempest-DeleteServersAdminTestJSON-170996747-project] Lock "9e5c8dc9-a22c-4d30-a8ff-5b76f661fe3c" acquired by "nova.context.set_target_cell..get_or_set_cached_cell_and_set_connections" :: waited 0.000s {{(pid=103372) inner /usr/local/lib/python3.8/dist-packages/oslo_concurrency/lockutils.py:355}}
Jun 03 15:09:56.191826 n-d-844595-1 devstack@n-api.service[103372]: DEBUG oslo_concurrency.lockutils [None req-bb54c96d-4aed-47dd-8a4c-2c963743fbcf tempest-DeleteServersAdminTestJSON-170996747 tempest-DeleteServersAdminTestJSON-170996747-project] Lock "9e5c8dc9-a22c-4d30-a8ff-5b76f661fe3c" released by "nova.context.set_target_cell..get_or_set_cached_cell_and_set_connections" :: held 0.001s {{(pid=103372) inner /usr/local/lib/python3.8/dist-packages/oslo_concurrency/lockutils.py:367}}
Jun 03 15:09:56.192652 n-d-844595-1 devstack@n-api.service[103372]: DEBUG oslo_concurrency.lockutils [None req-bb54c96d-4aed-47dd-8a4c-2c963743fbcf tempest-DeleteServersAdminTestJSON-170996747 tempest-DeleteServersAdminTestJSON-170996747-project] Lock "9e5c8dc9-a22c-4d30-a8ff-5b76f661fe3c" acquired by "nova.context.set_target_cell..get_or_set_cached_cell_and_set_connections" :: waited 0.000s {{(pid=103372) inner /usr/local/lib/python3.8/dist-packages/oslo_concurrency/lockutils.py:355}}
Jun 03 15:09:56.193092 n-d-844595-1 devstack@n-api.service[103372]: DEBUG oslo_concurrency.lockutils [None req-bb54c96d-4aed-47dd-8a4c-2c963743fbcf tempest-DeleteServersAdminTestJSON-170996747 tempest-DeleteServersAdminTestJSON-170996747-project] Lock "9e5c8dc9-a22c-4d30-a8ff-5b76f661fe3c" released by "nova.context.set_target_cell..get_or_set_cached_cell_and_set_connections" :: held 0.000s {{(pid=103372) inner /usr/local/lib/python3.8/dist-packages/oslo_concurrency/lockutils.py:367}}
Jun 03 15:09:57.923378 n-d-844595-1 devstack@n-api.service[103372]: DEBUG nova.policy [None req-bb54c96d-4aed-47dd-8a4c-2c963743fbcf tempest-DeleteServersAdminTestJSON-170996747 tempest-DeleteServersAdminTestJSON-170996747-project] Policy check for os_compute_api:os-extended-server-attributes failed with credentials {'is_admin': False, 'user_id': 'b59d65c006f94a4fb2963cc04879a350', 'user_domain_id': 'default', 'system_scope': None, 'domain_id': None, 'project_id': 'c69570c344ce43bc9b3e17cb35cb59b7', 'project_domain_id': 'default', 'roles': ['reader', 'member'], 'is_admin_project': True, 'service_user_id': None, 'service_user_domain_id': None, 'service_project_id': None, 'service_project_domain_id': None, 'service_roles': []} {{(pid=103372) authorize /opt/stack/nova/nova/policy.py:199}}
Jun 03 15:09:57.941672 n-d-844595-1 devstack@n-api.service[103372]: INFO nova.api.openstack.requestlog [None req-bb54c96d-4aed-47dd-8a4c-2c963743fbcf tempest-DeleteServersAdminTestJSON-170996747 tempest-DeleteServersAdminTestJSON-170996747-project] 10.222.0.48 "GET /compute/v2.1/servers/133c1ff7-9629-4592-99f5-695db3bac1f8" status: 200 len: 1341 microversion: 2.1 time: 1.781255
Jun 03 15:09:57.943979 n-d-844595-1 devstack@n-api.service[103372]: [pid: 103372|app: 0|req: 40/84] 10.222.0.48 () {58 vars in 1235 bytes} [Fri Jun 3 15:09:56 2022] GET /compute/v2.1/servers/133c1ff7-9629-4592-99f5-695db3bac1f8 => generated 1341 bytes in 1784 msecs (HTTP/1.1 200) 9 headers in 358 bytes (1 switches on core 0)
Jun 03 15:09:57.953209 n-d-844595-1 devstack@n-api.service[103372]: DEBUG nova.api.openstack.wsgi [None req-25201433-474b-49b8-83c1-ae8d250bf3c6 tempest-FlavorsAccessNegativeTestJSON-2019721284 tempest-FlavorsAccessNegativeTestJSON-2019721284-project-admin] Calling method '>' {{(pid=103372) _process_stack /opt/stack/nova/nova/api/openstack/wsgi.py:513}}
Jun 03 15:09:57.955220 n-d-844595-1 devstack@n-api.service[103372]: /usr/local/lib/python3.8/dist-packages/oslo_policy/policy.py:1065: UserWarning: Policy os_compute_api:os-flavor-manage:delete failed scope check. The token used to make the request was project scoped but the policy requires ['system'] scope. This behavior may change in the future where using the intended scope is required
Jun 03 15:09:57.955220 n-d-844595-1 devstack@n-api.service[103372]: warnings.warn(msg)
Jun 03 15:09:57.997230 n-d-844595-1 devstack@n-api.service[103372]: INFO nova.api.openstack.requestlog [None req-25201433-474b-49b8-83c1-ae8d250bf3c6 tempest-FlavorsAccessNegativeTestJSON-2019721284 tempest-FlavorsAccessNegativeTestJSON-2019721284-project-admin] 10.222.0.48 "DELETE /compute/v2.1/flavors/1454825969" status: 202 len: 0 microversion: 2.1 time: 0.051718
Jun 03 15:09:57.998347 n-d-844595-1 devstack@n-api.service[103372]: [pid: 103372|app: 0|req: 41/85] 10.222.0.48 () {58 vars in 1160 bytes} [Fri Jun 3 15:09:57 2022] DELETE /compute/v2.1/flavors/1454825969 => generated 0 bytes in 53 msecs (HTTP/1.1 202) 9 headers in 361 bytes (1 switches on core 0)
Jun 03 15:09:58.403724 n-d-844595-1 devstack@n-api.service[103373]: DEBUG nova.policy [None req-5115a6ad-75a9-4841-bbbc-9a9010a92927 tempest-AggregatesAdminTestJSON-391870953 tempest-AggregatesAdminTestJSON-391870953-project] Policy check for os_compute_api:os-extended-server-attributes failed with credentials {'is_admin': False, 'user_id': '8fd99edc46ce4181baa71e54810008eb', 'user_domain_id': 'default', 'system_scope': None, 'domain_id': None, 'project_id': '167462f0d27d41f29b29cb3a82b32217', 'project_domain_id': 'default', 'roles': ['reader', 'member'], 'is_admin_project': True, 'service_user_id': None, 'service_user_domain_id': None, 'service_project_id': None, 'service_project_domain_id': None, 'service_roles': []} {{(pid=103373) authorize /opt/stack/nova/nova/policy.py:199}}
Jun 03 15:09:58.426379 n-d-844595-1 devstack@n-api.service[103373]: INFO nova.api.openstack.requestlog [None req-5115a6ad-75a9-4841-bbbc-9a9010a92927 tempest-AggregatesAdminTestJSON-391870953 tempest-AggregatesAdminTestJSON-391870953-project] 10.222.0.48 "GET /compute/v2.1/servers/10b5c8d1-96e2-4483-b88c-eac5f66b9b5f" status: 200 len: 1338 microversion: 2.1 time: 3.097261
Jun 03 15:09:58.433439 n-d-844595-1 devstack@n-api.service[103373]: [pid: 103373|app: 0|req: 45/86] 10.222.0.48 () {58 vars in 1235 bytes} [Fri Jun 3 15:09:55 2022] GET /compute/v2.1/servers/10b5c8d1-96e2-4483-b88c-eac5f66b9b5f => generated 1338 bytes in 3105 msecs (HTTP/1.1 200) 9 headers in 358 bytes (1 switches on core 0)
Jun 03 15:09:58.498025 n-d-844595-1 devstack@n-api.service[103373]: DEBUG nova.api.openstack.wsgi [None req-9a3717b3-d7eb-4baa-b446-180c2a931aae tempest-ServersAdminTestJSON-228814918 tempest-ServersAdminTestJSON-228814918-project] Calling method '>' {{(pid=103373) _process_stack /opt/stack/nova/nova/api/openstack/wsgi.py:513}}
Jun 03 15:09:58.499850 n-d-844595-1 devstack@n-api.service[103373]: DEBUG nova.compute.api [None req-9a3717b3-d7eb-4baa-b446-180c2a931aae tempest-ServersAdminTestJSON-228814918 tempest-ServersAdminTestJSON-228814918-project] [instance: 95337191-54ab-4522-a835-e7dbb28fc62f] Fetching instance by UUID {{(pid=103373) get /opt/stack/nova/nova/compute/api.py:2813}}
Jun 03 15:09:58.530601 n-d-844595-1 devstack@n-api.service[103372]: DEBUG nova.api.openstack.wsgi [None req-42bfa38d-5894-4351-9583-2d1db4fc40d5 tempest-FlavorsV255TestJSON-2126303121 tempest-FlavorsV255TestJSON-2126303121-project] Calling method '>' {{(pid=103372) _process_stack /opt/stack/nova/nova/api/openstack/wsgi.py:513}}
Jun 03 15:09:58.530823 n-d-844595-1 devstack@n-api.service[103373]: DEBUG oslo_concurrency.lockutils [None req-9a3717b3-d7eb-4baa-b446-180c2a931aae tempest-ServersAdminTestJSON-228814918 tempest-ServersAdminTestJSON-228814918-project] Lock "9e5c8dc9-a22c-4d30-a8ff-5b76f661fe3c" acquired by "nova.context.set_target_cell..get_or_set_cached_cell_and_set_connections" :: waited 0.000s {{(pid=103373) inner /usr/local/lib/python3.8/dist-packages/oslo_concurrency/lockutils.py:355}}
