Aug 09 14:53:14.801427 n-d-844565-9 devstack@placement-api.service[117004]: DEBUG placement.handlers.allocation [req-4c9223b6-b108-4178-aee7-ff7a9cb5209b req-3d1b8d81-4a9d-45a6-ad9f-e906402fdd87 service placement] Successfully wrote allocations [, , ] {{(pid=117004) _update_consumers_and_create_allocations /opt/stack/placement/placement/handlers/allocation.py:462}}
Aug 09 14:53:14.808481 n-d-844565-9 devstack@placement-api.service[117004]: INFO placement.requestlog [req-4c9223b6-b108-4178-aee7-ff7a9cb5209b req-3d1b8d81-4a9d-45a6-ad9f-e906402fdd87 service placement] 10.222.0.36 "PUT /placement/allocations/88c87cc3-d698-4b6a-98bb-10aaee33dd71" status: 204 len: 0 microversion: 1.36
Aug 09 14:53:14.809004 n-d-844565-9 devstack@placement-api.service[117004]: [pid: 117004|app: 0|req: 86/173] 10.222.0.36 () {64 vars in 1433 bytes} [Tue Aug 9 14:53:14 2022] PUT /placement/allocations/88c87cc3-d698-4b6a-98bb-10aaee33dd71 => generated 0 bytes in 186 msecs (HTTP/1.1 204) 5 headers in 199 bytes (1 switches on core 0)
Aug 09 14:53:15.782955 n-d-844565-9 devstack@placement-api.service[117005]: DEBUG placement.requestlog [req-556048c2-65e3-4eea-ac98-4936c3f603f0 req-0a79b84b-7bee-426c-8fd3-8342b6e65d43 None None] Starting request: 10.222.0.36 "GET /placement/allocation_candidates?limit=1000&resources=DISK_GB%3A1%2CMEMORY_MB%3A1024%2CVCPU%3A1&root_required=%21COMPUTE_STATUS_DISABLED" {{(pid=117005) __call__ /opt/stack/placement/placement/requestlog.py:55}}
Aug 09 14:53:15.841323 n-d-844565-9 devstack@placement-api.service[117005]: DEBUG placement.objects.research_context [req-556048c2-65e3-4eea-ac98-4936c3f603f0 req-0a79b84b-7bee-426c-8fd3-8342b6e65d43 service placement] getting providers with 1 DISK_GB {{(pid=117005) __init__ /opt/stack/placement/placement/objects/research_context.py:136}}
Aug 09 14:53:15.847983 n-d-844565-9 devstack@placement-api.service[117005]: DEBUG placement.objects.research_context [req-556048c2-65e3-4eea-ac98-4936c3f603f0 req-0a79b84b-7bee-426c-8fd3-8342b6e65d43 service placement] getting providers with 1024 MEMORY_MB {{(pid=117005) __init__ /opt/stack/placement/placement/objects/research_context.py:136}}
Aug 09 14:53:15.854595 n-d-844565-9 devstack@placement-api.service[117005]: DEBUG placement.objects.research_context [req-556048c2-65e3-4eea-ac98-4936c3f603f0 req-0a79b84b-7bee-426c-8fd3-8342b6e65d43 service placement] getting providers with 1 VCPU {{(pid=117005) __init__ /opt/stack/placement/placement/objects/research_context.py:136}}
Aug 09 14:53:15.862257 n-d-844565-9 devstack@placement-api.service[117005]: DEBUG placement.objects.research_context [req-556048c2-65e3-4eea-ac98-4936c3f603f0 req-0a79b84b-7bee-426c-8fd3-8342b6e65d43 service placement] found 2 providers with available 1 DISK_GB {{(pid=117005) get_provider_ids_matching /opt/stack/placement/placement/objects/research_context.py:563}}
Aug 09 14:53:15.862717 n-d-844565-9 devstack@placement-api.service[117005]: DEBUG placement.objects.research_context [req-556048c2-65e3-4eea-ac98-4936c3f603f0 req-0a79b84b-7bee-426c-8fd3-8342b6e65d43 service placement] found 2 providers with available 1024 MEMORY_MB {{(pid=117005) get_provider_ids_matching /opt/stack/placement/placement/objects/research_context.py:563}}
Aug 09 14:53:15.863142 n-d-844565-9 devstack@placement-api.service[117005]: DEBUG placement.objects.research_context [req-556048c2-65e3-4eea-ac98-4936c3f603f0 req-0a79b84b-7bee-426c-8fd3-8342b6e65d43 service placement] found 2 providers after filtering by previous result {{(pid=117005) get_provider_ids_matching /opt/stack/placement/placement/objects/research_context.py:594}}
Aug 09 14:53:15.863558 n-d-844565-9 devstack@placement-api.service[117005]: DEBUG placement.objects.research_context [req-556048c2-65e3-4eea-ac98-4936c3f603f0 req-0a79b84b-7bee-426c-8fd3-8342b6e65d43 service placement] found 2 providers with available 1 VCPU {{(pid=117005) get_provider_ids_matching /opt/stack/placement/placement/objects/research_context.py:563}}
Aug 09 14:53:15.864168 n-d-844565-9 devstack@placement-api.service[117005]: DEBUG placement.objects.research_context [req-556048c2-65e3-4eea-ac98-4936c3f603f0 req-0a79b84b-7bee-426c-8fd3-8342b6e65d43 service placement] found 2 providers after filtering by previous result {{(pid=117005) get_provider_ids_matching /opt/stack/placement/placement/objects/research_context.py:594}}
Aug 09 14:53:15.891130 n-d-844565-9 devstack@placement-api.service[117005]: DEBUG placement.objects.allocation_candidate [req-556048c2-65e3-4eea-ac98-4936c3f603f0 req-0a79b84b-7bee-426c-8fd3-8342b6e65d43 service placement] RequestGroup(use_same_provider=False, resources={DISK_GB:1, MEMORY_MB:1024, VCPU:1}, traits=(), aggregates=[]) (suffix '') returned 2 matches {{(pid=117005) _get_by_requests /opt/stack/placement/placement/objects/allocation_candidate.py:156}}
Aug 09 14:53:15.892291 n-d-844565-9 devstack@placement-api.service[117005]: DEBUG placement.objects.allocation_candidate [req-556048c2-65e3-4eea-ac98-4936c3f603f0 req-0a79b84b-7bee-426c-8fd3-8342b6e65d43 service placement] Merging candidates yields 2 allocation requests and 2 provider summaries {{(pid=117005) _merge_candidates /opt/stack/placement/placement/objects/allocation_candidate.py:809}}
Aug 09 14:53:15.896045 n-d-844565-9 devstack@placement-api.service[117005]: INFO placement.requestlog [req-556048c2-65e3-4eea-ac98-4936c3f603f0 req-0a79b84b-7bee-426c-8fd3-8342b6e65d43 service placement] 10.222.0.36 "GET /placement/allocation_candidates?limit=1000&resources=DISK_GB%3A1%2CMEMORY_MB%3A1024%2CVCPU%3A1&root_required=%21COMPUTE_STATUS_DISABLED" status: 200 len: 1309 microversion: 1.36
Aug 09 14:53:15.902613 n-d-844565-9 devstack@placement-api.service[117005]: [pid: 117005|app: 0|req: 88/174] 10.222.0.36 () {60 vars in 1506 bytes} [Tue Aug 9 14:53:15 2022] GET /placement/allocation_candidates?limit=1000&resources=DISK_GB%3A1%2CMEMORY_MB%3A1024%2CVCPU%3A1&root_required=%21COMPUTE_STATUS_DISABLED => generated 1309 bytes in 115 msecs (HTTP/1.1 200) 8 headers in 297 bytes (1 switches on core 0)
Aug 09 14:53:16.007343 n-d-844565-9 devstack@placement-api.service[117004]: DEBUG placement.requestlog [req-556048c2-65e3-4eea-ac98-4936c3f603f0 req-af413560-18ed-4796-bbf1-0d35e8e7ce08 None None] Starting request: 10.222.0.36 "GET /placement/allocations/44a46d4c-8f83-4ee7-8d15-52cecf90cadd" {{(pid=117004) __call__ /opt/stack/placement/placement/requestlog.py:55}}
Aug 09 14:53:16.025817 n-d-844565-9 devstack@placement-api.service[117004]: INFO placement.requestlog [req-556048c2-65e3-4eea-ac98-4936c3f603f0 req-af413560-18ed-4796-bbf1-0d35e8e7ce08 service placement] 10.222.0.36 "GET /placement/allocations/44a46d4c-8f83-4ee7-8d15-52cecf90cadd" status: 200 len: 19 microversion: 1.28
Aug 09 14:53:16.027282 n-d-844565-9 devstack@placement-api.service[117004]: [pid: 117004|app: 0|req: 87/175] 10.222.0.36 () {60 vars in 1380 bytes} [Tue Aug 9 14:53:16 2022] GET /placement/allocations/44a46d4c-8f83-4ee7-8d15-52cecf90cadd => generated 19 bytes in 20 msecs (HTTP/1.1 200) 8 headers in 295 bytes (1 switches on core 0)
Aug 09 14:53:16.033909 n-d-844565-9 devstack@placement-api.service[117005]: DEBUG placement.requestlog [req-556048c2-65e3-4eea-ac98-4936c3f603f0 req-59a092a9-70f1-4108-9bc2-1946f60da804 None None] Starting request: 10.222.0.36 "PUT /placement/allocations/44a46d4c-8f83-4ee7-8d15-52cecf90cadd" {{(pid=117005) __call__ /opt/stack/placement/placement/requestlog.py:55}}
Aug 09 14:53:16.164678 n-d-844565-9 devstack@placement-api.service[117005]: DEBUG placement.handlers.allocation [req-556048c2-65e3-4eea-ac98-4936c3f603f0 req-59a092a9-70f1-4108-9bc2-1946f60da804 service placement] Successfully wrote allocations [, , ] {{(pid=117005) _update_consumers_and_create_allocations /opt/stack/placement/placement/handlers/allocation.py:462}}
Aug 09 14:53:16.170754 n-d-844565-9 devstack@placement-api.service[117005]: INFO placement.requestlog [req-556048c2-65e3-4eea-ac98-4936c3f603f0 req-59a092a9-70f1-4108-9bc2-1946f60da804 service placement] 10.222.0.36 "PUT /placement/allocations/44a46d4c-8f83-4ee7-8d15-52cecf90cadd" status: 204 len: 0 microversion: 1.36
Aug 09 14:53:16.171634 n-d-844565-9 devstack@placement-api.service[117005]: [pid: 117005|app: 0|req: 89/176] 10.222.0.36 () {64 vars in 1433 bytes} [Tue Aug 9 14:53:16 2022] PUT /placement/allocations/44a46d4c-8f83-4ee7-8d15-52cecf90cadd => generated 0 bytes in 138 msecs (HTTP/1.1 204) 5 headers in 199 bytes (1 switches on core 0)
Aug 09 14:53:16.626776 n-d-844565-9 devstack@placement-api.service[117004]: DEBUG placement.requestlog [req-4c9223b6-b108-4178-aee7-ff7a9cb5209b req-f99e0169-17ee-4280-87cc-99ee4e546950 None None] Starting request: 10.222.0.47 "GET /placement/allocations/88c87cc3-d698-4b6a-98bb-10aaee33dd71" {{(pid=117004) __call__ /opt/stack/placement/placement/requestlog.py:55}}
Aug 09 14:53:16.660211 n-d-844565-9 devstack@placement-api.service[117004]: INFO placement.requestlog [req-4c9223b6-b108-4178-aee7-ff7a9cb5209b req-f99e0169-17ee-4280-87cc-99ee4e546950 service placement] 10.222.0.47 "GET /placement/allocations/88c87cc3-d698-4b6a-98bb-10aaee33dd71" status: 200 len: 259 microversion: 1.28
Aug 09 14:53:16.661879 n-d-844565-9 devstack@placement-api.service[117004]: [pid: 117004|app: 0|req: 88/177] 10.222.0.47 () {60 vars in 1377 bytes} [Tue Aug 9 14:53:16 2022] GET /placement/allocations/88c87cc3-d698-4b6a-98bb-10aaee33dd71 => generated 259 bytes in 35 msecs (HTTP/1.1 200) 8 headers in 296 bytes (1 switches on core 0)
Aug 09 14:53:16.962712 n-d-844565-9 devstack@placement-api.service[117005]: DEBUG placement.requestlog [req-556048c2-65e3-4eea-ac98-4936c3f603f0 req-da9adea5-0a62-4561-8b5a-e71703567d5c None None] Starting request: 10.222.0.47 "GET /placement/allocations/44a46d4c-8f83-4ee7-8d15-52cecf90cadd" {{(pid=117005) __call__ /opt/stack/placement/placement/requestlog.py:55}}
Aug 09 14:53:16.987827 n-d-844565-9 devstack@placement-api.service[117005]: INFO placement.requestlog [req-556048c2-65e3-4eea-ac98-4936c3f603f0 req-da9adea5-0a62-4561-8b5a-e71703567d5c service placement] 10.222.0.47 "GET /placement/allocations/44a46d4c-8f83-4ee7-8d15-52cecf90cadd" status: 200 len: 259 microversion: 1.28
Aug 09 14:53:16.988946 n-d-844565-9 devstack@placement-api.service[117005]: [pid: 117005|app: 0|req: 90/178] 10.222.0.47 () {60 vars in 1377 bytes} [Tue Aug 9 14:53:16 2022] GET /placement/allocations/44a46d4c-8f83-4ee7-8d15-52cecf90cadd => generated 259 bytes in 26 msecs (HTTP/1.1 200) 8 headers in 296 bytes (1 switches on core 0)
Aug 09 14:53:17.591735 n-d-844565-9 devstack@placement-api.service[117004]: DEBUG placement.requestlog [None req-d6ae452c-b3a2-40da-bd7b-dfc04c77e183 None None] Starting request: 10.222.0.36 "GET /placement/" {{(pid=117004) __call__ /opt/stack/placement/placement/requestlog.py:55}}
Aug 09 14:53:17.592786 n-d-844565-9 devstack@placement-api.service[117004]: INFO placement.requestlog [None req-d6ae452c-b3a2-40da-bd7b-dfc04c77e183 None None] 10.222.0.36 "GET /placement/" status: 200 len: 136 microversion: 1.0
Aug 09 14:53:17.593680 n-d-844565-9 devstack@placement-api.service[117004]: [pid: 117004|app: 0|req: 89/179] 10.222.0.36 () {54 vars in 916 bytes} [Tue Aug 9 14:53:17 2022] GET /placement => generated 136 bytes in 2 msecs (HTTP/1.1 200) 6 headers in 224 bytes (1 switches on core 0)
Aug 09 14:53:17.606826 n-d-844565-9 devstack@placement-api.service[117005]: DEBUG placement.requestlog [req-07f8ff8c-b74d-4562-aef5-924293b35226 req-fef060b5-f4cc-4225-b636-bfaa3e94fc5e None None] Starting request: 10.222.0.36 "GET /placement/allocations/d3bf1224-3019-44fd-9826-97c74e462c52" {{(pid=117005) __call__ /opt/stack/placement/placement/requestlog.py:55}}
Aug 09 14:53:17.714501 n-d-844565-9 devstack@placement-api.service[117005]: INFO placement.requestlog [req-07f8ff8c-b74d-4562-aef5-924293b35226 req-fef060b5-f4cc-4225-b636-bfaa3e94fc5e service placement] 10.222.0.36 "GET /placement/allocations/d3bf1224-3019-44fd-9826-97c74e462c52" status: 200 len: 259 microversion: 1.28
Aug 09 14:53:17.715199 n-d-844565-9 devstack@placement-api.service[117005]: [pid: 117005|app: 0|req: 91/180] 10.222.0.36 () {60 vars in 1380 bytes} [Tue Aug 9 14:53:17 2022] GET /placement/allocations/d3bf1224-3019-44fd-9826-97c74e462c52 => generated 259 bytes in 109 msecs (HTTP/1.1 200) 8 headers in 296 bytes (1 switches on core 0)
Aug 09 14:53:17.722105 n-d-844565-9 devstack@placement-api.service[117004]: DEBUG placement.requestlog [req-07f8ff8c-b74d-4562-aef5-924293b35226 req-ed5239ce-c726-424d-9743-5986abb79b17 None None] Starting request: 10.222.0.36 "GET /placement/allocations/d3bf1224-3019-44fd-9826-97c74e462c52" {{(pid=117004) __call__ /opt/stack/placement/placement/requestlog.py:55}}
Aug 09 14:53:17.770124 n-d-844565-9 devstack@placement-api.service[117004]: INFO placement.requestlog [req-07f8ff8c-b74d-4562-aef5-924293b35226 req-ed5239ce-c726-424d-9743-5986abb79b17 service placement] 10.222.0.36 "GET /placement/allocations/d3bf1224-3019-44fd-9826-97c74e462c52" status: 200 len: 259 microversion: 1.28
Aug 09 14:53:17.777079 n-d-844565-9 devstack@placement-api.service[117005]: DEBUG placement.requestlog [req-07f8ff8c-b74d-4562-aef5-924293b35226 req-aec4640d-f11c-44dc-8438-a7f7a7f02418 None None] Starting request: 10.222.0.36 "GET /placement/allocations/7260877f-8a4c-4b51-b895-2eed38ce71ea" {{(pid=117005) __call__ /opt/stack/placement/placement/requestlog.py:55}}
Aug 09 14:53:17.777882 n-d-844565-9 devstack@placement-api.service[117004]: [pid: 117004|app: 0|req: 90/181] 10.222.0.36 () {60 vars in 1380 bytes} [Tue Aug 9 14:53:17 2022] GET /placement/allocations/d3bf1224-3019-44fd-9826-97c74e462c52 => generated 259 bytes in 54 msecs (HTTP/1.1 200) 8 headers in 296 bytes (1 switches on core 0)
Aug 09 14:53:17.801775 n-d-844565-9 devstack@placement-api.service[117005]: INFO placement.requestlog [req-07f8ff8c-b74d-4562-aef5-924293b35226 req-aec4640d-f11c-44dc-8438-a7f7a7f02418 service placement] 10.222.0.36 "GET /placement/allocations/7260877f-8a4c-4b51-b895-2eed38ce71ea" status: 200 len: 19 microversion: 1.28
Aug 09 14:53:17.802179 n-d-844565-9 devstack@placement-api.service[117005]: [pid: 117005|app: 0|req: 92/182] 10.222.0.36 () {60 vars in 1380 bytes} [Tue Aug 9 14:53:17 2022] GET /placement/allocations/7260877f-8a4c-4b51-b895-2eed38ce71ea => generated 19 bytes in 25 msecs (HTTP/1.1 200) 8 headers in 295 bytes (1 switches on core 0)
Aug 09 14:53:17.808915 n-d-844565-9 devstack@placement-api.service[117004]: DEBUG placement.requestlog [req-07f8ff8c-b74d-4562-aef5-924293b35226 req-31c7850d-b774-4641-ac8b-184395bd1762 None None] Starting request: 10.222.0.36 "POST /placement/allocations" {{(pid=117004) __call__ /opt/stack/placement/placement/requestlog.py:55}}
Aug 09 14:53:17.865370 n-d-844565-9 devstack@placement-api.service[117004]: DEBUG dbcounter [-] [117004] Writing DB stats placement:SELECT=80,placement:DELETE=6,placement:INSERT=10,placement:UPDATE=4 {{(pid=117004) stat_writer /usr/local/lib/python3.8/dist-packages/dbcounter.py:114}}
Aug 09 14:53:17.981309 n-d-844565-9 devstack@placement-api.service[117004]: DEBUG placement.handlers.allocation [req-07f8ff8c-b74d-4562-aef5-924293b35226 req-31c7850d-b774-4641-ac8b-184395bd1762 service placement] Successfully wrote allocations [, , , , , ] {{(pid=117004) _update_consumers_and_create_allocations /opt/stack/placement/placement/handlers/allocation.py:572}}
Aug 09 14:53:17.990006 n-d-844565-9 devstack@placement-api.service[117004]: INFO placement.requestlog [req-07f8ff8c-b74d-4562-aef5-924293b35226 req-31c7850d-b774-4641-ac8b-184395bd1762 service placement] 10.222.0.36 "POST /placement/allocations" status: 204 len: 0 microversion: 1.28
Aug 09 14:53:18.004452 n-d-844565-9 devstack@placement-api.service[117004]: [pid: 117004|app: 0|req: 91/183] 10.222.0.36 () {64 vars in 1323 bytes} [Tue Aug 9 14:53:17 2022] POST /placement/allocations => generated 0 bytes in 182 msecs (HTTP/1.1 204) 5 headers in 199 bytes (1 switches on core 0)
Aug 09 14:53:18.039828 n-d-844565-9 devstack@placement-api.service[117005]: DEBUG placement.requestlog [req-07f8ff8c-b74d-4562-aef5-924293b35226 req-579a3038-2c07-45ba-9db5-84e062655a5d None None] Starting request: 10.222.0.36 "GET /placement/allocations/d3bf1224-3019-44fd-9826-97c74e462c52" {{(pid=117005) __call__ /opt/stack/placement/placement/requestlog.py:55}}
Aug 09 14:53:18.067420 n-d-844565-9 devstack@placement-api.service[117005]: INFO placement.requestlog [req-07f8ff8c-b74d-4562-aef5-924293b35226 req-579a3038-2c07-45ba-9db5-84e062655a5d service placement] 10.222.0.36 "GET /placement/allocations/d3bf1224-3019-44fd-9826-97c74e462c52" status: 200 len: 19 microversion: 1.28
Aug 09 14:53:18.080867 n-d-844565-9 devstack@placement-api.service[117004]: DEBUG placement.requestlog [req-07f8ff8c-b74d-4562-aef5-924293b35226 req-6b1b3013-59ab-4c0d-9d62-6002ae19d5d2 None None] Starting request: 10.222.0.36 "PUT /placement/allocations/d3bf1224-3019-44fd-9826-97c74e462c52" {{(pid=117004) __call__ /opt/stack/placement/placement/requestlog.py:55}}
Aug 09 14:53:18.093407 n-d-844565-9 devstack@placement-api.service[117005]: [pid: 117005|app: 0|req: 93/184] 10.222.0.36 () {60 vars in 1380 bytes} [Tue Aug 9 14:53:18 2022] GET /placement/allocations/d3bf1224-3019-44fd-9826-97c74e462c52 => generated 19 bytes in 55 msecs (HTTP/1.1 200) 8 headers in 295 bytes (1 switches on core 0)
Aug 09 14:53:18.172335 n-d-844565-9 devstack@placement-api.service[117004]: DEBUG placement.handlers.allocation [req-07f8ff8c-b74d-4562-aef5-924293b35226 req-6b1b3013-59ab-4c0d-9d62-6002ae19d5d2 service placement] Successfully wrote allocations [, , ] {{(pid=117004) _update_consumers_and_create_allocations /opt/stack/placement/placement/handlers/allocation.py:462}}
Aug 09 14:53:18.192192 n-d-844565-9 devstack@placement-api.service[117004]: INFO placement.requestlog [req-07f8ff8c-b74d-4562-aef5-924293b35226 req-6b1b3013-59ab-4c0d-9d62-6002ae19d5d2 service placement] 10.222.0.36 "PUT /placement/allocations/d3bf1224-3019-44fd-9826-97c74e462c52" status: 204 len: 0 microversion: 1.28
Aug 09 14:53:18.203730 n-d-844565-9 devstack@placement-api.service[117004]: [pid: 117004|app: 0|req: 92/185] 10.222.0.36 () {64 vars in 1433 bytes} [Tue Aug 9 14:53:18 2022] PUT /placement/allocations/d3bf1224-3019-44fd-9826-97c74e462c52 => generated 0 bytes in 112 msecs (HTTP/1.1 204) 5 headers in 199 bytes (2 switches on core 0)
Aug 09 14:53:25.415208 n-d-844565-9 devstack@placement-api.service[117005]: DEBUG placement.requestlog [req-07f8ff8c-b74d-4562-aef5-924293b35226 req-d30fcbdc-e2fb-44e1-a0d9-1cc2b845fd7f None None] Starting request: 10.222.0.47 "GET /placement/allocations/d3bf1224-3019-44fd-9826-97c74e462c52" {{(pid=117005) __call__ /opt/stack/placement/placement/requestlog.py:55}}
Aug 09 14:53:25.449119 n-d-844565-9 devstack@placement-api.service[117005]: INFO placement.requestlog [req-07f8ff8c-b74d-4562-aef5-924293b35226 req-d30fcbdc-e2fb-44e1-a0d9-1cc2b845fd7f service placement] 10.222.0.47 "GET /placement/allocations/d3bf1224-3019-44fd-9826-97c74e462c52" status: 200 len: 259 microversion: 1.28
Aug 09 14:53:25.449119 n-d-844565-9 devstack@placement-api.service[117005]: [pid: 117005|app: 0|req: 94/186] 10.222.0.47 () {60 vars in 1377 bytes} [Tue Aug 9 14:53:25 2022] GET /placement/allocations/d3bf1224-3019-44fd-9826-97c74e462c52 => generated 259 bytes in 34 msecs (HTTP/1.1 200) 8 headers in 296 bytes (1 switches on core 0)
Aug 09 14:53:26.524989 n-d-844565-9 devstack@placement-api.service[117004]: DEBUG placement.requestlog [req-a72df476-fbce-4dbf-a964-bce5f6f118e4 req-eb7a21ae-8174-4102-b8bc-33be62d29998 None None] Starting request: 10.222.0.47 "GET /placement/resource_providers/7baebe4f-5b50-4ca9-8b0d-3794ce7058ef/allocations" {{(pid=117004) __call__ /opt/stack/placement/placement/requestlog.py:55}}
Aug 09 14:53:26.589065 n-d-844565-9 devstack@placement-api.service[117004]: INFO placement.requestlog [req-a72df476-fbce-4dbf-a964-bce5f6f118e4 req-eb7a21ae-8174-4102-b8bc-33be62d29998 service placement] 10.222.0.47 "GET /placement/resource_providers/7baebe4f-5b50-4ca9-8b0d-3794ce7058ef/allocations" status: 200 len: 962 microversion: 1.0
Aug 09 14:53:26.590172 n-d-844565-9 devstack@placement-api.service[117004]: [pid: 117004|app: 0|req: 93/187] 10.222.0.47 () {58 vars in 1390 bytes} [Tue Aug 9 14:53:26 2022] GET /placement/resource_providers/7baebe4f-5b50-4ca9-8b0d-3794ce7058ef/allocations => generated 962 bytes in 65 msecs (HTTP/1.1 200) 6 headers in 224 bytes (1 switches on core 0)
Aug 09 14:53:30.102154 n-d-844565-9 devstack@placement-api.service[117005]: DEBUG placement.requestlog [req-a05bc370-740d-4d49-a3ac-02ea0a870b81 req-7eb46c8d-8091-4128-8ba0-e07b65077c2f None None] Starting request: 10.222.0.64 "GET /placement/resource_providers/801a27b1-ddb7-4581-bd1b-ec9c8690e004/allocations" {{(pid=117005) __call__ /opt/stack/placement/placement/requestlog.py:55}}
Aug 09 14:53:30.197309 n-d-844565-9 devstack@placement-api.service[117005]: DEBUG dbcounter [-] [117005] Writing DB stats placement:SELECT=82,placement:INSERT=10,placement:DELETE=4,placement:UPDATE=4 {{(pid=117005) stat_writer /usr/local/lib/python3.8/dist-packages/dbcounter.py:114}}
Aug 09 14:53:30.224348 n-d-844565-9 devstack@placement-api.service[117005]: INFO placement.requestlog [req-a05bc370-740d-4d49-a3ac-02ea0a870b81 req-7eb46c8d-8091-4128-8ba0-e07b65077c2f service placement] 10.222.0.64 "GET /placement/resource_providers/801a27b1-ddb7-4581-bd1b-ec9c8690e004/allocations" status: 200 len: 861 microversion: 1.0
Aug 09 14:53:30.225340 n-d-844565-9 devstack@placement-api.service[117005]: [pid: 117005|app: 0|req: 95/188] 10.222.0.64 () {58 vars in 1390 bytes} [Tue Aug 9 14:53:30 2022] GET /placement/resource_providers/801a27b1-ddb7-4581-bd1b-ec9c8690e004/allocations => generated 861 bytes in 123 msecs (HTTP/1.1 200) 6 headers in 224 bytes (1 switches on core 0)
Aug 09 14:53:30.300272 n-d-844565-9 devstack@placement-api.service[117004]: DEBUG placement.requestlog [req-a05bc370-740d-4d49-a3ac-02ea0a870b81 req-a33aa45f-79cb-4578-8f08-2db186932685 None None] Starting request: 10.222.0.64 "GET /placement/resource_providers?in_tree=801a27b1-ddb7-4581-bd1b-ec9c8690e004" {{(pid=117004) __call__ /opt/stack/placement/placement/requestlog.py:55}}
Aug 09 14:53:30.332459 n-d-844565-9 devstack@placement-api.service[117004]: INFO placement.requestlog [req-a05bc370-740d-4d49-a3ac-02ea0a870b81 req-a33aa45f-79cb-4578-8f08-2db186932685 service placement] 10.222.0.64 "GET /placement/resource_providers?in_tree=801a27b1-ddb7-4581-bd1b-ec9c8690e004" status: 200 len: 863 microversion: 1.14
Aug 09 14:53:30.333347 n-d-844565-9 devstack@placement-api.service[117004]: [pid: 117004|app: 0|req: 94/189] 10.222.0.64 () {60 vars in 1376 bytes} [Tue Aug 9 14:53:30 2022] GET /placement/resource_providers?in_tree=801a27b1-ddb7-4581-bd1b-ec9c8690e004 => generated 863 bytes in 33 msecs (HTTP/1.1 200) 6 headers in 225 bytes (1 switches on core 0)
Aug 09 14:53:30.348924 n-d-844565-9 devstack@placement-api.service[117005]: DEBUG placement.requestlog [req-a05bc370-740d-4d49-a3ac-02ea0a870b81 req-f2e62fa4-eacc-4637-b57f-d0f8200a9f42 None None] Starting request: 10.222.0.64 "GET /placement/resource_providers/801a27b1-ddb7-4581-bd1b-ec9c8690e004/inventories" {{(pid=117005) __call__ /opt/stack/placement/placement/requestlog.py:55}}
Aug 09 14:53:30.385222 n-d-844565-9 devstack@placement-api.service[117005]: INFO placement.requestlog [req-a05bc370-740d-4d49-a3ac-02ea0a870b81 req-f2e62fa4-eacc-4637-b57f-d0f8200a9f42 service placement] 10.222.0.64 "GET /placement/resource_providers/801a27b1-ddb7-4581-bd1b-ec9c8690e004/inventories" status: 200 len: 398 microversion: 1.0
Aug 09 14:53:30.386947 n-d-844565-9 devstack@placement-api.service[117005]: [pid: 117005|app: 0|req: 96/190] 10.222.0.64 () {58 vars in 1390 bytes} [Tue Aug 9 14:53:30 2022] GET /placement/resource_providers/801a27b1-ddb7-4581-bd1b-ec9c8690e004/inventories => generated 398 bytes in 38 msecs (HTTP/1.1 200) 6 headers in 224 bytes (1 switches on core 0)
Aug 09 14:53:30.408422 n-d-844565-9 devstack@placement-api.service[117004]: DEBUG placement.requestlog [req-a05bc370-740d-4d49-a3ac-02ea0a870b81 req-87441cc1-4457-4987-8784-1b1e50568382 None None] Starting request: 10.222.0.64 "GET /placement/resource_providers/801a27b1-ddb7-4581-bd1b-ec9c8690e004/aggregates" {{(pid=117004) __call__ /opt/stack/placement/placement/requestlog.py:55}}
Aug 09 14:53:30.440430 n-d-844565-9 devstack@placement-api.service[117004]: INFO placement.requestlog [req-a05bc370-740d-4d49-a3ac-02ea0a870b81 req-87441cc1-4457-4987-8784-1b1e50568382 service placement] 10.222.0.64 "GET /placement/resource_providers/801a27b1-ddb7-4581-bd1b-ec9c8690e004/aggregates" status: 200 len: 54 microversion: 1.19
Aug 09 14:53:30.441798 n-d-844565-9 devstack@placement-api.service[117004]: [pid: 117004|app: 0|req: 95/191] 10.222.0.64 () {60 vars in 1431 bytes} [Tue Aug 9 14:53:30 2022] GET /placement/resource_providers/801a27b1-ddb7-4581-bd1b-ec9c8690e004/aggregates => generated 54 bytes in 34 msecs (HTTP/1.1 200) 8 headers in 295 bytes (1 switches on core 0)
Aug 09 14:53:30.451813 n-d-844565-9 devstack@placement-api.service[117005]: DEBUG placement.requestlog [req-a05bc370-740d-4d49-a3ac-02ea0a870b81 req-e692ae1b-9018-4f9b-975a-5c29637a0502 None None] Starting request: 10.222.0.64 "GET /placement/resource_providers/801a27b1-ddb7-4581-bd1b-ec9c8690e004/traits" {{(pid=117005) __call__ /opt/stack/placement/placement/requestlog.py:55}}
Aug 09 14:53:30.496133 n-d-844565-9 devstack@placement-api.service[117005]: INFO placement.requestlog [req-a05bc370-740d-4d49-a3ac-02ea0a870b81 req-e692ae1b-9018-4f9b-975a-5c29637a0502 service placement] 10.222.0.64 "GET /placement/resource_providers/801a27b1-ddb7-4581-bd1b-ec9c8690e004/traits" status: 200 len: 212 microversion: 1.6
Aug 09 14:53:30.496817 n-d-844565-9 devstack@placement-api.service[117005]: [pid: 117005|app: 0|req: 97/192] 10.222.0.64 () {60 vars in 1418 bytes} [Tue Aug 9 14:53:30 2022] GET /placement/resource_providers/801a27b1-ddb7-4581-bd1b-ec9c8690e004/traits => generated 212 bytes in 45 msecs (HTTP/1.1 200) 6 headers in 224 bytes (1 switches on core 0)
Aug 09 14:53:37.521557 n-d-844565-9 devstack@placement-api.service[117004]: DEBUG placement.requestlog [None req-e788c1f7-099d-451c-a9a7-5d972bb6723a None None] Starting request: 10.222.0.36 "GET /placement/" {{(pid=117004) __call__ /opt/stack/placement/placement/requestlog.py:55}}
Aug 09 14:53:37.522526 n-d-844565-9 devstack@placement-api.service[117004]: INFO placement.requestlog [None req-e788c1f7-099d-451c-a9a7-5d972bb6723a None None] 10.222.0.36 "GET /placement/" status: 200 len: 136 microversion: 1.0
Aug 09 14:53:37.522848 n-d-844565-9 devstack@placement-api.service[117004]: [pid: 117004|app: 0|req: 96/193] 10.222.0.36 () {54 vars in 907 bytes} [Tue Aug 9 14:53:37 2022] GET /placement => generated 136 bytes in 2 msecs (HTTP/1.1 200) 6 headers in 224 bytes (1 switches on core 0)
Aug 09 14:53:37.533309 n-d-844565-9 devstack@placement-api.service[117005]: DEBUG placement.requestlog [req-4bc5e0f3-e22d-4326-9779-ad4900113d5c req-1a269cc6-d286-4434-8018-3afca00f76c4 None None] Starting request: 10.222.0.36 "GET /placement/resource_providers/801a27b1-ddb7-4581-bd1b-ec9c8690e004/traits" {{(pid=117005) __call__ /opt/stack/placement/placement/requestlog.py:55}}
Aug 09 14:53:37.614476 n-d-844565-9 devstack@placement-api.service[117005]: INFO placement.requestlog [req-4bc5e0f3-e22d-4326-9779-ad4900113d5c req-1a269cc6-d286-4434-8018-3afca00f76c4 service placement] 10.222.0.36 "GET /placement/resource_providers/801a27b1-ddb7-4581-bd1b-ec9c8690e004/traits" status: 200 len: 212 microversion: 1.6
Aug 09 14:53:37.615133 n-d-844565-9 devstack@placement-api.service[117005]: [pid: 117005|app: 0|req: 98/194] 10.222.0.36 () {60 vars in 1412 bytes} [Tue Aug 9 14:53:37 2022] GET /placement/resource_providers/801a27b1-ddb7-4581-bd1b-ec9c8690e004/traits => generated 212 bytes in 82 msecs (HTTP/1.1 200) 6 headers in 224 bytes (1 switches on core 0)
Aug 09 14:53:37.910927 n-d-844565-9 devstack@placement-api.service[117004]: DEBUG placement.requestlog [req-443d7c41-7d08-43f4-804e-b509340a3b46 req-6fbc17fe-a8ff-43ae-be6e-60a915c13fa2 None None] Starting request: 10.222.0.36 "GET /placement/allocation_candidates?limit=1000&resources=DISK_GB%3A1%2CMEMORY_MB%3A1024%2CVCPU%3A1&root_required=%21COMPUTE_STATUS_DISABLED" {{(pid=117004) __call__ /opt/stack/placement/placement/requestlog.py:55}}
Aug 09 14:53:37.953925 n-d-844565-9 devstack@placement-api.service[117004]: DEBUG placement.objects.research_context [req-443d7c41-7d08-43f4-804e-b509340a3b46 req-6fbc17fe-a8ff-43ae-be6e-60a915c13fa2 service placement] getting providers with 1 DISK_GB {{(pid=117004) __init__ /opt/stack/placement/placement/objects/research_context.py:136}}
Aug 09 14:53:37.962362 n-d-844565-9 devstack@placement-api.service[117004]: DEBUG placement.objects.research_context [req-443d7c41-7d08-43f4-804e-b509340a3b46 req-6fbc17fe-a8ff-43ae-be6e-60a915c13fa2 service placement] getting providers with 1024 MEMORY_MB {{(pid=117004) __init__ /opt/stack/placement/placement/objects/research_context.py:136}}
Aug 09 14:53:37.967893 n-d-844565-9 devstack@placement-api.service[117004]: DEBUG placement.objects.research_context [req-443d7c41-7d08-43f4-804e-b509340a3b46 req-6fbc17fe-a8ff-43ae-be6e-60a915c13fa2 service placement] getting providers with 1 VCPU {{(pid=117004) __init__ /opt/stack/placement/placement/objects/research_context.py:136}}
Aug 09 14:53:37.974362 n-d-844565-9 devstack@placement-api.service[117004]: DEBUG placement.objects.research_context [req-443d7c41-7d08-43f4-804e-b509340a3b46 req-6fbc17fe-a8ff-43ae-be6e-60a915c13fa2 service placement] found 2 providers with available 1 DISK_GB {{(pid=117004) get_provider_ids_matching /opt/stack/placement/placement/objects/research_context.py:563}}
Aug 09 14:53:37.974773 n-d-844565-9 devstack@placement-api.service[117004]: DEBUG placement.objects.research_context [req-443d7c41-7d08-43f4-804e-b509340a3b46 req-6fbc17fe-a8ff-43ae-be6e-60a915c13fa2 service placement] found 2 providers with available 1024 MEMORY_MB {{(pid=117004) get_provider_ids_matching /opt/stack/placement/placement/objects/research_context.py:563}}
Aug 09 14:53:37.975140 n-d-844565-9 devstack@placement-api.service[117004]: DEBUG placement.objects.research_context [req-443d7c41-7d08-43f4-804e-b509340a3b46 req-6fbc17fe-a8ff-43ae-be6e-60a915c13fa2 service placement] found 2 providers after filtering by previous result {{(pid=117004) get_provider_ids_matching /opt/stack/placement/placement/objects/research_context.py:594}}
Aug 09 14:53:37.975494 n-d-844565-9 devstack@placement-api.service[117004]: DEBUG placement.objects.research_context [req-443d7c41-7d08-43f4-804e-b509340a3b46 req-6fbc17fe-a8ff-43ae-be6e-60a915c13fa2 service placement] found 2 providers with available 1 VCPU {{(pid=117004) get_provider_ids_matching /opt/stack/placement/placement/objects/research_context.py:563}}
Aug 09 14:53:37.975868 n-d-844565-9 devstack@placement-api.service[117004]: DEBUG placement.objects.research_context [req-443d7c41-7d08-43f4-804e-b509340a3b46 req-6fbc17fe-a8ff-43ae-be6e-60a915c13fa2 service placement] found 2 providers after filtering by previous result {{(pid=117004) get_provider_ids_matching /opt/stack/placement/placement/objects/research_context.py:594}}
Aug 09 14:53:37.987963 n-d-844565-9 devstack@placement-api.service[117004]: DEBUG placement.objects.allocation_candidate [req-443d7c41-7d08-43f4-804e-b509340a3b46 req-6fbc17fe-a8ff-43ae-be6e-60a915c13fa2 service placement] RequestGroup(use_same_provider=False, resources={DISK_GB:1, MEMORY_MB:1024, VCPU:1}, traits=(), aggregates=[]) (suffix '') returned 2 matches {{(pid=117004) _get_by_requests /opt/stack/placement/placement/objects/allocation_candidate.py:156}}
Aug 09 14:53:37.988494 n-d-844565-9 devstack@placement-api.service[117004]: DEBUG placement.objects.allocation_candidate [req-443d7c41-7d08-43f4-804e-b509340a3b46 req-6fbc17fe-a8ff-43ae-be6e-60a915c13fa2 service placement] Merging candidates yields 2 allocation requests and 2 provider summaries {{(pid=117004) _merge_candidates /opt/stack/placement/placement/objects/allocation_candidate.py:809}}
Aug 09 14:53:37.990179 n-d-844565-9 devstack@placement-api.service[117004]: INFO placement.requestlog [req-443d7c41-7d08-43f4-804e-b509340a3b46 req-6fbc17fe-a8ff-43ae-be6e-60a915c13fa2 service placement] 10.222.0.36 "GET /placement/allocation_candidates?limit=1000&resources=DISK_GB%3A1%2CMEMORY_MB%3A1024%2CVCPU%3A1&root_required=%21COMPUTE_STATUS_DISABLED" status: 200 len: 1310 microversion: 1.36
Aug 09 14:53:37.990996 n-d-844565-9 devstack@placement-api.service[117004]: [pid: 117004|app: 0|req: 97/195] 10.222.0.36 () {60 vars in 1506 bytes} [Tue Aug 9 14:53:37 2022] GET /placement/allocation_candidates?limit=1000&resources=DISK_GB%3A1%2CMEMORY_MB%3A1024%2CVCPU%3A1&root_required=%21COMPUTE_STATUS_DISABLED => generated 1310 bytes in 80 msecs (HTTP/1.1 200) 8 headers in 297 bytes (1 switches on core 0)
Aug 09 14:53:38.095224 n-d-844565-9 devstack@placement-api.service[117005]: DEBUG placement.requestlog [req-443d7c41-7d08-43f4-804e-b509340a3b46 req-ebc49dca-3487-4beb-abeb-1b7d69624238 None None] Starting request: 10.222.0.36 "GET /placement/allocations/eaea79d2-e6fb-4a01-890c-5c8068342713" {{(pid=117005) __call__ /opt/stack/placement/placement/requestlog.py:55}}
Aug 09 14:53:38.120300 n-d-844565-9 devstack@placement-api.service[117005]: INFO placement.requestlog [req-443d7c41-7d08-43f4-804e-b509340a3b46 req-ebc49dca-3487-4beb-abeb-1b7d69624238 service placement] 10.222.0.36 "GET /placement/allocations/eaea79d2-e6fb-4a01-890c-5c8068342713" status: 200 len: 19 microversion: 1.28
Aug 09 14:53:38.120676 n-d-844565-9 devstack@placement-api.service[117005]: [pid: 117005|app: 0|req: 99/196] 10.222.0.36 () {60 vars in 1380 bytes} [Tue Aug 9 14:53:38 2022] GET /placement/allocations/eaea79d2-e6fb-4a01-890c-5c8068342713 => generated 19 bytes in 26 msecs (HTTP/1.1 200) 8 headers in 295 bytes (1 switches on core 0)
Aug 09 14:53:38.125609 n-d-844565-9 devstack@placement-api.service[117004]: DEBUG placement.requestlog [None req-73f0411a-8ef8-47ef-9000-5655250e5ddb None None] Starting request: 10.222.0.36 "GET /placement/" {{(pid=117004) __call__ /opt/stack/placement/placement/requestlog.py:55}}
Aug 09 14:53:38.126723 n-d-844565-9 devstack@placement-api.service[117004]: INFO placement.requestlog [None req-73f0411a-8ef8-47ef-9000-5655250e5ddb None None] 10.222.0.36 "GET /placement/" status: 200 len: 136 microversion: 1.0
Aug 09 14:53:38.127144 n-d-844565-9 devstack@placement-api.service[117004]: [pid: 117004|app: 0|req: 98/197] 10.222.0.36 () {54 vars in 916 bytes} [Tue Aug 9 14:53:38 2022] GET /placement => generated 136 bytes in 2 msecs (HTTP/1.1 200) 6 headers in 224 bytes (1 switches on core 0)
Aug 09 14:53:38.130930 n-d-844565-9 devstack@placement-api.service[117005]: DEBUG placement.requestlog [req-443d7c41-7d08-43f4-804e-b509340a3b46 req-4d492244-bb64-4d63-96f0-a7bc8c4fd0f2 None None] Starting request: 10.222.0.36 "PUT /placement/allocations/eaea79d2-e6fb-4a01-890c-5c8068342713" {{(pid=117005) __call__ /opt/stack/placement/placement/requestlog.py:55}}
Aug 09 14:53:38.137563 n-d-844565-9 devstack@placement-api.service[117004]: DEBUG placement.requestlog [req-4bc5e0f3-e22d-4326-9779-ad4900113d5c req-2796c456-3863-401b-8143-b4586d17ab4f None None] Starting request: 10.222.0.36 "GET /placement/allocations/39c2aec9-908e-409f-afb7-2f825631edb2" {{(pid=117004) __call__ /opt/stack/placement/placement/requestlog.py:55}}
Aug 09 14:53:38.213861 n-d-844565-9 devstack@placement-api.service[117005]: DEBUG placement.handlers.allocation [req-443d7c41-7d08-43f4-804e-b509340a3b46 req-4d492244-bb64-4d63-96f0-a7bc8c4fd0f2 service placement] Successfully wrote allocations [, , ] {{(pid=117005) _update_consumers_and_create_allocations /opt/stack/placement/placement/handlers/allocation.py:462}}
Aug 09 14:53:38.220277 n-d-844565-9 devstack@placement-api.service[117005]: INFO placement.requestlog [req-443d7c41-7d08-43f4-804e-b509340a3b46 req-4d492244-bb64-4d63-96f0-a7bc8c4fd0f2 service placement] 10.222.0.36 "PUT /placement/allocations/eaea79d2-e6fb-4a01-890c-5c8068342713" status: 204 len: 0 microversion: 1.36
Aug 09 14:53:38.221075 n-d-844565-9 devstack@placement-api.service[117005]: [pid: 117005|app: 0|req: 100/198] 10.222.0.36 () {64 vars in 1433 bytes} [Tue Aug 9 14:53:38 2022] PUT /placement/allocations/eaea79d2-e6fb-4a01-890c-5c8068342713 => generated 0 bytes in 90 msecs (HTTP/1.1 204) 5 headers in 199 bytes (1 switches on core 0)
Aug 09 14:53:38.237209 n-d-844565-9 devstack@placement-api.service[117004]: INFO placement.requestlog [req-4bc5e0f3-e22d-4326-9779-ad4900113d5c req-2796c456-3863-401b-8143-b4586d17ab4f service placement] 10.222.0.36 "GET /placement/allocations/39c2aec9-908e-409f-afb7-2f825631edb2" status: 200 len: 259 microversion: 1.28
Aug 09 14:53:38.237624 n-d-844565-9 devstack@placement-api.service[117004]: [pid: 117004|app: 0|req: 99/199] 10.222.0.36 () {60 vars in 1380 bytes} [Tue Aug 9 14:53:38 2022] GET /placement/allocations/39c2aec9-908e-409f-afb7-2f825631edb2 => generated 259 bytes in 100 msecs (HTTP/1.1 200) 8 headers in 296 bytes (1 switches on core 0)
Aug 09 14:53:38.243883 n-d-844565-9 devstack@placement-api.service[117005]: DEBUG placement.requestlog [req-4bc5e0f3-e22d-4326-9779-ad4900113d5c req-ec765afd-d7b5-43cd-bcd8-685354b5d131 None None] Starting request: 10.222.0.36 "GET /placement/allocations/39c2aec9-908e-409f-afb7-2f825631edb2" {{(pid=117005) __call__ /opt/stack/placement/placement/requestlog.py:55}}
Aug 09 14:53:38.260345 n-d-844565-9 devstack@placement-api.service[117005]: INFO placement.requestlog [req-4bc5e0f3-e22d-4326-9779-ad4900113d5c req-ec765afd-d7b5-43cd-bcd8-685354b5d131 service placement] 10.222.0.36 "GET /placement/allocations/39c2aec9-908e-409f-afb7-2f825631edb2" status: 200 len: 259 microversion: 1.28
Aug 09 14:53:38.261042 n-d-844565-9 devstack@placement-api.service[117005]: [pid: 117005|app: 0|req: 101/200] 10.222.0.36 () {60 vars in 1380 bytes} [Tue Aug 9 14:53:38 2022] GET /placement/allocations/39c2aec9-908e-409f-afb7-2f825631edb2 => generated 259 bytes in 17 msecs (HTTP/1.1 200) 8 headers in 296 bytes (1 switches on core 0)
Aug 09 14:53:38.269633 n-d-844565-9 devstack@placement-api.service[117004]: DEBUG placement.requestlog [req-4bc5e0f3-e22d-4326-9779-ad4900113d5c req-f84e6148-1b36-4748-8663-3b6e7c20fd93 None None] Starting request: 10.222.0.36 "GET /placement/allocations/cf0af333-845a-4938-986c-bbb8db5da111" {{(pid=117004) __call__ /opt/stack/placement/placement/requestlog.py:55}}
Aug 09 14:53:38.286509 n-d-844565-9 devstack@placement-api.service[117004]: INFO placement.requestlog [req-4bc5e0f3-e22d-4326-9779-ad4900113d5c req-f84e6148-1b36-4748-8663-3b6e7c20fd93 service placement] 10.222.0.36 "GET /placement/allocations/cf0af333-845a-4938-986c-bbb8db5da111" status: 200 len: 19 microversion: 1.28
Aug 09 14:53:38.301020 n-d-844565-9 devstack@placement-api.service[117004]: [pid: 117004|app: 0|req: 100/201] 10.222.0.36 () {60 vars in 1380 bytes} [Tue Aug 9 14:53:38 2022] GET /placement/allocations/cf0af333-845a-4938-986c-bbb8db5da111 => generated 19 bytes in 32 msecs (HTTP/1.1 200) 8 headers in 295 bytes (1 switches on core 0)
Aug 09 14:53:38.301560 n-d-844565-9 devstack@placement-api.service[117005]: DEBUG placement.requestlog [req-4bc5e0f3-e22d-4326-9779-ad4900113d5c req-412c3332-c58f-438e-bc8f-9cced896d98e None None] Starting request: 10.222.0.36 "POST /placement/allocations" {{(pid=117005) __call__ /opt/stack/placement/placement/requestlog.py:55}}
Aug 09 14:53:38.421762 n-d-844565-9 devstack@placement-api.service[117005]: DEBUG placement.handlers.allocation [req-4bc5e0f3-e22d-4326-9779-ad4900113d5c req-412c3332-c58f-438e-bc8f-9cced896d98e service placement] Successfully wrote allocations [, , , , , ] {{(pid=117005) _update_consumers_and_create_allocations /opt/stack/placement/placement/handlers/allocation.py:572}}
Aug 09 14:53:38.425355 n-d-844565-9 devstack@placement-api.service[117005]: INFO placement.requestlog [req-4bc5e0f3-e22d-4326-9779-ad4900113d5c req-412c3332-c58f-438e-bc8f-9cced896d98e service placement] 10.222.0.36 "POST /placement/allocations" status: 204 len: 0 microversion: 1.28
Aug 09 14:53:38.426119 n-d-844565-9 devstack@placement-api.service[117005]: [pid: 117005|app: 0|req: 102/202] 10.222.0.36 () {64 vars in 1323 bytes} [Tue Aug 9 14:53:38 2022] POST /placement/allocations => generated 0 bytes in 125 msecs (HTTP/1.1 204) 5 headers in 199 bytes (1 switches on core 0)
Aug 09 14:53:38.610904 n-d-844565-9 devstack@placement-api.service[117004]: DEBUG placement.requestlog [req-4bc5e0f3-e22d-4326-9779-ad4900113d5c req-ac141c82-d364-4f3f-8cd3-11bd16b89e7c None None] Starting request: 10.222.0.36 "GET /placement/allocation_candidates?limit=1000&resources=DISK_GB%3A1%2CMEMORY_MB%3A1024%2CVCPU%3A1&root_required=%21COMPUTE_STATUS_DISABLED" {{(pid=117004) __call__ /opt/stack/placement/placement/requestlog.py:55}}
Aug 09 14:53:38.653839 n-d-844565-9 devstack@placement-api.service[117004]: DEBUG placement.objects.research_context [req-4bc5e0f3-e22d-4326-9779-ad4900113d5c req-ac141c82-d364-4f3f-8cd3-11bd16b89e7c service placement] getting providers with 1 DISK_GB {{(pid=117004) __init__ /opt/stack/placement/placement/objects/research_context.py:136}}
Aug 09 14:53:38.659752 n-d-844565-9 devstack@placement-api.service[117004]: DEBUG placement.objects.research_context [req-4bc5e0f3-e22d-4326-9779-ad4900113d5c req-ac141c82-d364-4f3f-8cd3-11bd16b89e7c service placement] getting providers with 1024 MEMORY_MB {{(pid=117004) __init__ /opt/stack/placement/placement/objects/research_context.py:136}}
Aug 09 14:53:38.664827 n-d-844565-9 devstack@placement-api.service[117004]: DEBUG placement.objects.research_context [req-4bc5e0f3-e22d-4326-9779-ad4900113d5c req-ac141c82-d364-4f3f-8cd3-11bd16b89e7c service placement] getting providers with 1 VCPU {{(pid=117004) __init__ /opt/stack/placement/placement/objects/research_context.py:136}}
Aug 09 14:53:38.670495 n-d-844565-9 devstack@placement-api.service[117004]: DEBUG placement.objects.research_context [req-4bc5e0f3-e22d-4326-9779-ad4900113d5c req-ac141c82-d364-4f3f-8cd3-11bd16b89e7c service placement] found 2 providers with available 1 DISK_GB {{(pid=117004) get_provider_ids_matching /opt/stack/placement/placement/objects/research_context.py:563}}
Aug 09 14:53:38.670795 n-d-844565-9 devstack@placement-api.service[117004]: DEBUG placement.objects.research_context [req-4bc5e0f3-e22d-4326-9779-ad4900113d5c req-ac141c82-d364-4f3f-8cd3-11bd16b89e7c service placement] found 2 providers with available 1024 MEMORY_MB {{(pid=117004) get_provider_ids_matching /opt/stack/placement/placement/objects/research_context.py:563}}
Aug 09 14:53:38.671121 n-d-844565-9 devstack@placement-api.service[117004]: DEBUG placement.objects.research_context [req-4bc5e0f3-e22d-4326-9779-ad4900113d5c req-ac141c82-d364-4f3f-8cd3-11bd16b89e7c service placement] found 2 providers after filtering by previous result {{(pid=117004) get_provider_ids_matching /opt/stack/placement/placement/objects/research_context.py:594}}
Aug 09 14:53:38.671628 n-d-844565-9 devstack@placement-api.service[117004]: DEBUG placement.objects.research_context [req-4bc5e0f3-e22d-4326-9779-ad4900113d5c req-ac141c82-d364-4f3f-8cd3-11bd16b89e7c service placement] found 2 providers with available 1 VCPU {{(pid=117004) get_provider_ids_matching /opt/stack/placement/placement/objects/research_context.py:563}}
Aug 09 14:53:38.672122 n-d-844565-9 devstack@placement-api.service[117004]: DEBUG placement.objects.research_context [req-4bc5e0f3-e22d-4326-9779-ad4900113d5c req-ac141c82-d364-4f3f-8cd3-11bd16b89e7c service placement] found 2 providers after filtering by previous result {{(pid=117004) get_provider_ids_matching /opt/stack/placement/placement/objects/research_context.py:594}}
Aug 09 14:53:38.683294 n-d-844565-9 devstack@placement-api.service[117004]: DEBUG placement.objects.allocation_candidate [req-4bc5e0f3-e22d-4326-9779-ad4900113d5c req-ac141c82-d364-4f3f-8cd3-11bd16b89e7c service placement] RequestGroup(use_same_provider=False, resources={DISK_GB:1, MEMORY_MB:1024, VCPU:1}, traits=(), aggregates=[]) (suffix '') returned 2 matches {{(pid=117004) _get_by_requests /opt/stack/placement/placement/objects/allocation_candidate.py:156}}
Aug 09 14:53:38.683691 n-d-844565-9 devstack@placement-api.service[117004]: DEBUG placement.objects.allocation_candidate [req-4bc5e0f3-e22d-4326-9779-ad4900113d5c req-ac141c82-d364-4f3f-8cd3-11bd16b89e7c service placement] Merging candidates yields 2 allocation requests and 2 provider summaries {{(pid=117004) _merge_candidates /opt/stack/placement/placement/objects/allocation_candidate.py:809}}
Aug 09 14:53:38.685243 n-d-844565-9 devstack@placement-api.service[117004]: INFO placement.requestlog [req-4bc5e0f3-e22d-4326-9779-ad4900113d5c req-ac141c82-d364-4f3f-8cd3-11bd16b89e7c service placement] 10.222.0.36 "GET /placement/allocation_candidates?limit=1000&resources=DISK_GB%3A1%2CMEMORY_MB%3A1024%2CVCPU%3A1&root_required=%21COMPUTE_STATUS_DISABLED" status: 200 len: 1310 microversion: 1.36
Aug 09 14:53:38.686199 n-d-844565-9 devstack@placement-api.service[117004]: [pid: 117004|app: 0|req: 101/203] 10.222.0.36 () {60 vars in 1506 bytes} [Tue Aug 9 14:53:38 2022] GET /placement/allocation_candidates?limit=1000&resources=DISK_GB%3A1%2CMEMORY_MB%3A1024%2CVCPU%3A1&root_required=%21COMPUTE_STATUS_DISABLED => generated 1310 bytes in 76 msecs (HTTP/1.1 200) 8 headers in 297 bytes (1 switches on core 0)
Aug 09 14:53:38.751493 n-d-844565-9 devstack@placement-api.service[117005]: DEBUG placement.requestlog [req-4bc5e0f3-e22d-4326-9779-ad4900113d5c req-5a62c369-226d-47bb-96ca-be95da00a35d None None] Starting request: 10.222.0.36 "GET /placement/allocations/39c2aec9-908e-409f-afb7-2f825631edb2" {{(pid=117005) __call__ /opt/stack/placement/placement/requestlog.py:55}}
Aug 09 14:53:38.762785 n-d-844565-9 devstack@placement-api.service[117005]: INFO placement.requestlog [req-4bc5e0f3-e22d-4326-9779-ad4900113d5c req-5a62c369-226d-47bb-96ca-be95da00a35d service placement] 10.222.0.36 "GET /placement/allocations/39c2aec9-908e-409f-afb7-2f825631edb2" status: 200 len: 19 microversion: 1.28
Aug 09 14:53:38.763225 n-d-844565-9 devstack@placement-api.service[117005]: [pid: 117005|app: 0|req: 103/204] 10.222.0.36 () {60 vars in 1380 bytes} [Tue Aug 9 14:53:38 2022] GET /placement/allocations/39c2aec9-908e-409f-afb7-2f825631edb2 => generated 19 bytes in 12 msecs (HTTP/1.1 200) 8 headers in 295 bytes (1 switches on core 0)
Aug 09 14:53:38.769602 n-d-844565-9 devstack@placement-api.service[117004]: DEBUG placement.requestlog [req-4bc5e0f3-e22d-4326-9779-ad4900113d5c req-fd9ec3ec-eec4-4e47-867e-1ba2b7f4187d None None] Starting request: 10.222.0.36 "PUT /placement/allocations/39c2aec9-908e-409f-afb7-2f825631edb2" {{(pid=117004) __call__ /opt/stack/placement/placement/requestlog.py:55}}
Aug 09 14:53:38.817070 n-d-844565-9 devstack@placement-api.service[117004]: DEBUG dbcounter [-] [117004] Writing DB stats placement:SELECT=81,placement:INSERT=9,placement:DELETE=5,placement:UPDATE=5 {{(pid=117004) stat_writer /usr/local/lib/python3.8/dist-packages/dbcounter.py:114}}
Aug 09 14:53:38.853324 n-d-844565-9 devstack@placement-api.service[117004]: DEBUG placement.handlers.allocation [req-4bc5e0f3-e22d-4326-9779-ad4900113d5c req-fd9ec3ec-eec4-4e47-867e-1ba2b7f4187d service placement] Successfully wrote allocations [, , ] {{(pid=117004) _update_consumers_and_create_allocations /opt/stack/placement/placement/handlers/allocation.py:462}}
Aug 09 14:53:38.861828 n-d-844565-9 devstack@placement-api.service[117004]: INFO placement.requestlog [req-4bc5e0f3-e22d-4326-9779-ad4900113d5c req-fd9ec3ec-eec4-4e47-867e-1ba2b7f4187d service placement] 10.222.0.36 "PUT /placement/allocations/39c2aec9-908e-409f-afb7-2f825631edb2" status: 204 len: 0 microversion: 1.36
Aug 09 14:53:38.863025 n-d-844565-9 devstack@placement-api.service[117004]: [pid: 117004|app: 0|req: 102/205] 10.222.0.36 () {64 vars in 1433 bytes} [Tue Aug 9 14:53:38 2022] PUT /placement/allocations/39c2aec9-908e-409f-afb7-2f825631edb2 => generated 0 bytes in 94 msecs (HTTP/1.1 204) 5 headers in 199 bytes (2 switches on core 0)
Aug 09 14:53:40.213246 n-d-844565-9 devstack@placement-api.service[117005]: DEBUG placement.requestlog [req-443d7c41-7d08-43f4-804e-b509340a3b46 req-3603ea34-bb2e-43cf-9539-30d6bcac1a38 None None] Starting request: 10.222.0.64 "GET /placement/allocations/eaea79d2-e6fb-4a01-890c-5c8068342713" {{(pid=117005) __call__ /opt/stack/placement/placement/requestlog.py:55}}
Aug 09 14:53:40.232271 n-d-844565-9 devstack@placement-api.service[117005]: INFO placement.requestlog [req-443d7c41-7d08-43f4-804e-b509340a3b46 req-3603ea34-bb2e-43cf-9539-30d6bcac1a38 service placement] 10.222.0.64 "GET /placement/allocations/eaea79d2-e6fb-4a01-890c-5c8068342713" status: 200 len: 259 microversion: 1.28
Aug 09 14:53:40.232647 n-d-844565-9 devstack@placement-api.service[117005]: [pid: 117005|app: 0|req: 104/206] 10.222.0.64 () {60 vars in 1377 bytes} [Tue Aug 9 14:53:40 2022] GET /placement/allocations/eaea79d2-e6fb-4a01-890c-5c8068342713 => generated 259 bytes in 20 msecs (HTTP/1.1 200) 8 headers in 296 bytes (1 switches on core 0)
Aug 09 14:53:40.401934 n-d-844565-9 devstack@placement-api.service[117004]: DEBUG placement.requestlog [req-4bc5e0f3-e22d-4326-9779-ad4900113d5c req-17dcaa13-963e-476b-aa94-78f9d0e60abc None None] Starting request: 10.222.0.47 "GET /placement/allocations/39c2aec9-908e-409f-afb7-2f825631edb2" {{(pid=117004) __call__ /opt/stack/placement/placement/requestlog.py:55}}
Aug 09 14:53:40.428959 n-d-844565-9 devstack@placement-api.service[117005]: DEBUG placement.requestlog [req-f6faa40d-099d-44fb-a305-35be3f3df9d7 req-0b055750-acf9-4e36-83bd-7d5f9ebcbe4f None None] Starting request: 10.222.0.47 "GET /placement/allocations/f7f4de78-8a3b-40c8-bcd9-ed664b8bb655" {{(pid=117005) __call__ /opt/stack/placement/placement/requestlog.py:55}}
