File "/usr/local/lib/python3.8/dist-packages/dogpile/cache/region.py", line 995, in gen_value
Jul 25 18:47:28.826132 n-d-844565-6 devstack@keystone.service[80687]: ERROR keystone.server.flask.application created_value = creator(
Jul 25 18:47:28.826132 n-d-844565-6 devstack@keystone.service[80687]: ERROR keystone.server.flask.application
File "/opt/stack/keystone/keystone/assignment/core.py", line 1276, in get_role
Jul 25 18:47:28.826132 n-d-844565-6 devstack@keystone.service[80687]: ERROR keystone.server.flask.application return self.driver.get_role(role_id)
Jul 25 18:47:28.826132 n-d-844565-6 devstack@keystone.service[80687]: ERROR keystone.server.flask.application
File "/opt/stack/keystone/keystone/assignment/role_backends/sql.py", line 70, in get_role
Jul 25 18:47:28.826132 n-d-844565-6 devstack@keystone.service[80687]: ERROR keystone.server.flask.application return self._get_role(session, role_id).to_dict()
Jul 25 18:47:28.826132 n-d-844565-6 devstack@keystone.service[80687]: ERROR keystone.server.flask.application
File "/opt/stack/keystone/keystone/assignment/role_backends/sql.py", line 65, in _get_role
Jul 25 18:47:28.826132 n-d-844565-6 devstack@keystone.service[80687]: ERROR keystone.server.flask.application raise exception.RoleNotFound(role_id=role_id)
Jul 25 18:47:28.826132 n-d-844565-6 devstack@keystone.service[80687]: ERROR keystone.server.flask.application keystone.exception.RoleNotFound: Could not find role: admin.
Jul 25 18:47:28.826132 n-d-844565-6 devstack@keystone.service[80687]: ERROR keystone.server.flask.application
Jul 25 18:47:28.826132 n-d-844565-6 devstack@keystone.service[80687]: [pid: 80687|app: 0|req: 115/223] 10.222.0.94 () {56 vars in 1096 bytes} [Mon Jul 25 18:47:28 2022] GET /identity/v3/roles/admin => generated 83 bytes in 236 msecs (HTTP/1.1 404) 5 headers in 183 bytes (1 switches on core 0)
Jul 25 18:47:28.834411 n-d-844565-6 devstack@keystone.service[80688]: DEBUG keystone.server.flask.request_processing.middleware.auth_context [None req-b20962b2-e5c3-474f-a8e5-f2c7551c1d61 None None] Authenticating user token {{(pid=80688) process_request /usr/local/lib/python3.8/dist-packages/keystonemiddleware/auth_token/__init__.py:407}}
Jul 25 18:47:29.068486 n-d-844565-6 devstack@keystone.service[80688]: DEBUG keystone.server.flask.request_processing.middleware.auth_context [None req-b20962b2-e5c3-474f-a8e5-f2c7551c1d61 None None] Validating token access rules against request {{(pid=80688) validate_allowed_request /usr/local/lib/python3.8/dist-packages/keystonemiddleware/auth_token/__init__.py:545}}
Jul 25 18:47:29.108585 n-d-844565-6 devstack@keystone.service[80687]: DEBUG keystone.server.flask.request_processing.req_logging [None req-f55b43e8-72c0-4d94-a40d-b6f632198fcd None None] REQUEST_METHOD: `GET` {{(pid=80687) log_request_info /opt/stack/keystone/keystone/server/flask/request_processing/req_logging.py:27}}
Jul 25 18:47:29.109259 n-d-844565-6 devstack@keystone.service[80687]: DEBUG keystone.server.flask.request_processing.req_logging [None req-f55b43e8-72c0-4d94-a40d-b6f632198fcd None None] SCRIPT_NAME: `/identity` {{(pid=80687) log_request_info /opt/stack/keystone/keystone/server/flask/request_processing/req_logging.py:28}}
Jul 25 18:47:29.109746 n-d-844565-6 devstack@keystone.service[80687]: DEBUG keystone.server.flask.request_processing.req_logging [None req-f55b43e8-72c0-4d94-a40d-b6f632198fcd None None] PATH_INFO: `/` {{(pid=80687) log_request_info /opt/stack/keystone/keystone/server/flask/request_processing/req_logging.py:29}}
Jul 25 18:47:29.112005 n-d-844565-6 devstack@keystone.service[80687]: [pid: 80687|app: 0|req: 116/224] 10.222.0.94 () {54 vars in 926 bytes} [Mon Jul 25 18:47:29 2022] GET /identity => generated 270 bytes in 4 msecs (HTTP/1.1 300) 6 headers in 234 bytes (1 switches on core 0)
Jul 25 18:47:29.118312 n-d-844565-6 devstack@keystone.service[80687]: DEBUG keystone.server.flask.request_processing.req_logging [None req-2da5a2e5-92a1-4914-9d73-3c4004302833 None None] REQUEST_METHOD: `POST` {{(pid=80687) log_request_info /opt/stack/keystone/keystone/server/flask/request_processing/req_logging.py:27}}
Jul 25 18:47:29.119183 n-d-844565-6 devstack@keystone.service[80687]: DEBUG keystone.server.flask.request_processing.req_logging [None req-2da5a2e5-92a1-4914-9d73-3c4004302833 None None] SCRIPT_NAME: `/identity` {{(pid=80687) log_request_info /opt/stack/keystone/keystone/server/flask/request_processing/req_logging.py:28}}
Jul 25 18:47:29.120217 n-d-844565-6 devstack@keystone.service[80687]: DEBUG keystone.server.flask.request_processing.req_logging [None req-2da5a2e5-92a1-4914-9d73-3c4004302833 None None] PATH_INFO: `/v3/auth/tokens` {{(pid=80687) log_request_info /opt/stack/keystone/keystone/server/flask/request_processing/req_logging.py:29}}
Jul 25 18:47:29.144301 n-d-844565-6 devstack@keystone.service[80687]: DEBUG keystone.auth.core [None req-2da5a2e5-92a1-4914-9d73-3c4004302833 None None] MFA Rules not processed for user `1831f8dfa63749558b7e32fc5d65c88d`. Rule list: `[]` (Enabled: `True`). {{(pid=80687) check_auth_methods_against_rules /opt/stack/keystone/keystone/auth/core.py:438}}
Jul 25 18:47:29.146005 n-d-844565-6 devstack@keystone.service[80687]: DEBUG keystone.common.fernet_utils [None req-2da5a2e5-92a1-4914-9d73-3c4004302833 None None] Loaded 2 Fernet keys from /etc/keystone/fernet-keys/, but `[fernet_tokens] max_active_keys = 3`; perhaps there have not been enough key rotations to reach `max_active_keys` yet? {{(pid=80687) load_keys /opt/stack/keystone/keystone/common/fernet_utils.py:286}}
Jul 25 18:47:29.146498 n-d-844565-6 devstack@keystone.service[80688]: DEBUG keystone.server.flask.request_processing.middleware.auth_context [None req-9ea0bc17-42c5-4064-b545-f466037c3a50 None admin] RBAC: auth_context: {'token': , 'domain_id': None, 'trust_id': None, 'trustor_id': None, 'trustee_id': None, 'domain_name': None, 'group_ids': [], 'user_id': '1831f8dfa63749558b7e32fc5d65c88d', 'user_domain_id': 'default', 'system_scope': 'all', 'project_id': None, 'project_domain_id': None, 'roles': ['admin', 'member', 'reader'], 'is_admin_project': True, 'service_user_id': None, 'service_user_domain_id': None, 'service_project_id': None, 'service_project_domain_id': None, 'service_roles': []} {{(pid=80688) fill_context /opt/stack/keystone/keystone/server/flask/request_processing/middleware/auth_context.py:478}}
Jul 25 18:47:29.152980 n-d-844565-6 devstack@keystone.service[80688]: DEBUG keystone.server.flask.request_processing.req_logging [None req-9ea0bc17-42c5-4064-b545-f466037c3a50 None admin] REQUEST_METHOD: `GET` {{(pid=80688) log_request_info /opt/stack/keystone/keystone/server/flask/request_processing/req_logging.py:27}}
Jul 25 18:47:29.153839 n-d-844565-6 devstack@keystone.service[80688]: DEBUG keystone.server.flask.request_processing.req_logging [None req-9ea0bc17-42c5-4064-b545-f466037c3a50 None admin] SCRIPT_NAME: `/identity` {{(pid=80688) log_request_info /opt/stack/keystone/keystone/server/flask/request_processing/req_logging.py:28}}
Jul 25 18:47:29.154305 n-d-844565-6 devstack@keystone.service[80688]: DEBUG keystone.server.flask.request_processing.req_logging [None req-9ea0bc17-42c5-4064-b545-f466037c3a50 None admin] PATH_INFO: `/v3/roles` {{(pid=80688) log_request_info /opt/stack/keystone/keystone/server/flask/request_processing/req_logging.py:29}}
Jul 25 18:47:29.155509 n-d-844565-6 devstack@keystone.service[80688]: DEBUG keystone.common.rbac_enforcer.enforcer [None req-9ea0bc17-42c5-4064-b545-f466037c3a50 None admin] RBAC: Adding query filter params (name=admin) {{(pid=80688) _extract_filter_values /opt/stack/keystone/keystone/common/rbac_enforcer/enforcer.py:167}}
Jul 25 18:47:29.155852 n-d-844565-6 devstack@keystone.service[80688]: DEBUG keystone.common.rbac_enforcer.enforcer [None req-9ea0bc17-42c5-4064-b545-f466037c3a50 None admin] RBAC: Authorizing `identity:list_roles()` {{(pid=80688) enforce_call /opt/stack/keystone/keystone/common/rbac_enforcer/enforcer.py:449}}
Jul 25 18:47:29.157720 n-d-844565-6 devstack@keystone.service[80688]: DEBUG keystone.common.rbac_enforcer.enforcer [None req-9ea0bc17-42c5-4064-b545-f466037c3a50 None admin] RBAC: Authorization granted {{(pid=80688) enforce_call /opt/stack/keystone/keystone/common/rbac_enforcer/enforcer.py:457}}
Jul 25 18:47:29.180969 n-d-844565-6 devstack@keystone.service[80688]: [pid: 80688|app: 0|req: 109/225] 10.222.0.94 () {56 vars in 1099 bytes} [Mon Jul 25 18:47:28 2022] GET /identity/v3/roles?name=admin => generated 339 bytes in 348 msecs (HTTP/1.1 200) 5 headers in 177 bytes (1 switches on core 0)
Jul 25 18:47:29.189327 n-d-844565-6 devstack@keystone.service[80688]: DEBUG keystone.server.flask.request_processing.middleware.auth_context [None req-9ea0bc17-42c5-4064-b545-f466037c3a50 None admin] Authenticating user token {{(pid=80688) process_request /usr/local/lib/python3.8/dist-packages/keystonemiddleware/auth_token/__init__.py:407}}
Jul 25 18:47:29.239006 n-d-844565-6 devstack@keystone.service[80687]: DEBUG dbcounter [-] [80687] Writing DB stats keystone:SELECT=100 {{(pid=80687) stat_writer /usr/local/lib/python3.8/dist-packages/dbcounter.py:114}}
Jul 25 18:47:29.283034 n-d-844565-6 devstack@keystone.service[80688]: DEBUG dbcounter [-] [80688] Writing DB stats keystone:SELECT=100 {{(pid=80688) stat_writer /usr/local/lib/python3.8/dist-packages/dbcounter.py:114}}
Jul 25 18:47:29.332521 n-d-844565-6 devstack@keystone.service[80687]: [pid: 80687|app: 0|req: 117/226] 10.222.0.94 () {58 vars in 1023 bytes} [Mon Jul 25 18:47:29 2022] POST /identity/v3/auth/tokens => generated 799 bytes in 215 msecs (HTTP/1.1 201) 6 headers in 363 bytes (2 switches on core 0)
Jul 25 18:47:29.398370 n-d-844565-6 devstack@keystone.service[80688]: DEBUG keystone.server.flask.request_processing.middleware.auth_context [None req-9ea0bc17-42c5-4064-b545-f466037c3a50 None admin] Validating token access rules against request {{(pid=80688) validate_allowed_request /usr/local/lib/python3.8/dist-packages/keystonemiddleware/auth_token/__init__.py:545}}
Jul 25 18:47:29.400792 n-d-844565-6 devstack@keystone.service[80687]: DEBUG keystone.server.flask.request_processing.middleware.auth_context [None req-2da5a2e5-92a1-4914-9d73-3c4004302833 None None] Authenticating user token {{(pid=80687) process_request /usr/local/lib/python3.8/dist-packages/keystonemiddleware/auth_token/__init__.py:407}}
Jul 25 18:47:29.442289 n-d-844565-6 devstack@keystone.service[80688]: DEBUG keystone.server.flask.request_processing.middleware.auth_context [None req-29af5b67-3616-467f-8be4-e84a8013f90f None admin] RBAC: auth_context: {'token': , 'domain_id': None, 'trust_id': None, 'trustor_id': None, 'trustee_id': None, 'domain_name': None, 'group_ids': [], 'user_id': '1831f8dfa63749558b7e32fc5d65c88d', 'user_domain_id': 'default', 'system_scope': 'all', 'project_id': None, 'project_domain_id': None, 'roles': ['admin', 'member', 'reader'], 'is_admin_project': True, 'service_user_id': None, 'service_user_domain_id': None, 'service_project_id': None, 'service_project_domain_id': None, 'service_roles': []} {{(pid=80688) fill_context /opt/stack/keystone/keystone/server/flask/request_processing/middleware/auth_context.py:478}}
Jul 25 18:47:29.443747 n-d-844565-6 devstack@keystone.service[80688]: DEBUG keystone.server.flask.request_processing.req_logging [None req-29af5b67-3616-467f-8be4-e84a8013f90f None admin] REQUEST_METHOD: `GET` {{(pid=80688) log_request_info /opt/stack/keystone/keystone/server/flask/request_processing/req_logging.py:27}}
Jul 25 18:47:29.447953 n-d-844565-6 devstack@keystone.service[80688]: DEBUG keystone.server.flask.request_processing.req_logging [None req-29af5b67-3616-467f-8be4-e84a8013f90f None admin] SCRIPT_NAME: `/identity` {{(pid=80688) log_request_info /opt/stack/keystone/keystone/server/flask/request_processing/req_logging.py:28}}
Jul 25 18:47:29.449680 n-d-844565-6 devstack@keystone.service[80688]: DEBUG keystone.server.flask.request_processing.req_logging [None req-29af5b67-3616-467f-8be4-e84a8013f90f None admin] PATH_INFO: `/v3/users/00a2cb29b742407bb14015fc7e91e67f` {{(pid=80688) log_request_info /opt/stack/keystone/keystone/server/flask/request_processing/req_logging.py:29}}
Jul 25 18:47:29.454504 n-d-844565-6 devstack@keystone.service[80688]: DEBUG keystone.common.rbac_enforcer.enforcer [None req-29af5b67-3616-467f-8be4-e84a8013f90f None admin] RBAC: Authorizing `identity:get_user(user_id=00a2cb29b742407bb14015fc7e91e67f)` {{(pid=80688) enforce_call /opt/stack/keystone/keystone/common/rbac_enforcer/enforcer.py:449}}
Jul 25 18:47:29.456202 n-d-844565-6 devstack@keystone.service[80688]: DEBUG keystone.common.rbac_enforcer.enforcer [None req-29af5b67-3616-467f-8be4-e84a8013f90f None admin] RBAC: Authorization granted {{(pid=80688) enforce_call /opt/stack/keystone/keystone/common/rbac_enforcer/enforcer.py:457}}
Jul 25 18:47:29.462590 n-d-844565-6 devstack@keystone.service[80688]: [pid: 80688|app: 0|req: 110/227] 10.222.0.94 () {56 vars in 1177 bytes} [Mon Jul 25 18:47:29 2022] GET /identity/v3/users/00a2cb29b742407bb14015fc7e91e67f => generated 283 bytes in 274 msecs (HTTP/1.1 200) 5 headers in 177 bytes (1 switches on core 0)
Jul 25 18:47:29.467081 n-d-844565-6 devstack@keystone.service[80688]: DEBUG keystone.server.flask.request_processing.middleware.auth_context [None req-29af5b67-3616-467f-8be4-e84a8013f90f None admin] Authenticating user token {{(pid=80688) process_request /usr/local/lib/python3.8/dist-packages/keystonemiddleware/auth_token/__init__.py:407}}
Jul 25 18:47:29.585871 n-d-844565-6 devstack@keystone.service[80687]: DEBUG keystone.server.flask.request_processing.middleware.auth_context [None req-2da5a2e5-92a1-4914-9d73-3c4004302833 None None] Validating token access rules against request {{(pid=80687) validate_allowed_request /usr/local/lib/python3.8/dist-packages/keystonemiddleware/auth_token/__init__.py:545}}
Jul 25 18:47:29.657701 n-d-844565-6 devstack@keystone.service[80688]: DEBUG dbcounter [-] [80688] Writing DB stats keystone:SELECT=100 {{(pid=80688) stat_writer /usr/local/lib/python3.8/dist-packages/dbcounter.py:114}}
Jul 25 18:47:29.661536 n-d-844565-6 devstack@keystone.service[80688]: DEBUG keystone.server.flask.request_processing.middleware.auth_context [None req-29af5b67-3616-467f-8be4-e84a8013f90f None admin] Validating token access rules against request {{(pid=80688) validate_allowed_request /usr/local/lib/python3.8/dist-packages/keystonemiddleware/auth_token/__init__.py:545}}
Jul 25 18:47:29.687440 n-d-844565-6 devstack@keystone.service[80687]: DEBUG keystone.server.flask.request_processing.middleware.auth_context [None req-eabfcc4d-11ce-4893-b745-c34705ea13da None admin] RBAC: auth_context: {'token': , 'domain_id': None, 'trust_id': None, 'trustor_id': None, 'trustee_id': None, 'domain_name': None, 'group_ids': [], 'user_id': '1831f8dfa63749558b7e32fc5d65c88d', 'user_domain_id': 'default', 'system_scope': 'all', 'project_id': None, 'project_domain_id': None, 'roles': ['admin', 'member', 'reader'], 'is_admin_project': True, 'service_user_id': None, 'service_user_domain_id': None, 'service_project_id': None, 'service_project_domain_id': None, 'service_roles': []} {{(pid=80687) fill_context /opt/stack/keystone/keystone/server/flask/request_processing/middleware/auth_context.py:478}}
Jul 25 18:47:29.688394 n-d-844565-6 devstack@keystone.service[80687]: DEBUG keystone.server.flask.request_processing.req_logging [None req-eabfcc4d-11ce-4893-b745-c34705ea13da None admin] REQUEST_METHOD: `GET` {{(pid=80687) log_request_info /opt/stack/keystone/keystone/server/flask/request_processing/req_logging.py:27}}
Jul 25 18:47:29.688752 n-d-844565-6 devstack@keystone.service[80687]: DEBUG keystone.server.flask.request_processing.req_logging [None req-eabfcc4d-11ce-4893-b745-c34705ea13da None admin] SCRIPT_NAME: `/identity` {{(pid=80687) log_request_info /opt/stack/keystone/keystone/server/flask/request_processing/req_logging.py:28}}
Jul 25 18:47:29.689106 n-d-844565-6 devstack@keystone.service[80687]: DEBUG keystone.server.flask.request_processing.req_logging [None req-eabfcc4d-11ce-4893-b745-c34705ea13da None admin] PATH_INFO: `/v3/roles/anotherrole` {{(pid=80687) log_request_info /opt/stack/keystone/keystone/server/flask/request_processing/req_logging.py:29}}
Jul 25 18:47:29.703108 n-d-844565-6 devstack@keystone.service[80688]: DEBUG keystone.server.flask.request_processing.middleware.auth_context [None req-b889cdc0-ff4a-4af9-bc21-62c59d57b7e7 None admin] RBAC: auth_context: {'token': , 'domain_id': None, 'trust_id': None, 'trustor_id': None, 'trustee_id': None, 'domain_name': None, 'group_ids': [], 'user_id': '1831f8dfa63749558b7e32fc5d65c88d', 'user_domain_id': 'default', 'system_scope': 'all', 'project_id': None, 'project_domain_id': None, 'roles': ['admin', 'member', 'reader'], 'is_admin_project': True, 'service_user_id': None, 'service_user_domain_id': None, 'service_project_id': None, 'service_project_domain_id': None, 'service_roles': []} {{(pid=80688) fill_context /opt/stack/keystone/keystone/server/flask/request_processing/middleware/auth_context.py:478}}
Jul 25 18:47:29.704244 n-d-844565-6 devstack@keystone.service[80688]: DEBUG keystone.server.flask.request_processing.req_logging [None req-b889cdc0-ff4a-4af9-bc21-62c59d57b7e7 None admin] REQUEST_METHOD: `GET` {{(pid=80688) log_request_info /opt/stack/keystone/keystone/server/flask/request_processing/req_logging.py:27}}
Jul 25 18:47:29.704699 n-d-844565-6 devstack@keystone.service[80688]: DEBUG keystone.server.flask.request_processing.req_logging [None req-b889cdc0-ff4a-4af9-bc21-62c59d57b7e7 None admin] SCRIPT_NAME: `/identity` {{(pid=80688) log_request_info /opt/stack/keystone/keystone/server/flask/request_processing/req_logging.py:28}}
Jul 25 18:47:29.705146 n-d-844565-6 devstack@keystone.service[80688]: DEBUG keystone.server.flask.request_processing.req_logging [None req-b889cdc0-ff4a-4af9-bc21-62c59d57b7e7 None admin] PATH_INFO: `/v3/projects/5e135b7227a64d02baa8c0ffeb010db1` {{(pid=80688) log_request_info /opt/stack/keystone/keystone/server/flask/request_processing/req_logging.py:29}}
Jul 25 18:47:29.708352 n-d-844565-6 devstack@keystone.service[80688]: DEBUG keystone.common.rbac_enforcer.enforcer [None req-b889cdc0-ff4a-4af9-bc21-62c59d57b7e7 None admin] RBAC: Authorizing `identity:get_project(project_id=5e135b7227a64d02baa8c0ffeb010db1)` {{(pid=80688) enforce_call /opt/stack/keystone/keystone/common/rbac_enforcer/enforcer.py:449}}
Jul 25 18:47:29.710044 n-d-844565-6 devstack@keystone.service[80688]: DEBUG keystone.common.rbac_enforcer.enforcer [None req-b889cdc0-ff4a-4af9-bc21-62c59d57b7e7 None admin] RBAC: Authorization granted {{(pid=80688) enforce_call /opt/stack/keystone/keystone/common/rbac_enforcer/enforcer.py:457}}
Jul 25 18:47:29.712997 n-d-844565-6 devstack@keystone.service[80687]: DEBUG keystone.common.rbac_enforcer.enforcer [None req-eabfcc4d-11ce-4893-b745-c34705ea13da None admin] Extracting inferred target data resulted in "NOT FOUND (404)". {{(pid=80687) enforce_call /opt/stack/keystone/keystone/common/rbac_enforcer/enforcer.py:409}}
Jul 25 18:47:29.717724 n-d-844565-6 devstack@keystone.service[80688]: [pid: 80688|app: 0|req: 111/228] 10.222.0.94 () {56 vars in 1186 bytes} [Mon Jul 25 18:47:29 2022] GET /identity/v3/projects/5e135b7227a64d02baa8c0ffeb010db1 => generated 302 bytes in 246 msecs (HTTP/1.1 200) 5 headers in 177 bytes (1 switches on core 0)
Jul 25 18:47:29.718867 n-d-844565-6 devstack@keystone.service[80688]: DEBUG keystone.server.flask.request_processing.middleware.auth_context [None req-b889cdc0-ff4a-4af9-bc21-62c59d57b7e7 None admin] Authenticating user token {{(pid=80688) process_request /usr/local/lib/python3.8/dist-packages/keystonemiddleware/auth_token/__init__.py:407}}
Jul 25 18:47:29.722458 n-d-844565-6 devstack@keystone.service[80687]: ERROR keystone.server.flask.application [None req-eabfcc4d-11ce-4893-b745-c34705ea13da None admin] Could not find role: anotherrole.: keystone.exception.RoleNotFound: Could not find role: anotherrole.
Jul 25 18:47:29.722458 n-d-844565-6 devstack@keystone.service[80687]: ERROR keystone.server.flask.application
Traceback (most recent call last):
Jul 25 18:47:29.722458 n-d-844565-6 devstack@keystone.service[80687]: ERROR keystone.server.flask.application
File "/usr/local/lib/python3.8/dist-packages/flask/app.py", line 1517, in full_dispatch_request
Jul 25 18:47:29.722458 n-d-844565-6 devstack@keystone.service[80687]: ERROR keystone.server.flask.application rv = self.dispatch_request()
Jul 25 18:47:29.722458 n-d-844565-6 devstack@keystone.service[80687]: ERROR keystone.server.flask.application
File "/usr/local/lib/python3.8/dist-packages/flask/app.py", line 1503, in dispatch_request
Jul 25 18:47:29.722458 n-d-844565-6 devstack@keystone.service[80687]: ERROR keystone.server.flask.application return self.ensure_sync(self.view_functions[rule.endpoint])(**req.view_args)
Jul 25 18:47:29.722458 n-d-844565-6 devstack@keystone.service[80687]: ERROR keystone.server.flask.application
File "/usr/local/lib/python3.8/dist-packages/flask_restful/__init__.py", line 467, in wrapper
Jul 25 18:47:29.722458 n-d-844565-6 devstack@keystone.service[80687]: ERROR keystone.server.flask.application resp = resource(*args, **kwargs)
Jul 25 18:47:29.722458 n-d-844565-6 devstack@keystone.service[80687]: ERROR keystone.server.flask.application
File "/usr/local/lib/python3.8/dist-packages/flask/views.py", line 84, in view
Jul 25 18:47:29.722458 n-d-844565-6 devstack@keystone.service[80687]: ERROR keystone.server.flask.application return current_app.ensure_sync(self.dispatch_request)(*args, **kwargs)
Jul 25 18:47:29.722458 n-d-844565-6 devstack@keystone.service[80687]: ERROR keystone.server.flask.application
File "/usr/local/lib/python3.8/dist-packages/flask_restful/__init__.py", line 582, in dispatch_request
Jul 25 18:47:29.722458 n-d-844565-6 devstack@keystone.service[80687]: ERROR keystone.server.flask.application resp = meth(*args, **kwargs)
Jul 25 18:47:29.722458 n-d-844565-6 devstack@keystone.service[80687]: ERROR keystone.server.flask.application
File "/opt/stack/keystone/keystone/api/roles.py", line 50, in get
Jul 25 18:47:29.722458 n-d-844565-6 devstack@keystone.service[80687]: ERROR keystone.server.flask.application return self._get_role(role_id)
Jul 25 18:47:29.722458 n-d-844565-6 devstack@keystone.service[80687]: ERROR keystone.server.flask.application
File "/opt/stack/keystone/keystone/api/roles.py", line 70, in _get_role
Jul 25 18:47:29.722458 n-d-844565-6 devstack@keystone.service[80687]: ERROR keystone.server.flask.application ENFORCER.enforce_call(action='identity:get_role')
Jul 25 18:47:29.723313 n-d-844565-6 devstack@keystone.service[80687]: ERROR keystone.server.flask.application
File "/opt/stack/keystone/keystone/common/rbac_enforcer/enforcer.py", line 402, in enforce_call
Jul 25 18:47:29.723313 n-d-844565-6 devstack@keystone.service[80687]: ERROR keystone.server.flask.application policy_dict.update(cls._extract_member_target_data(
Jul 25 18:47:29.723313 n-d-844565-6 devstack@keystone.service[80687]: ERROR keystone.server.flask.application
File "/opt/stack/keystone/keystone/common/rbac_enforcer/enforcer.py", line 234, in _extract_member_target_data
Jul 25 18:47:29.723313 n-d-844565-6 devstack@keystone.service[80687]: ERROR keystone.server.flask.application member_name: func(flask.request.view_args[key])
Jul 25 18:47:29.723313 n-d-844565-6 devstack@keystone.service[80687]: ERROR keystone.server.flask.application
File "/opt/stack/keystone/keystone/common/manager.py", line 115, in wrapped
Jul 25 18:47:29.723313 n-d-844565-6 devstack@keystone.service[80687]: ERROR keystone.server.flask.application __ret_val = __f(*args, **kwargs)
Jul 25 18:47:29.723313 n-d-844565-6 devstack@keystone.service[80687]: ERROR keystone.server.flask.application
File "/usr/local/lib/python3.8/dist-packages/decorator.py", line 232, in fun
Jul 25 18:47:29.723313 n-d-844565-6 devstack@keystone.service[80687]: ERROR keystone.server.flask.application return caller(func, *(extras + args), **kw)
Jul 25 18:47:29.723313 n-d-844565-6 devstack@keystone.service[80687]: ERROR keystone.server.flask.application
File "/usr/local/lib/python3.8/dist-packages/dogpile/cache/region.py", line 1577, in get_or_create_for_user_func
Jul 25 18:47:29.723313 n-d-844565-6 devstack@keystone.service[80687]: ERROR keystone.server.flask.application return self.get_or_create(
Jul 25 18:47:29.723313 n-d-844565-6 devstack@keystone.service[80687]: ERROR keystone.server.flask.application
File "/usr/local/lib/python3.8/dist-packages/dogpile/cache/region.py", line 1042, in get_or_create
Jul 25 18:47:29.723313 n-d-844565-6 devstack@keystone.service[80687]: ERROR keystone.server.flask.application with Lock(
Jul 25 18:47:29.723313 n-d-844565-6 devstack@keystone.service[80687]: ERROR keystone.server.flask.application
File "/usr/local/lib/python3.8/dist-packages/dogpile/lock.py", line 185, in __enter__
Jul 25 18:47:29.723313 n-d-844565-6 devstack@keystone.service[80687]: ERROR keystone.server.flask.application return self._enter()
Jul 25 18:47:29.723313 n-d-844565-6 devstack@keystone.service[80687]: ERROR keystone.server.flask.application
File "/usr/local/lib/python3.8/dist-packages/dogpile/lock.py", line 94, in _enter
Jul 25 18:47:29.723313 n-d-844565-6 devstack@keystone.service[80687]: ERROR keystone.server.flask.application generated = self._enter_create(value, createdtime)
Jul 25 18:47:29.724078 n-d-844565-6 devstack@keystone.service[80687]: ERROR keystone.server.flask.application
File "/usr/local/lib/python3.8/dist-packages/dogpile/lock.py", line 178, in _enter_create
Jul 25 18:47:29.724078 n-d-844565-6 devstack@keystone.service[80687]: ERROR keystone.server.flask.application return self.creator()
Jul 25 18:47:29.724078 n-d-844565-6 devstack@keystone.service[80687]: ERROR keystone.server.flask.application
File "/usr/local/lib/python3.8/dist-packages/dogpile/cache/region.py", line 995, in gen_value
Jul 25 18:47:29.724078 n-d-844565-6 devstack@keystone.service[80687]: ERROR keystone.server.flask.application created_value = creator(
Jul 25 18:47:29.724078 n-d-844565-6 devstack@keystone.service[80687]: ERROR keystone.server.flask.application
File "/opt/stack/keystone/keystone/assignment/core.py", line 1276, in get_role
Jul 25 18:47:29.724078 n-d-844565-6 devstack@keystone.service[80687]: ERROR keystone.server.flask.application return self.driver.get_role(role_id)
Jul 25 18:47:29.724078 n-d-844565-6 devstack@keystone.service[80687]: ERROR keystone.server.flask.application
File "/opt/stack/keystone/keystone/assignment/role_backends/sql.py", line 70, in get_role
Jul 25 18:47:29.724078 n-d-844565-6 devstack@keystone.service[80687]: ERROR keystone.server.flask.application return self._get_role(session, role_id).to_dict()
Jul 25 18:47:29.724078 n-d-844565-6 devstack@keystone.service[80687]: ERROR keystone.server.flask.application
File "/opt/stack/keystone/keystone/assignment/role_backends/sql.py", line 65, in _get_role
Jul 25 18:47:29.724078 n-d-844565-6 devstack@keystone.service[80687]: ERROR keystone.server.flask.application raise exception.RoleNotFound(role_id=role_id)
Jul 25 18:47:29.724078 n-d-844565-6 devstack@keystone.service[80687]: ERROR keystone.server.flask.application keystone.exception.RoleNotFound: Could not find role: anotherrole.
Jul 25 18:47:29.724078 n-d-844565-6 devstack@keystone.service[80687]: ERROR keystone.server.flask.application
Jul 25 18:47:29.727710 n-d-844565-6 devstack@keystone.service[80687]: [pid: 80687|app: 0|req: 118/229] 10.222.0.94 () {56 vars in 1114 bytes} [Mon Jul 25 18:47:29 2022] GET /identity/v3/roles/anotherrole => generated 89 bytes in 332 msecs (HTTP/1.1 404) 5 headers in 183 bytes (1 switches on core 0)
Jul 25 18:47:29.738312 n-d-844565-6 devstack@keystone.service[80687]: DEBUG keystone.server.flask.request_processing.middleware.auth_context [None req-eabfcc4d-11ce-4893-b745-c34705ea13da None admin] Authenticating user token {{(pid=80687) process_request /usr/local/lib/python3.8/dist-packages/keystonemiddleware/auth_token/__init__.py:407}}
Jul 25 18:47:29.810899 n-d-844565-6 devstack@keystone.service[80687]: DEBUG dbcounter [-] [80687] Writing DB stats keystone:SELECT=100 {{(pid=80687) stat_writer /usr/local/lib/python3.8/dist-packages/dbcounter.py:114}}
Jul 25 18:47:29.892979 n-d-844565-6 devstack@keystone.service[80688]: DEBUG keystone.server.flask.request_processing.middleware.auth_context [None req-b889cdc0-ff4a-4af9-bc21-62c59d57b7e7 None admin] Validating token access rules against request {{(pid=80688) validate_allowed_request /usr/local/lib/python3.8/dist-packages/keystonemiddleware/auth_token/__init__.py:545}}
Jul 25 18:47:29.947663 n-d-844565-6 devstack@keystone.service[80687]: DEBUG keystone.server.flask.request_processing.middleware.auth_context [None req-eabfcc4d-11ce-4893-b745-c34705ea13da None admin] Validating token access rules against request {{(pid=80687) validate_allowed_request /usr/local/lib/python3.8/dist-packages/keystonemiddleware/auth_token/__init__.py:545}}
Jul 25 18:47:29.959373 n-d-844565-6 devstack@keystone.service[80688]: DEBUG keystone.server.flask.request_processing.middleware.auth_context [None req-6eb9cd6c-e4a5-4c65-8cb4-f9b2c3024718 None admin] RBAC: auth_context: {'token': , 'domain_id': None, 'trust_id': None, 'trustor_id': None, 'trustee_id': None, 'domain_name': None, 'group_ids': [], 'user_id': '1831f8dfa63749558b7e32fc5d65c88d', 'user_domain_id': 'default', 'system_scope': 'all', 'project_id': None, 'project_domain_id': None, 'roles': ['admin', 'member', 'reader'], 'is_admin_project': True, 'service_user_id': None, 'service_user_domain_id': None, 'service_project_id': None, 'service_project_domain_id': None, 'service_roles': []} {{(pid=80688) fill_context /opt/stack/keystone/keystone/server/flask/request_processing/middleware/auth_context.py:478}}
Jul 25 18:47:29.960396 n-d-844565-6 devstack@keystone.service[80688]: DEBUG keystone.server.flask.request_processing.req_logging [None req-6eb9cd6c-e4a5-4c65-8cb4-f9b2c3024718 None admin] REQUEST_METHOD: `PUT` {{(pid=80688) log_request_info /opt/stack/keystone/keystone/server/flask/request_processing/req_logging.py:27}}
Jul 25 18:47:29.960755 n-d-844565-6 devstack@keystone.service[80688]: DEBUG keystone.server.flask.request_processing.req_logging [None req-6eb9cd6c-e4a5-4c65-8cb4-f9b2c3024718 None admin] SCRIPT_NAME: `/identity` {{(pid=80688) log_request_info /opt/stack/keystone/keystone/server/flask/request_processing/req_logging.py:28}}
Jul 25 18:47:29.961107 n-d-844565-6 devstack@keystone.service[80688]: DEBUG keystone.server.flask.request_processing.req_logging [None req-6eb9cd6c-e4a5-4c65-8cb4-f9b2c3024718 None admin] PATH_INFO: `/v3/projects/5e135b7227a64d02baa8c0ffeb010db1/users/00a2cb29b742407bb14015fc7e91e67f/roles/77c992ab794342a88522dd9ecc1083df` {{(pid=80688) log_request_info /opt/stack/keystone/keystone/server/flask/request_processing/req_logging.py:29}}
Jul 25 18:47:29.971358 n-d-844565-6 devstack@keystone.service[80688]: DEBUG keystone.common.rbac_enforcer.enforcer [None req-6eb9cd6c-e4a5-4c65-8cb4-f9b2c3024718 None admin] RBAC: Authorizing `identity:create_grant(project_id=5e135b7227a64d02baa8c0ffeb010db1, user_id=00a2cb29b742407bb14015fc7e91e67f, role_id=77c992ab794342a88522dd9ecc1083df)` {{(pid=80688) enforce_call /opt/stack/keystone/keystone/common/rbac_enforcer/enforcer.py:449}}
Jul 25 18:47:29.972893 n-d-844565-6 devstack@keystone.service[80688]: DEBUG keystone.common.rbac_enforcer.enforcer [None req-6eb9cd6c-e4a5-4c65-8cb4-f9b2c3024718 None admin] RBAC: Authorization granted {{(pid=80688) enforce_call /opt/stack/keystone/keystone/common/rbac_enforcer/enforcer.py:457}}
Jul 25 18:47:29.990127 n-d-844565-6 devstack@keystone.service[80687]: DEBUG keystone.server.flask.request_processing.middleware.auth_context [None req-63a99992-c874-4b03-855c-5a13895c6aa2 None admin] RBAC: auth_context: {'token': , 'domain_id': None, 'trust_id': None, 'trustor_id': None, 'trustee_id': None, 'domain_name': None, 'group_ids': [], 'user_id': '1831f8dfa63749558b7e32fc5d65c88d', 'user_domain_id': 'default', 'system_scope': 'all', 'project_id': None, 'project_domain_id': None, 'roles': ['admin', 'member', 'reader'], 'is_admin_project': True, 'service_user_id': None, 'service_user_domain_id': None, 'service_project_id': None, 'service_project_domain_id': None, 'service_roles': []} {{(pid=80687) fill_context /opt/stack/keystone/keystone/server/flask/request_processing/middleware/auth_context.py:478}}
Jul 25 18:47:29.991255 n-d-844565-6 devstack@keystone.service[80687]: DEBUG keystone.server.flask.request_processing.req_logging [None req-63a99992-c874-4b03-855c-5a13895c6aa2 None admin] REQUEST_METHOD: `GET` {{(pid=80687) log_request_info /opt/stack/keystone/keystone/server/flask/request_processing/req_logging.py:27}}
Jul 25 18:47:29.991765 n-d-844565-6 devstack@keystone.service[80687]: DEBUG keystone.server.flask.request_processing.req_logging [None req-63a99992-c874-4b03-855c-5a13895c6aa2 None admin] SCRIPT_NAME: `/identity` {{(pid=80687) log_request_info /opt/stack/keystone/keystone/server/flask/request_processing/req_logging.py:28}}
Jul 25 18:47:29.992244 n-d-844565-6 devstack@keystone.service[80687]: DEBUG keystone.server.flask.request_processing.req_logging [None req-63a99992-c874-4b03-855c-5a13895c6aa2 None admin] PATH_INFO: `/v3/roles` {{(pid=80687) log_request_info /opt/stack/keystone/keystone/server/flask/request_processing/req_logging.py:29}}
Jul 25 18:47:29.993212 n-d-844565-6 devstack@keystone.service[80687]: DEBUG keystone.common.rbac_enforcer.enforcer [None req-63a99992-c874-4b03-855c-5a13895c6aa2 None admin] RBAC: Adding query filter params (name=anotherrole) {{(pid=80687) _extract_filter_values /opt/stack/keystone/keystone/common/rbac_enforcer/enforcer.py:167}}
Jul 25 18:47:29.993841 n-d-844565-6 devstack@keystone.service[80687]: DEBUG keystone.common.rbac_enforcer.enforcer [None req-63a99992-c874-4b03-855c-5a13895c6aa2 None admin] RBAC: Authorizing `identity:list_roles()` {{(pid=80687) enforce_call /opt/stack/keystone/keystone/common/rbac_enforcer/enforcer.py:449}}
Jul 25 18:47:29.995504 n-d-844565-6 devstack@keystone.service[80687]: DEBUG keystone.common.rbac_enforcer.enforcer [None req-63a99992-c874-4b03-855c-5a13895c6aa2 None admin] RBAC: Authorization granted {{(pid=80687) enforce_call /opt/stack/keystone/keystone/common/rbac_enforcer/enforcer.py:457}}
Jul 25 18:47:30.006356 n-d-844565-6 devstack@keystone.service[80687]: [pid: 80687|app: 0|req: 119/230] 10.222.0.94 () {56 vars in 1111 bytes} [Mon Jul 25 18:47:29 2022] GET /identity/v3/roles?name=anotherrole => generated 334 bytes in 271 msecs (HTTP/1.1 200) 5 headers in 177 bytes (1 switches on core 0)
Jul 25 18:47:30.012038 n-d-844565-6 devstack@keystone.service[80687]: DEBUG keystone.server.flask.request_processing.middleware.auth_context [None req-63a99992-c874-4b03-855c-5a13895c6aa2 None admin] Authenticating user token {{(pid=80687) process_request /usr/local/lib/python3.8/dist-packages/keystonemiddleware/auth_token/__init__.py:407}}
Jul 25 18:47:30.056136 n-d-844565-6 devstack@keystone.service[80688]: [pid: 80688|app: 0|req: 112/231] 10.222.0.94 () {58 vars in 1439 bytes} [Mon Jul 25 18:47:29 2022] PUT /identity/v3/projects/5e135b7227a64d02baa8c0ffeb010db1/users/00a2cb29b742407bb14015fc7e91e67f/roles/77c992ab794342a88522dd9ecc1083df => generated 0 bytes in 331 msecs (HTTP/1.1 204) 3 headers in 132 bytes (0 switches on core 0)
Jul 25 18:47:30.164060 n-d-844565-6 devstack@keystone.service[80687]: DEBUG dbcounter [-] [80687] Writing DB stats keystone:SELECT=100 {{(pid=80687) stat_writer /usr/local/lib/python3.8/dist-packages/dbcounter.py:114}}
Jul 25 18:47:30.175815 n-d-844565-6 devstack@keystone.service[80687]: DEBUG keystone.server.flask.request_processing.middleware.auth_context [None req-63a99992-c874-4b03-855c-5a13895c6aa2 None admin] Validating token access rules against request {{(pid=80687) validate_allowed_request /usr/local/lib/python3.8/dist-packages/keystonemiddleware/auth_token/__init__.py:545}}
Jul 25 18:47:30.237640 n-d-844565-6 devstack@keystone.service[80687]: DEBUG keystone.server.flask.request_processing.middleware.auth_context [None req-68444992-680e-4ff4-8484-9b3bd1fe61c1 None admin] RBAC: auth_context: {'token': , 'domain_id': None, 'trust_id': None, 'trustor_id': None, 'trustee_id': None, 'domain_name': None, 'group_ids': [], 'user_id': '1831f8dfa63749558b7e32fc5d65c88d', 'user_domain_id': 'default', 'system_scope': 'all', 'project_id': None, 'project_domain_id': None, 'roles': ['admin', 'member', 'reader'], 'is_admin_project': True, 'service_user_id': None, 'service_user_domain_id': None, 'service_project_id': None, 'service_project_domain_id': None, 'service_roles': []} {{(pid=80687) fill_context /opt/stack/keystone/keystone/server/flask/request_processing/middleware/auth_context.py:478}}
Jul 25 18:47:30.239144 n-d-844565-6 devstack@keystone.service[80687]: DEBUG keystone.server.flask.request_processing.req_logging [None req-68444992-680e-4ff4-8484-9b3bd1fe61c1 None admin] REQUEST_METHOD: `GET` {{(pid=80687) log_request_info /opt/stack/keystone/keystone/server/flask/request_processing/req_logging.py:27}}
Jul 25 18:47:30.239704 n-d-844565-6 devstack@keystone.service[80687]: DEBUG keystone.server.flask.request_processing.req_logging [None req-68444992-680e-4ff4-8484-9b3bd1fe61c1 None admin] SCRIPT_NAME: `/identity` {{(pid=80687) log_request_info /opt/stack/keystone/keystone/server/flask/request_processing/req_logging.py:28}}
Jul 25 18:47:30.240209 n-d-844565-6 devstack@keystone.service[80687]: DEBUG keystone.server.flask.request_processing.req_logging [None req-68444992-680e-4ff4-8484-9b3bd1fe61c1 None admin] PATH_INFO: `/v3/users/00a2cb29b742407bb14015fc7e91e67f` {{(pid=80687) log_request_info /opt/stack/keystone/keystone/server/flask/request_processing/req_logging.py:29}}
Jul 25 18:47:30.242455 n-d-844565-6 devstack@keystone.service[80687]: DEBUG keystone.common.rbac_enforcer.enforcer [None req-68444992-680e-4ff4-8484-9b3bd1fe61c1 None admin] RBAC: Authorizing `identity:get_user(user_id=00a2cb29b742407bb14015fc7e91e67f)` {{(pid=80687) enforce_call /opt/stack/keystone/keystone/common/rbac_enforcer/enforcer.py:449}}
Jul 25 18:47:30.245357 n-d-844565-6 devstack@keystone.service[80687]: DEBUG keystone.common.rbac_enforcer.enforcer [None req-68444992-680e-4ff4-8484-9b3bd1fe61c1 None admin] RBAC: Authorization granted {{(pid=80687) enforce_call /opt/stack/keystone/keystone/common/rbac_enforcer/enforcer.py:457}}
Jul 25 18:47:30.254282 n-d-844565-6 devstack@keystone.service[80687]: [pid: 80687|app: 0|req: 120/232] 10.222.0.94 () {56 vars in 1177 bytes} [Mon Jul 25 18:47:30 2022] GET /identity/v3/users/00a2cb29b742407bb14015fc7e91e67f => generated 283 bytes in 238 msecs (HTTP/1.1 200) 5 headers in 177 bytes (1 switches on core 0)
Jul 25 18:47:30.259312 n-d-844565-6 devstack@keystone.service[80688]: DEBUG keystone.server.flask.request_processing.middleware.auth_context [None req-6eb9cd6c-e4a5-4c65-8cb4-f9b2c3024718 None admin] Authenticating user token {{(pid=80688) process_request /usr/local/lib/python3.8/dist-packages/keystonemiddleware/auth_token/__init__.py:407}}
Jul 25 18:47:30.303889 n-d-844565-6 devstack@keystone.service[80688]: DEBUG dbcounter [-] [80688] Writing DB stats keystone:SELECT=99,keystone:INSERT=1 {{(pid=80688) stat_writer /usr/local/lib/python3.8/dist-packages/dbcounter.py:114}}
Jul 25 18:47:30.392591 n-d-844565-6 devstack@keystone.service[80688]: DEBUG keystone.server.flask.request_processing.middleware.auth_context [None req-6eb9cd6c-e4a5-4c65-8cb4-f9b2c3024718 None admin] Validating token access rules against request {{(pid=80688) validate_allowed_request /usr/local/lib/python3.8/dist-packages/keystonemiddleware/auth_token/__init__.py:545}}
Jul 25 18:47:30.434883 n-d-844565-6 devstack@keystone.service[80688]: DEBUG keystone.server.flask.request_processing.middleware.auth_context [None req-50a3a83c-a761-4405-8d62-a8e171f465ac None admin] RBAC: auth_context: {'token': , 'domain_id': None, 'trust_id': None, 'trustor_id': None, 'trustee_id': None, 'domain_name': None, 'group_ids': [], 'user_id': '1831f8dfa63749558b7e32fc5d65c88d', 'user_domain_id': 'default', 'system_scope': 'all', 'project_id': None, 'project_domain_id': None, 'roles': ['admin', 'member', 'reader'], 'is_admin_project': True, 'service_user_id': None, 'service_user_domain_id': None, 'service_project_id': None, 'service_project_domain_id': None, 'service_roles': []} {{(pid=80688) fill_context /opt/stack/keystone/keystone/server/flask/request_processing/middleware/auth_context.py:478}}
Jul 25 18:47:30.435731 n-d-844565-6 devstack@keystone.service[80688]: DEBUG keystone.server.flask.request_processing.req_logging [None req-50a3a83c-a761-4405-8d62-a8e171f465ac None admin] REQUEST_METHOD: `GET` {{(pid=80688) log_request_info /opt/stack/keystone/keystone/server/flask/request_processing/req_logging.py:27}}
Jul 25 18:47:30.436026 n-d-844565-6 devstack@keystone.service[80688]: DEBUG keystone.server.flask.request_processing.req_logging [None req-50a3a83c-a761-4405-8d62-a8e171f465ac None admin] SCRIPT_NAME: `/identity` {{(pid=80688) log_request_info /opt/stack/keystone/keystone/server/flask/request_processing/req_logging.py:28}}
Jul 25 18:47:30.436307 n-d-844565-6 devstack@keystone.service[80688]: DEBUG keystone.server.flask.request_processing.req_logging [None req-50a3a83c-a761-4405-8d62-a8e171f465ac None admin] PATH_INFO: `/v3/projects/5e135b7227a64d02baa8c0ffeb010db1` {{(pid=80688) log_request_info /opt/stack/keystone/keystone/server/flask/request_processing/req_logging.py:29}}
Jul 25 18:47:30.438850 n-d-844565-6 devstack@keystone.service[80688]: DEBUG keystone.common.rbac_enforcer.enforcer [None req-50a3a83c-a761-4405-8d62-a8e171f465ac None admin] RBAC: Authorizing `identity:get_project(project_id=5e135b7227a64d02baa8c0ffeb010db1)` {{(pid=80688) enforce_call /opt/stack/keystone/keystone/common/rbac_enforcer/enforcer.py:449}}
Jul 25 18:47:30.440377 n-d-844565-6 devstack@keystone.service[80688]: DEBUG keystone.common.rbac_enforcer.enforcer [None req-50a3a83c-a761-4405-8d62-a8e171f465ac None admin] RBAC: Authorization granted {{(pid=80688) enforce_call /opt/stack/keystone/keystone/common/rbac_enforcer/enforcer.py:457}}
Jul 25 18:47:30.442361 n-d-844565-6 devstack@keystone.service[80688]: [pid: 80688|app: 0|req: 113/233] 10.222.0.94 () {56 vars in 1186 bytes} [Mon Jul 25 18:47:30 2022] GET /identity/v3/projects/5e135b7227a64d02baa8c0ffeb010db1 => generated 302 bytes in 184 msecs (HTTP/1.1 200) 5 headers in 177 bytes (1 switches on core 0)
Jul 25 18:47:30.448323 n-d-844565-6 devstack@keystone.service[80687]: DEBUG keystone.server.flask.request_processing.middleware.auth_context [None req-68444992-680e-4ff4-8484-9b3bd1fe61c1 None admin] Authenticating user token {{(pid=80687) process_request /usr/local/lib/python3.8/dist-packages/keystonemiddleware/auth_token/__init__.py:407}}
Jul 25 18:47:30.521212 n-d-844565-6 devstack@keystone.service[80688]: DEBUG keystone.server.flask.request_processing.req_logging [None req-f36cf6ff-21a5-41c6-abf8-c6affc49884b None None] REQUEST_METHOD: `GET` {{(pid=80688) log_request_info /opt/stack/keystone/keystone/server/flask/request_processing/req_logging.py:27}}
Jul 25 18:47:30.521734 n-d-844565-6 devstack@keystone.service[80688]: DEBUG keystone.server.flask.request_processing.req_logging [None req-f36cf6ff-21a5-41c6-abf8-c6affc49884b None None] SCRIPT_NAME: `/identity` {{(pid=80688) log_request_info /opt/stack/keystone/keystone/server/flask/request_processing/req_logging.py:28}}
Jul 25 18:47:30.522168 n-d-844565-6 devstack@keystone.service[80688]: DEBUG keystone.server.flask.request_processing.req_logging [None req-f36cf6ff-21a5-41c6-abf8-c6affc49884b None None] PATH_INFO: `/` {{(pid=80688) log_request_info /opt/stack/keystone/keystone/server/flask/request_processing/req_logging.py:29}}
Jul 25 18:47:30.523844 n-d-844565-6 devstack@keystone.service[80688]: [pid: 80688|app: 0|req: 114/234] 10.222.0.94 () {54 vars in 926 bytes} [Mon Jul 25 18:47:30 2022] GET /identity => generated 270 bytes in 4 msecs (HTTP/1.1 300) 6 headers in 234 bytes (2 switches on core 0)
Jul 25 18:47:30.532371 n-d-844565-6 devstack@keystone.service[80688]: DEBUG keystone.server.flask.request_processing.req_logging [None req-232e1df6-8165-4082-94db-f30687b86fcc None None] REQUEST_METHOD: `POST` {{(pid=80688) log_request_info /opt/stack/keystone/keystone/server/flask/request_processing/req_logging.py:27}}
Jul 25 18:47:30.533160 n-d-844565-6 devstack@keystone.service[80688]: DEBUG keystone.server.flask.request_processing.req_logging [None req-232e1df6-8165-4082-94db-f30687b86fcc None None] SCRIPT_NAME: `/identity` {{(pid=80688) log_request_info /opt/stack/keystone/keystone/server/flask/request_processing/req_logging.py:28}}
Jul 25 18:47:30.533632 n-d-844565-6 devstack@keystone.service[80688]: DEBUG keystone.server.flask.request_processing.req_logging [None req-232e1df6-8165-4082-94db-f30687b86fcc None None] PATH_INFO: `/v3/auth/tokens` {{(pid=80688) log_request_info /opt/stack/keystone/keystone/server/flask/request_processing/req_logging.py:29}}
Jul 25 18:47:30.570980 n-d-844565-6 devstack@keystone.service[80688]: DEBUG keystone.auth.core [None req-232e1df6-8165-4082-94db-f30687b86fcc None None] MFA Rules not processed for user `1831f8dfa63749558b7e32fc5d65c88d`. Rule list: `[]` (Enabled: `True`). {{(pid=80688) check_auth_methods_against_rules /opt/stack/keystone/keystone/auth/core.py:438}}
Jul 25 18:47:30.572194 n-d-844565-6 devstack@keystone.service[80688]: DEBUG keystone.common.fernet_utils [None req-232e1df6-8165-4082-94db-f30687b86fcc None None] Loaded 2 Fernet keys from /etc/keystone/fernet-keys/, but `[fernet_tokens] max_active_keys = 3`; perhaps there have not been enough key rotations to reach `max_active_keys` yet? {{(pid=80688) load_keys /opt/stack/keystone/keystone/common/fernet_utils.py:286}}
Jul 25 18:47:30.619516 n-d-844565-6 devstack@keystone.service[80687]: DEBUG keystone.server.flask.request_processing.middleware.auth_context [None req-68444992-680e-4ff4-8484-9b3bd1fe61c1 None admin] Validating token access rules against request {{(pid=80687) validate_allowed_request /usr/local/lib/python3.8/dist-packages/keystonemiddleware/auth_token/__init__.py:545}}
Jul 25 18:47:30.657364 n-d-844565-6 devstack@keystone.service[80687]: DEBUG keystone.server.flask.request_processing.middleware.auth_context [None req-db2dba47-335c-4a68-bd08-68cd14e777aa None admin] RBAC: auth_context: {'token': , 'domain_id': None, 'trust_id': None, 'trustor_id': None, 'trustee_id': None, 'domain_name': None, 'group_ids': [], 'user_id': '1831f8dfa63749558b7e32fc5d65c88d', 'user_domain_id': 'default', 'system_scope': 'all', 'project_id': None, 'project_domain_id': None, 'roles': ['admin', 'member', 'reader'], 'is_admin_project': True, 'service_user_id': None, 'service_user_domain_id': None, 'service_project_id': None, 'service_project_domain_id': None, 'service_roles': []} {{(pid=80687) fill_context /opt/stack/keystone/keystone/server/flask/request_processing/middleware/auth_context.py:478}}
Jul 25 18:47:30.658566 n-d-844565-6 devstack@keystone.service[80687]: DEBUG keystone.server.flask.request_processing.req_logging [None req-db2dba47-335c-4a68-bd08-68cd14e777aa None admin] REQUEST_METHOD: `PUT` {{(pid=80687) log_request_info /opt/stack/keystone/keystone/server/flask/request_processing/req_logging.py:27}}
Jul 25 18:47:30.658991 n-d-844565-6 devstack@keystone.service[80687]: DEBUG keystone.server.flask.request_processing.req_logging [None req-db2dba47-335c-4a68-bd08-68cd14e777aa None admin] SCRIPT_NAME: `/identity` {{(pid=80687) log_request_info /opt/stack/keystone/keystone/server/flask/request_processing/req_logging.py:28}}
Jul 25 18:47:30.659431 n-d-844565-6 devstack@keystone.service[80687]: DEBUG keystone.server.flask.request_processing.req_logging [None req-db2dba47-335c-4a68-bd08-68cd14e777aa None admin] PATH_INFO: `/v3/projects/5e135b7227a64d02baa8c0ffeb010db1/users/00a2cb29b742407bb14015fc7e91e67f/roles/59509ea6005b4aa2ad71141a8520427f` {{(pid=80687) log_request_info /opt/stack/keystone/keystone/server/flask/request_processing/req_logging.py:29}}
Jul 25 18:47:30.662173 n-d-844565-6 devstack@keystone.service[80687]: DEBUG keystone.common.rbac_enforcer.enforcer [None req-db2dba47-335c-4a68-bd08-68cd14e777aa None admin] RBAC: Authorizing `identity:create_grant(project_id=5e135b7227a64d02baa8c0ffeb010db1, user_id=00a2cb29b742407bb14015fc7e91e67f, role_id=59509ea6005b4aa2ad71141a8520427f)` {{(pid=80687) enforce_call /opt/stack/keystone/keystone/common/rbac_enforcer/enforcer.py:449}}
Jul 25 18:47:30.664098 n-d-844565-6 devstack@keystone.service[80687]: DEBUG keystone.common.rbac_enforcer.enforcer [None req-db2dba47-335c-4a68-bd08-68cd14e777aa None admin] RBAC: Authorization granted {{(pid=80687) enforce_call /opt/stack/keystone/keystone/common/rbac_enforcer/enforcer.py:457}}
Jul 25 18:47:30.710331 n-d-844565-6 devstack@keystone.service[80688]: [pid: 80688|app: 0|req: 115/235] 10.222.0.94 () {58 vars in 1023 bytes} [Mon Jul 25 18:47:30 2022] POST /identity/v3/auth/tokens => generated 799 bytes in 160 msecs (HTTP/1.1 201) 6 headers in 363 bytes (1 switches on core 0)
Jul 25 18:47:30.716057 n-d-844565-6 devstack@keystone.service[80688]: DEBUG keystone.server.flask.request_processing.middleware.auth_context [None req-232e1df6-8165-4082-94db-f30687b86fcc None None] Authenticating user token {{(pid=80688) process_request /usr/local/lib/python3.8/dist-packages/keystonemiddleware/auth_token/__init__.py:407}}
Jul 25 18:47:30.752399 n-d-844565-6 devstack@keystone.service[80688]: DEBUG dbcounter [-] [80688] Writing DB stats keystone:SELECT=100 {{(pid=80688) stat_writer /usr/local/lib/python3.8/dist-packages/dbcounter.py:114}}
