Aug 04 19:51:55.838243 n-d-844491-9 devstack@placement-api.service[112375]: INFO placement.requestlog [req-b64751c2-466b-4dad-bbfd-3fec0a3be42f req-9ac9b65b-6b6c-4208-9af6-5430a1ca356f service placement] 10.222.0.44 "GET /placement/resource_providers/3ec9f93f-23bb-4441-9f08-ba72805cb7b8/aggregates" status: 200 len: 53 microversion: 1.19
Aug 04 19:51:55.838994 n-d-844491-9 devstack@placement-api.service[112375]: [pid: 112375|app: 0|req: 17/32] 10.222.0.44 () {60 vars in 1425 bytes} [Thu Aug 4 19:51:55 2022] GET /placement/resource_providers/3ec9f93f-23bb-4441-9f08-ba72805cb7b8/aggregates => generated 53 bytes in 19 msecs (HTTP/1.1 200) 8 headers in 295 bytes (1 switches on core 0)
Aug 04 19:51:55.850925 n-d-844491-9 devstack@placement-api.service[112376]: DEBUG placement.requestlog [req-b64751c2-466b-4dad-bbfd-3fec0a3be42f req-a48eae85-80e7-49f9-ad59-1fa0eac74525 None None] Starting request: 10.222.0.44 "PUT /placement/resource_providers/3ec9f93f-23bb-4441-9f08-ba72805cb7b8/aggregates" {{(pid=112376) __call__ /opt/stack/placement/placement/requestlog.py:55}}
Aug 04 19:51:55.884688 n-d-844491-9 devstack@placement-api.service[112376]: DEBUG placement.objects.resource_provider [req-b64751c2-466b-4dad-bbfd-3fec0a3be42f req-a48eae85-80e7-49f9-ad59-1fa0eac74525 service placement] _ensure_aggregate() did not find aggregate 97e897bc-3ea7-489f-a393-6483c503c21e. Attempting to create it. {{(pid=112376) _ensure_aggregate /opt/stack/placement/placement/objects/resource_provider.py:321}}
Aug 04 19:51:55.887597 n-d-844491-9 devstack@placement-api.service[112376]: DEBUG placement.objects.resource_provider [req-b64751c2-466b-4dad-bbfd-3fec0a3be42f req-a48eae85-80e7-49f9-ad59-1fa0eac74525 service placement] _ensure_aggregate() created new aggregate 97e897bc-3ea7-489f-a393-6483c503c21e (id=2). {{(pid=112376) _ensure_aggregate /opt/stack/placement/placement/objects/resource_provider.py:327}}
Aug 04 19:51:55.889863 n-d-844491-9 devstack@placement-api.service[112376]: DEBUG placement.objects.resource_provider [req-b64751c2-466b-4dad-bbfd-3fec0a3be42f req-a48eae85-80e7-49f9-ad59-1fa0eac74525 service placement] Setting aggregates for provider 3ec9f93f-23bb-4441-9f08-ba72805cb7b8. Successfully associated aggregate 97e897bc-3ea7-489f-a393-6483c503c21e. {{(pid=112376) _set_aggregates /opt/stack/placement/placement/objects/resource_provider.py:389}}
Aug 04 19:51:56.003003 n-d-844491-9 devstack@placement-api.service[112376]: INFO placement.requestlog [req-b64751c2-466b-4dad-bbfd-3fec0a3be42f req-a48eae85-80e7-49f9-ad59-1fa0eac74525 service placement] 10.222.0.44 "PUT /placement/resource_providers/3ec9f93f-23bb-4441-9f08-ba72805cb7b8/aggregates" status: 200 len: 91 microversion: 1.19
Aug 04 19:51:56.004838 n-d-844491-9 devstack@placement-api.service[112376]: [pid: 112376|app: 0|req: 16/33] 10.222.0.44 () {64 vars in 1477 bytes} [Thu Aug 4 19:51:55 2022] PUT /placement/resource_providers/3ec9f93f-23bb-4441-9f08-ba72805cb7b8/aggregates => generated 91 bytes in 154 msecs (HTTP/1.1 200) 8 headers in 295 bytes (2 switches on core 0)
Aug 04 19:51:56.285146 n-d-844491-9 devstack@placement-api.service[112375]: DEBUG placement.requestlog [req-160ca38a-8fcd-41d7-8c2d-10b8cf6ba1c3 req-38085e21-0ae2-40f5-a707-f9aef2f98608 None None] Starting request: 10.222.0.44 "GET /placement/resource_providers?name=n-h1-844491-9" {{(pid=112375) __call__ /opt/stack/placement/placement/requestlog.py:55}}
Aug 04 19:51:56.300946 n-d-844491-9 devstack@placement-api.service[112375]: INFO placement.requestlog [req-160ca38a-8fcd-41d7-8c2d-10b8cf6ba1c3 req-38085e21-0ae2-40f5-a707-f9aef2f98608 service placement] 10.222.0.44 "GET /placement/resource_providers?name=n-h1-844491-9" status: 200 len: 440 microversion: 1.0
Aug 04 19:51:56.301599 n-d-844491-9 devstack@placement-api.service[112375]: [pid: 112375|app: 0|req: 18/34] 10.222.0.44 () {58 vars in 1274 bytes} [Thu Aug 4 19:51:56 2022] GET /placement/resource_providers?name=n-h1-844491-9 => generated 440 bytes in 17 msecs (HTTP/1.1 200) 6 headers in 224 bytes (2 switches on core 0)
Aug 04 19:51:56.309566 n-d-844491-9 devstack@placement-api.service[112376]: DEBUG placement.requestlog [req-160ca38a-8fcd-41d7-8c2d-10b8cf6ba1c3 req-c1073df0-0c6f-4f1a-832c-6032101cbf8d None None] Starting request: 10.222.0.44 "GET /placement/resource_providers/3ec9f93f-23bb-4441-9f08-ba72805cb7b8/aggregates" {{(pid=112376) __call__ /opt/stack/placement/placement/requestlog.py:55}}
Aug 04 19:51:56.327094 n-d-844491-9 devstack@placement-api.service[112376]: INFO placement.requestlog [req-160ca38a-8fcd-41d7-8c2d-10b8cf6ba1c3 req-c1073df0-0c6f-4f1a-832c-6032101cbf8d service placement] 10.222.0.44 "GET /placement/resource_providers/3ec9f93f-23bb-4441-9f08-ba72805cb7b8/aggregates" status: 200 len: 91 microversion: 1.19
Aug 04 19:51:56.335175 n-d-844491-9 devstack@placement-api.service[112376]: [pid: 112376|app: 0|req: 17/35] 10.222.0.44 () {60 vars in 1425 bytes} [Thu Aug 4 19:51:56 2022] GET /placement/resource_providers/3ec9f93f-23bb-4441-9f08-ba72805cb7b8/aggregates => generated 91 bytes in 26 msecs (HTTP/1.1 200) 8 headers in 295 bytes (2 switches on core 0)
Aug 04 19:51:56.337280 n-d-844491-9 devstack@placement-api.service[112375]: DEBUG placement.requestlog [req-160ca38a-8fcd-41d7-8c2d-10b8cf6ba1c3 req-0a264ca8-d47e-4b00-a77c-02a8e6f15186 None None] Starting request: 10.222.0.44 "PUT /placement/resource_providers/3ec9f93f-23bb-4441-9f08-ba72805cb7b8/aggregates" {{(pid=112375) __call__ /opt/stack/placement/placement/requestlog.py:55}}
Aug 04 19:51:56.375311 n-d-844491-9 devstack@placement-api.service[112375]: DEBUG placement.objects.resource_provider [req-160ca38a-8fcd-41d7-8c2d-10b8cf6ba1c3 req-0a264ca8-d47e-4b00-a77c-02a8e6f15186 service placement] Setting aggregates for provider 3ec9f93f-23bb-4441-9f08-ba72805cb7b8. Successfully disassociated aggregate 97e897bc-3ea7-489f-a393-6483c503c21e. {{(pid=112375) _set_aggregates /opt/stack/placement/placement/objects/resource_provider.py:404}}
Aug 04 19:51:56.464516 n-d-844491-9 devstack@placement-api.service[112375]: INFO placement.requestlog [req-160ca38a-8fcd-41d7-8c2d-10b8cf6ba1c3 req-0a264ca8-d47e-4b00-a77c-02a8e6f15186 service placement] 10.222.0.44 "PUT /placement/resource_providers/3ec9f93f-23bb-4441-9f08-ba72805cb7b8/aggregates" status: 200 len: 53 microversion: 1.19
Aug 04 19:51:56.465269 n-d-844491-9 devstack@placement-api.service[112375]: [pid: 112375|app: 0|req: 19/36] 10.222.0.44 () {64 vars in 1477 bytes} [Thu Aug 4 19:51:56 2022] PUT /placement/resource_providers/3ec9f93f-23bb-4441-9f08-ba72805cb7b8/aggregates => generated 53 bytes in 128 msecs (HTTP/1.1 200) 8 headers in 295 bytes (2 switches on core 0)
Aug 04 19:51:57.787761 n-d-844491-9 devstack@placement-api.service[112376]: DEBUG placement.requestlog [req-4afd92a3-851b-49d5-8422-2d692330792d req-00719460-d6e1-4cc6-a705-7648bca93001 None None] Starting request: 10.222.0.44 "GET /placement/resource_providers?name=n-h1-844491-9" {{(pid=112376) __call__ /opt/stack/placement/placement/requestlog.py:55}}
Aug 04 19:51:57.807112 n-d-844491-9 devstack@placement-api.service[112376]: INFO placement.requestlog [req-4afd92a3-851b-49d5-8422-2d692330792d req-00719460-d6e1-4cc6-a705-7648bca93001 service placement] 10.222.0.44 "GET /placement/resource_providers?name=n-h1-844491-9" status: 200 len: 440 microversion: 1.0
Aug 04 19:51:57.807549 n-d-844491-9 devstack@placement-api.service[112376]: [pid: 112376|app: 0|req: 18/37] 10.222.0.44 () {58 vars in 1274 bytes} [Thu Aug 4 19:51:57 2022] GET /placement/resource_providers?name=n-h1-844491-9 => generated 440 bytes in 20 msecs (HTTP/1.1 200) 6 headers in 224 bytes (1 switches on core 0)
Aug 04 19:51:57.817248 n-d-844491-9 devstack@placement-api.service[112375]: DEBUG placement.requestlog [req-4afd92a3-851b-49d5-8422-2d692330792d req-48d204b0-29c1-41f6-838a-6f1b83de7f8d None None] Starting request: 10.222.0.44 "GET /placement/resource_providers/3ec9f93f-23bb-4441-9f08-ba72805cb7b8/aggregates" {{(pid=112375) __call__ /opt/stack/placement/placement/requestlog.py:55}}
Aug 04 19:51:57.832938 n-d-844491-9 devstack@placement-api.service[112375]: INFO placement.requestlog [req-4afd92a3-851b-49d5-8422-2d692330792d req-48d204b0-29c1-41f6-838a-6f1b83de7f8d service placement] 10.222.0.44 "GET /placement/resource_providers/3ec9f93f-23bb-4441-9f08-ba72805cb7b8/aggregates" status: 200 len: 53 microversion: 1.19
Aug 04 19:51:57.833343 n-d-844491-9 devstack@placement-api.service[112375]: [pid: 112375|app: 0|req: 20/38] 10.222.0.44 () {60 vars in 1425 bytes} [Thu Aug 4 19:51:57 2022] GET /placement/resource_providers/3ec9f93f-23bb-4441-9f08-ba72805cb7b8/aggregates => generated 53 bytes in 17 msecs (HTTP/1.1 200) 8 headers in 295 bytes (1 switches on core 0)
Aug 04 19:51:57.840526 n-d-844491-9 devstack@placement-api.service[112376]: DEBUG placement.requestlog [req-4afd92a3-851b-49d5-8422-2d692330792d req-0eb86271-f39c-46ff-97ff-3fd68eafc639 None None] Starting request: 10.222.0.44 "PUT /placement/resource_providers/3ec9f93f-23bb-4441-9f08-ba72805cb7b8/aggregates" {{(pid=112376) __call__ /opt/stack/placement/placement/requestlog.py:55}}
Aug 04 19:51:57.873156 n-d-844491-9 devstack@placement-api.service[112376]: DEBUG placement.objects.resource_provider [req-4afd92a3-851b-49d5-8422-2d692330792d req-0eb86271-f39c-46ff-97ff-3fd68eafc639 service placement] _ensure_aggregate() did not find aggregate db2d7eba-20ac-4e76-9d5d-76bf0207daf4. Attempting to create it. {{(pid=112376) _ensure_aggregate /opt/stack/placement/placement/objects/resource_provider.py:321}}
Aug 04 19:51:57.875662 n-d-844491-9 devstack@placement-api.service[112376]: DEBUG placement.objects.resource_provider [req-4afd92a3-851b-49d5-8422-2d692330792d req-0eb86271-f39c-46ff-97ff-3fd68eafc639 service placement] _ensure_aggregate() created new aggregate db2d7eba-20ac-4e76-9d5d-76bf0207daf4 (id=3). {{(pid=112376) _ensure_aggregate /opt/stack/placement/placement/objects/resource_provider.py:327}}
Aug 04 19:51:57.878270 n-d-844491-9 devstack@placement-api.service[112376]: DEBUG placement.objects.resource_provider [req-4afd92a3-851b-49d5-8422-2d692330792d req-0eb86271-f39c-46ff-97ff-3fd68eafc639 service placement] Setting aggregates for provider 3ec9f93f-23bb-4441-9f08-ba72805cb7b8. Successfully associated aggregate db2d7eba-20ac-4e76-9d5d-76bf0207daf4. {{(pid=112376) _set_aggregates /opt/stack/placement/placement/objects/resource_provider.py:389}}
Aug 04 19:51:57.997210 n-d-844491-9 devstack@placement-api.service[112376]: INFO placement.requestlog [req-4afd92a3-851b-49d5-8422-2d692330792d req-0eb86271-f39c-46ff-97ff-3fd68eafc639 service placement] 10.222.0.44 "PUT /placement/resource_providers/3ec9f93f-23bb-4441-9f08-ba72805cb7b8/aggregates" status: 200 len: 91 microversion: 1.19
Aug 04 19:51:58.001241 n-d-844491-9 devstack@placement-api.service[112376]: [pid: 112376|app: 0|req: 19/39] 10.222.0.44 () {64 vars in 1477 bytes} [Thu Aug 4 19:51:57 2022] PUT /placement/resource_providers/3ec9f93f-23bb-4441-9f08-ba72805cb7b8/aggregates => generated 91 bytes in 161 msecs (HTTP/1.1 200) 8 headers in 295 bytes (1 switches on core 0)
Aug 04 19:52:02.584886 n-d-844491-9 devstack@placement-api.service[112375]: DEBUG placement.requestlog [req-de611d86-33cc-4ca9-b218-f94638060d32 req-4cadc135-668d-4d5c-a47d-001792ddc077 None None] Starting request: 10.222.0.44 "GET /placement/allocation_candidates?limit=1000&member_of=in%3Adb2d7eba-20ac-4e76-9d5d-76bf0207daf4&resources=DISK_GB%3A1%2CMEMORY_MB%3A1024%2CVCPU%3A1&root_required=%21COMPUTE_STATUS_DISABLED" {{(pid=112375) __call__ /opt/stack/placement/placement/requestlog.py:55}}
Aug 04 19:52:03.277744 n-d-844491-9 devstack@placement-api.service[112375]: DEBUG placement.objects.research_context [req-de611d86-33cc-4ca9-b218-f94638060d32 req-4cadc135-668d-4d5c-a47d-001792ddc077 service placement] getting providers with 1 DISK_GB {{(pid=112375) __init__ /opt/stack/placement/placement/objects/research_context.py:136}}
Aug 04 19:52:03.301001 n-d-844491-9 devstack@placement-api.service[112375]: DEBUG placement.objects.research_context [req-de611d86-33cc-4ca9-b218-f94638060d32 req-4cadc135-668d-4d5c-a47d-001792ddc077 service placement] getting providers with 1024 MEMORY_MB {{(pid=112375) __init__ /opt/stack/placement/placement/objects/research_context.py:136}}
Aug 04 19:52:03.316031 n-d-844491-9 devstack@placement-api.service[112375]: DEBUG placement.objects.research_context [req-de611d86-33cc-4ca9-b218-f94638060d32 req-4cadc135-668d-4d5c-a47d-001792ddc077 service placement] getting providers with 1 VCPU {{(pid=112375) __init__ /opt/stack/placement/placement/objects/research_context.py:136}}
Aug 04 19:52:03.332236 n-d-844491-9 devstack@placement-api.service[112375]: DEBUG placement.objects.research_context [req-de611d86-33cc-4ca9-b218-f94638060d32 req-4cadc135-668d-4d5c-a47d-001792ddc077 service placement] found 1 providers after applying required aggregates filter ([{'db2d7eba-20ac-4e76-9d5d-76bf0207daf4'}]) {{(pid=112375) get_provider_ids_for_traits_and_aggs /opt/stack/placement/placement/objects/research_context.py:1158}}
Aug 04 19:52:03.333166 n-d-844491-9 devstack@placement-api.service[112375]: DEBUG placement.objects.research_context [req-de611d86-33cc-4ca9-b218-f94638060d32 req-4cadc135-668d-4d5c-a47d-001792ddc077 service placement] found 2 providers with available 1 DISK_GB {{(pid=112375) get_provider_ids_matching /opt/stack/placement/placement/objects/research_context.py:563}}
Aug 04 19:52:03.334358 n-d-844491-9 devstack@placement-api.service[112375]: DEBUG placement.objects.research_context [req-de611d86-33cc-4ca9-b218-f94638060d32 req-4cadc135-668d-4d5c-a47d-001792ddc077 service placement] found 1 providers after applying initial aggregate and trait filters {{(pid=112375) get_provider_ids_matching /opt/stack/placement/placement/objects/research_context.py:575}}
Aug 04 19:52:03.335039 n-d-844491-9 devstack@placement-api.service[112375]: DEBUG placement.objects.research_context [req-de611d86-33cc-4ca9-b218-f94638060d32 req-4cadc135-668d-4d5c-a47d-001792ddc077 service placement] found 2 providers with available 1024 MEMORY_MB {{(pid=112375) get_provider_ids_matching /opt/stack/placement/placement/objects/research_context.py:563}}
Aug 04 19:52:03.335663 n-d-844491-9 devstack@placement-api.service[112375]: DEBUG placement.objects.research_context [req-de611d86-33cc-4ca9-b218-f94638060d32 req-4cadc135-668d-4d5c-a47d-001792ddc077 service placement] found 1 providers after filtering by previous result {{(pid=112375) get_provider_ids_matching /opt/stack/placement/placement/objects/research_context.py:594}}
Aug 04 19:52:03.336453 n-d-844491-9 devstack@placement-api.service[112375]: DEBUG placement.objects.research_context [req-de611d86-33cc-4ca9-b218-f94638060d32 req-4cadc135-668d-4d5c-a47d-001792ddc077 service placement] found 2 providers with available 1 VCPU {{(pid=112375) get_provider_ids_matching /opt/stack/placement/placement/objects/research_context.py:563}}
Aug 04 19:52:03.337275 n-d-844491-9 devstack@placement-api.service[112375]: DEBUG placement.objects.research_context [req-de611d86-33cc-4ca9-b218-f94638060d32 req-4cadc135-668d-4d5c-a47d-001792ddc077 service placement] found 1 providers after filtering by previous result {{(pid=112375) get_provider_ids_matching /opt/stack/placement/placement/objects/research_context.py:594}}
Aug 04 19:52:03.367346 n-d-844491-9 devstack@placement-api.service[112375]: DEBUG placement.objects.allocation_candidate [req-de611d86-33cc-4ca9-b218-f94638060d32 req-4cadc135-668d-4d5c-a47d-001792ddc077 service placement] RequestGroup(use_same_provider=False, resources={DISK_GB:1, MEMORY_MB:1024, VCPU:1}, traits=(), aggregates=[[db2d7eba-20ac-4e76-9d5d-76bf0207daf4]]) (suffix '') returned 1 matches {{(pid=112375) _get_by_requests /opt/stack/placement/placement/objects/allocation_candidate.py:156}}
Aug 04 19:52:03.368366 n-d-844491-9 devstack@placement-api.service[112375]: DEBUG placement.objects.allocation_candidate [req-de611d86-33cc-4ca9-b218-f94638060d32 req-4cadc135-668d-4d5c-a47d-001792ddc077 service placement] Merging candidates yields 1 allocation requests and 1 provider summaries {{(pid=112375) _merge_candidates /opt/stack/placement/placement/objects/allocation_candidate.py:809}}
Aug 04 19:52:03.371729 n-d-844491-9 devstack@placement-api.service[112375]: INFO placement.requestlog [req-de611d86-33cc-4ca9-b218-f94638060d32 req-4cadc135-668d-4d5c-a47d-001792ddc077 service placement] 10.222.0.44 "GET /placement/allocation_candidates?limit=1000&member_of=in%3Adb2d7eba-20ac-4e76-9d5d-76bf0207daf4&resources=DISK_GB%3A1%2CMEMORY_MB%3A1024%2CVCPU%3A1&root_required=%21COMPUTE_STATUS_DISABLED" status: 200 len: 676 microversion: 1.36
Aug 04 19:52:03.372934 n-d-844491-9 devstack@placement-api.service[112375]: [pid: 112375|app: 0|req: 21/40] 10.222.0.44 () {60 vars in 1610 bytes} [Thu Aug 4 19:52:02 2022] GET /placement/allocation_candidates?limit=1000&member_of=in%3Adb2d7eba-20ac-4e76-9d5d-76bf0207daf4&resources=DISK_GB%3A1%2CMEMORY_MB%3A1024%2CVCPU%3A1&root_required=%21COMPUTE_STATUS_DISABLED => generated 676 bytes in 794 msecs (HTTP/1.1 200) 8 headers in 296 bytes (2 switches on core 0)
Aug 04 19:52:03.620463 n-d-844491-9 devstack@placement-api.service[112376]: DEBUG placement.requestlog [req-de611d86-33cc-4ca9-b218-f94638060d32 req-a8bc53a5-7918-489e-9508-e3de44da2193 None None] Starting request: 10.222.0.44 "GET /placement/allocations/cbf9b71c-8518-438f-a300-f7adf2389dfa" {{(pid=112376) __call__ /opt/stack/placement/placement/requestlog.py:55}}
Aug 04 19:52:03.644814 n-d-844491-9 devstack@placement-api.service[112376]: INFO placement.requestlog [req-de611d86-33cc-4ca9-b218-f94638060d32 req-a8bc53a5-7918-489e-9508-e3de44da2193 service placement] 10.222.0.44 "GET /placement/allocations/cbf9b71c-8518-438f-a300-f7adf2389dfa" status: 200 len: 19 microversion: 1.28
Aug 04 19:52:03.646680 n-d-844491-9 devstack@placement-api.service[112376]: [pid: 112376|app: 0|req: 20/41] 10.222.0.44 () {60 vars in 1380 bytes} [Thu Aug 4 19:52:03 2022] GET /placement/allocations/cbf9b71c-8518-438f-a300-f7adf2389dfa => generated 19 bytes in 26 msecs (HTTP/1.1 200) 8 headers in 295 bytes (1 switches on core 0)
Aug 04 19:52:03.656052 n-d-844491-9 devstack@placement-api.service[112375]: DEBUG placement.requestlog [req-de611d86-33cc-4ca9-b218-f94638060d32 req-3da050e0-050e-43c6-908b-0fe24d31d99b None None] Starting request: 10.222.0.44 "PUT /placement/allocations/cbf9b71c-8518-438f-a300-f7adf2389dfa" {{(pid=112375) __call__ /opt/stack/placement/placement/requestlog.py:55}}
Aug 04 19:52:04.218887 n-d-844491-9 devstack@placement-api.service[112375]: DEBUG placement.handlers.allocation [req-de611d86-33cc-4ca9-b218-f94638060d32 req-3da050e0-050e-43c6-908b-0fe24d31d99b service placement] Successfully wrote allocations [, , ] {{(pid=112375) _update_consumers_and_create_allocations /opt/stack/placement/placement/handlers/allocation.py:462}}
Aug 04 19:52:04.341967 n-d-844491-9 devstack@placement-api.service[112375]: INFO placement.requestlog [req-de611d86-33cc-4ca9-b218-f94638060d32 req-3da050e0-050e-43c6-908b-0fe24d31d99b service placement] 10.222.0.44 "PUT /placement/allocations/cbf9b71c-8518-438f-a300-f7adf2389dfa" status: 204 len: 0 microversion: 1.36
Aug 04 19:52:04.342655 n-d-844491-9 devstack@placement-api.service[112375]: [pid: 112375|app: 0|req: 22/42] 10.222.0.44 () {64 vars in 1433 bytes} [Thu Aug 4 19:52:03 2022] PUT /placement/allocations/cbf9b71c-8518-438f-a300-f7adf2389dfa => generated 0 bytes in 687 msecs (HTTP/1.1 204) 5 headers in 199 bytes (2 switches on core 0)
Aug 04 19:52:06.409750 n-d-844491-9 devstack@placement-api.service[112376]: DEBUG placement.requestlog [req-de611d86-33cc-4ca9-b218-f94638060d32 req-8122fbba-8b18-401a-a263-16ad69befc43 None None] Starting request: 10.222.0.23 "GET /placement/allocations/cbf9b71c-8518-438f-a300-f7adf2389dfa" {{(pid=112376) __call__ /opt/stack/placement/placement/requestlog.py:55}}
Aug 04 19:52:06.434808 n-d-844491-9 devstack@placement-api.service[112376]: INFO placement.requestlog [req-de611d86-33cc-4ca9-b218-f94638060d32 req-8122fbba-8b18-401a-a263-16ad69befc43 service placement] 10.222.0.23 "GET /placement/allocations/cbf9b71c-8518-438f-a300-f7adf2389dfa" status: 200 len: 258 microversion: 1.28
Aug 04 19:52:06.436571 n-d-844491-9 devstack@placement-api.service[112376]: [pid: 112376|app: 0|req: 21/43] 10.222.0.23 () {60 vars in 1377 bytes} [Thu Aug 4 19:52:06 2022] GET /placement/allocations/cbf9b71c-8518-438f-a300-f7adf2389dfa => generated 258 bytes in 28 msecs (HTTP/1.1 200) 8 headers in 296 bytes (1 switches on core 0)
Aug 04 19:52:12.906718 n-d-844491-9 devstack@placement-api.service[112375]: DEBUG placement.requestlog [req-69400513-a1e5-4c4d-a73a-e453bf9cc792 req-c9b08f3a-0296-4dbd-8097-71c1bdc85966 None None] Starting request: 10.222.0.44 "GET /placement/allocation_candidates?limit=1000&resources=DISK_GB%3A1%2CMEMORY_MB%3A1024%2CVCPU%3A1&root_required=%21COMPUTE_STATUS_DISABLED" {{(pid=112375) __call__ /opt/stack/placement/placement/requestlog.py:55}}
Aug 04 19:52:13.082748 n-d-844491-9 devstack@placement-api.service[112375]: DEBUG placement.objects.research_context [req-69400513-a1e5-4c4d-a73a-e453bf9cc792 req-c9b08f3a-0296-4dbd-8097-71c1bdc85966 service placement] getting providers with 1 DISK_GB {{(pid=112375) __init__ /opt/stack/placement/placement/objects/research_context.py:136}}
Aug 04 19:52:13.100188 n-d-844491-9 devstack@placement-api.service[112375]: DEBUG placement.objects.research_context [req-69400513-a1e5-4c4d-a73a-e453bf9cc792 req-c9b08f3a-0296-4dbd-8097-71c1bdc85966 service placement] getting providers with 1024 MEMORY_MB {{(pid=112375) __init__ /opt/stack/placement/placement/objects/research_context.py:136}}
Aug 04 19:52:13.128183 n-d-844491-9 devstack@placement-api.service[112375]: DEBUG placement.objects.research_context [req-69400513-a1e5-4c4d-a73a-e453bf9cc792 req-c9b08f3a-0296-4dbd-8097-71c1bdc85966 service placement] getting providers with 1 VCPU {{(pid=112375) __init__ /opt/stack/placement/placement/objects/research_context.py:136}}
Aug 04 19:52:13.157145 n-d-844491-9 devstack@placement-api.service[112375]: DEBUG placement.objects.research_context [req-69400513-a1e5-4c4d-a73a-e453bf9cc792 req-c9b08f3a-0296-4dbd-8097-71c1bdc85966 service placement] found 2 providers with available 1 DISK_GB {{(pid=112375) get_provider_ids_matching /opt/stack/placement/placement/objects/research_context.py:563}}
Aug 04 19:52:13.157515 n-d-844491-9 devstack@placement-api.service[112375]: DEBUG placement.objects.research_context [req-69400513-a1e5-4c4d-a73a-e453bf9cc792 req-c9b08f3a-0296-4dbd-8097-71c1bdc85966 service placement] found 2 providers with available 1024 MEMORY_MB {{(pid=112375) get_provider_ids_matching /opt/stack/placement/placement/objects/research_context.py:563}}
Aug 04 19:52:13.160119 n-d-844491-9 devstack@placement-api.service[112375]: DEBUG placement.objects.research_context [req-69400513-a1e5-4c4d-a73a-e453bf9cc792 req-c9b08f3a-0296-4dbd-8097-71c1bdc85966 service placement] found 2 providers after filtering by previous result {{(pid=112375) get_provider_ids_matching /opt/stack/placement/placement/objects/research_context.py:594}}
Aug 04 19:52:13.162317 n-d-844491-9 devstack@placement-api.service[112375]: DEBUG placement.objects.research_context [req-69400513-a1e5-4c4d-a73a-e453bf9cc792 req-c9b08f3a-0296-4dbd-8097-71c1bdc85966 service placement] found 2 providers with available 1 VCPU {{(pid=112375) get_provider_ids_matching /opt/stack/placement/placement/objects/research_context.py:563}}
Aug 04 19:52:13.172858 n-d-844491-9 devstack@placement-api.service[112375]: DEBUG placement.objects.research_context [req-69400513-a1e5-4c4d-a73a-e453bf9cc792 req-c9b08f3a-0296-4dbd-8097-71c1bdc85966 service placement] found 2 providers after filtering by previous result {{(pid=112375) get_provider_ids_matching /opt/stack/placement/placement/objects/research_context.py:594}}
Aug 04 19:52:13.213262 n-d-844491-9 devstack@placement-api.service[112375]: DEBUG placement.objects.allocation_candidate [req-69400513-a1e5-4c4d-a73a-e453bf9cc792 req-c9b08f3a-0296-4dbd-8097-71c1bdc85966 service placement] RequestGroup(use_same_provider=False, resources={DISK_GB:1, MEMORY_MB:1024, VCPU:1}, traits=(), aggregates=[]) (suffix '') returned 2 matches {{(pid=112375) _get_by_requests /opt/stack/placement/placement/objects/allocation_candidate.py:156}}
Aug 04 19:52:13.214161 n-d-844491-9 devstack@placement-api.service[112375]: DEBUG placement.objects.allocation_candidate [req-69400513-a1e5-4c4d-a73a-e453bf9cc792 req-c9b08f3a-0296-4dbd-8097-71c1bdc85966 service placement] Merging candidates yields 2 allocation requests and 2 provider summaries {{(pid=112375) _merge_candidates /opt/stack/placement/placement/objects/allocation_candidate.py:809}}
Aug 04 19:52:13.219272 n-d-844491-9 devstack@placement-api.service[112375]: INFO placement.requestlog [req-69400513-a1e5-4c4d-a73a-e453bf9cc792 req-c9b08f3a-0296-4dbd-8097-71c1bdc85966 service placement] 10.222.0.44 "GET /placement/allocation_candidates?limit=1000&resources=DISK_GB%3A1%2CMEMORY_MB%3A1024%2CVCPU%3A1&root_required=%21COMPUTE_STATUS_DISABLED" status: 200 len: 1306 microversion: 1.36
Aug 04 19:52:13.221348 n-d-844491-9 devstack@placement-api.service[112375]: [pid: 112375|app: 0|req: 23/44] 10.222.0.44 () {60 vars in 1506 bytes} [Thu Aug 4 19:52:12 2022] GET /placement/allocation_candidates?limit=1000&resources=DISK_GB%3A1%2CMEMORY_MB%3A1024%2CVCPU%3A1&root_required=%21COMPUTE_STATUS_DISABLED => generated 1306 bytes in 314 msecs (HTTP/1.1 200) 8 headers in 297 bytes (2 switches on core 0)
Aug 04 19:52:13.564725 n-d-844491-9 devstack@placement-api.service[112376]: DEBUG placement.requestlog [req-69400513-a1e5-4c4d-a73a-e453bf9cc792 req-34963582-2f38-4873-875b-d4875ab99897 None None] Starting request: 10.222.0.44 "GET /placement/allocations/d77e7702-ca90-4d6b-afcf-42f85c552546" {{(pid=112376) __call__ /opt/stack/placement/placement/requestlog.py:55}}
Aug 04 19:52:13.598984 n-d-844491-9 devstack@placement-api.service[112376]: INFO placement.requestlog [req-69400513-a1e5-4c4d-a73a-e453bf9cc792 req-34963582-2f38-4873-875b-d4875ab99897 service placement] 10.222.0.44 "GET /placement/allocations/d77e7702-ca90-4d6b-afcf-42f85c552546" status: 200 len: 19 microversion: 1.28
Aug 04 19:52:13.599384 n-d-844491-9 devstack@placement-api.service[112376]: [pid: 112376|app: 0|req: 22/45] 10.222.0.44 () {60 vars in 1380 bytes} [Thu Aug 4 19:52:13 2022] GET /placement/allocations/d77e7702-ca90-4d6b-afcf-42f85c552546 => generated 19 bytes in 37 msecs (HTTP/1.1 200) 8 headers in 295 bytes (1 switches on core 0)
Aug 04 19:52:13.607029 n-d-844491-9 devstack@placement-api.service[112375]: DEBUG placement.requestlog [req-69400513-a1e5-4c4d-a73a-e453bf9cc792 req-d954e076-4c4e-4228-ae6a-4fec675dc570 None None] Starting request: 10.222.0.44 "PUT /placement/allocations/d77e7702-ca90-4d6b-afcf-42f85c552546" {{(pid=112375) __call__ /opt/stack/placement/placement/requestlog.py:55}}
Aug 04 19:52:14.042976 n-d-844491-9 devstack@placement-api.service[112375]: DEBUG dbcounter [-] [112375] Writing DB stats placement:SELECT=80,placement:INSERT=12,placement:UPDATE=4,placement:DELETE=4 {{(pid=112375) stat_writer /usr/local/lib/python3.8/dist-packages/dbcounter.py:114}}
Aug 04 19:52:14.060803 n-d-844491-9 devstack@placement-api.service[112375]: DEBUG placement.handlers.allocation [req-69400513-a1e5-4c4d-a73a-e453bf9cc792 req-d954e076-4c4e-4228-ae6a-4fec675dc570 service placement] Successfully wrote allocations [, , ] {{(pid=112375) _update_consumers_and_create_allocations /opt/stack/placement/placement/handlers/allocation.py:462}}
Aug 04 19:52:14.197772 n-d-844491-9 devstack@placement-api.service[112375]: INFO placement.requestlog [req-69400513-a1e5-4c4d-a73a-e453bf9cc792 req-d954e076-4c4e-4228-ae6a-4fec675dc570 service placement] 10.222.0.44 "PUT /placement/allocations/d77e7702-ca90-4d6b-afcf-42f85c552546" status: 204 len: 0 microversion: 1.36
Aug 04 19:52:14.200182 n-d-844491-9 devstack@placement-api.service[112375]: [pid: 112375|app: 0|req: 24/46] 10.222.0.44 () {64 vars in 1433 bytes} [Thu Aug 4 19:52:13 2022] PUT /placement/allocations/d77e7702-ca90-4d6b-afcf-42f85c552546 => generated 0 bytes in 593 msecs (HTTP/1.1 204) 5 headers in 199 bytes (1 switches on core 0)
Aug 04 19:52:16.183125 n-d-844491-9 devstack@placement-api.service[112376]: DEBUG placement.requestlog [req-69400513-a1e5-4c4d-a73a-e453bf9cc792 req-cb2f208b-6aea-4efd-b768-59da58fcd15c None None] Starting request: 10.222.0.15 "GET /placement/allocations/d77e7702-ca90-4d6b-afcf-42f85c552546" {{(pid=112376) __call__ /opt/stack/placement/placement/requestlog.py:55}}
Aug 04 19:52:16.191529 n-d-844491-9 devstack@placement-api.service[112376]: DEBUG dbcounter [-] [112376] Writing DB stats placement:SELECT=37,placement:DELETE=1,placement:UPDATE=3,placement:INSERT=4 {{(pid=112376) stat_writer /usr/local/lib/python3.8/dist-packages/dbcounter.py:114}}
Aug 04 19:52:16.222112 n-d-844491-9 devstack@placement-api.service[112376]: INFO placement.requestlog [req-69400513-a1e5-4c4d-a73a-e453bf9cc792 req-cb2f208b-6aea-4efd-b768-59da58fcd15c service placement] 10.222.0.15 "GET /placement/allocations/d77e7702-ca90-4d6b-afcf-42f85c552546" status: 200 len: 258 microversion: 1.28
Aug 04 19:52:16.231684 n-d-844491-9 devstack@placement-api.service[112376]: [pid: 112376|app: 0|req: 23/47] 10.222.0.15 () {60 vars in 1377 bytes} [Thu Aug 4 19:52:16 2022] GET /placement/allocations/d77e7702-ca90-4d6b-afcf-42f85c552546 => generated 258 bytes in 49 msecs (HTTP/1.1 200) 8 headers in 296 bytes (1 switches on core 0)
Aug 04 19:52:24.933662 n-d-844491-9 devstack@placement-api.service[112375]: DEBUG dbcounter [-] [112375] Writing DB stats placement:INSERT=2,placement:UPDATE=2,placement:SELECT=1,placement:DELETE=1 {{(pid=112375) stat_writer /usr/local/lib/python3.8/dist-packages/dbcounter.py:114}}
Aug 04 19:52:28.002123 n-d-844491-9 devstack@placement-api.service[112376]: DEBUG dbcounter [-] [112376] Writing DB stats placement:SELECT=3 {{(pid=112376) stat_writer /usr/local/lib/python3.8/dist-packages/dbcounter.py:114}}
Aug 04 19:52:33.546953 n-d-844491-9 devstack@placement-api.service[112375]: DEBUG placement.requestlog [req-b4d705e1-188c-44ec-a4fa-aa5710054711 req-b6d2a41d-31bf-43fa-8d25-3cac9661304e None None] Starting request: 10.222.0.44 "GET /placement/allocation_candidates?limit=1000&resources=DISK_GB%3A1%2CMEMORY_MB%3A1024%2CVCPU%3A1&root_required=%21COMPUTE_STATUS_DISABLED" {{(pid=112375) __call__ /opt/stack/placement/placement/requestlog.py:55}}
Aug 04 19:52:33.608059 n-d-844491-9 devstack@placement-api.service[112375]: DEBUG placement.objects.research_context [req-b4d705e1-188c-44ec-a4fa-aa5710054711 req-b6d2a41d-31bf-43fa-8d25-3cac9661304e service placement] getting providers with 1 DISK_GB {{(pid=112375) __init__ /opt/stack/placement/placement/objects/research_context.py:136}}
Aug 04 19:52:33.616427 n-d-844491-9 devstack@placement-api.service[112375]: DEBUG placement.objects.research_context [req-b4d705e1-188c-44ec-a4fa-aa5710054711 req-b6d2a41d-31bf-43fa-8d25-3cac9661304e service placement] getting providers with 1024 MEMORY_MB {{(pid=112375) __init__ /opt/stack/placement/placement/objects/research_context.py:136}}
Aug 04 19:52:33.644205 n-d-844491-9 devstack@placement-api.service[112375]: DEBUG placement.objects.research_context [req-b4d705e1-188c-44ec-a4fa-aa5710054711 req-b6d2a41d-31bf-43fa-8d25-3cac9661304e service placement] getting providers with 1 VCPU {{(pid=112375) __init__ /opt/stack/placement/placement/objects/research_context.py:136}}
Aug 04 19:52:33.653180 n-d-844491-9 devstack@placement-api.service[112375]: DEBUG placement.objects.research_context [req-b4d705e1-188c-44ec-a4fa-aa5710054711 req-b6d2a41d-31bf-43fa-8d25-3cac9661304e service placement] found 2 providers with available 1 DISK_GB {{(pid=112375) get_provider_ids_matching /opt/stack/placement/placement/objects/research_context.py:563}}
Aug 04 19:52:33.653692 n-d-844491-9 devstack@placement-api.service[112375]: DEBUG placement.objects.research_context [req-b4d705e1-188c-44ec-a4fa-aa5710054711 req-b6d2a41d-31bf-43fa-8d25-3cac9661304e service placement] found 2 providers with available 1024 MEMORY_MB {{(pid=112375) get_provider_ids_matching /opt/stack/placement/placement/objects/research_context.py:563}}
Aug 04 19:52:33.654402 n-d-844491-9 devstack@placement-api.service[112375]: DEBUG placement.objects.research_context [req-b4d705e1-188c-44ec-a4fa-aa5710054711 req-b6d2a41d-31bf-43fa-8d25-3cac9661304e service placement] found 2 providers after filtering by previous result {{(pid=112375) get_provider_ids_matching /opt/stack/placement/placement/objects/research_context.py:594}}
Aug 04 19:52:33.654697 n-d-844491-9 devstack@placement-api.service[112375]: DEBUG placement.objects.research_context [req-b4d705e1-188c-44ec-a4fa-aa5710054711 req-b6d2a41d-31bf-43fa-8d25-3cac9661304e service placement] found 2 providers with available 1 VCPU {{(pid=112375) get_provider_ids_matching /opt/stack/placement/placement/objects/research_context.py:563}}
Aug 04 19:52:33.655115 n-d-844491-9 devstack@placement-api.service[112375]: DEBUG placement.objects.research_context [req-b4d705e1-188c-44ec-a4fa-aa5710054711 req-b6d2a41d-31bf-43fa-8d25-3cac9661304e service placement] found 2 providers after filtering by previous result {{(pid=112375) get_provider_ids_matching /opt/stack/placement/placement/objects/research_context.py:594}}
Aug 04 19:52:33.685512 n-d-844491-9 devstack@placement-api.service[112375]: DEBUG placement.objects.allocation_candidate [req-b4d705e1-188c-44ec-a4fa-aa5710054711 req-b6d2a41d-31bf-43fa-8d25-3cac9661304e service placement] RequestGroup(use_same_provider=False, resources={DISK_GB:1, MEMORY_MB:1024, VCPU:1}, traits=(), aggregates=[]) (suffix '') returned 2 matches {{(pid=112375) _get_by_requests /opt/stack/placement/placement/objects/allocation_candidate.py:156}}
Aug 04 19:52:33.686365 n-d-844491-9 devstack@placement-api.service[112375]: DEBUG placement.objects.allocation_candidate [req-b4d705e1-188c-44ec-a4fa-aa5710054711 req-b6d2a41d-31bf-43fa-8d25-3cac9661304e service placement] Merging candidates yields 2 allocation requests and 2 provider summaries {{(pid=112375) _merge_candidates /opt/stack/placement/placement/objects/allocation_candidate.py:809}}
Aug 04 19:52:33.688381 n-d-844491-9 devstack@placement-api.service[112375]: INFO placement.requestlog [req-b4d705e1-188c-44ec-a4fa-aa5710054711 req-b6d2a41d-31bf-43fa-8d25-3cac9661304e service placement] 10.222.0.44 "GET /placement/allocation_candidates?limit=1000&resources=DISK_GB%3A1%2CMEMORY_MB%3A1024%2CVCPU%3A1&root_required=%21COMPUTE_STATUS_DISABLED" status: 200 len: 1309 microversion: 1.36
Aug 04 19:52:33.690578 n-d-844491-9 devstack@placement-api.service[112375]: [pid: 112375|app: 0|req: 25/48] 10.222.0.44 () {60 vars in 1506 bytes} [Thu Aug 4 19:52:33 2022] GET /placement/allocation_candidates?limit=1000&resources=DISK_GB%3A1%2CMEMORY_MB%3A1024%2CVCPU%3A1&root_required=%21COMPUTE_STATUS_DISABLED => generated 1309 bytes in 144 msecs (HTTP/1.1 200) 8 headers in 297 bytes (1 switches on core 0)
Aug 04 19:52:33.771044 n-d-844491-9 devstack@placement-api.service[112376]: DEBUG placement.requestlog [req-b4d705e1-188c-44ec-a4fa-aa5710054711 req-24e407c1-8b36-47dc-8759-4f501bfe26b8 None None] Starting request: 10.222.0.44 "GET /placement/allocations/0d0b26c3-36fa-4319-bfec-e67084563c6b" {{(pid=112376) __call__ /opt/stack/placement/placement/requestlog.py:55}}
Aug 04 19:52:33.785389 n-d-844491-9 devstack@placement-api.service[112376]: INFO placement.requestlog [req-b4d705e1-188c-44ec-a4fa-aa5710054711 req-24e407c1-8b36-47dc-8759-4f501bfe26b8 service placement] 10.222.0.44 "GET /placement/allocations/0d0b26c3-36fa-4319-bfec-e67084563c6b" status: 200 len: 19 microversion: 1.28
Aug 04 19:52:33.785785 n-d-844491-9 devstack@placement-api.service[112376]: [pid: 112376|app: 0|req: 24/49] 10.222.0.44 () {60 vars in 1380 bytes} [Thu Aug 4 19:52:33 2022] GET /placement/allocations/0d0b26c3-36fa-4319-bfec-e67084563c6b => generated 19 bytes in 15 msecs (HTTP/1.1 200) 8 headers in 295 bytes (1 switches on core 0)
Aug 04 19:52:33.793685 n-d-844491-9 devstack@placement-api.service[112375]: DEBUG placement.requestlog [req-b4d705e1-188c-44ec-a4fa-aa5710054711 req-0ce63ea9-0a26-49c7-a2ea-ccc751202541 None None] Starting request: 10.222.0.44 "PUT /placement/allocations/0d0b26c3-36fa-4319-bfec-e67084563c6b" {{(pid=112375) __call__ /opt/stack/placement/placement/requestlog.py:55}}
Aug 04 19:52:34.294409 n-d-844491-9 devstack@placement-api.service[112375]: DEBUG placement.handlers.allocation [req-b4d705e1-188c-44ec-a4fa-aa5710054711 req-0ce63ea9-0a26-49c7-a2ea-ccc751202541 service placement] Successfully wrote allocations [, , ] {{(pid=112375) _update_consumers_and_create_allocations /opt/stack/placement/placement/handlers/allocation.py:462}}
Aug 04 19:52:34.402406 n-d-844491-9 devstack@placement-api.service[112375]: INFO placement.requestlog [req-b4d705e1-188c-44ec-a4fa-aa5710054711 req-0ce63ea9-0a26-49c7-a2ea-ccc751202541 service placement] 10.222.0.44 "PUT /placement/allocations/0d0b26c3-36fa-4319-bfec-e67084563c6b" status: 204 len: 0 microversion: 1.36
Aug 04 19:52:34.402948 n-d-844491-9 devstack@placement-api.service[112375]: [pid: 112375|app: 0|req: 26/50] 10.222.0.44 () {64 vars in 1433 bytes} [Thu Aug 4 19:52:33 2022] PUT /placement/allocations/0d0b26c3-36fa-4319-bfec-e67084563c6b => generated 0 bytes in 610 msecs (HTTP/1.1 204) 5 headers in 199 bytes (1 switches on core 0)
Aug 04 19:52:35.613434 n-d-844491-9 devstack@placement-api.service[112376]: DEBUG placement.requestlog [req-e785a852-d951-4032-b135-7695c1f8f883 req-5c751ea8-af83-40ed-bae3-b4420f5f8b2a None None] Starting request: 10.222.0.23 "GET /placement/resource_providers/3ec9f93f-23bb-4441-9f08-ba72805cb7b8/allocations" {{(pid=112376) __call__ /opt/stack/placement/placement/requestlog.py:55}}
Aug 04 19:52:35.769037 n-d-844491-9 devstack@placement-api.service[112376]: INFO placement.requestlog [req-e785a852-d951-4032-b135-7695c1f8f883 req-5c751ea8-af83-40ed-bae3-b4420f5f8b2a service placement] 10.222.0.23 "GET /placement/resource_providers/3ec9f93f-23bb-4441-9f08-ba72805cb7b8/allocations" status: 200 len: 153 microversion: 1.0
Aug 04 19:52:35.775022 n-d-844491-9 devstack@placement-api.service[112376]: [pid: 112376|app: 0|req: 25/51] 10.222.0.23 () {58 vars in 1390 bytes} [Thu Aug 4 19:52:35 2022] GET /placement/resource_providers/3ec9f93f-23bb-4441-9f08-ba72805cb7b8/allocations => generated 153 bytes in 162 msecs (HTTP/1.1 200) 6 headers in 224 bytes (1 switches on core 0)
Aug 04 19:52:36.280928 n-d-844491-9 devstack@placement-api.service[112375]: DEBUG placement.requestlog [req-b4d705e1-188c-44ec-a4fa-aa5710054711 req-f66cd48d-00a0-4437-8b7f-9121e2b390eb None None] Starting request: 10.222.0.15 "GET /placement/allocations/0d0b26c3-36fa-4319-bfec-e67084563c6b" {{(pid=112375) __call__ /opt/stack/placement/placement/requestlog.py:55}}
Aug 04 19:52:36.308626 n-d-844491-9 devstack@placement-api.service[112375]: INFO placement.requestlog [req-b4d705e1-188c-44ec-a4fa-aa5710054711 req-f66cd48d-00a0-4437-8b7f-9121e2b390eb service placement] 10.222.0.15 "GET /placement/allocations/0d0b26c3-36fa-4319-bfec-e67084563c6b" status: 200 len: 258 microversion: 1.28
Aug 04 19:52:36.313126 n-d-844491-9 devstack@placement-api.service[112375]: [pid: 112375|app: 0|req: 27/52] 10.222.0.15 () {60 vars in 1377 bytes} [Thu Aug 4 19:52:36 2022] GET /placement/allocations/0d0b26c3-36fa-4319-bfec-e67084563c6b => generated 258 bytes in 29 msecs (HTTP/1.1 200) 8 headers in 296 bytes (1 switches on core 0)
Aug 04 19:52:36.357313 n-d-844491-9 devstack@placement-api.service[112376]: DEBUG placement.requestlog [req-77dee8e3-4e88-4305-baa0-5cdb6104aebf req-f86cf8ce-949b-4cd6-9898-97909cdef95f None None] Starting request: 10.222.0.15 "GET /placement/resource_providers/7a692d16-a2ee-4a3a-844b-7da16a32a227/allocations" {{(pid=112376) __call__ /opt/stack/placement/placement/requestlog.py:55}}
Aug 04 19:52:36.414858 n-d-844491-9 devstack@placement-api.service[112376]: INFO placement.requestlog [req-77dee8e3-4e88-4305-baa0-5cdb6104aebf req-f86cf8ce-949b-4cd6-9898-97909cdef95f service placement] 10.222.0.15 "GET /placement/resource_providers/7a692d16-a2ee-4a3a-844b-7da16a32a227/allocations" status: 200 len: 254 microversion: 1.0
Aug 04 19:52:36.417811 n-d-844491-9 devstack@placement-api.service[112376]: [pid: 112376|app: 0|req: 26/53] 10.222.0.15 () {58 vars in 1390 bytes} [Thu Aug 4 19:52:36 2022] GET /placement/resource_providers/7a692d16-a2ee-4a3a-844b-7da16a32a227/allocations => generated 254 bytes in 62 msecs (HTTP/1.1 200) 6 headers in 224 bytes (1 switches on core 0)
Aug 04 19:52:37.754566 n-d-844491-9 devstack@placement-api.service[112375]: DEBUG placement.requestlog [req-e3835c38-20df-47db-8594-28a3c4286a63 req-adabf397-143f-4452-aabb-5afd04c83d1b None None] Starting request: 10.222.0.23 "GET /placement/resource_providers/3ec9f93f-23bb-4441-9f08-ba72805cb7b8/allocations" {{(pid=112375) __call__ /opt/stack/placement/placement/requestlog.py:55}}
Aug 04 19:52:37.861367 n-d-844491-9 devstack@placement-api.service[112375]: INFO placement.requestlog [req-e3835c38-20df-47db-8594-28a3c4286a63 req-adabf397-143f-4452-aabb-5afd04c83d1b service placement] 10.222.0.23 "GET /placement/resource_providers/3ec9f93f-23bb-4441-9f08-ba72805cb7b8/allocations" status: 200 len: 153 microversion: 1.0
Aug 04 19:52:37.862562 n-d-844491-9 devstack@placement-api.service[112375]: [pid: 112375|app: 0|req: 28/54] 10.222.0.23 () {58 vars in 1390 bytes} [Thu Aug 4 19:52:37 2022] GET /placement/resource_providers/3ec9f93f-23bb-4441-9f08-ba72805cb7b8/allocations => generated 153 bytes in 110 msecs (HTTP/1.1 200) 6 headers in 224 bytes (1 switches on core 0)
Aug 04 19:52:46.400648 n-d-844491-9 devstack@placement-api.service[112376]: DEBUG dbcounter [-] [112376] Writing DB stats placement:SELECT=14 {{(pid=112376) stat_writer /usr/local/lib/python3.8/dist-packages/dbcounter.py:114}}
Aug 04 19:52:47.849169 n-d-844491-9 devstack@placement-api.service[112375]: DEBUG dbcounter [-] [112375] Writing DB stats placement:SELECT=37,placement:INSERT=6,placement:DELETE=2,placement:UPDATE=2 {{(pid=112375) stat_writer /usr/local/lib/python3.8/dist-packages/dbcounter.py:114}}
Aug 04 19:52:57.301712 n-d-844491-9 devstack@placement-api.service[112376]: DEBUG placement.requestlog [req-a8f9ffe2-5bb4-4e74-be9f-d6d20721e1d1 req-d8e0dbde-2518-424c-8d3c-ddc896449d7a None None] Starting request: 10.222.0.23 "DELETE /placement/allocations/cbf9b71c-8518-438f-a300-f7adf2389dfa" {{(pid=112376) __call__ /opt/stack/placement/placement/requestlog.py:55}}
Aug 04 19:52:57.460396 n-d-844491-9 devstack@placement-api.service[112376]: DEBUG placement.handlers.allocation [req-a8f9ffe2-5bb4-4e74-be9f-d6d20721e1d1 req-d8e0dbde-2518-424c-8d3c-ddc896449d7a service placement] Successfully deleted allocations [, , ] {{(pid=112376) delete_allocations /opt/stack/placement/placement/handlers/allocation.py:627}}
Aug 04 19:52:57.461553 n-d-844491-9 devstack@placement-api.service[112376]: INFO placement.requestlog [req-a8f9ffe2-5bb4-4e74-be9f-d6d20721e1d1 req-d8e0dbde-2518-424c-8d3c-ddc896449d7a service placement] 10.222.0.23 "DELETE /placement/allocations/cbf9b71c-8518-438f-a300-f7adf2389dfa" status: 204 len: 0 microversion: 1.0
Aug 04 19:52:57.464379 n-d-844491-9 devstack@placement-api.service[112376]: [pid: 112376|app: 0|req: 27/55] 10.222.0.23 () {60 vars in 1355 bytes} [Thu Aug 4 19:52:57 2022] DELETE /placement/allocations/cbf9b71c-8518-438f-a300-f7adf2389dfa => generated 0 bytes in 163 msecs (HTTP/1.1 204) 5 headers in 198 bytes (1 switches on core 0)
Aug 04 19:52:57.815923 n-d-844491-9 devstack@placement-api.service[112375]: DEBUG placement.requestlog [req-c71985ea-bf3b-4e68-a68b-d0dcb99403b0 req-af0c37ac-d6ca-4589-870c-c26f1d9a3746 None None] Starting request: 10.222.0.44 "GET /placement/allocation_candidates?limit=1000&resources=DISK_GB%3A1%2CMEMORY_MB%3A1024%2CVCPU%3A1&root_required=%21COMPUTE_STATUS_DISABLED" {{(pid=112375) __call__ /opt/stack/placement/placement/requestlog.py:55}}
Aug 04 19:52:57.905544 n-d-844491-9 devstack@placement-api.service[112375]: DEBUG placement.objects.research_context [req-c71985ea-bf3b-4e68-a68b-d0dcb99403b0 req-af0c37ac-d6ca-4589-870c-c26f1d9a3746 service placement] getting providers with 1 DISK_GB {{(pid=112375) __init__ /opt/stack/placement/placement/objects/research_context.py:136}}
Aug 04 19:52:57.913020 n-d-844491-9 devstack@placement-api.service[112375]: DEBUG placement.objects.research_context [req-c71985ea-bf3b-4e68-a68b-d0dcb99403b0 req-af0c37ac-d6ca-4589-870c-c26f1d9a3746 service placement] getting providers with 1024 MEMORY_MB {{(pid=112375) __init__ /opt/stack/placement/placement/objects/research_context.py:136}}
Aug 04 19:52:57.920008 n-d-844491-9 devstack@placement-api.service[112375]: DEBUG placement.objects.research_context [req-c71985ea-bf3b-4e68-a68b-d0dcb99403b0 req-af0c37ac-d6ca-4589-870c-c26f1d9a3746 service placement] getting providers with 1 VCPU {{(pid=112375) __init__ /opt/stack/placement/placement/objects/research_context.py:136}}
Aug 04 19:52:57.928210 n-d-844491-9 devstack@placement-api.service[112375]: DEBUG placement.objects.research_context [req-c71985ea-bf3b-4e68-a68b-d0dcb99403b0 req-af0c37ac-d6ca-4589-870c-c26f1d9a3746 service placement] found 2 providers with available 1 DISK_GB {{(pid=112375) get_provider_ids_matching /opt/stack/placement/placement/objects/research_context.py:563}}
Aug 04 19:52:57.929149 n-d-844491-9 devstack@placement-api.service[112375]: DEBUG placement.objects.research_context [req-c71985ea-bf3b-4e68-a68b-d0dcb99403b0 req-af0c37ac-d6ca-4589-870c-c26f1d9a3746 service placement] found 2 providers with available 1024 MEMORY_MB {{(pid=112375) get_provider_ids_matching /opt/stack/placement/placement/objects/research_context.py:563}}
Aug 04 19:52:57.929653 n-d-844491-9 devstack@placement-api.service[112375]: DEBUG placement.objects.research_context [req-c71985ea-bf3b-4e68-a68b-d0dcb99403b0 req-af0c37ac-d6ca-4589-870c-c26f1d9a3746 service placement] found 2 providers after filtering by previous result {{(pid=112375) get_provider_ids_matching /opt/stack/placement/placement/objects/research_context.py:594}}
Aug 04 19:52:57.930131 n-d-844491-9 devstack@placement-api.service[112375]: DEBUG placement.objects.research_context [req-c71985ea-bf3b-4e68-a68b-d0dcb99403b0 req-af0c37ac-d6ca-4589-870c-c26f1d9a3746 service placement] found 2 providers with available 1 VCPU {{(pid=112375) get_provider_ids_matching /opt/stack/placement/placement/objects/research_context.py:563}}
Aug 04 19:52:57.930545 n-d-844491-9 devstack@placement-api.service[112375]: DEBUG placement.objects.research_context [req-c71985ea-bf3b-4e68-a68b-d0dcb99403b0 req-af0c37ac-d6ca-4589-870c-c26f1d9a3746 service placement] found 2 providers after filtering by previous result {{(pid=112375) get_provider_ids_matching /opt/stack/placement/placement/objects/research_context.py:594}}
Aug 04 19:52:57.945579 n-d-844491-9 devstack@placement-api.service[112375]: DEBUG placement.objects.allocation_candidate [req-c71985ea-bf3b-4e68-a68b-d0dcb99403b0 req-af0c37ac-d6ca-4589-870c-c26f1d9a3746 service placement] RequestGroup(use_same_provider=False, resources={DISK_GB:1, MEMORY_MB:1024, VCPU:1}, traits=(), aggregates=[]) (suffix '') returned 2 matches {{(pid=112375) _get_by_requests /opt/stack/placement/placement/objects/allocation_candidate.py:156}}
Aug 04 19:52:57.946257 n-d-844491-9 devstack@placement-api.service[112375]: DEBUG placement.objects.allocation_candidate [req-c71985ea-bf3b-4e68-a68b-d0dcb99403b0 req-af0c37ac-d6ca-4589-870c-c26f1d9a3746 service placement] Merging candidates yields 2 allocation requests and 2 provider summaries {{(pid=112375) _merge_candidates /opt/stack/placement/placement/objects/allocation_candidate.py:809}}
Aug 04 19:52:57.948414 n-d-844491-9 devstack@placement-api.service[112375]: INFO placement.requestlog [req-c71985ea-bf3b-4e68-a68b-d0dcb99403b0 req-af0c37ac-d6ca-4589-870c-c26f1d9a3746 service placement] 10.222.0.44 "GET /placement/allocation_candidates?limit=1000&resources=DISK_GB%3A1%2CMEMORY_MB%3A1024%2CVCPU%3A1&root_required=%21COMPUTE_STATUS_DISABLED" status: 200 len: 1306 microversion: 1.36
Aug 04 19:52:57.949067 n-d-844491-9 devstack@placement-api.service[112375]: [pid: 112375|app: 0|req: 29/56] 10.222.0.44 () {60 vars in 1506 bytes} [Thu Aug 4 19:52:57 2022] GET /placement/allocation_candidates?limit=1000&resources=DISK_GB%3A1%2CMEMORY_MB%3A1024%2CVCPU%3A1&root_required=%21COMPUTE_STATUS_DISABLED => generated 1306 bytes in 134 msecs (HTTP/1.1 200) 8 headers in 297 bytes (1 switches on core 0)
Aug 04 19:52:58.043736 n-d-844491-9 devstack@placement-api.service[112376]: DEBUG placement.requestlog [req-e5bd86b5-1479-430a-ba02-22e1a584c2b0 req-be2642f4-a6d4-4653-b2bd-815ca4157601 None None] Starting request: 10.222.0.15 "DELETE /placement/allocations/d77e7702-ca90-4d6b-afcf-42f85c552546" {{(pid=112376) __call__ /opt/stack/placement/placement/requestlog.py:55}}
Aug 04 19:52:58.094955 n-d-844491-9 devstack@placement-api.service[112375]: DEBUG placement.requestlog [req-c71985ea-bf3b-4e68-a68b-d0dcb99403b0 req-656c671a-8188-4e85-b0d2-514c4abbdbbf None None] Starting request: 10.222.0.44 "GET /placement/allocations/19d990bd-af8d-4247-849b-7902ce799be8" {{(pid=112375) __call__ /opt/stack/placement/placement/requestlog.py:55}}
Aug 04 19:52:58.110363 n-d-844491-9 devstack@placement-api.service[112375]: INFO placement.requestlog [req-c71985ea-bf3b-4e68-a68b-d0dcb99403b0 req-656c671a-8188-4e85-b0d2-514c4abbdbbf service placement] 10.222.0.44 "GET /placement/allocations/19d990bd-af8d-4247-849b-7902ce799be8" status: 200 len: 19 microversion: 1.28
