Jun 22 17:27:47.988677 n-d-844418-5 devstack@placement-api.service[105879]: INFO placement.requestlog [req-5bd849b9-1e67-45ef-a7b8-3fae7a81d0e2 req-03862f4c-8912-45aa-8595-7de59c88da04 service placement] 10.222.0.59 "GET /placement/allocations/0ff83117-234a-4daf-a20f-472fbb4439a0" status: 200 len: 259 microversion: 1.28
Jun 22 17:27:47.989348 n-d-844418-5 devstack@placement-api.service[105879]: [pid: 105879|app: 0|req: 239/475] 10.222.0.59 () {60 vars in 1377 bytes} [Wed Jun 22 17:27:47 2022] GET /placement/allocations/0ff83117-234a-4daf-a20f-472fbb4439a0 => generated 259 bytes in 65 msecs (HTTP/1.1 200) 8 headers in 296 bytes (1 switches on core 0)
Jun 22 17:27:50.918135 n-d-844418-5 devstack@placement-api.service[105878]: DEBUG placement.requestlog [None req-61089c2c-57fc-4df0-878a-63421d549727 None None] Starting request: 10.222.0.48 "GET /placement/resource_providers/e63dccdb-004b-42cf-9b0a-398790acef67/aggregates" {{(pid=105878) __call__ /opt/stack/placement/placement/requestlog.py:55}}
Jun 22 17:27:51.350183 n-d-844418-5 devstack@placement-api.service[105878]: INFO placement.requestlog [None req-61089c2c-57fc-4df0-878a-63421d549727 service placement] 10.222.0.48 "GET /placement/resource_providers/e63dccdb-004b-42cf-9b0a-398790acef67/aggregates" status: 404 len: 235 microversion: 1.1
Jun 22 17:27:51.350810 n-d-844418-5 devstack@placement-api.service[105878]: [pid: 105878|app: 0|req: 237/476] 10.222.0.48 () {58 vars in 1362 bytes} [Wed Jun 22 17:27:50 2022] GET /placement/resource_providers/e63dccdb-004b-42cf-9b0a-398790acef67/aggregates => generated 235 bytes in 433 msecs (HTTP/1.1 404) 5 headers in 202 bytes (1 switches on core 0)
Jun 22 17:27:51.394724 n-d-844418-5 devstack@placement-api.service[105879]: DEBUG placement.requestlog [None req-389d6980-664d-40a5-87e6-06aa19944c85 None None] Starting request: 10.222.0.48 "DELETE /placement/resource_providers/e63dccdb-004b-42cf-9b0a-398790acef67" {{(pid=105879) __call__ /opt/stack/placement/placement/requestlog.py:55}}
Jun 22 17:27:51.414722 n-d-844418-5 devstack@placement-api.service[105879]: DEBUG placement.wsgi_wrapper [None req-389d6980-664d-40a5-87e6-06aa19944c85 service placement] Placement API returning an error response: No resource provider with uuid e63dccdb-004b-42cf-9b0a-398790acef67 found for delete {{(pid=105879) call_func /opt/stack/placement/placement/wsgi_wrapper.py:31}}
Jun 22 17:27:51.415810 n-d-844418-5 devstack@placement-api.service[105879]: INFO placement.requestlog [None req-389d6980-664d-40a5-87e6-06aa19944c85 service placement] 10.222.0.48 "DELETE /placement/resource_providers/e63dccdb-004b-42cf-9b0a-398790acef67" status: 404 len: 246 microversion: 1.1
Jun 22 17:27:51.417728 n-d-844418-5 devstack@placement-api.service[105879]: [pid: 105879|app: 0|req: 240/477] 10.222.0.48 () {60 vars in 1351 bytes} [Wed Jun 22 17:27:51 2022] DELETE /placement/resource_providers/e63dccdb-004b-42cf-9b0a-398790acef67 => generated 246 bytes in 23 msecs (HTTP/1.1 404) 6 headers in 231 bytes (1 switches on core 0)
Jun 22 17:27:52.557278 n-d-844418-5 devstack@placement-api.service[105878]: DEBUG placement.requestlog [None req-73e3c8bf-96f5-4e20-8dc3-4f86048191a5 None None] Starting request: 10.222.0.48 "GET /placement/" {{(pid=105878) __call__ /opt/stack/placement/placement/requestlog.py:55}}
Jun 22 17:27:52.557278 n-d-844418-5 devstack@placement-api.service[105878]: INFO placement.requestlog [None req-73e3c8bf-96f5-4e20-8dc3-4f86048191a5 None None] 10.222.0.48 "GET /placement/" status: 200 len: 136 microversion: 1.0
Jun 22 17:27:52.557278 n-d-844418-5 devstack@placement-api.service[105878]: [pid: 105878|app: 0|req: 238/478] 10.222.0.48 () {54 vars in 916 bytes} [Wed Jun 22 17:27:52 2022] GET /placement => generated 136 bytes in 2 msecs (HTTP/1.1 200) 6 headers in 224 bytes (1 switches on core 0)
Jun 22 17:27:52.569025 n-d-844418-5 devstack@placement-api.service[105879]: DEBUG placement.requestlog [req-19a4db90-f5f7-465d-a341-2b4cb475acdc req-19aaa23a-386a-4b42-94b0-b348283be60a None None] Starting request: 10.222.0.48 "GET /placement/allocations/be8ae8d6-fded-45c2-8a21-41957aac4316" {{(pid=105879) __call__ /opt/stack/placement/placement/requestlog.py:55}}
Jun 22 17:27:52.680853 n-d-844418-5 devstack@placement-api.service[105879]: INFO placement.requestlog [req-19a4db90-f5f7-465d-a341-2b4cb475acdc req-19aaa23a-386a-4b42-94b0-b348283be60a service placement] 10.222.0.48 "GET /placement/allocations/be8ae8d6-fded-45c2-8a21-41957aac4316" status: 200 len: 245 microversion: 1.28
Jun 22 17:27:52.681800 n-d-844418-5 devstack@placement-api.service[105879]: [pid: 105879|app: 0|req: 241/479] 10.222.0.48 () {60 vars in 1380 bytes} [Wed Jun 22 17:27:52 2022] GET /placement/allocations/be8ae8d6-fded-45c2-8a21-41957aac4316 => generated 245 bytes in 113 msecs (HTTP/1.1 200) 8 headers in 296 bytes (1 switches on core 0)
Jun 22 17:27:52.687807 n-d-844418-5 devstack@placement-api.service[105878]: DEBUG placement.requestlog [req-19a4db90-f5f7-465d-a341-2b4cb475acdc req-7a3b6ae1-f84d-44bc-abbc-8da899023f63 None None] Starting request: 10.222.0.48 "GET /placement/allocations/be8ae8d6-fded-45c2-8a21-41957aac4316" {{(pid=105878) __call__ /opt/stack/placement/placement/requestlog.py:55}}
Jun 22 17:27:52.711334 n-d-844418-5 devstack@placement-api.service[105878]: INFO placement.requestlog [req-19a4db90-f5f7-465d-a341-2b4cb475acdc req-7a3b6ae1-f84d-44bc-abbc-8da899023f63 service placement] 10.222.0.48 "GET /placement/allocations/be8ae8d6-fded-45c2-8a21-41957aac4316" status: 200 len: 245 microversion: 1.28
Jun 22 17:27:52.712482 n-d-844418-5 devstack@placement-api.service[105878]: [pid: 105878|app: 0|req: 239/480] 10.222.0.48 () {60 vars in 1380 bytes} [Wed Jun 22 17:27:52 2022] GET /placement/allocations/be8ae8d6-fded-45c2-8a21-41957aac4316 => generated 245 bytes in 25 msecs (HTTP/1.1 200) 8 headers in 296 bytes (2 switches on core 0)
Jun 22 17:27:52.719121 n-d-844418-5 devstack@placement-api.service[105879]: DEBUG placement.requestlog [req-19a4db90-f5f7-465d-a341-2b4cb475acdc req-dc2bb9d0-58bb-4a6d-9f63-dd4a796201c4 None None] Starting request: 10.222.0.48 "GET /placement/allocations/6ae434c0-0b8f-45b9-9776-6ab455edf94f" {{(pid=105879) __call__ /opt/stack/placement/placement/requestlog.py:55}}
Jun 22 17:27:52.739410 n-d-844418-5 devstack@placement-api.service[105879]: INFO placement.requestlog [req-19a4db90-f5f7-465d-a341-2b4cb475acdc req-dc2bb9d0-58bb-4a6d-9f63-dd4a796201c4 service placement] 10.222.0.48 "GET /placement/allocations/6ae434c0-0b8f-45b9-9776-6ab455edf94f" status: 200 len: 19 microversion: 1.28
Jun 22 17:27:52.747551 n-d-844418-5 devstack@placement-api.service[105878]: DEBUG placement.requestlog [req-19a4db90-f5f7-465d-a341-2b4cb475acdc req-aff0b6bf-c87a-45dc-8812-0265d8d83153 None None] Starting request: 10.222.0.48 "POST /placement/allocations" {{(pid=105878) __call__ /opt/stack/placement/placement/requestlog.py:55}}
Jun 22 17:27:52.755688 n-d-844418-5 devstack@placement-api.service[105879]: [pid: 105879|app: 0|req: 242/481] 10.222.0.48 () {60 vars in 1380 bytes} [Wed Jun 22 17:27:52 2022] GET /placement/allocations/6ae434c0-0b8f-45b9-9776-6ab455edf94f => generated 19 bytes in 29 msecs (HTTP/1.1 200) 8 headers in 295 bytes (1 switches on core 0)
Jun 22 17:27:52.923274 n-d-844418-5 devstack@placement-api.service[105878]: DEBUG dbcounter [-] [105878] Writing DB stats placement:INSERT=6,placement:UPDATE=4,placement:SELECT=81,placement:DELETE=9 {{(pid=105878) stat_writer /usr/local/lib/python3.8/dist-packages/dbcounter.py:114}}
Jun 22 17:27:52.978280 n-d-844418-5 devstack@placement-api.service[105878]: DEBUG placement.handlers.allocation [req-19a4db90-f5f7-465d-a341-2b4cb475acdc req-aff0b6bf-c87a-45dc-8812-0265d8d83153 service placement] Successfully wrote allocations [, , , ] {{(pid=105878) _update_consumers_and_create_allocations /opt/stack/placement/placement/handlers/allocation.py:572}}
Jun 22 17:27:53.131352 n-d-844418-5 devstack@placement-api.service[105878]: INFO placement.requestlog [req-19a4db90-f5f7-465d-a341-2b4cb475acdc req-aff0b6bf-c87a-45dc-8812-0265d8d83153 service placement] 10.222.0.48 "POST /placement/allocations" status: 204 len: 0 microversion: 1.28
Jun 22 17:27:53.132294 n-d-844418-5 devstack@placement-api.service[105878]: [pid: 105878|app: 0|req: 240/482] 10.222.0.48 () {64 vars in 1323 bytes} [Wed Jun 22 17:27:52 2022] POST /placement/allocations => generated 0 bytes in 385 msecs (HTTP/1.1 204) 5 headers in 199 bytes (2 switches on core 0)
Jun 22 17:27:53.186111 n-d-844418-5 devstack@placement-api.service[105879]: DEBUG placement.requestlog [req-19a4db90-f5f7-465d-a341-2b4cb475acdc req-6b0d7089-455f-46e5-a55c-27e6649b407b None None] Starting request: 10.222.0.48 "GET /placement/allocations/be8ae8d6-fded-45c2-8a21-41957aac4316" {{(pid=105879) __call__ /opt/stack/placement/placement/requestlog.py:55}}
Jun 22 17:27:53.214862 n-d-844418-5 devstack@placement-api.service[105879]: INFO placement.requestlog [req-19a4db90-f5f7-465d-a341-2b4cb475acdc req-6b0d7089-455f-46e5-a55c-27e6649b407b service placement] 10.222.0.48 "GET /placement/allocations/be8ae8d6-fded-45c2-8a21-41957aac4316" status: 200 len: 19 microversion: 1.28
Jun 22 17:27:53.223967 n-d-844418-5 devstack@placement-api.service[105878]: DEBUG placement.requestlog [req-19a4db90-f5f7-465d-a341-2b4cb475acdc req-9e22fd81-f3ee-4f9b-bfa4-c19e5ca9d9eb None None] Starting request: 10.222.0.48 "PUT /placement/allocations/be8ae8d6-fded-45c2-8a21-41957aac4316" {{(pid=105878) __call__ /opt/stack/placement/placement/requestlog.py:55}}
Jun 22 17:27:53.227608 n-d-844418-5 devstack@placement-api.service[105879]: [pid: 105879|app: 0|req: 243/483] 10.222.0.48 () {60 vars in 1380 bytes} [Wed Jun 22 17:27:53 2022] GET /placement/allocations/be8ae8d6-fded-45c2-8a21-41957aac4316 => generated 19 bytes in 42 msecs (HTTP/1.1 200) 8 headers in 295 bytes (1 switches on core 0)
Jun 22 17:27:53.406384 n-d-844418-5 devstack@placement-api.service[105878]: DEBUG placement.handlers.allocation [req-19a4db90-f5f7-465d-a341-2b4cb475acdc req-9e22fd81-f3ee-4f9b-bfa4-c19e5ca9d9eb service placement] Successfully wrote allocations [, ] {{(pid=105878) _update_consumers_and_create_allocations /opt/stack/placement/placement/handlers/allocation.py:462}}
Jun 22 17:27:53.468316 n-d-844418-5 devstack@placement-api.service[105878]: INFO placement.requestlog [req-19a4db90-f5f7-465d-a341-2b4cb475acdc req-9e22fd81-f3ee-4f9b-bfa4-c19e5ca9d9eb service placement] 10.222.0.48 "PUT /placement/allocations/be8ae8d6-fded-45c2-8a21-41957aac4316" status: 204 len: 0 microversion: 1.28
Jun 22 17:27:53.469115 n-d-844418-5 devstack@placement-api.service[105878]: [pid: 105878|app: 0|req: 241/484] 10.222.0.48 () {64 vars in 1433 bytes} [Wed Jun 22 17:27:53 2022] PUT /placement/allocations/be8ae8d6-fded-45c2-8a21-41957aac4316 => generated 0 bytes in 246 msecs (HTTP/1.1 204) 5 headers in 199 bytes (1 switches on core 0)
Jun 22 17:27:53.711943 n-d-844418-5 devstack@placement-api.service[105879]: DEBUG placement.requestlog [req-19a4db90-f5f7-465d-a341-2b4cb475acdc req-01c496a9-9518-49a4-8d28-9de4050ebf14 None None] Starting request: 10.222.0.59 "GET /placement/allocations/be8ae8d6-fded-45c2-8a21-41957aac4316" {{(pid=105879) __call__ /opt/stack/placement/placement/requestlog.py:55}}
Jun 22 17:27:53.749903 n-d-844418-5 devstack@placement-api.service[105879]: INFO placement.requestlog [req-19a4db90-f5f7-465d-a341-2b4cb475acdc req-01c496a9-9518-49a4-8d28-9de4050ebf14 service placement] 10.222.0.59 "GET /placement/allocations/be8ae8d6-fded-45c2-8a21-41957aac4316" status: 200 len: 245 microversion: 1.28
Jun 22 17:27:53.750323 n-d-844418-5 devstack@placement-api.service[105879]: [pid: 105879|app: 0|req: 244/485] 10.222.0.59 () {60 vars in 1377 bytes} [Wed Jun 22 17:27:53 2022] GET /placement/allocations/be8ae8d6-fded-45c2-8a21-41957aac4316 => generated 245 bytes in 39 msecs (HTTP/1.1 200) 8 headers in 296 bytes (1 switches on core 0)
Jun 22 17:27:58.702969 n-d-844418-5 devstack@placement-api.service[105878]: DEBUG placement.requestlog [req-c5e39ba2-3040-4944-b3b4-333e1f212bd5 req-e0e1e881-35e7-4b36-839d-98fc4f6f118a None None] Starting request: 10.222.0.48 "GET /placement/allocation_candidates?limit=1000&resources=DISK_GB%3A1%2CMEMORY_MB%3A1024%2CVCPU%3A1&root_required=%21COMPUTE_STATUS_DISABLED" {{(pid=105878) __call__ /opt/stack/placement/placement/requestlog.py:55}}
Jun 22 17:27:58.779022 n-d-844418-5 devstack@placement-api.service[105878]: DEBUG placement.objects.research_context [req-c5e39ba2-3040-4944-b3b4-333e1f212bd5 req-e0e1e881-35e7-4b36-839d-98fc4f6f118a service placement] getting providers with 1 DISK_GB {{(pid=105878) __init__ /opt/stack/placement/placement/objects/research_context.py:136}}
Jun 22 17:27:58.796196 n-d-844418-5 devstack@placement-api.service[105878]: DEBUG placement.objects.research_context [req-c5e39ba2-3040-4944-b3b4-333e1f212bd5 req-e0e1e881-35e7-4b36-839d-98fc4f6f118a service placement] getting providers with 1024 MEMORY_MB {{(pid=105878) __init__ /opt/stack/placement/placement/objects/research_context.py:136}}
Jun 22 17:27:58.804082 n-d-844418-5 devstack@placement-api.service[105878]: DEBUG placement.objects.research_context [req-c5e39ba2-3040-4944-b3b4-333e1f212bd5 req-e0e1e881-35e7-4b36-839d-98fc4f6f118a service placement] getting providers with 1 VCPU {{(pid=105878) __init__ /opt/stack/placement/placement/objects/research_context.py:136}}
Jun 22 17:27:58.838149 n-d-844418-5 devstack@placement-api.service[105878]: DEBUG placement.objects.research_context [req-c5e39ba2-3040-4944-b3b4-333e1f212bd5 req-e0e1e881-35e7-4b36-839d-98fc4f6f118a service placement] found 2 providers with available 1 DISK_GB {{(pid=105878) get_provider_ids_matching /opt/stack/placement/placement/objects/research_context.py:563}}
Jun 22 17:27:58.838764 n-d-844418-5 devstack@placement-api.service[105878]: DEBUG placement.objects.research_context [req-c5e39ba2-3040-4944-b3b4-333e1f212bd5 req-e0e1e881-35e7-4b36-839d-98fc4f6f118a service placement] found 2 providers with available 1024 MEMORY_MB {{(pid=105878) get_provider_ids_matching /opt/stack/placement/placement/objects/research_context.py:563}}
Jun 22 17:27:58.839741 n-d-844418-5 devstack@placement-api.service[105878]: DEBUG placement.objects.research_context [req-c5e39ba2-3040-4944-b3b4-333e1f212bd5 req-e0e1e881-35e7-4b36-839d-98fc4f6f118a service placement] found 2 providers after filtering by previous result {{(pid=105878) get_provider_ids_matching /opt/stack/placement/placement/objects/research_context.py:594}}
Jun 22 17:27:58.843450 n-d-844418-5 devstack@placement-api.service[105878]: DEBUG placement.objects.research_context [req-c5e39ba2-3040-4944-b3b4-333e1f212bd5 req-e0e1e881-35e7-4b36-839d-98fc4f6f118a service placement] found 2 providers with available 1 VCPU {{(pid=105878) get_provider_ids_matching /opt/stack/placement/placement/objects/research_context.py:563}}
Jun 22 17:27:58.843914 n-d-844418-5 devstack@placement-api.service[105878]: DEBUG placement.objects.research_context [req-c5e39ba2-3040-4944-b3b4-333e1f212bd5 req-e0e1e881-35e7-4b36-839d-98fc4f6f118a service placement] found 2 providers after filtering by previous result {{(pid=105878) get_provider_ids_matching /opt/stack/placement/placement/objects/research_context.py:594}}
Jun 22 17:27:58.875210 n-d-844418-5 devstack@placement-api.service[105878]: DEBUG placement.objects.allocation_candidate [req-c5e39ba2-3040-4944-b3b4-333e1f212bd5 req-e0e1e881-35e7-4b36-839d-98fc4f6f118a service placement] RequestGroup(use_same_provider=False, resources={DISK_GB:1, MEMORY_MB:1024, VCPU:1}, traits=(), aggregates=[]) (suffix '') returned 2 matches {{(pid=105878) _get_by_requests /opt/stack/placement/placement/objects/allocation_candidate.py:156}}
Jun 22 17:27:58.875809 n-d-844418-5 devstack@placement-api.service[105878]: DEBUG placement.objects.allocation_candidate [req-c5e39ba2-3040-4944-b3b4-333e1f212bd5 req-e0e1e881-35e7-4b36-839d-98fc4f6f118a service placement] Merging candidates yields 2 allocation requests and 2 provider summaries {{(pid=105878) _merge_candidates /opt/stack/placement/placement/objects/allocation_candidate.py:809}}
Jun 22 17:27:58.882248 n-d-844418-5 devstack@placement-api.service[105878]: INFO placement.requestlog [req-c5e39ba2-3040-4944-b3b4-333e1f212bd5 req-e0e1e881-35e7-4b36-839d-98fc4f6f118a service placement] 10.222.0.48 "GET /placement/allocation_candidates?limit=1000&resources=DISK_GB%3A1%2CMEMORY_MB%3A1024%2CVCPU%3A1&root_required=%21COMPUTE_STATUS_DISABLED" status: 200 len: 1309 microversion: 1.36
Jun 22 17:27:58.884931 n-d-844418-5 devstack@placement-api.service[105878]: [pid: 105878|app: 0|req: 242/486] 10.222.0.48 () {60 vars in 1506 bytes} [Wed Jun 22 17:27:58 2022] GET /placement/allocation_candidates?limit=1000&resources=DISK_GB%3A1%2CMEMORY_MB%3A1024%2CVCPU%3A1&root_required=%21COMPUTE_STATUS_DISABLED => generated 1309 bytes in 183 msecs (HTTP/1.1 200) 8 headers in 297 bytes (1 switches on core 0)
Jun 22 17:27:58.993048 n-d-844418-5 devstack@placement-api.service[105879]: DEBUG placement.requestlog [req-c5e39ba2-3040-4944-b3b4-333e1f212bd5 req-be822729-4d5e-46dc-bd75-e6ea422c8e1b None None] Starting request: 10.222.0.48 "GET /placement/allocations/e29cd89e-ff97-4a4b-b312-334b1c8b1e77" {{(pid=105879) __call__ /opt/stack/placement/placement/requestlog.py:55}}
Jun 22 17:27:59.003254 n-d-844418-5 devstack@placement-api.service[105879]: DEBUG dbcounter [-] [105879] Writing DB stats placement:SELECT=76,placement:INSERT=3,placement:DELETE=10,placement:UPDATE=2 {{(pid=105879) stat_writer /usr/local/lib/python3.8/dist-packages/dbcounter.py:114}}
Jun 22 17:27:59.009963 n-d-844418-5 devstack@placement-api.service[105879]: INFO placement.requestlog [req-c5e39ba2-3040-4944-b3b4-333e1f212bd5 req-be822729-4d5e-46dc-bd75-e6ea422c8e1b service placement] 10.222.0.48 "GET /placement/allocations/e29cd89e-ff97-4a4b-b312-334b1c8b1e77" status: 200 len: 19 microversion: 1.28
Jun 22 17:27:59.016238 n-d-844418-5 devstack@placement-api.service[105879]: [pid: 105879|app: 0|req: 245/487] 10.222.0.48 () {60 vars in 1380 bytes} [Wed Jun 22 17:27:58 2022] GET /placement/allocations/e29cd89e-ff97-4a4b-b312-334b1c8b1e77 => generated 19 bytes in 23 msecs (HTTP/1.1 200) 8 headers in 295 bytes (1 switches on core 0)
Jun 22 17:27:59.019344 n-d-844418-5 devstack@placement-api.service[105878]: DEBUG placement.requestlog [req-c5e39ba2-3040-4944-b3b4-333e1f212bd5 req-556faff1-0d7b-4443-b2be-8d59bc7053a6 None None] Starting request: 10.222.0.48 "PUT /placement/allocations/e29cd89e-ff97-4a4b-b312-334b1c8b1e77" {{(pid=105878) __call__ /opt/stack/placement/placement/requestlog.py:55}}
Jun 22 17:27:59.408713 n-d-844418-5 devstack@placement-api.service[105878]: DEBUG placement.handlers.allocation [req-c5e39ba2-3040-4944-b3b4-333e1f212bd5 req-556faff1-0d7b-4443-b2be-8d59bc7053a6 service placement] Successfully wrote allocations [, , ] {{(pid=105878) _update_consumers_and_create_allocations /opt/stack/placement/placement/handlers/allocation.py:462}}
Jun 22 17:27:59.479609 n-d-844418-5 devstack@placement-api.service[105878]: INFO placement.requestlog [req-c5e39ba2-3040-4944-b3b4-333e1f212bd5 req-556faff1-0d7b-4443-b2be-8d59bc7053a6 service placement] 10.222.0.48 "PUT /placement/allocations/e29cd89e-ff97-4a4b-b312-334b1c8b1e77" status: 204 len: 0 microversion: 1.36
Jun 22 17:27:59.480536 n-d-844418-5 devstack@placement-api.service[105878]: [pid: 105878|app: 0|req: 243/488] 10.222.0.48 () {64 vars in 1433 bytes} [Wed Jun 22 17:27:59 2022] PUT /placement/allocations/e29cd89e-ff97-4a4b-b312-334b1c8b1e77 => generated 0 bytes in 461 msecs (HTTP/1.1 204) 5 headers in 199 bytes (1 switches on core 0)
Jun 22 17:28:01.213248 n-d-844418-5 devstack@placement-api.service[105879]: DEBUG placement.requestlog [req-c5e39ba2-3040-4944-b3b4-333e1f212bd5 req-a3f422cd-7d51-45e6-ade6-628ceed58b81 None None] Starting request: 10.222.0.59 "GET /placement/allocations/e29cd89e-ff97-4a4b-b312-334b1c8b1e77" {{(pid=105879) __call__ /opt/stack/placement/placement/requestlog.py:55}}
Jun 22 17:28:01.251070 n-d-844418-5 devstack@placement-api.service[105879]: INFO placement.requestlog [req-c5e39ba2-3040-4944-b3b4-333e1f212bd5 req-a3f422cd-7d51-45e6-ade6-628ceed58b81 service placement] 10.222.0.59 "GET /placement/allocations/e29cd89e-ff97-4a4b-b312-334b1c8b1e77" status: 200 len: 259 microversion: 1.28
Jun 22 17:28:01.251861 n-d-844418-5 devstack@placement-api.service[105879]: [pid: 105879|app: 0|req: 246/489] 10.222.0.59 () {60 vars in 1377 bytes} [Wed Jun 22 17:28:01 2022] GET /placement/allocations/e29cd89e-ff97-4a4b-b312-334b1c8b1e77 => generated 259 bytes in 39 msecs (HTTP/1.1 200) 8 headers in 296 bytes (1 switches on core 0)
Jun 22 17:28:03.627188 n-d-844418-5 devstack@placement-api.service[105878]: DEBUG placement.requestlog [None req-21aeb42f-362a-4c61-ae7b-232f92ddb4dd None None] Starting request: 10.222.0.48 "GET /placement/resource_providers/afa31f56-0aa6-4879-a4bb-ca8ba9294ec4/aggregates" {{(pid=105878) __call__ /opt/stack/placement/placement/requestlog.py:55}}
Jun 22 17:28:03.646617 n-d-844418-5 devstack@placement-api.service[105878]: INFO placement.requestlog [None req-21aeb42f-362a-4c61-ae7b-232f92ddb4dd service placement] 10.222.0.48 "GET /placement/resource_providers/afa31f56-0aa6-4879-a4bb-ca8ba9294ec4/aggregates" status: 404 len: 235 microversion: 1.1
Jun 22 17:28:03.649369 n-d-844418-5 devstack@placement-api.service[105878]: [pid: 105878|app: 0|req: 244/490] 10.222.0.48 () {58 vars in 1362 bytes} [Wed Jun 22 17:28:03 2022] GET /placement/resource_providers/afa31f56-0aa6-4879-a4bb-ca8ba9294ec4/aggregates => generated 235 bytes in 20 msecs (HTTP/1.1 404) 5 headers in 202 bytes (1 switches on core 0)
Jun 22 17:28:03.727661 n-d-844418-5 devstack@placement-api.service[105879]: DEBUG placement.requestlog [None req-108b0c1e-33b9-4126-bc19-da8146cfa398 None None] Starting request: 10.222.0.48 "DELETE /placement/resource_providers/afa31f56-0aa6-4879-a4bb-ca8ba9294ec4" {{(pid=105879) __call__ /opt/stack/placement/placement/requestlog.py:55}}
Jun 22 17:28:03.739910 n-d-844418-5 devstack@placement-api.service[105879]: DEBUG placement.wsgi_wrapper [None req-108b0c1e-33b9-4126-bc19-da8146cfa398 service placement] Placement API returning an error response: No resource provider with uuid afa31f56-0aa6-4879-a4bb-ca8ba9294ec4 found for delete {{(pid=105879) call_func /opt/stack/placement/placement/wsgi_wrapper.py:31}}
Jun 22 17:28:03.740869 n-d-844418-5 devstack@placement-api.service[105879]: INFO placement.requestlog [None req-108b0c1e-33b9-4126-bc19-da8146cfa398 service placement] 10.222.0.48 "DELETE /placement/resource_providers/afa31f56-0aa6-4879-a4bb-ca8ba9294ec4" status: 404 len: 246 microversion: 1.1
Jun 22 17:28:03.744451 n-d-844418-5 devstack@placement-api.service[105879]: [pid: 105879|app: 0|req: 247/491] 10.222.0.48 () {60 vars in 1351 bytes} [Wed Jun 22 17:28:03 2022] DELETE /placement/resource_providers/afa31f56-0aa6-4879-a4bb-ca8ba9294ec4 => generated 246 bytes in 17 msecs (HTTP/1.1 404) 6 headers in 231 bytes (1 switches on core 0)
Jun 22 17:28:08.969930 n-d-844418-5 devstack@placement-api.service[105878]: DEBUG placement.requestlog [req-777933ce-915d-46a9-a36b-d6fb968f3bbc req-c0260d3e-5151-47b3-bab2-7a93560fdb45 None None] Starting request: 10.222.0.48 "GET /placement/allocation_candidates?limit=1000&resources=DISK_GB%3A1%2CMEMORY_MB%3A1024%2CVCPU%3A1&root_required=%21COMPUTE_STATUS_DISABLED" {{(pid=105878) __call__ /opt/stack/placement/placement/requestlog.py:55}}
Jun 22 17:28:09.112284 n-d-844418-5 devstack@placement-api.service[105878]: DEBUG placement.objects.research_context [req-777933ce-915d-46a9-a36b-d6fb968f3bbc req-c0260d3e-5151-47b3-bab2-7a93560fdb45 service placement] getting providers with 1 DISK_GB {{(pid=105878) __init__ /opt/stack/placement/placement/objects/research_context.py:136}}
Jun 22 17:28:09.127526 n-d-844418-5 devstack@placement-api.service[105878]: DEBUG placement.objects.research_context [req-777933ce-915d-46a9-a36b-d6fb968f3bbc req-c0260d3e-5151-47b3-bab2-7a93560fdb45 service placement] getting providers with 1024 MEMORY_MB {{(pid=105878) __init__ /opt/stack/placement/placement/objects/research_context.py:136}}
Jun 22 17:28:09.138391 n-d-844418-5 devstack@placement-api.service[105878]: DEBUG placement.objects.research_context [req-777933ce-915d-46a9-a36b-d6fb968f3bbc req-c0260d3e-5151-47b3-bab2-7a93560fdb45 service placement] getting providers with 1 VCPU {{(pid=105878) __init__ /opt/stack/placement/placement/objects/research_context.py:136}}
Jun 22 17:28:09.160636 n-d-844418-5 devstack@placement-api.service[105878]: DEBUG placement.objects.research_context [req-777933ce-915d-46a9-a36b-d6fb968f3bbc req-c0260d3e-5151-47b3-bab2-7a93560fdb45 service placement] found 2 providers with available 1 DISK_GB {{(pid=105878) get_provider_ids_matching /opt/stack/placement/placement/objects/research_context.py:563}}
Jun 22 17:28:09.160989 n-d-844418-5 devstack@placement-api.service[105878]: DEBUG placement.objects.research_context [req-777933ce-915d-46a9-a36b-d6fb968f3bbc req-c0260d3e-5151-47b3-bab2-7a93560fdb45 service placement] found 2 providers with available 1024 MEMORY_MB {{(pid=105878) get_provider_ids_matching /opt/stack/placement/placement/objects/research_context.py:563}}
Jun 22 17:28:09.161418 n-d-844418-5 devstack@placement-api.service[105878]: DEBUG placement.objects.research_context [req-777933ce-915d-46a9-a36b-d6fb968f3bbc req-c0260d3e-5151-47b3-bab2-7a93560fdb45 service placement] found 2 providers after filtering by previous result {{(pid=105878) get_provider_ids_matching /opt/stack/placement/placement/objects/research_context.py:594}}
Jun 22 17:28:09.161734 n-d-844418-5 devstack@placement-api.service[105878]: DEBUG placement.objects.research_context [req-777933ce-915d-46a9-a36b-d6fb968f3bbc req-c0260d3e-5151-47b3-bab2-7a93560fdb45 service placement] found 2 providers with available 1 VCPU {{(pid=105878) get_provider_ids_matching /opt/stack/placement/placement/objects/research_context.py:563}}
Jun 22 17:28:09.162055 n-d-844418-5 devstack@placement-api.service[105878]: DEBUG placement.objects.research_context [req-777933ce-915d-46a9-a36b-d6fb968f3bbc req-c0260d3e-5151-47b3-bab2-7a93560fdb45 service placement] found 2 providers after filtering by previous result {{(pid=105878) get_provider_ids_matching /opt/stack/placement/placement/objects/research_context.py:594}}
Jun 22 17:28:09.187108 n-d-844418-5 devstack@placement-api.service[105878]: DEBUG placement.objects.allocation_candidate [req-777933ce-915d-46a9-a36b-d6fb968f3bbc req-c0260d3e-5151-47b3-bab2-7a93560fdb45 service placement] RequestGroup(use_same_provider=False, resources={DISK_GB:1, MEMORY_MB:1024, VCPU:1}, traits=(), aggregates=[]) (suffix '') returned 2 matches {{(pid=105878) _get_by_requests /opt/stack/placement/placement/objects/allocation_candidate.py:156}}
Jun 22 17:28:09.189714 n-d-844418-5 devstack@placement-api.service[105878]: DEBUG placement.objects.allocation_candidate [req-777933ce-915d-46a9-a36b-d6fb968f3bbc req-c0260d3e-5151-47b3-bab2-7a93560fdb45 service placement] Merging candidates yields 2 allocation requests and 2 provider summaries {{(pid=105878) _merge_candidates /opt/stack/placement/placement/objects/allocation_candidate.py:809}}
Jun 22 17:28:09.201292 n-d-844418-5 devstack@placement-api.service[105878]: INFO placement.requestlog [req-777933ce-915d-46a9-a36b-d6fb968f3bbc req-c0260d3e-5151-47b3-bab2-7a93560fdb45 service placement] 10.222.0.48 "GET /placement/allocation_candidates?limit=1000&resources=DISK_GB%3A1%2CMEMORY_MB%3A1024%2CVCPU%3A1&root_required=%21COMPUTE_STATUS_DISABLED" status: 200 len: 1309 microversion: 1.36
Jun 22 17:28:09.215322 n-d-844418-5 devstack@placement-api.service[105878]: [pid: 105878|app: 0|req: 245/492] 10.222.0.48 () {60 vars in 1506 bytes} [Wed Jun 22 17:28:08 2022] GET /placement/allocation_candidates?limit=1000&resources=DISK_GB%3A1%2CMEMORY_MB%3A1024%2CVCPU%3A1&root_required=%21COMPUTE_STATUS_DISABLED => generated 1309 bytes in 246 msecs (HTTP/1.1 200) 8 headers in 297 bytes (1 switches on core 0)
Jun 22 17:28:09.323545 n-d-844418-5 devstack@placement-api.service[105879]: DEBUG placement.requestlog [req-777933ce-915d-46a9-a36b-d6fb968f3bbc req-f567b29a-496f-41df-9c81-5c8a5ebc0783 None None] Starting request: 10.222.0.48 "GET /placement/allocations/7244b8c5-db13-4383-beb4-5363da0456f1" {{(pid=105879) __call__ /opt/stack/placement/placement/requestlog.py:55}}
Jun 22 17:28:09.336202 n-d-844418-5 devstack@placement-api.service[105879]: INFO placement.requestlog [req-777933ce-915d-46a9-a36b-d6fb968f3bbc req-f567b29a-496f-41df-9c81-5c8a5ebc0783 service placement] 10.222.0.48 "GET /placement/allocations/7244b8c5-db13-4383-beb4-5363da0456f1" status: 200 len: 19 microversion: 1.28
Jun 22 17:28:09.341400 n-d-844418-5 devstack@placement-api.service[105879]: [pid: 105879|app: 0|req: 248/493] 10.222.0.48 () {60 vars in 1380 bytes} [Wed Jun 22 17:28:09 2022] GET /placement/allocations/7244b8c5-db13-4383-beb4-5363da0456f1 => generated 19 bytes in 23 msecs (HTTP/1.1 200) 8 headers in 295 bytes (1 switches on core 0)
Jun 22 17:28:09.343573 n-d-844418-5 devstack@placement-api.service[105878]: DEBUG placement.requestlog [req-777933ce-915d-46a9-a36b-d6fb968f3bbc req-1b76301c-366a-4a61-829f-616fd1678de9 None None] Starting request: 10.222.0.48 "PUT /placement/allocations/7244b8c5-db13-4383-beb4-5363da0456f1" {{(pid=105878) __call__ /opt/stack/placement/placement/requestlog.py:55}}
Jun 22 17:28:09.695436 n-d-844418-5 devstack@placement-api.service[105878]: DEBUG dbcounter [-] [105878] Writing DB stats placement:SELECT=72,placement:DELETE=7,placement:INSERT=14,placement:UPDATE=7 {{(pid=105878) stat_writer /usr/local/lib/python3.8/dist-packages/dbcounter.py:114}}
Jun 22 17:28:09.737272 n-d-844418-5 devstack@placement-api.service[105878]: DEBUG placement.handlers.allocation [req-777933ce-915d-46a9-a36b-d6fb968f3bbc req-1b76301c-366a-4a61-829f-616fd1678de9 service placement] Successfully wrote allocations [, , ] {{(pid=105878) _update_consumers_and_create_allocations /opt/stack/placement/placement/handlers/allocation.py:462}}
Jun 22 17:28:09.799882 n-d-844418-5 devstack@placement-api.service[105878]: INFO placement.requestlog [req-777933ce-915d-46a9-a36b-d6fb968f3bbc req-1b76301c-366a-4a61-829f-616fd1678de9 service placement] 10.222.0.48 "PUT /placement/allocations/7244b8c5-db13-4383-beb4-5363da0456f1" status: 204 len: 0 microversion: 1.36
Jun 22 17:28:09.800602 n-d-844418-5 devstack@placement-api.service[105878]: [pid: 105878|app: 0|req: 246/494] 10.222.0.48 () {64 vars in 1433 bytes} [Wed Jun 22 17:28:09 2022] PUT /placement/allocations/7244b8c5-db13-4383-beb4-5363da0456f1 => generated 0 bytes in 457 msecs (HTTP/1.1 204) 5 headers in 199 bytes (1 switches on core 0)
Jun 22 17:28:11.230185 n-d-844418-5 devstack@placement-api.service[105879]: DEBUG placement.requestlog [req-777933ce-915d-46a9-a36b-d6fb968f3bbc req-574b844b-cea9-4f68-8aaf-b6ff447ee71e None None] Starting request: 10.222.0.16 "GET /placement/allocations/7244b8c5-db13-4383-beb4-5363da0456f1" {{(pid=105879) __call__ /opt/stack/placement/placement/requestlog.py:55}}
Jun 22 17:28:11.260835 n-d-844418-5 devstack@placement-api.service[105879]: INFO placement.requestlog [req-777933ce-915d-46a9-a36b-d6fb968f3bbc req-574b844b-cea9-4f68-8aaf-b6ff447ee71e service placement] 10.222.0.16 "GET /placement/allocations/7244b8c5-db13-4383-beb4-5363da0456f1" status: 200 len: 259 microversion: 1.28
Jun 22 17:28:11.261500 n-d-844418-5 devstack@placement-api.service[105879]: [pid: 105879|app: 0|req: 249/495] 10.222.0.16 () {60 vars in 1377 bytes} [Wed Jun 22 17:28:11 2022] GET /placement/allocations/7244b8c5-db13-4383-beb4-5363da0456f1 => generated 259 bytes in 32 msecs (HTTP/1.1 200) 8 headers in 296 bytes (1 switches on core 0)
Jun 22 17:28:12.112042 n-d-844418-5 devstack@placement-api.service[105878]: DEBUG placement.requestlog [req-231d44ca-1d69-4ad2-833e-5ebcfb6b2f6c req-e4db8997-6a22-4d78-92c5-9c9344175a27 None None] Starting request: 10.222.0.48 "GET /placement/allocation_candidates?limit=1000&resources=DISK_GB%3A1%2CMEMORY_MB%3A1024%2CVCPU%3A1&root_required=%21COMPUTE_STATUS_DISABLED" {{(pid=105878) __call__ /opt/stack/placement/placement/requestlog.py:55}}
Jun 22 17:28:12.161045 n-d-844418-5 devstack@placement-api.service[105878]: DEBUG placement.objects.research_context [req-231d44ca-1d69-4ad2-833e-5ebcfb6b2f6c req-e4db8997-6a22-4d78-92c5-9c9344175a27 service placement] getting providers with 1 DISK_GB {{(pid=105878) __init__ /opt/stack/placement/placement/objects/research_context.py:136}}
Jun 22 17:28:12.170018 n-d-844418-5 devstack@placement-api.service[105878]: DEBUG placement.objects.research_context [req-231d44ca-1d69-4ad2-833e-5ebcfb6b2f6c req-e4db8997-6a22-4d78-92c5-9c9344175a27 service placement] getting providers with 1024 MEMORY_MB {{(pid=105878) __init__ /opt/stack/placement/placement/objects/research_context.py:136}}
Jun 22 17:28:12.177545 n-d-844418-5 devstack@placement-api.service[105878]: DEBUG placement.objects.research_context [req-231d44ca-1d69-4ad2-833e-5ebcfb6b2f6c req-e4db8997-6a22-4d78-92c5-9c9344175a27 service placement] getting providers with 1 VCPU {{(pid=105878) __init__ /opt/stack/placement/placement/objects/research_context.py:136}}
Jun 22 17:28:12.186100 n-d-844418-5 devstack@placement-api.service[105878]: DEBUG placement.objects.research_context [req-231d44ca-1d69-4ad2-833e-5ebcfb6b2f6c req-e4db8997-6a22-4d78-92c5-9c9344175a27 service placement] found 2 providers with available 1 DISK_GB {{(pid=105878) get_provider_ids_matching /opt/stack/placement/placement/objects/research_context.py:563}}
Jun 22 17:28:12.186455 n-d-844418-5 devstack@placement-api.service[105878]: DEBUG placement.objects.research_context [req-231d44ca-1d69-4ad2-833e-5ebcfb6b2f6c req-e4db8997-6a22-4d78-92c5-9c9344175a27 service placement] found 2 providers with available 1024 MEMORY_MB {{(pid=105878) get_provider_ids_matching /opt/stack/placement/placement/objects/research_context.py:563}}
Jun 22 17:28:12.193166 n-d-844418-5 devstack@placement-api.service[105878]: DEBUG placement.objects.research_context [req-231d44ca-1d69-4ad2-833e-5ebcfb6b2f6c req-e4db8997-6a22-4d78-92c5-9c9344175a27 service placement] found 2 providers after filtering by previous result {{(pid=105878) get_provider_ids_matching /opt/stack/placement/placement/objects/research_context.py:594}}
Jun 22 17:28:12.193166 n-d-844418-5 devstack@placement-api.service[105878]: DEBUG placement.objects.research_context [req-231d44ca-1d69-4ad2-833e-5ebcfb6b2f6c req-e4db8997-6a22-4d78-92c5-9c9344175a27 service placement] found 2 providers with available 1 VCPU {{(pid=105878) get_provider_ids_matching /opt/stack/placement/placement/objects/research_context.py:563}}
Jun 22 17:28:12.193166 n-d-844418-5 devstack@placement-api.service[105878]: DEBUG placement.objects.research_context [req-231d44ca-1d69-4ad2-833e-5ebcfb6b2f6c req-e4db8997-6a22-4d78-92c5-9c9344175a27 service placement] found 2 providers after filtering by previous result {{(pid=105878) get_provider_ids_matching /opt/stack/placement/placement/objects/research_context.py:594}}
Jun 22 17:28:12.202178 n-d-844418-5 devstack@placement-api.service[105878]: DEBUG placement.objects.allocation_candidate [req-231d44ca-1d69-4ad2-833e-5ebcfb6b2f6c req-e4db8997-6a22-4d78-92c5-9c9344175a27 service placement] RequestGroup(use_same_provider=False, resources={DISK_GB:1, MEMORY_MB:1024, VCPU:1}, traits=(), aggregates=[]) (suffix '') returned 2 matches {{(pid=105878) _get_by_requests /opt/stack/placement/placement/objects/allocation_candidate.py:156}}
Jun 22 17:28:12.202788 n-d-844418-5 devstack@placement-api.service[105878]: DEBUG placement.objects.allocation_candidate [req-231d44ca-1d69-4ad2-833e-5ebcfb6b2f6c req-e4db8997-6a22-4d78-92c5-9c9344175a27 service placement] Merging candidates yields 2 allocation requests and 2 provider summaries {{(pid=105878) _merge_candidates /opt/stack/placement/placement/objects/allocation_candidate.py:809}}
Jun 22 17:28:12.204809 n-d-844418-5 devstack@placement-api.service[105878]: INFO placement.requestlog [req-231d44ca-1d69-4ad2-833e-5ebcfb6b2f6c req-e4db8997-6a22-4d78-92c5-9c9344175a27 service placement] 10.222.0.48 "GET /placement/allocation_candidates?limit=1000&resources=DISK_GB%3A1%2CMEMORY_MB%3A1024%2CVCPU%3A1&root_required=%21COMPUTE_STATUS_DISABLED" status: 200 len: 1309 microversion: 1.36
Jun 22 17:28:12.206304 n-d-844418-5 devstack@placement-api.service[105878]: [pid: 105878|app: 0|req: 247/496] 10.222.0.48 () {60 vars in 1506 bytes} [Wed Jun 22 17:28:12 2022] GET /placement/allocation_candidates?limit=1000&resources=DISK_GB%3A1%2CMEMORY_MB%3A1024%2CVCPU%3A1&root_required=%21COMPUTE_STATUS_DISABLED => generated 1309 bytes in 94 msecs (HTTP/1.1 200) 8 headers in 297 bytes (1 switches on core 0)
Jun 22 17:28:12.283282 n-d-844418-5 devstack@placement-api.service[105879]: DEBUG placement.requestlog [req-231d44ca-1d69-4ad2-833e-5ebcfb6b2f6c req-2fa95de8-fd76-405b-b505-f47e54f5b745 None None] Starting request: 10.222.0.48 "GET /placement/allocations/0640b055-0b13-4ffc-8834-e0333e47faad" {{(pid=105879) __call__ /opt/stack/placement/placement/requestlog.py:55}}
Jun 22 17:28:12.294734 n-d-844418-5 devstack@placement-api.service[105879]: INFO placement.requestlog [req-231d44ca-1d69-4ad2-833e-5ebcfb6b2f6c req-2fa95de8-fd76-405b-b505-f47e54f5b745 service placement] 10.222.0.48 "GET /placement/allocations/0640b055-0b13-4ffc-8834-e0333e47faad" status: 200 len: 19 microversion: 1.28
Jun 22 17:28:12.295380 n-d-844418-5 devstack@placement-api.service[105879]: [pid: 105879|app: 0|req: 250/497] 10.222.0.48 () {60 vars in 1380 bytes} [Wed Jun 22 17:28:12 2022] GET /placement/allocations/0640b055-0b13-4ffc-8834-e0333e47faad => generated 19 bytes in 12 msecs (HTTP/1.1 200) 8 headers in 295 bytes (1 switches on core 0)
Jun 22 17:28:12.301414 n-d-844418-5 devstack@placement-api.service[105878]: DEBUG placement.requestlog [req-231d44ca-1d69-4ad2-833e-5ebcfb6b2f6c req-b182f2c2-45d9-4369-a704-8fc254c96c0f None None] Starting request: 10.222.0.48 "PUT /placement/allocations/0640b055-0b13-4ffc-8834-e0333e47faad" {{(pid=105878) __call__ /opt/stack/placement/placement/requestlog.py:55}}
Jun 22 17:28:12.622983 n-d-844418-5 devstack@placement-api.service[105878]: DEBUG placement.handlers.allocation [req-231d44ca-1d69-4ad2-833e-5ebcfb6b2f6c req-b182f2c2-45d9-4369-a704-8fc254c96c0f service placement] Successfully wrote allocations [, , ] {{(pid=105878) _update_consumers_and_create_allocations /opt/stack/placement/placement/handlers/allocation.py:462}}
Jun 22 17:28:12.688550 n-d-844418-5 devstack@placement-api.service[105878]: INFO placement.requestlog [req-231d44ca-1d69-4ad2-833e-5ebcfb6b2f6c req-b182f2c2-45d9-4369-a704-8fc254c96c0f service placement] 10.222.0.48 "PUT /placement/allocations/0640b055-0b13-4ffc-8834-e0333e47faad" status: 204 len: 0 microversion: 1.36
Jun 22 17:28:12.689622 n-d-844418-5 devstack@placement-api.service[105878]: [pid: 105878|app: 0|req: 248/498] 10.222.0.48 () {64 vars in 1433 bytes} [Wed Jun 22 17:28:12 2022] PUT /placement/allocations/0640b055-0b13-4ffc-8834-e0333e47faad => generated 0 bytes in 388 msecs (HTTP/1.1 204) 5 headers in 199 bytes (1 switches on core 0)
Jun 22 17:28:13.043910 n-d-844418-5 devstack@placement-api.service[105879]: DEBUG placement.requestlog [req-efab21e7-1d00-4561-bc17-78c1f3bd3473 req-2b6fd1f8-2a3d-4e2c-b238-99bf02af1ac6 None None] Starting request: 10.222.0.59 "GET /placement/resource_providers/6d8c2d20-4de3-4bb7-b4a6-edf34f8c1cf9/allocations" {{(pid=105879) __call__ /opt/stack/placement/placement/requestlog.py:55}}
Jun 22 17:28:13.090403 n-d-844418-5 devstack@placement-api.service[105879]: INFO placement.requestlog [req-efab21e7-1d00-4561-bc17-78c1f3bd3473 req-2b6fd1f8-2a3d-4e2c-b238-99bf02af1ac6 service placement] 10.222.0.59 "GET /placement/resource_providers/6d8c2d20-4de3-4bb7-b4a6-edf34f8c1cf9/allocations" status: 200 len: 732 microversion: 1.0
Jun 22 17:28:13.090403 n-d-844418-5 devstack@placement-api.service[105879]: [pid: 105879|app: 0|req: 251/499] 10.222.0.59 () {58 vars in 1390 bytes} [Wed Jun 22 17:28:13 2022] GET /placement/resource_providers/6d8c2d20-4de3-4bb7-b4a6-edf34f8c1cf9/allocations => generated 732 bytes in 46 msecs (HTTP/1.1 200) 6 headers in 224 bytes (1 switches on core 0)
Jun 22 17:28:13.930484 n-d-844418-5 devstack@placement-api.service[105878]: DEBUG placement.requestlog [req-231d44ca-1d69-4ad2-833e-5ebcfb6b2f6c req-20bb1e4c-a448-4c5f-8719-d3dc0e28b9f5 None None] Starting request: 10.222.0.16 "GET /placement/allocations/0640b055-0b13-4ffc-8834-e0333e47faad" {{(pid=105878) __call__ /opt/stack/placement/placement/requestlog.py:55}}
Jun 22 17:28:13.949286 n-d-844418-5 devstack@placement-api.service[105878]: INFO placement.requestlog [req-231d44ca-1d69-4ad2-833e-5ebcfb6b2f6c req-20bb1e4c-a448-4c5f-8719-d3dc0e28b9f5 service placement] 10.222.0.16 "GET /placement/allocations/0640b055-0b13-4ffc-8834-e0333e47faad" status: 200 len: 259 microversion: 1.28
Jun 22 17:28:13.950113 n-d-844418-5 devstack@placement-api.service[105878]: [pid: 105878|app: 0|req: 249/500] 10.222.0.16 () {60 vars in 1377 bytes} [Wed Jun 22 17:28:13 2022] GET /placement/allocations/0640b055-0b13-4ffc-8834-e0333e47faad => generated 259 bytes in 20 msecs (HTTP/1.1 200) 8 headers in 296 bytes (1 switches on core 0)
Jun 22 17:28:16.210898 n-d-844418-5 devstack@placement-api.service[105879]: DEBUG placement.requestlog [req-2f6f895c-b879-4980-b406-2dbe3c4436e7 req-3a84de80-6e2f-4736-af65-cb9538caf4d2 None None] Starting request: 10.222.0.16 "GET /placement/resource_providers/2c9cd54a-249d-4086-946c-7680ecfc0b77/allocations" {{(pid=105879) __call__ /opt/stack/placement/placement/requestlog.py:55}}
Jun 22 17:28:16.234621 n-d-844418-5 devstack@placement-api.service[105879]: INFO placement.requestlog [req-2f6f895c-b879-4980-b406-2dbe3c4436e7 req-3a84de80-6e2f-4736-af65-cb9538caf4d2 service placement] 10.222.0.16 "GET /placement/resource_providers/2c9cd54a-249d-4086-946c-7680ecfc0b77/allocations" status: 200 len: 443 microversion: 1.0
Jun 22 17:28:16.235029 n-d-844418-5 devstack@placement-api.service[105879]: [pid: 105879|app: 0|req: 252/501] 10.222.0.16 () {58 vars in 1390 bytes} [Wed Jun 22 17:28:16 2022] GET /placement/resource_providers/2c9cd54a-249d-4086-946c-7680ecfc0b77/allocations => generated 443 bytes in 24 msecs (HTTP/1.1 200) 6 headers in 224 bytes (1 switches on core 0)
Jun 22 17:28:23.007289 n-d-844418-5 devstack@placement-api.service[105878]: DEBUG placement.requestlog [req-223d80d0-c7d6-4e15-a55f-1822da1d7d80 req-f274ed2b-2910-4761-8768-0d23606c41cf None None] Starting request: 10.222.0.59 "DELETE /placement/allocations/e29cd89e-ff97-4a4b-b312-334b1c8b1e77" {{(pid=105878) __call__ /opt/stack/placement/placement/requestlog.py:55}}
Jun 22 17:28:23.291805 n-d-844418-5 devstack@placement-api.service[105878]: DEBUG placement.handlers.allocation [req-223d80d0-c7d6-4e15-a55f-1822da1d7d80 req-f274ed2b-2910-4761-8768-0d23606c41cf service placement] Successfully deleted allocations [, , ] {{(pid=105878) delete_allocations /opt/stack/placement/placement/handlers/allocation.py:627}}
Jun 22 17:28:23.293932 n-d-844418-5 devstack@placement-api.service[105878]: INFO placement.requestlog [req-223d80d0-c7d6-4e15-a55f-1822da1d7d80 req-f274ed2b-2910-4761-8768-0d23606c41cf service placement] 10.222.0.59 "DELETE /placement/allocations/e29cd89e-ff97-4a4b-b312-334b1c8b1e77" status: 204 len: 0 microversion: 1.0
Jun 22 17:28:23.295765 n-d-844418-5 devstack@placement-api.service[105878]: [pid: 105878|app: 0|req: 250/502] 10.222.0.59 () {60 vars in 1355 bytes} [Wed Jun 22 17:28:23 2022] DELETE /placement/allocations/e29cd89e-ff97-4a4b-b312-334b1c8b1e77 => generated 0 bytes in 288 msecs (HTTP/1.1 204) 5 headers in 198 bytes (2 switches on core 0)
Jun 22 17:28:25.993895 n-d-844418-5 devstack@placement-api.service[105879]: DEBUG placement.requestlog [req-e3553106-8bfa-47ed-a529-e0f011a5cfff req-53ac1bea-83a8-4d65-9cc8-d465d716c2de None None] Starting request: 10.222.0.48 "GET /placement/allocation_candidates?limit=1000&resources=DISK_GB%3A1%2CMEMORY_MB%3A1024%2CVCPU%3A1&root_required=%21COMPUTE_STATUS_DISABLED" {{(pid=105879) __call__ /opt/stack/placement/placement/requestlog.py:55}}
Jun 22 17:28:26.027856 n-d-844418-5 devstack@placement-api.service[105879]: DEBUG placement.objects.research_context [req-e3553106-8bfa-47ed-a529-e0f011a5cfff req-53ac1bea-83a8-4d65-9cc8-d465d716c2de service placement] getting providers with 1 DISK_GB {{(pid=105879) __init__ /opt/stack/placement/placement/objects/research_context.py:136}}
Jun 22 17:28:26.033508 n-d-844418-5 devstack@placement-api.service[105879]: DEBUG placement.objects.research_context [req-e3553106-8bfa-47ed-a529-e0f011a5cfff req-53ac1bea-83a8-4d65-9cc8-d465d716c2de service placement] getting providers with 1024 MEMORY_MB {{(pid=105879) __init__ /opt/stack/placement/placement/objects/research_context.py:136}}
Jun 22 17:28:26.041147 n-d-844418-5 devstack@placement-api.service[105879]: DEBUG placement.objects.research_context [req-e3553106-8bfa-47ed-a529-e0f011a5cfff req-53ac1bea-83a8-4d65-9cc8-d465d716c2de service placement] getting providers with 1 VCPU {{(pid=105879) __init__ /opt/stack/placement/placement/objects/research_context.py:136}}
Jun 22 17:28:26.047671 n-d-844418-5 devstack@placement-api.service[105879]: DEBUG placement.objects.research_context [req-e3553106-8bfa-47ed-a529-e0f011a5cfff req-53ac1bea-83a8-4d65-9cc8-d465d716c2de service placement] found 2 providers with available 1 DISK_GB {{(pid=105879) get_provider_ids_matching /opt/stack/placement/placement/objects/research_context.py:563}}
Jun 22 17:28:26.048004 n-d-844418-5 devstack@placement-api.service[105879]: DEBUG placement.objects.research_context [req-e3553106-8bfa-47ed-a529-e0f011a5cfff req-53ac1bea-83a8-4d65-9cc8-d465d716c2de service placement] found 2 providers with available 1024 MEMORY_MB {{(pid=105879) get_provider_ids_matching /opt/stack/placement/placement/objects/research_context.py:563}}
Jun 22 17:28:26.048461 n-d-844418-5 devstack@placement-api.service[105879]: DEBUG placement.objects.research_context [req-e3553106-8bfa-47ed-a529-e0f011a5cfff req-53ac1bea-83a8-4d65-9cc8-d465d716c2de service placement] found 2 providers after filtering by previous result {{(pid=105879) get_provider_ids_matching /opt/stack/placement/placement/objects/research_context.py:594}}
Jun 22 17:28:26.060985 n-d-844418-5 devstack@placement-api.service[105879]: DEBUG placement.objects.research_context [req-e3553106-8bfa-47ed-a529-e0f011a5cfff req-53ac1bea-83a8-4d65-9cc8-d465d716c2de service placement] found 2 providers with available 1 VCPU {{(pid=105879) get_provider_ids_matching /opt/stack/placement/placement/objects/research_context.py:563}}
Jun 22 17:28:26.060985 n-d-844418-5 devstack@placement-api.service[105879]: DEBUG placement.objects.research_context [req-e3553106-8bfa-47ed-a529-e0f011a5cfff req-53ac1bea-83a8-4d65-9cc8-d465d716c2de service placement] found 2 providers after filtering by previous result {{(pid=105879) get_provider_ids_matching /opt/stack/placement/placement/objects/research_context.py:594}}
Jun 22 17:28:26.063754 n-d-844418-5 devstack@placement-api.service[105879]: DEBUG placement.objects.allocation_candidate [req-e3553106-8bfa-47ed-a529-e0f011a5cfff req-53ac1bea-83a8-4d65-9cc8-d465d716c2de service placement] RequestGroup(use_same_provider=False, resources={DISK_GB:1, MEMORY_MB:1024, VCPU:1}, traits=(), aggregates=[]) (suffix '') returned 2 matches {{(pid=105879) _get_by_requests /opt/stack/placement/placement/objects/allocation_candidate.py:156}}
Jun 22 17:28:26.064270 n-d-844418-5 devstack@placement-api.service[105879]: DEBUG placement.objects.allocation_candidate [req-e3553106-8bfa-47ed-a529-e0f011a5cfff req-53ac1bea-83a8-4d65-9cc8-d465d716c2de service placement] Merging candidates yields 2 allocation requests and 2 provider summaries {{(pid=105879) _merge_candidates /opt/stack/placement/placement/objects/allocation_candidate.py:809}}
Jun 22 17:28:26.066002 n-d-844418-5 devstack@placement-api.service[105879]: INFO placement.requestlog [req-e3553106-8bfa-47ed-a529-e0f011a5cfff req-53ac1bea-83a8-4d65-9cc8-d465d716c2de service placement] 10.222.0.48 "GET /placement/allocation_candidates?limit=1000&resources=DISK_GB%3A1%2CMEMORY_MB%3A1024%2CVCPU%3A1&root_required=%21COMPUTE_STATUS_DISABLED" status: 200 len: 1309 microversion: 1.36
Jun 22 17:28:26.066697 n-d-844418-5 devstack@placement-api.service[105879]: [pid: 105879|app: 0|req: 253/503] 10.222.0.48 () {60 vars in 1506 bytes} [Wed Jun 22 17:28:25 2022] GET /placement/allocation_candidates?limit=1000&resources=DISK_GB%3A1%2CMEMORY_MB%3A1024%2CVCPU%3A1&root_required=%21COMPUTE_STATUS_DISABLED => generated 1309 bytes in 73 msecs (HTTP/1.1 200) 8 headers in 297 bytes (1 switches on core 0)
Jun 22 17:28:26.149963 n-d-844418-5 devstack@placement-api.service[105878]: DEBUG placement.requestlog [req-e3553106-8bfa-47ed-a529-e0f011a5cfff req-4086f18d-487d-4c0a-92c8-6ddad88325aa None None] Starting request: 10.222.0.48 "GET /placement/allocations/40f42734-83ee-44f9-b38b-069776d5e7da" {{(pid=105878) __call__ /opt/stack/placement/placement/requestlog.py:55}}
Jun 22 17:28:26.162352 n-d-844418-5 devstack@placement-api.service[105878]: INFO placement.requestlog [req-e3553106-8bfa-47ed-a529-e0f011a5cfff req-4086f18d-487d-4c0a-92c8-6ddad88325aa service placement] 10.222.0.48 "GET /placement/allocations/40f42734-83ee-44f9-b38b-069776d5e7da" status: 200 len: 19 microversion: 1.28
Jun 22 17:28:26.164544 n-d-844418-5 devstack@placement-api.service[105878]: [pid: 105878|app: 0|req: 251/504] 10.222.0.48 () {60 vars in 1380 bytes} [Wed Jun 22 17:28:26 2022] GET /placement/allocations/40f42734-83ee-44f9-b38b-069776d5e7da => generated 19 bytes in 15 msecs (HTTP/1.1 200) 8 headers in 295 bytes (1 switches on core 0)
