Jun 22 17:07:37.563001 n-d-844418-5 devstack@n-api.service[104635]: INFO dbcounter [None req-94d0641c-440a-4db9-98e7-f7ba5fccf19a None None] Registered counter for database nova_cell1
Jun 22 17:07:37.565634 n-d-844418-5 devstack@n-api.service[104636]: DEBUG nova.context [None req-a58c49b9-5364-475c-83ae-2767816fe1c8 None None] Found 2 cells: 00000000-0000-0000-0000-000000000000(cell0),39b048cf-6702-4acc-91a1-ad7381fc6f7b(cell1) {{(pid=104636) load_cells /opt/stack/nova/nova/context.py:464}}
Jun 22 17:07:37.569631 n-d-844418-5 devstack@n-api.service[104636]: DEBUG oslo_concurrency.lockutils [None req-a58c49b9-5364-475c-83ae-2767816fe1c8 None None] Lock "00000000-0000-0000-0000-000000000000" acquired by "nova.context.set_target_cell..get_or_set_cached_cell_and_set_connections" :: waited 0.000s {{(pid=104636) inner /usr/local/lib/python3.8/dist-packages/oslo_concurrency/lockutils.py:386}}
Jun 22 17:07:37.570458 n-d-844418-5 devstack@n-api.service[104635]: DEBUG oslo_db.sqlalchemy.engines [None req-94d0641c-440a-4db9-98e7-f7ba5fccf19a None None] MySQL server mode set to STRICT_TRANS_TABLES,STRICT_ALL_TABLES,NO_ZERO_IN_DATE,NO_ZERO_DATE,ERROR_FOR_DIVISION_BY_ZERO,TRADITIONAL,NO_ENGINE_SUBSTITUTION {{(pid=104635) _check_effective_sql_mode /usr/local/lib/python3.8/dist-packages/oslo_db/sqlalchemy/engines.py:314}}
Jun 22 17:07:37.571243 n-d-844418-5 devstack@n-api.service[104636]: DEBUG oslo_concurrency.lockutils [None req-a58c49b9-5364-475c-83ae-2767816fe1c8 None None] Lock "00000000-0000-0000-0000-000000000000" "released" by "nova.context.set_target_cell..get_or_set_cached_cell_and_set_connections" :: held 0.002s {{(pid=104636) inner /usr/local/lib/python3.8/dist-packages/oslo_concurrency/lockutils.py:400}}
Jun 22 17:07:37.572069 n-d-844418-5 devstack@n-api.service[104636]: DEBUG oslo_concurrency.lockutils [None req-a58c49b9-5364-475c-83ae-2767816fe1c8 None None] Lock "39b048cf-6702-4acc-91a1-ad7381fc6f7b" acquired by "nova.context.set_target_cell..get_or_set_cached_cell_and_set_connections" :: waited 0.000s {{(pid=104636) inner /usr/local/lib/python3.8/dist-packages/oslo_concurrency/lockutils.py:386}}
Jun 22 17:07:37.572706 n-d-844418-5 devstack@n-api.service[104635]: DEBUG oslo_db.sqlalchemy.engines [None req-94d0641c-440a-4db9-98e7-f7ba5fccf19a None None] MySQL server mode set to STRICT_TRANS_TABLES,STRICT_ALL_TABLES,NO_ZERO_IN_DATE,NO_ZERO_DATE,ERROR_FOR_DIVISION_BY_ZERO,TRADITIONAL,NO_ENGINE_SUBSTITUTION {{(pid=104635) _check_effective_sql_mode /usr/local/lib/python3.8/dist-packages/oslo_db/sqlalchemy/engines.py:314}}
Jun 22 17:07:37.574066 n-d-844418-5 devstack@n-api.service[104636]: DEBUG oslo_concurrency.lockutils [None req-a58c49b9-5364-475c-83ae-2767816fe1c8 None None] Lock "39b048cf-6702-4acc-91a1-ad7381fc6f7b" "released" by "nova.context.set_target_cell..get_or_set_cached_cell_and_set_connections" :: held 0.002s {{(pid=104636) inner /usr/local/lib/python3.8/dist-packages/oslo_concurrency/lockutils.py:400}}
Jun 22 17:07:37.576070 n-d-844418-5 devstack@n-api.service[104636]: INFO dbcounter [None req-a58c49b9-5364-475c-83ae-2767816fe1c8 None None] Registered counter for database nova_cell0
Jun 22 17:07:37.578429 n-d-844418-5 devstack@n-api.service[104635]: DEBUG dbcounter [-] [104635] Writer thread running {{(pid=104635) stat_writer /usr/local/lib/python3.8/dist-packages/dbcounter.py:99}}
Jun 22 17:07:37.579823 n-d-844418-5 devstack@n-api.service[104635]: DEBUG dbcounter [-] [104635] Writer thread running {{(pid=104635) stat_writer /usr/local/lib/python3.8/dist-packages/dbcounter.py:99}}
Jun 22 17:07:37.580388 n-d-844418-5 devstack@n-api.service[104636]: INFO dbcounter [None req-a58c49b9-5364-475c-83ae-2767816fe1c8 None None] Registered counter for database nova_cell1
Jun 22 17:07:37.587227 n-d-844418-5 devstack@n-api.service[104636]: DEBUG oslo_db.sqlalchemy.engines [None req-a58c49b9-5364-475c-83ae-2767816fe1c8 None None] MySQL server mode set to STRICT_TRANS_TABLES,STRICT_ALL_TABLES,NO_ZERO_IN_DATE,NO_ZERO_DATE,ERROR_FOR_DIVISION_BY_ZERO,TRADITIONAL,NO_ENGINE_SUBSTITUTION {{(pid=104636) _check_effective_sql_mode /usr/local/lib/python3.8/dist-packages/oslo_db/sqlalchemy/engines.py:314}}
Jun 22 17:07:37.588976 n-d-844418-5 devstack@n-api.service[104636]: DEBUG oslo_db.sqlalchemy.engines [None req-a58c49b9-5364-475c-83ae-2767816fe1c8 None None] MySQL server mode set to STRICT_TRANS_TABLES,STRICT_ALL_TABLES,NO_ZERO_IN_DATE,NO_ZERO_DATE,ERROR_FOR_DIVISION_BY_ZERO,TRADITIONAL,NO_ENGINE_SUBSTITUTION {{(pid=104636) _check_effective_sql_mode /usr/local/lib/python3.8/dist-packages/oslo_db/sqlalchemy/engines.py:314}}
Jun 22 17:07:37.594354 n-d-844418-5 devstack@n-api.service[104636]: DEBUG dbcounter [-] [104636] Writer thread running {{(pid=104636) stat_writer /usr/local/lib/python3.8/dist-packages/dbcounter.py:99}}
Jun 22 17:07:37.597684 n-d-844418-5 devstack@n-api.service[104636]: DEBUG dbcounter [-] [104636] Writer thread running {{(pid=104636) stat_writer /usr/local/lib/python3.8/dist-packages/dbcounter.py:99}}
Jun 22 17:07:37.735150 n-d-844418-5 devstack@n-api.service[104635]: INFO dbcounter [None req-94d0641c-440a-4db9-98e7-f7ba5fccf19a None None] Registered counter for database nova_cell0
Jun 22 17:07:37.744690 n-d-844418-5 devstack@n-api.service[104635]: DEBUG oslo_db.sqlalchemy.engines [None req-94d0641c-440a-4db9-98e7-f7ba5fccf19a None None] MySQL server mode set to STRICT_TRANS_TABLES,STRICT_ALL_TABLES,NO_ZERO_IN_DATE,NO_ZERO_DATE,ERROR_FOR_DIVISION_BY_ZERO,TRADITIONAL,NO_ENGINE_SUBSTITUTION {{(pid=104635) _check_effective_sql_mode /usr/local/lib/python3.8/dist-packages/oslo_db/sqlalchemy/engines.py:314}}
Jun 22 17:07:37.749118 n-d-844418-5 devstack@n-api.service[104635]: DEBUG dbcounter [-] [104635] Writer thread running {{(pid=104635) stat_writer /usr/local/lib/python3.8/dist-packages/dbcounter.py:99}}
Jun 22 17:07:37.750726 n-d-844418-5 devstack@n-api.service[104636]: INFO dbcounter [None req-a58c49b9-5364-475c-83ae-2767816fe1c8 None None] Registered counter for database nova_cell0
Jun 22 17:07:37.759308 n-d-844418-5 devstack@n-api.service[104636]: DEBUG oslo_db.sqlalchemy.engines [None req-a58c49b9-5364-475c-83ae-2767816fe1c8 None None] MySQL server mode set to STRICT_TRANS_TABLES,STRICT_ALL_TABLES,NO_ZERO_IN_DATE,NO_ZERO_DATE,ERROR_FOR_DIVISION_BY_ZERO,TRADITIONAL,NO_ENGINE_SUBSTITUTION {{(pid=104636) _check_effective_sql_mode /usr/local/lib/python3.8/dist-packages/oslo_db/sqlalchemy/engines.py:314}}
Jun 22 17:07:37.763602 n-d-844418-5 devstack@n-api.service[104636]: DEBUG dbcounter [-] [104636] Writer thread running {{(pid=104636) stat_writer /usr/local/lib/python3.8/dist-packages/dbcounter.py:99}}
Jun 22 17:07:38.190749 n-d-844418-5 devstack@n-api.service[104635]: WARNING keystonemiddleware.auth_token [None req-94d0641c-440a-4db9-98e7-f7ba5fccf19a None None] AuthToken middleware is set with keystone_authtoken.service_token_roles_required set to False. This is backwards compatible but deprecated behaviour. Please set this to True.
Jun 22 17:07:38.193038 n-d-844418-5 devstack@n-api.service[104636]: WARNING keystonemiddleware.auth_token [None req-a58c49b9-5364-475c-83ae-2767816fe1c8 None None] AuthToken middleware is set with keystone_authtoken.service_token_roles_required set to False. This is backwards compatible but deprecated behaviour. Please set this to True.
Jun 22 17:07:38.198144 n-d-844418-5 devstack@n-api.service[104635]: WARNING keystonemiddleware.auth_token [None req-94d0641c-440a-4db9-98e7-f7ba5fccf19a None None] Configuring www_authenticate_uri to point to the public identity endpoint is required; clients may not be able to authenticate against an admin endpoint
Jun 22 17:07:38.200213 n-d-844418-5 devstack@n-api.service[104636]: WARNING keystonemiddleware.auth_token [None req-a58c49b9-5364-475c-83ae-2767816fe1c8 None None] Configuring www_authenticate_uri to point to the public identity endpoint is required; clients may not be able to authenticate against an admin endpoint
Jun 22 17:07:38.540222 n-d-844418-5 devstack@n-api.service[104636]: WARNING keystonemiddleware.auth_token [None req-a58c49b9-5364-475c-83ae-2767816fe1c8 None None] AuthToken middleware is set with keystone_authtoken.service_token_roles_required set to False. This is backwards compatible but deprecated behaviour. Please set this to True.
Jun 22 17:07:38.546062 n-d-844418-5 devstack@n-api.service[104636]: WARNING keystonemiddleware.auth_token [None req-a58c49b9-5364-475c-83ae-2767816fe1c8 None None] Configuring www_authenticate_uri to point to the public identity endpoint is required; clients may not be able to authenticate against an admin endpoint
Jun 22 17:07:38.547642 n-d-844418-5 devstack@n-api.service[104635]: WARNING keystonemiddleware.auth_token [None req-94d0641c-440a-4db9-98e7-f7ba5fccf19a None None] AuthToken middleware is set with keystone_authtoken.service_token_roles_required set to False. This is backwards compatible but deprecated behaviour. Please set this to True.
Jun 22 17:07:38.551423 n-d-844418-5 devstack@n-api.service[104636]: WSGI app 0 (mountpoint='') ready in 6 seconds on interpreter 0x555fc44fa9c0 pid: 104636 (default app)
Jun 22 17:07:38.558463 n-d-844418-5 devstack@n-api.service[104636]: DEBUG nova.api.openstack.wsgi [None req-a58c49b9-5364-475c-83ae-2767816fe1c8 None None] Calling method '>' {{(pid=104636) _process_stack /opt/stack/nova/nova/api/openstack/wsgi.py:513}}
Jun 22 17:07:38.558463 n-d-844418-5 devstack@n-api.service[104636]: INFO nova.api.openstack.requestlog [None req-a58c49b9-5364-475c-83ae-2767816fe1c8 None None] 10.222.0.48 "GET /compute/v2.1/" status: 200 len: 388 microversion: 2.1 time: 0.001712
Jun 22 17:07:38.558463 n-d-844418-5 devstack@n-api.service[104636]: [pid: 104636|app: 0|req: 1/1] 10.222.0.48 () {50 vars in 788 bytes} [Wed Jun 22 17:07:38 2022] GET /compute/v2.1/ => generated 388 bytes in 3 msecs (HTTP/1.1 200) 9 headers in 357 bytes (1 switches on core 0)
Jun 22 17:07:38.558707 n-d-844418-5 devstack@n-api.service[104635]: WARNING keystonemiddleware.auth_token [None req-94d0641c-440a-4db9-98e7-f7ba5fccf19a None None] Configuring www_authenticate_uri to point to the public identity endpoint is required; clients may not be able to authenticate against an admin endpoint
Jun 22 17:07:38.565778 n-d-844418-5 devstack@n-api.service[104635]: WSGI app 0 (mountpoint='') ready in 6 seconds on interpreter 0x555fc44fa9c0 pid: 104635 (default app)
Jun 22 17:08:57.220720 n-d-844418-5 devstack@n-api.service[104636]: DEBUG nova.api.openstack.wsgi [None req-a58c49b9-5364-475c-83ae-2767816fe1c8 None None] Calling method '>' {{(pid=104636) _process_stack /opt/stack/nova/nova/api/openstack/wsgi.py:513}}
Jun 22 17:08:57.222448 n-d-844418-5 devstack@n-api.service[104636]: INFO nova.api.openstack.requestlog [None req-a58c49b9-5364-475c-83ae-2767816fe1c8 None None] 10.222.0.48 "GET /compute/v2.1" status: 200 len: 388 microversion: 2.1 time: 0.002362
Jun 22 17:08:57.224762 n-d-844418-5 devstack@n-api.service[104636]: [pid: 104636|app: 0|req: 2/2] 10.222.0.48 () {54 vars in 930 bytes} [Wed Jun 22 17:08:57 2022] GET /compute/v2.1 => generated 388 bytes in 5 msecs (HTTP/1.1 200) 9 headers in 357 bytes (1 switches on core 0)
Jun 22 17:08:57.235808 n-d-844418-5 devstack@n-api.service[104635]: DEBUG dbcounter [-] [104635] Writing DB stats nova_api:SELECT=3 {{(pid=104635) stat_writer /usr/local/lib/python3.8/dist-packages/dbcounter.py:114}}
Jun 22 17:08:57.236952 n-d-844418-5 devstack@n-api.service[104635]: DEBUG dbcounter [-] [104635] Writing DB stats nova_cell1:SELECT=3 {{(pid=104635) stat_writer /usr/local/lib/python3.8/dist-packages/dbcounter.py:114}}
Jun 22 17:08:57.237981 n-d-844418-5 devstack@n-api.service[104635]: DEBUG dbcounter [-] [104635] Writing DB stats nova_cell0:SELECT=3 {{(pid=104635) stat_writer /usr/local/lib/python3.8/dist-packages/dbcounter.py:114}}
Jun 22 17:08:57.238827 n-d-844418-5 devstack@n-api.service[104635]: DEBUG dbcounter [-] [104635] Writing DB stats nova_cell0:SELECT=6,nova_cell0:INSERT=1 {{(pid=104635) stat_writer /usr/local/lib/python3.8/dist-packages/dbcounter.py:114}}
Jun 22 17:08:57.683781 n-d-844418-5 devstack@n-api.service[104635]: DEBUG nova.api.openstack.wsgi [None req-3b28e640-f968-4668-991a-00bf38d94a23 admin admin] Calling method '>' {{(pid=104635) _process_stack /opt/stack/nova/nova/api/openstack/wsgi.py:513}}
Jun 22 17:08:57.716162 n-d-844418-5 devstack@n-api.service[104635]: INFO nova.api.openstack.requestlog [None req-3b28e640-f968-4668-991a-00bf38d94a23 admin admin] 10.222.0.48 "GET /compute/v2.1/flavors/detail?is_public=True" status: 200 len: 15 microversion: 2.61 time: 0.486242
Jun 22 17:08:57.717331 n-d-844418-5 devstack@n-api.service[104635]: [pid: 104635|app: 0|req: 1/3] 10.222.0.48 () {60 vars in 1291 bytes} [Wed Jun 22 17:08:57 2022] GET /compute/v2.1/flavors/detail?is_public=True => generated 15 bytes in 489 msecs (HTTP/1.1 200) 9 headers in 358 bytes (1 switches on core 0)
Jun 22 17:08:59.831105 n-d-844418-5 devstack@n-api.service[104636]: DEBUG nova.api.openstack.wsgi [None req-a58c49b9-5364-475c-83ae-2767816fe1c8 None None] Calling method '>' {{(pid=104636) _process_stack /opt/stack/nova/nova/api/openstack/wsgi.py:513}}
Jun 22 17:08:59.832138 n-d-844418-5 devstack@n-api.service[104636]: INFO nova.api.openstack.requestlog [None req-a58c49b9-5364-475c-83ae-2767816fe1c8 None None] 10.222.0.48 "GET /compute/v2.1" status: 200 len: 388 microversion: 2.1 time: 0.001441
Jun 22 17:08:59.837611 n-d-844418-5 devstack@n-api.service[104636]: [pid: 104636|app: 0|req: 3/4] 10.222.0.48 () {54 vars in 930 bytes} [Wed Jun 22 17:08:59 2022] GET /compute/v2.1 => generated 388 bytes in 7 msecs (HTTP/1.1 200) 9 headers in 357 bytes (1 switches on core 0)
Jun 22 17:08:59.901739 n-d-844418-5 devstack@n-api.service[104635]: DEBUG nova.api.openstack.wsgi [None req-bf62f26e-4adc-44ea-902d-9eed88a07dd8 admin admin] Action: 'create', calling method: >, body: {"flavor": {"ram": 256, "id": "c1", "rxtx_factor": 1.0, "os-flavor-access:is_public": true, "vcpus": 1, "name": "cirros256", "disk": 1, "swap": 0, "OS-FLV-EXT-DATA:ephemeral": 0}} {{(pid=104635) _process_stack /opt/stack/nova/nova/api/openstack/wsgi.py:511}}
Jun 22 17:08:59.920404 n-d-844418-5 devstack@n-api.service[104635]: /usr/local/lib/python3.8/dist-packages/oslo_policy/policy.py:1129: UserWarning: Policy "os_compute_api:os-flavor-manage:create": "rule:context_is_admin" failed scope check. The token used to make the request was project scoped but the policy requires ['system'] scope. This behavior may change in the future where using the intended scope is required
Jun 22 17:08:59.920404 n-d-844418-5 devstack@n-api.service[104635]: warnings.warn(msg)
Jun 22 17:09:00.022640 n-d-844418-5 devstack@n-api.service[104635]: INFO nova.api.openstack.requestlog [None req-bf62f26e-4adc-44ea-902d-9eed88a07dd8 admin admin] 10.222.0.48 "POST /compute/v2.1/flavors" status: 200 len: 407 microversion: 2.61 time: 0.183149
Jun 22 17:09:00.023532 n-d-844418-5 devstack@n-api.service[104635]: [pid: 104635|app: 0|req: 2/5] 10.222.0.48 () {64 vars in 1282 bytes} [Wed Jun 22 17:08:59 2022] POST /compute/v2.1/flavors => generated 407 bytes in 185 msecs (HTTP/1.1 200) 9 headers in 359 bytes (1 switches on core 0)
Jun 22 17:09:00.037581 n-d-844418-5 devstack@n-api.service[104636]: DEBUG dbcounter [-] [104636] Writing DB stats nova_api:SELECT=3 {{(pid=104636) stat_writer /usr/local/lib/python3.8/dist-packages/dbcounter.py:114}}
Jun 22 17:09:00.038402 n-d-844418-5 devstack@n-api.service[104636]: DEBUG dbcounter [-] [104636] Writing DB stats nova_cell1:SELECT=3 {{(pid=104636) stat_writer /usr/local/lib/python3.8/dist-packages/dbcounter.py:114}}
Jun 22 17:09:00.039981 n-d-844418-5 devstack@n-api.service[104636]: DEBUG dbcounter [-] [104636] Writing DB stats nova_cell0:SELECT=3 {{(pid=104636) stat_writer /usr/local/lib/python3.8/dist-packages/dbcounter.py:114}}
Jun 22 17:09:00.040756 n-d-844418-5 devstack@n-api.service[104636]: DEBUG dbcounter [-] [104636] Writing DB stats nova_cell0:SELECT=6,nova_cell0:INSERT=1 {{(pid=104636) stat_writer /usr/local/lib/python3.8/dist-packages/dbcounter.py:114}}
Jun 22 17:09:00.244192 n-d-844418-5 devstack@n-api.service[104636]: DEBUG nova.api.openstack.wsgi [None req-d0bd6aef-982f-4c1c-ac8a-ffdb6496bc04 admin admin] Action: 'create', calling method: >, body: {"extra_specs": {"hw_rng:allowed": "True"}} {{(pid=104636) _process_stack /opt/stack/nova/nova/api/openstack/wsgi.py:511}}
Jun 22 17:09:00.246689 n-d-844418-5 devstack@n-api.service[104636]: /usr/local/lib/python3.8/dist-packages/oslo_policy/policy.py:1129: UserWarning: Policy "os_compute_api:os-flavor-extra-specs:create": "rule:context_is_admin" failed scope check. The token used to make the request was project scoped but the policy requires ['system'] scope. This behavior may change in the future where using the intended scope is required
Jun 22 17:09:00.246689 n-d-844418-5 devstack@n-api.service[104636]: warnings.warn(msg)
Jun 22 17:09:00.370017 n-d-844418-5 devstack@n-api.service[104636]: INFO nova.api.openstack.requestlog [None req-d0bd6aef-982f-4c1c-ac8a-ffdb6496bc04 admin admin] 10.222.0.48 "POST /compute/v2.1/flavors/c1/os-extra_specs" status: 200 len: 43 microversion: 2.61 time: 0.337754
Jun 22 17:09:00.370610 n-d-844418-5 devstack@n-api.service[104636]: [pid: 104636|app: 0|req: 4/6] 10.222.0.48 () {64 vars in 1335 bytes} [Wed Jun 22 17:09:00 2022] POST /compute/v2.1/flavors/c1/os-extra_specs => generated 43 bytes in 339 msecs (HTTP/1.1 200) 9 headers in 358 bytes (2 switches on core 0)
Jun 22 17:09:02.474564 n-d-844418-5 devstack@n-api.service[104635]: DEBUG nova.api.openstack.wsgi [None req-bf62f26e-4adc-44ea-902d-9eed88a07dd8 admin admin] Calling method '>' {{(pid=104635) _process_stack /opt/stack/nova/nova/api/openstack/wsgi.py:513}}
Jun 22 17:09:02.475659 n-d-844418-5 devstack@n-api.service[104635]: INFO nova.api.openstack.requestlog [None req-bf62f26e-4adc-44ea-902d-9eed88a07dd8 admin admin] 10.222.0.48 "GET /compute/v2.1" status: 200 len: 388 microversion: 2.1 time: 0.001528
Jun 22 17:09:02.476129 n-d-844418-5 devstack@n-api.service[104635]: [pid: 104635|app: 0|req: 3/7] 10.222.0.48 () {54 vars in 930 bytes} [Wed Jun 22 17:09:02 2022] GET /compute/v2.1 => generated 388 bytes in 2 msecs (HTTP/1.1 200) 9 headers in 357 bytes (1 switches on core 0)
Jun 22 17:09:02.582636 n-d-844418-5 devstack@n-api.service[104636]: DEBUG nova.api.openstack.wsgi [None req-edd9b8a9-f8e5-41c5-96ee-b57e6bb172a3 admin admin] Action: 'create', calling method: >, body: {"flavor": {"ram": 512, "OS-FLV-EXT-DATA:ephemeral": 0, "vcpus": 1, "name": "ds512M", "id": "d1", "os-flavor-access:is_public": true, "disk": 5, "swap": 0, "rxtx_factor": 1.0}} {{(pid=104636) _process_stack /opt/stack/nova/nova/api/openstack/wsgi.py:511}}
Jun 22 17:09:02.606237 n-d-844418-5 devstack@n-api.service[104636]: /usr/local/lib/python3.8/dist-packages/oslo_policy/policy.py:1129: UserWarning: Policy "os_compute_api:os-flavor-manage:create": "rule:context_is_admin" failed scope check. The token used to make the request was project scoped but the policy requires ['system'] scope. This behavior may change in the future where using the intended scope is required
Jun 22 17:09:02.606237 n-d-844418-5 devstack@n-api.service[104636]: warnings.warn(msg)
Jun 22 17:09:02.731418 n-d-844418-5 devstack@n-api.service[104636]: INFO nova.api.openstack.requestlog [None req-edd9b8a9-f8e5-41c5-96ee-b57e6bb172a3 admin admin] 10.222.0.48 "POST /compute/v2.1/flavors" status: 200 len: 404 microversion: 2.61 time: 0.249280
Jun 22 17:09:02.735124 n-d-844418-5 devstack@n-api.service[104636]: [pid: 104636|app: 0|req: 5/8] 10.222.0.48 () {64 vars in 1282 bytes} [Wed Jun 22 17:09:02 2022] POST /compute/v2.1/flavors => generated 404 bytes in 251 msecs (HTTP/1.1 200) 9 headers in 359 bytes (2 switches on core 0)
Jun 22 17:09:02.745234 n-d-844418-5 devstack@n-api.service[104635]: DEBUG nova.api.openstack.wsgi [None req-8e1dd3ec-0ff9-4565-b193-ac57472e8b8c admin admin] Action: 'create', calling method: >, body: {"extra_specs": {"hw_rng:allowed": "True"}} {{(pid=104635) _process_stack /opt/stack/nova/nova/api/openstack/wsgi.py:511}}
Jun 22 17:09:02.747017 n-d-844418-5 devstack@n-api.service[104635]: /usr/local/lib/python3.8/dist-packages/oslo_policy/policy.py:1129: UserWarning: Policy "os_compute_api:os-flavor-extra-specs:create": "rule:context_is_admin" failed scope check. The token used to make the request was project scoped but the policy requires ['system'] scope. This behavior may change in the future where using the intended scope is required
Jun 22 17:09:02.747017 n-d-844418-5 devstack@n-api.service[104635]: warnings.warn(msg)
Jun 22 17:09:02.861224 n-d-844418-5 devstack@n-api.service[104635]: INFO nova.api.openstack.requestlog [None req-8e1dd3ec-0ff9-4565-b193-ac57472e8b8c admin admin] 10.222.0.48 "POST /compute/v2.1/flavors/d1/os-extra_specs" status: 200 len: 43 microversion: 2.61 time: 0.119385
Jun 22 17:09:02.861746 n-d-844418-5 devstack@n-api.service[104635]: [pid: 104635|app: 0|req: 4/9] 10.222.0.48 () {64 vars in 1335 bytes} [Wed Jun 22 17:09:02 2022] POST /compute/v2.1/flavors/d1/os-extra_specs => generated 43 bytes in 121 msecs (HTTP/1.1 200) 9 headers in 358 bytes (1 switches on core 0)
Jun 22 17:09:04.997887 n-d-844418-5 devstack@n-api.service[104636]: DEBUG nova.api.openstack.wsgi [None req-edd9b8a9-f8e5-41c5-96ee-b57e6bb172a3 admin admin] Calling method '>' {{(pid=104636) _process_stack /opt/stack/nova/nova/api/openstack/wsgi.py:513}}
Jun 22 17:09:04.998899 n-d-844418-5 devstack@n-api.service[104636]: INFO nova.api.openstack.requestlog [None req-edd9b8a9-f8e5-41c5-96ee-b57e6bb172a3 admin admin] 10.222.0.48 "GET /compute/v2.1" status: 200 len: 388 microversion: 2.1 time: 0.001449
Jun 22 17:09:05.000112 n-d-844418-5 devstack@n-api.service[104636]: [pid: 104636|app: 0|req: 6/10] 10.222.0.48 () {54 vars in 930 bytes} [Wed Jun 22 17:09:04 2022] GET /compute/v2.1 => generated 388 bytes in 2 msecs (HTTP/1.1 200) 9 headers in 357 bytes (1 switches on core 0)
Jun 22 17:09:05.090931 n-d-844418-5 devstack@n-api.service[104635]: DEBUG nova.api.openstack.wsgi [None req-a373a08d-d1d2-4c98-a54a-5f2971d0c530 admin admin] Action: 'create', calling method: >, body: {"flavor": {"id": "d2", "ram": 1024, "name": "ds1G", "swap": 0, "disk": 10, "rxtx_factor": 1.0, "os-flavor-access:is_public": true, "vcpus": 1, "OS-FLV-EXT-DATA:ephemeral": 0}} {{(pid=104635) _process_stack /opt/stack/nova/nova/api/openstack/wsgi.py:511}}
Jun 22 17:09:05.167940 n-d-844418-5 devstack@n-api.service[104635]: INFO nova.api.openstack.requestlog [None req-a373a08d-d1d2-4c98-a54a-5f2971d0c530 admin admin] 10.222.0.48 "POST /compute/v2.1/flavors" status: 200 len: 404 microversion: 2.61 time: 0.161240
Jun 22 17:09:05.175840 n-d-844418-5 devstack@n-api.service[104635]: [pid: 104635|app: 0|req: 5/11] 10.222.0.48 () {64 vars in 1282 bytes} [Wed Jun 22 17:09:05 2022] POST /compute/v2.1/flavors => generated 404 bytes in 163 msecs (HTTP/1.1 200) 9 headers in 359 bytes (1 switches on core 0)
Jun 22 17:09:05.182858 n-d-844418-5 devstack@n-api.service[104636]: DEBUG nova.api.openstack.wsgi [None req-e1f711c6-b1b2-4686-be0a-caaebf63b9d8 admin admin] Action: 'create', calling method: >, body: {"extra_specs": {"hw_rng:allowed": "True"}} {{(pid=104636) _process_stack /opt/stack/nova/nova/api/openstack/wsgi.py:511}}
Jun 22 17:09:05.311131 n-d-844418-5 devstack@n-api.service[104636]: INFO nova.api.openstack.requestlog [None req-e1f711c6-b1b2-4686-be0a-caaebf63b9d8 admin admin] 10.222.0.48 "POST /compute/v2.1/flavors/d2/os-extra_specs" status: 200 len: 43 microversion: 2.61 time: 0.131383
Jun 22 17:09:05.318504 n-d-844418-5 devstack@n-api.service[104636]: [pid: 104636|app: 0|req: 7/12] 10.222.0.48 () {64 vars in 1335 bytes} [Wed Jun 22 17:09:05 2022] POST /compute/v2.1/flavors/d2/os-extra_specs => generated 43 bytes in 134 msecs (HTTP/1.1 200) 9 headers in 358 bytes (1 switches on core 0)
Jun 22 17:09:07.672884 n-d-844418-5 devstack@n-api.service[104635]: DEBUG nova.api.openstack.wsgi [None req-a373a08d-d1d2-4c98-a54a-5f2971d0c530 admin admin] Calling method '>' {{(pid=104635) _process_stack /opt/stack/nova/nova/api/openstack/wsgi.py:513}}
Jun 22 17:09:07.674109 n-d-844418-5 devstack@n-api.service[104635]: INFO nova.api.openstack.requestlog [None req-a373a08d-d1d2-4c98-a54a-5f2971d0c530 admin admin] 10.222.0.48 "GET /compute/v2.1" status: 200 len: 388 microversion: 2.1 time: 0.001544
Jun 22 17:09:07.679485 n-d-844418-5 devstack@n-api.service[104635]: [pid: 104635|app: 0|req: 6/13] 10.222.0.48 () {54 vars in 930 bytes} [Wed Jun 22 17:09:07 2022] GET /compute/v2.1 => generated 388 bytes in 4 msecs (HTTP/1.1 200) 9 headers in 357 bytes (1 switches on core 0)
Jun 22 17:09:07.741014 n-d-844418-5 devstack@n-api.service[104636]: DEBUG nova.api.openstack.wsgi [None req-ddae939d-1cba-45d9-ad9d-8084636fe370 admin admin] Action: 'create', calling method: >, body: {"flavor": {"disk": 10, "name": "ds2G", "swap": 0, "os-flavor-access:is_public": true, "OS-FLV-EXT-DATA:ephemeral": 0, "id": "d3", "ram": 2048, "rxtx_factor": 1.0, "vcpus": 2}} {{(pid=104636) _process_stack /opt/stack/nova/nova/api/openstack/wsgi.py:511}}
Jun 22 17:09:07.849589 n-d-844418-5 devstack@n-api.service[104636]: INFO nova.api.openstack.requestlog [None req-ddae939d-1cba-45d9-ad9d-8084636fe370 admin admin] 10.222.0.48 "POST /compute/v2.1/flavors" status: 200 len: 404 microversion: 2.61 time: 0.168458
Jun 22 17:09:07.858812 n-d-844418-5 devstack@n-api.service[104636]: [pid: 104636|app: 0|req: 8/14] 10.222.0.48 () {64 vars in 1282 bytes} [Wed Jun 22 17:09:07 2022] POST /compute/v2.1/flavors => generated 404 bytes in 177 msecs (HTTP/1.1 200) 9 headers in 359 bytes (2 switches on core 0)
Jun 22 17:09:07.865800 n-d-844418-5 devstack@n-api.service[104635]: DEBUG nova.api.openstack.wsgi [None req-0c348cea-5e60-43df-8e9d-ce9998d4fa9d admin admin] Action: 'create', calling method: >, body: {"extra_specs": {"hw_rng:allowed": "True"}} {{(pid=104635) _process_stack /opt/stack/nova/nova/api/openstack/wsgi.py:511}}
Jun 22 17:09:07.964381 n-d-844418-5 devstack@n-api.service[104635]: INFO nova.api.openstack.requestlog [None req-0c348cea-5e60-43df-8e9d-ce9998d4fa9d admin admin] 10.222.0.48 "POST /compute/v2.1/flavors/d3/os-extra_specs" status: 200 len: 43 microversion: 2.61 time: 0.102330
Jun 22 17:09:07.972942 n-d-844418-5 devstack@n-api.service[104635]: [pid: 104635|app: 0|req: 7/15] 10.222.0.48 () {64 vars in 1335 bytes} [Wed Jun 22 17:09:07 2022] POST /compute/v2.1/flavors/d3/os-extra_specs => generated 43 bytes in 111 msecs (HTTP/1.1 200) 9 headers in 358 bytes (2 switches on core 0)
Jun 22 17:09:10.163799 n-d-844418-5 devstack@n-api.service[104636]: DEBUG nova.api.openstack.wsgi [None req-ddae939d-1cba-45d9-ad9d-8084636fe370 admin admin] Calling method '>' {{(pid=104636) _process_stack /opt/stack/nova/nova/api/openstack/wsgi.py:513}}
Jun 22 17:09:10.164887 n-d-844418-5 devstack@n-api.service[104636]: INFO nova.api.openstack.requestlog [None req-ddae939d-1cba-45d9-ad9d-8084636fe370 admin admin] 10.222.0.48 "GET /compute/v2.1" status: 200 len: 388 microversion: 2.1 time: 0.001528
Jun 22 17:09:10.165302 n-d-844418-5 devstack@n-api.service[104636]: [pid: 104636|app: 0|req: 9/16] 10.222.0.48 () {54 vars in 930 bytes} [Wed Jun 22 17:09:10 2022] GET /compute/v2.1 => generated 388 bytes in 2 msecs (HTTP/1.1 200) 9 headers in 357 bytes (1 switches on core 0)
Jun 22 17:09:10.237712 n-d-844418-5 devstack@n-api.service[104635]: DEBUG nova.api.openstack.wsgi [None req-3382b929-a997-4926-bb13-87b0a0e8ed0e admin admin] Action: 'create', calling method: >, body: {"flavor": {"vcpus": 4, "swap": 0, "ram": 4096, "name": "ds4G", "disk": 20, "id": "d4", "OS-FLV-EXT-DATA:ephemeral": 0, "os-flavor-access:is_public": true, "rxtx_factor": 1.0}} {{(pid=104635) _process_stack /opt/stack/nova/nova/api/openstack/wsgi.py:511}}
Jun 22 17:09:10.322701 n-d-844418-5 devstack@n-api.service[104635]: INFO nova.api.openstack.requestlog [None req-3382b929-a997-4926-bb13-87b0a0e8ed0e admin admin] 10.222.0.48 "POST /compute/v2.1/flavors" status: 200 len: 404 microversion: 2.61 time: 0.151297
Jun 22 17:09:10.323115 n-d-844418-5 devstack@n-api.service[104635]: [pid: 104635|app: 0|req: 8/17] 10.222.0.48 () {64 vars in 1282 bytes} [Wed Jun 22 17:09:10 2022] POST /compute/v2.1/flavors => generated 404 bytes in 153 msecs (HTTP/1.1 200) 9 headers in 359 bytes (1 switches on core 0)
Jun 22 17:09:10.335636 n-d-844418-5 devstack@n-api.service[104636]: DEBUG nova.api.openstack.wsgi [None req-e6cd6b6e-e674-4fd9-bae1-a9b53a19debd admin admin] Action: 'create', calling method: >, body: {"extra_specs": {"hw_rng:allowed": "True"}} {{(pid=104636) _process_stack /opt/stack/nova/nova/api/openstack/wsgi.py:511}}
Jun 22 17:09:10.420401 n-d-844418-5 devstack@n-api.service[104636]: INFO nova.api.openstack.requestlog [None req-e6cd6b6e-e674-4fd9-bae1-a9b53a19debd admin admin] 10.222.0.48 "POST /compute/v2.1/flavors/d4/os-extra_specs" status: 200 len: 43 microversion: 2.61 time: 0.088272
Jun 22 17:09:10.421153 n-d-844418-5 devstack@n-api.service[104636]: [pid: 104636|app: 0|req: 10/18] 10.222.0.48 () {64 vars in 1335 bytes} [Wed Jun 22 17:09:10 2022] POST /compute/v2.1/flavors/d4/os-extra_specs => generated 43 bytes in 90 msecs (HTTP/1.1 200) 9 headers in 358 bytes (1 switches on core 0)
Jun 22 17:09:12.575740 n-d-844418-5 devstack@n-api.service[104635]: DEBUG nova.api.openstack.wsgi [None req-3382b929-a997-4926-bb13-87b0a0e8ed0e admin admin] Calling method '>' {{(pid=104635) _process_stack /opt/stack/nova/nova/api/openstack/wsgi.py:513}}
Jun 22 17:09:12.578121 n-d-844418-5 devstack@n-api.service[104635]: INFO nova.api.openstack.requestlog [None req-3382b929-a997-4926-bb13-87b0a0e8ed0e admin admin] 10.222.0.48 "GET /compute/v2.1" status: 200 len: 388 microversion: 2.1 time: 0.002267
Jun 22 17:09:12.578766 n-d-844418-5 devstack@n-api.service[104635]: [pid: 104635|app: 0|req: 9/19] 10.222.0.48 () {54 vars in 930 bytes} [Wed Jun 22 17:09:12 2022] GET /compute/v2.1 => generated 388 bytes in 4 msecs (HTTP/1.1 200) 9 headers in 357 bytes (1 switches on core 0)
Jun 22 17:09:12.652370 n-d-844418-5 devstack@n-api.service[104636]: DEBUG nova.api.openstack.wsgi [None req-1f5fce03-e12f-44a3-9af2-03d3a3b6aaeb admin admin] Calling method '>' {{(pid=104636) _process_stack /opt/stack/nova/nova/api/openstack/wsgi.py:513}}
Jun 22 17:09:12.678881 n-d-844418-5 devstack@n-api.service[104636]: INFO nova.api.openstack.requestlog [None req-1f5fce03-e12f-44a3-9af2-03d3a3b6aaeb admin admin] 10.222.0.48 "GET /compute/v2.1/flavors/detail?is_public=True" status: 200 len: 2106 microversion: 2.61 time: 0.093078
Jun 22 17:09:12.679472 n-d-844418-5 devstack@n-api.service[104636]: [pid: 104636|app: 0|req: 11/20] 10.222.0.48 () {60 vars in 1291 bytes} [Wed Jun 22 17:09:12 2022] GET /compute/v2.1/flavors/detail?is_public=True => generated 2106 bytes in 94 msecs (HTTP/1.1 200) 9 headers in 360 bytes (1 switches on core 0)
Jun 22 17:09:14.929714 n-d-844418-5 devstack@n-api.service[104635]: DEBUG nova.api.openstack.wsgi [None req-3382b929-a997-4926-bb13-87b0a0e8ed0e admin admin] Calling method '>' {{(pid=104635) _process_stack /opt/stack/nova/nova/api/openstack/wsgi.py:513}}
Jun 22 17:09:14.931308 n-d-844418-5 devstack@n-api.service[104635]: INFO nova.api.openstack.requestlog [None req-3382b929-a997-4926-bb13-87b0a0e8ed0e admin admin] 10.222.0.48 "GET /compute/v2.1" status: 200 len: 388 microversion: 2.1 time: 0.002011
Jun 22 17:09:14.932236 n-d-844418-5 devstack@n-api.service[104635]: [pid: 104635|app: 0|req: 10/21] 10.222.0.48 () {54 vars in 930 bytes} [Wed Jun 22 17:09:14 2022] GET /compute/v2.1 => generated 388 bytes in 3 msecs (HTTP/1.1 200) 9 headers in 357 bytes (1 switches on core 0)
Jun 22 17:09:14.997074 n-d-844418-5 devstack@n-api.service[104636]: DEBUG nova.api.openstack.wsgi [None req-55da6ccb-f26b-4ef9-a91b-670c66c5ec14 admin admin] Action: 'create', calling method: >, body: {"flavor": {"ram": 512, "swap": 0, "vcpus": 1, "os-flavor-access:is_public": true, "rxtx_factor": 1.0, "id": "1", "disk": 1, "OS-FLV-EXT-DATA:ephemeral": 0, "name": "m1.tiny"}} {{(pid=104636) _process_stack /opt/stack/nova/nova/api/openstack/wsgi.py:511}}
Jun 22 17:09:15.087276 n-d-844418-5 devstack@n-api.service[104636]: INFO nova.api.openstack.requestlog [None req-55da6ccb-f26b-4ef9-a91b-670c66c5ec14 admin admin] 10.222.0.48 "POST /compute/v2.1/flavors" status: 200 len: 402 microversion: 2.61 time: 0.148418
Jun 22 17:09:15.092518 n-d-844418-5 devstack@n-api.service[104636]: [pid: 104636|app: 0|req: 12/22] 10.222.0.48 () {64 vars in 1282 bytes} [Wed Jun 22 17:09:14 2022] POST /compute/v2.1/flavors => generated 402 bytes in 150 msecs (HTTP/1.1 200) 9 headers in 359 bytes (1 switches on core 0)
Jun 22 17:09:15.099644 n-d-844418-5 devstack@n-api.service[104635]: DEBUG nova.api.openstack.wsgi [None req-b7568af3-7c2c-4892-8b34-4dc983f2e250 admin admin] Action: 'create', calling method: >, body: {"extra_specs": {"hw_rng:allowed": "True"}} {{(pid=104635) _process_stack /opt/stack/nova/nova/api/openstack/wsgi.py:511}}
Jun 22 17:09:15.174805 n-d-844418-5 devstack@n-api.service[104635]: INFO nova.api.openstack.requestlog [None req-b7568af3-7c2c-4892-8b34-4dc983f2e250 admin admin] 10.222.0.48 "POST /compute/v2.1/flavors/1/os-extra_specs" status: 200 len: 43 microversion: 2.61 time: 0.078792
Jun 22 17:09:15.175569 n-d-844418-5 devstack@n-api.service[104635]: [pid: 104635|app: 0|req: 11/23] 10.222.0.48 () {64 vars in 1332 bytes} [Wed Jun 22 17:09:15 2022] POST /compute/v2.1/flavors/1/os-extra_specs => generated 43 bytes in 80 msecs (HTTP/1.1 200) 9 headers in 358 bytes (1 switches on core 0)
Jun 22 17:09:17.362050 n-d-844418-5 devstack@n-api.service[104636]: DEBUG nova.api.openstack.wsgi [None req-55da6ccb-f26b-4ef9-a91b-670c66c5ec14 admin admin] Calling method '>' {{(pid=104636) _process_stack /opt/stack/nova/nova/api/openstack/wsgi.py:513}}
Jun 22 17:09:17.363065 n-d-844418-5 devstack@n-api.service[104636]: INFO nova.api.openstack.requestlog [None req-55da6ccb-f26b-4ef9-a91b-670c66c5ec14 admin admin] 10.222.0.48 "GET /compute/v2.1" status: 200 len: 388 microversion: 2.1 time: 0.001520
Jun 22 17:09:17.363478 n-d-844418-5 devstack@n-api.service[104636]: [pid: 104636|app: 0|req: 13/24] 10.222.0.48 () {54 vars in 930 bytes} [Wed Jun 22 17:09:17 2022] GET /compute/v2.1 => generated 388 bytes in 2 msecs (HTTP/1.1 200) 9 headers in 357 bytes (1 switches on core 0)
Jun 22 17:09:17.443702 n-d-844418-5 devstack@n-api.service[104635]: DEBUG nova.api.openstack.wsgi [None req-474332ac-548e-454b-9578-a26b119d2ee4 admin admin] Action: 'create', calling method: >, body: {"flavor": {"ram": 2048, "rxtx_factor": 1.0, "os-flavor-access:is_public": true, "id": "2", "name": "m1.small", "disk": 20, "swap": 0, "vcpus": 1, "OS-FLV-EXT-DATA:ephemeral": 0}} {{(pid=104635) _process_stack /opt/stack/nova/nova/api/openstack/wsgi.py:511}}
Jun 22 17:09:17.551812 n-d-844418-5 devstack@n-api.service[104635]: INFO nova.api.openstack.requestlog [None req-474332ac-548e-454b-9578-a26b119d2ee4 admin admin] 10.222.0.48 "POST /compute/v2.1/flavors" status: 200 len: 405 microversion: 2.61 time: 0.181944
Jun 22 17:09:17.553035 n-d-844418-5 devstack@n-api.service[104635]: [pid: 104635|app: 0|req: 12/25] 10.222.0.48 () {64 vars in 1282 bytes} [Wed Jun 22 17:09:17 2022] POST /compute/v2.1/flavors => generated 405 bytes in 184 msecs (HTTP/1.1 200) 9 headers in 359 bytes (2 switches on core 0)
Jun 22 17:09:17.565778 n-d-844418-5 devstack@n-api.service[104636]: DEBUG nova.api.openstack.wsgi [None req-34b6e395-4aaf-44a7-9c5a-d04bf6ff298d admin admin] Action: 'create', calling method: >, body: {"extra_specs": {"hw_rng:allowed": "True"}} {{(pid=104636) _process_stack /opt/stack/nova/nova/api/openstack/wsgi.py:511}}
Jun 22 17:09:17.678259 n-d-844418-5 devstack@n-api.service[104636]: INFO nova.api.openstack.requestlog [None req-34b6e395-4aaf-44a7-9c5a-d04bf6ff298d admin admin] 10.222.0.48 "POST /compute/v2.1/flavors/2/os-extra_specs" status: 200 len: 43 microversion: 2.61 time: 0.116468
Jun 22 17:09:17.679722 n-d-844418-5 devstack@n-api.service[104636]: [pid: 104636|app: 0|req: 14/26] 10.222.0.48 () {64 vars in 1332 bytes} [Wed Jun 22 17:09:17 2022] POST /compute/v2.1/flavors/2/os-extra_specs => generated 43 bytes in 119 msecs (HTTP/1.1 200) 9 headers in 358 bytes (1 switches on core 0)
Jun 22 17:09:19.795185 n-d-844418-5 devstack@n-api.service[104635]: DEBUG nova.api.openstack.wsgi [None req-474332ac-548e-454b-9578-a26b119d2ee4 admin admin] Calling method '>' {{(pid=104635) _process_stack /opt/stack/nova/nova/api/openstack/wsgi.py:513}}
Jun 22 17:09:19.797854 n-d-844418-5 devstack@n-api.service[104635]: INFO nova.api.openstack.requestlog [None req-474332ac-548e-454b-9578-a26b119d2ee4 admin admin] 10.222.0.48 "GET /compute/v2.1" status: 200 len: 388 microversion: 2.1 time: 0.003401
Jun 22 17:09:19.798530 n-d-844418-5 devstack@n-api.service[104635]: [pid: 104635|app: 0|req: 13/27] 10.222.0.48 () {54 vars in 930 bytes} [Wed Jun 22 17:09:19 2022] GET /compute/v2.1 => generated 388 bytes in 5 msecs (HTTP/1.1 200) 9 headers in 357 bytes (1 switches on core 0)
Jun 22 17:09:19.895391 n-d-844418-5 devstack@n-api.service[104636]: DEBUG nova.api.openstack.wsgi [None req-df1d822f-766f-45d0-833d-879bdb8136d5 admin admin] Action: 'create', calling method: >, body: {"flavor": {"vcpus": 2, "name": "m1.medium", "os-flavor-access:is_public": true, "swap": 0, "OS-FLV-EXT-DATA:ephemeral": 0, "ram": 4096, "rxtx_factor": 1.0, "disk": 40, "id": "3"}} {{(pid=104636) _process_stack /opt/stack/nova/nova/api/openstack/wsgi.py:511}}
Jun 22 17:09:19.976320 n-d-844418-5 devstack@n-api.service[104636]: INFO nova.api.openstack.requestlog [None req-df1d822f-766f-45d0-833d-879bdb8136d5 admin admin] 10.222.0.48 "POST /compute/v2.1/flavors" status: 200 len: 406 microversion: 2.61 time: 0.169176
Jun 22 17:09:19.977006 n-d-844418-5 devstack@n-api.service[104636]: [pid: 104636|app: 0|req: 15/28] 10.222.0.48 () {64 vars in 1282 bytes} [Wed Jun 22 17:09:19 2022] POST /compute/v2.1/flavors => generated 406 bytes in 171 msecs (HTTP/1.1 200) 9 headers in 359 bytes (1 switches on core 0)
Jun 22 17:09:19.993503 n-d-844418-5 devstack@n-api.service[104635]: DEBUG nova.api.openstack.wsgi [None req-772aafcb-84fa-43f7-b145-9514e184c31b admin admin] Action: 'create', calling method: >, body: {"extra_specs": {"hw_rng:allowed": "True"}} {{(pid=104635) _process_stack /opt/stack/nova/nova/api/openstack/wsgi.py:511}}
Jun 22 17:09:20.077078 n-d-844418-5 devstack@n-api.service[104635]: INFO nova.api.openstack.requestlog [None req-772aafcb-84fa-43f7-b145-9514e184c31b admin admin] 10.222.0.48 "POST /compute/v2.1/flavors/3/os-extra_specs" status: 200 len: 43 microversion: 2.61 time: 0.090503
Jun 22 17:09:20.078308 n-d-844418-5 devstack@n-api.service[104635]: [pid: 104635|app: 0|req: 14/29] 10.222.0.48 () {64 vars in 1332 bytes} [Wed Jun 22 17:09:19 2022] POST /compute/v2.1/flavors/3/os-extra_specs => generated 43 bytes in 93 msecs (HTTP/1.1 200) 9 headers in 358 bytes (1 switches on core 0)
Jun 22 17:09:22.263317 n-d-844418-5 devstack@n-api.service[104636]: DEBUG nova.api.openstack.wsgi [None req-df1d822f-766f-45d0-833d-879bdb8136d5 admin admin] Calling method '>' {{(pid=104636) _process_stack /opt/stack/nova/nova/api/openstack/wsgi.py:513}}
Jun 22 17:09:22.264324 n-d-844418-5 devstack@n-api.service[104636]: INFO nova.api.openstack.requestlog [None req-df1d822f-766f-45d0-833d-879bdb8136d5 admin admin] 10.222.0.48 "GET /compute/v2.1" status: 200 len: 388 microversion: 2.1 time: 0.001448
Jun 22 17:09:22.265627 n-d-844418-5 devstack@n-api.service[104636]: [pid: 104636|app: 0|req: 16/30] 10.222.0.48 () {54 vars in 930 bytes} [Wed Jun 22 17:09:22 2022] GET /compute/v2.1 => generated 388 bytes in 3 msecs (HTTP/1.1 200) 9 headers in 357 bytes (1 switches on core 0)
Jun 22 17:09:22.328898 n-d-844418-5 devstack@n-api.service[104635]: DEBUG nova.api.openstack.wsgi [None req-6ff62e68-03b0-4f44-816d-4ac8c99da8be admin admin] Action: 'create', calling method: >, body: {"flavor": {"disk": 80, "id": "4", "os-flavor-access:is_public": true, "vcpus": 4, "name": "m1.large", "rxtx_factor": 1.0, "swap": 0, "OS-FLV-EXT-DATA:ephemeral": 0, "ram": 8192}} {{(pid=104635) _process_stack /opt/stack/nova/nova/api/openstack/wsgi.py:511}}
Jun 22 17:09:22.429069 n-d-844418-5 devstack@n-api.service[104635]: INFO nova.api.openstack.requestlog [None req-6ff62e68-03b0-4f44-816d-4ac8c99da8be admin admin] 10.222.0.48 "POST /compute/v2.1/flavors" status: 200 len: 405 microversion: 2.61 time: 0.156722
Jun 22 17:09:22.429637 n-d-844418-5 devstack@n-api.service[104635]: [pid: 104635|app: 0|req: 15/31] 10.222.0.48 () {64 vars in 1282 bytes} [Wed Jun 22 17:09:22 2022] POST /compute/v2.1/flavors => generated 405 bytes in 158 msecs (HTTP/1.1 200) 9 headers in 359 bytes (1 switches on core 0)
Jun 22 17:09:22.449165 n-d-844418-5 devstack@n-api.service[104636]: DEBUG nova.api.openstack.wsgi [None req-4b9b78d2-ad7b-4c40-9fa9-0c37b1f13fe8 admin admin] Action: 'create', calling method: >, body: {"extra_specs": {"hw_rng:allowed": "True"}} {{(pid=104636) _process_stack /opt/stack/nova/nova/api/openstack/wsgi.py:511}}
Jun 22 17:09:22.562918 n-d-844418-5 devstack@n-api.service[104636]: INFO nova.api.openstack.requestlog [None req-4b9b78d2-ad7b-4c40-9fa9-0c37b1f13fe8 admin admin] 10.222.0.48 "POST /compute/v2.1/flavors/4/os-extra_specs" status: 200 len: 43 microversion: 2.61 time: 0.119934
Jun 22 17:09:22.563964 n-d-844418-5 devstack@n-api.service[104636]: [pid: 104636|app: 0|req: 17/32] 10.222.0.48 () {64 vars in 1332 bytes} [Wed Jun 22 17:09:22 2022] POST /compute/v2.1/flavors/4/os-extra_specs => generated 43 bytes in 123 msecs (HTTP/1.1 200) 9 headers in 358 bytes (1 switches on core 0)
Jun 22 17:09:24.699203 n-d-844418-5 devstack@n-api.service[104635]: DEBUG nova.api.openstack.wsgi [None req-6ff62e68-03b0-4f44-816d-4ac8c99da8be admin admin] Calling method '>' {{(pid=104635) _process_stack /opt/stack/nova/nova/api/openstack/wsgi.py:513}}
Jun 22 17:09:24.700315 n-d-844418-5 devstack@n-api.service[104635]: INFO nova.api.openstack.requestlog [None req-6ff62e68-03b0-4f44-816d-4ac8c99da8be admin admin] 10.222.0.48 "GET /compute/v2.1" status: 200 len: 388 microversion: 2.1 time: 0.001589
Jun 22 17:09:24.700786 n-d-844418-5 devstack@n-api.service[104635]: [pid: 104635|app: 0|req: 16/33] 10.222.0.48 () {54 vars in 930 bytes} [Wed Jun 22 17:09:24 2022] GET /compute/v2.1 => generated 388 bytes in 3 msecs (HTTP/1.1 200) 9 headers in 357 bytes (1 switches on core 0)
Jun 22 17:09:24.759899 n-d-844418-5 devstack@n-api.service[104636]: DEBUG nova.api.openstack.wsgi [None req-a2d4f231-d55f-4616-8229-eede9d5b4b1d admin admin] Action: 'create', calling method: >, body: {"flavor": {"name": "m1.xlarge", "ram": 16384, "id": "5", "os-flavor-access:is_public": true, "swap": 0, "disk": 160, "OS-FLV-EXT-DATA:ephemeral": 0, "rxtx_factor": 1.0, "vcpus": 8}} {{(pid=104636) _process_stack /opt/stack/nova/nova/api/openstack/wsgi.py:511}}
Jun 22 17:09:24.845046 n-d-844418-5 devstack@n-api.service[104636]: INFO nova.api.openstack.requestlog [None req-a2d4f231-d55f-4616-8229-eede9d5b4b1d admin admin] 10.222.0.48 "POST /compute/v2.1/flavors" status: 200 len: 408 microversion: 2.61 time: 0.137840
Jun 22 17:09:24.845605 n-d-844418-5 devstack@n-api.service[104636]: [pid: 104636|app: 0|req: 18/34] 10.222.0.48 () {64 vars in 1282 bytes} [Wed Jun 22 17:09:24 2022] POST /compute/v2.1/flavors => generated 408 bytes in 139 msecs (HTTP/1.1 200) 9 headers in 359 bytes (2 switches on core 0)
Jun 22 17:09:24.858061 n-d-844418-5 devstack@n-api.service[104635]: DEBUG nova.api.openstack.wsgi [None req-3c4aa4f4-f24c-4ee5-aeef-ac96d9d113f3 admin admin] Action: 'create', calling method: >, body: {"extra_specs": {"hw_rng:allowed": "True"}} {{(pid=104635) _process_stack /opt/stack/nova/nova/api/openstack/wsgi.py:511}}
Jun 22 17:09:24.934668 n-d-844418-5 devstack@n-api.service[104635]: INFO nova.api.openstack.requestlog [None req-3c4aa4f4-f24c-4ee5-aeef-ac96d9d113f3 admin admin] 10.222.0.48 "POST /compute/v2.1/flavors/5/os-extra_specs" status: 200 len: 43 microversion: 2.61 time: 0.080130
Jun 22 17:09:24.935172 n-d-844418-5 devstack@n-api.service[104635]: [pid: 104635|app: 0|req: 17/35] 10.222.0.48 () {64 vars in 1332 bytes} [Wed Jun 22 17:09:24 2022] POST /compute/v2.1/flavors/5/os-extra_specs => generated 43 bytes in 81 msecs (HTTP/1.1 200) 9 headers in 358 bytes (1 switches on core 0)
Jun 22 17:09:54.769194 n-d-844418-5 devstack@n-api.service[104636]: DEBUG nova.api.openstack.wsgi [None req-a2d4f231-d55f-4616-8229-eede9d5b4b1d admin admin] Calling method '>' {{(pid=104636) _process_stack /opt/stack/nova/nova/api/openstack/wsgi.py:513}}
Jun 22 17:09:54.770191 n-d-844418-5 devstack@n-api.service[104636]: INFO nova.api.openstack.requestlog [None req-a2d4f231-d55f-4616-8229-eede9d5b4b1d admin admin] 10.222.0.48 "GET /compute/v2.1" status: 200 len: 388 microversion: 2.1 time: 0.001474
Jun 22 17:09:54.770589 n-d-844418-5 devstack@n-api.service[104636]: [pid: 104636|app: 0|req: 19/36] 10.222.0.48 () {54 vars in 930 bytes} [Wed Jun 22 17:09:54 2022] GET /compute/v2.1 => generated 388 bytes in 2 msecs (HTTP/1.1 200) 9 headers in 357 bytes (1 switches on core 0)
Jun 22 17:09:54.780749 n-d-844418-5 devstack@n-api.service[104635]: DEBUG dbcounter [-] [104635] Writing DB stats nova_api:SELECT=47,nova_api:INSERT=10,nova_api:SAVEPOINT=5,nova_api:RELEASE=5 {{(pid=104635) stat_writer /usr/local/lib/python3.8/dist-packages/dbcounter.py:114}}
Jun 22 17:09:54.830920 n-d-844418-5 devstack@n-api.service[104635]: DEBUG nova.api.openstack.wsgi [None req-461fceab-b1b1-48cd-a76c-6f6d46e4b401 admin admin] Calling method '>' {{(pid=104635) _process_stack /opt/stack/nova/nova/api/openstack/wsgi.py:513}}
Jun 22 17:09:54.848731 n-d-844418-5 devstack@n-api.service[104635]: INFO nova.api.openstack.requestlog [None req-461fceab-b1b1-48cd-a76c-6f6d46e4b401 admin admin] 10.222.0.48 "GET /compute/v2.1/flavors/detail?is_public=True" status: 200 len: 4202 microversion: 2.61 time: 0.072469
Jun 22 17:09:54.849278 n-d-844418-5 devstack@n-api.service[104635]: [pid: 104635|app: 0|req: 18/37] 10.222.0.48 () {60 vars in 1291 bytes} [Wed Jun 22 17:09:54 2022] GET /compute/v2.1/flavors/detail?is_public=True => generated 4202 bytes in 74 msecs (HTTP/1.1 200) 9 headers in 360 bytes (1 switches on core 0)
Jun 22 17:09:55.766450 n-d-844418-5 devstack@n-api.service[104636]: DEBUG nova.api.openstack.wsgi [None req-a2d4f231-d55f-4616-8229-eede9d5b4b1d admin admin] Calling method '>' {{(pid=104636) _process_stack /opt/stack/nova/nova/api/openstack/wsgi.py:513}}
Jun 22 17:09:55.767556 n-d-844418-5 devstack@n-api.service[104636]: INFO nova.api.openstack.requestlog [None req-a2d4f231-d55f-4616-8229-eede9d5b4b1d admin admin] 10.222.0.48 "GET /compute/v2.1" status: 200 len: 388 microversion: 2.1 time: 0.001512
Jun 22 17:09:55.767954 n-d-844418-5 devstack@n-api.service[104636]: [pid: 104636|app: 0|req: 20/38] 10.222.0.48 () {56 vars in 1074 bytes} [Wed Jun 22 17:09:55 2022] GET /compute/v2.1 => generated 388 bytes in 2 msecs (HTTP/1.1 200) 9 headers in 357 bytes (1 switches on core 0)
Jun 22 17:09:55.973544 n-d-844418-5 devstack@n-api.service[104635]: DEBUG nova.api.openstack.wsgi [None req-a8b20e9e-3b30-44a7-9404-8d79fd283174 admin admin] Calling method '>' {{(pid=104635) _process_stack /opt/stack/nova/nova/api/openstack/wsgi.py:513}}
Jun 22 17:09:55.978997 n-d-844418-5 devstack@n-api.service[104635]: INFO nova.api.openstack.wsgi [None req-a8b20e9e-3b30-44a7-9404-8d79fd283174 admin admin] HTTP exception thrown: Flavor 42 could not be found.
Jun 22 17:09:55.982246 n-d-844418-5 devstack@n-api.service[104635]: DEBUG nova.api.openstack.wsgi [None req-a8b20e9e-3b30-44a7-9404-8d79fd283174 admin admin] Request method failure captured:
Jun 22 17:09:55.982246 n-d-844418-5 devstack@n-api.service[104635]: request: GET /compute/v2.1/flavors/42 HTTP/1.1
Jun 22 17:09:55.982246 n-d-844418-5 devstack@n-api.service[104635]: Accept: application/json
Jun 22 17:09:55.982246 n-d-844418-5 devstack@n-api.service[104635]: Accept-Encoding: gzip, deflate
Jun 22 17:09:55.982246 n-d-844418-5 devstack@n-api.service[104635]: Connection: keep-alive
Jun 22 17:09:55.982246 n-d-844418-5 devstack@n-api.service[104635]: Content-Length: 0
Jun 22 17:09:55.982246 n-d-844418-5 devstack@n-api.service[104635]: Host: 10.222.0.48
Jun 22 17:09:55.982246 n-d-844418-5 devstack@n-api.service[104635]: Openstack-Api-Version: compute 2.90
Jun 22 17:09:55.982246 n-d-844418-5 devstack@n-api.service[104635]: Openstack-System-Scope: None
Jun 22 17:09:55.982246 n-d-844418-5 devstack@n-api.service[104635]: User-Agent: python-novaclient
Jun 22 17:09:55.982246 n-d-844418-5 devstack@n-api.service[104635]: X-Auth-Token: gAAAAABis0zjtAjB1iL5BnPEQOA6dqLhBkvInHpydPZdTRlO5f9RRVHwaTYbpQh2hfDz2CaPRXCFFoVIYetclEy90YbaO_gNnM9tucy6d2IDeqytLh2z52ggELxVhidQtIPLgTUFtnq1nvRmntnrp3Uz2P4EfrFei__7sCgYCoDmzG3NEd9l5Xs
Jun 22 17:09:55.982246 n-d-844418-5 devstack@n-api.service[104635]: X-Domain-Id: None
Jun 22 17:09:55.982246 n-d-844418-5 devstack@n-api.service[104635]: X-Domain-Name: None
Jun 22 17:09:55.982246 n-d-844418-5 devstack@n-api.service[104635]: X-Identity-Status: Confirmed
Jun 22 17:09:55.982246 n-d-844418-5 devstack@n-api.service[104635]: X-Is-Admin-Project: True
Jun 22 17:09:55.982246 n-d-844418-5 devstack@n-api.service[104635]: X-Openstack-Nova-Api-Version: 2.90
Jun 22 17:09:55.982246 n-d-844418-5 devstack@n-api.service[104635]: X-Project-Domain-Id: default
Jun 22 17:09:55.982246 n-d-844418-5 devstack@n-api.service[104635]: X-Project-Domain-Name: Default
Jun 22 17:09:55.982246 n-d-844418-5 devstack@n-api.service[104635]: X-Project-Id: 7bed771fd7ef48fe934e0fe3efcd67d1
Jun 22 17:09:55.982246 n-d-844418-5 devstack@n-api.service[104635]: X-Project-Name: admin
Jun 22 17:09:55.982246 n-d-844418-5 devstack@n-api.service[104635]: X-Role: member,admin,reader
Jun 22 17:09:55.982246 n-d-844418-5 devstack@n-api.service[104635]: X-Roles: member,admin,reader
