Jun 01 19:25:16.090711 n-d-844325-1 devstack@placement-api.service[105412]: DEBUG placement.objects.research_context [req-1a3c39f2-811e-46b4-9180-4bb00ff19505 req-6a5cc26b-c290-4eb9-b673-1127cbcac17f service placement] getting providers with 1 VCPU {{(pid=105412) __init__ /opt/stack/placement/placement/objects/research_context.py:136}}
Jun 01 19:25:16.091066 n-d-844325-1 devstack@placement-api.service[105411]: INFO placement.requestlog [req-5cc9c0f5-7c01-4bbe-a431-0f6337863aef req-09447e1f-1622-4fe3-8792-83693cc94582 service placement] 10.222.0.39 "GET /placement/allocations/3ed82467-4fe5-4e25-8cf8-1f2abc514c99" status: 200 len: 259 microversion: 1.28
Jun 01 19:25:16.092607 n-d-844325-1 devstack@placement-api.service[105411]: [pid: 105411|app: 0|req: 277/548] 10.222.0.39 () {60 vars in 1377 bytes} [Wed Jun 1 19:25:16 2022] GET /placement/allocations/3ed82467-4fe5-4e25-8cf8-1f2abc514c99 => generated 259 bytes in 28 msecs (HTTP/1.1 200) 8 headers in 296 bytes (1 switches on core 0)
Jun 01 19:25:16.099981 n-d-844325-1 devstack@placement-api.service[105412]: DEBUG placement.objects.research_context [req-1a3c39f2-811e-46b4-9180-4bb00ff19505 req-6a5cc26b-c290-4eb9-b673-1127cbcac17f service placement] found 2 providers with available 1 DISK_GB {{(pid=105412) get_provider_ids_matching /opt/stack/placement/placement/objects/research_context.py:563}}
Jun 01 19:25:16.100461 n-d-844325-1 devstack@placement-api.service[105412]: DEBUG placement.objects.research_context [req-1a3c39f2-811e-46b4-9180-4bb00ff19505 req-6a5cc26b-c290-4eb9-b673-1127cbcac17f service placement] found 2 providers with available 1024 MEMORY_MB {{(pid=105412) get_provider_ids_matching /opt/stack/placement/placement/objects/research_context.py:563}}
Jun 01 19:25:16.100938 n-d-844325-1 devstack@placement-api.service[105412]: DEBUG placement.objects.research_context [req-1a3c39f2-811e-46b4-9180-4bb00ff19505 req-6a5cc26b-c290-4eb9-b673-1127cbcac17f service placement] found 2 providers after filtering by previous result {{(pid=105412) get_provider_ids_matching /opt/stack/placement/placement/objects/research_context.py:594}}
Jun 01 19:25:16.101379 n-d-844325-1 devstack@placement-api.service[105412]: DEBUG placement.objects.research_context [req-1a3c39f2-811e-46b4-9180-4bb00ff19505 req-6a5cc26b-c290-4eb9-b673-1127cbcac17f service placement] found 2 providers with available 1 VCPU {{(pid=105412) get_provider_ids_matching /opt/stack/placement/placement/objects/research_context.py:563}}
Jun 01 19:25:16.101839 n-d-844325-1 devstack@placement-api.service[105412]: DEBUG placement.objects.research_context [req-1a3c39f2-811e-46b4-9180-4bb00ff19505 req-6a5cc26b-c290-4eb9-b673-1127cbcac17f service placement] found 2 providers after filtering by previous result {{(pid=105412) get_provider_ids_matching /opt/stack/placement/placement/objects/research_context.py:594}}
Jun 01 19:25:16.119754 n-d-844325-1 devstack@placement-api.service[105412]: DEBUG placement.objects.allocation_candidate [req-1a3c39f2-811e-46b4-9180-4bb00ff19505 req-6a5cc26b-c290-4eb9-b673-1127cbcac17f service placement] RequestGroup(use_same_provider=False, resources={DISK_GB:1, MEMORY_MB:1024, VCPU:1}, traits=(), aggregates=[]) (suffix '') returned 2 matches {{(pid=105412) _get_by_requests /opt/stack/placement/placement/objects/allocation_candidate.py:156}}
Jun 01 19:25:16.120508 n-d-844325-1 devstack@placement-api.service[105412]: DEBUG placement.objects.allocation_candidate [req-1a3c39f2-811e-46b4-9180-4bb00ff19505 req-6a5cc26b-c290-4eb9-b673-1127cbcac17f service placement] Merging candidates yields 2 allocation requests and 2 provider summaries {{(pid=105412) _merge_candidates /opt/stack/placement/placement/objects/allocation_candidate.py:809}}
Jun 01 19:25:16.127520 n-d-844325-1 devstack@placement-api.service[105412]: INFO placement.requestlog [req-1a3c39f2-811e-46b4-9180-4bb00ff19505 req-6a5cc26b-c290-4eb9-b673-1127cbcac17f service placement] 10.222.0.13 "GET /placement/allocation_candidates?limit=1000&resources=DISK_GB%3A1%2CMEMORY_MB%3A1024%2CVCPU%3A1&root_required=%21COMPUTE_STATUS_DISABLED" status: 200 len: 1309 microversion: 1.36
Jun 01 19:25:16.128463 n-d-844325-1 devstack@placement-api.service[105412]: [pid: 105412|app: 0|req: 272/549] 10.222.0.13 () {60 vars in 1506 bytes} [Wed Jun 1 19:25:15 2022] GET /placement/allocation_candidates?limit=1000&resources=DISK_GB%3A1%2CMEMORY_MB%3A1024%2CVCPU%3A1&root_required=%21COMPUTE_STATUS_DISABLED => generated 1309 bytes in 184 msecs (HTTP/1.1 200) 8 headers in 297 bytes (1 switches on core 0)
Jun 01 19:25:16.249583 n-d-844325-1 devstack@placement-api.service[105411]: DEBUG placement.requestlog [req-1a3c39f2-811e-46b4-9180-4bb00ff19505 req-7a8a310b-499d-45bc-b70e-f278798cf568 None None] Starting request: 10.222.0.13 "GET /placement/allocations/df410a51-7b7f-47d7-b32e-37fa566807cd" {{(pid=105411) __call__ /opt/stack/placement/placement/requestlog.py:55}}
Jun 01 19:25:16.256924 n-d-844325-1 devstack@placement-api.service[105411]: DEBUG dbcounter [-] [105411] Writing DB stats placement:SELECT=78,placement:DELETE=6,placement:UPDATE=6,placement:INSERT=10 {{(pid=105411) stat_writer /usr/local/lib/python3.8/dist-packages/dbcounter.py:114}}
Jun 01 19:25:16.261175 n-d-844325-1 devstack@placement-api.service[105411]: INFO placement.requestlog [req-1a3c39f2-811e-46b4-9180-4bb00ff19505 req-7a8a310b-499d-45bc-b70e-f278798cf568 service placement] 10.222.0.13 "GET /placement/allocations/df410a51-7b7f-47d7-b32e-37fa566807cd" status: 200 len: 19 microversion: 1.28
Jun 01 19:25:16.268196 n-d-844325-1 devstack@placement-api.service[105412]: DEBUG placement.requestlog [req-1a3c39f2-811e-46b4-9180-4bb00ff19505 req-75b7a84d-7053-467e-afff-5d205305c941 None None] Starting request: 10.222.0.13 "PUT /placement/allocations/df410a51-7b7f-47d7-b32e-37fa566807cd" {{(pid=105412) __call__ /opt/stack/placement/placement/requestlog.py:55}}
Jun 01 19:25:16.268960 n-d-844325-1 devstack@placement-api.service[105411]: [pid: 105411|app: 0|req: 278/550] 10.222.0.13 () {60 vars in 1380 bytes} [Wed Jun 1 19:25:16 2022] GET /placement/allocations/df410a51-7b7f-47d7-b32e-37fa566807cd => generated 19 bytes in 19 msecs (HTTP/1.1 200) 8 headers in 295 bytes (1 switches on core 0)
Jun 01 19:25:16.329444 n-d-844325-1 devstack@placement-api.service[105412]: DEBUG placement.handlers.allocation [req-1a3c39f2-811e-46b4-9180-4bb00ff19505 req-75b7a84d-7053-467e-afff-5d205305c941 service placement] Successfully wrote allocations [, , ] {{(pid=105412) _update_consumers_and_create_allocations /opt/stack/placement/placement/handlers/allocation.py:462}}
Jun 01 19:25:16.337351 n-d-844325-1 devstack@placement-api.service[105412]: INFO placement.requestlog [req-1a3c39f2-811e-46b4-9180-4bb00ff19505 req-75b7a84d-7053-467e-afff-5d205305c941 service placement] 10.222.0.13 "PUT /placement/allocations/df410a51-7b7f-47d7-b32e-37fa566807cd" status: 204 len: 0 microversion: 1.36
Jun 01 19:25:16.348728 n-d-844325-1 devstack@placement-api.service[105412]: [pid: 105412|app: 0|req: 273/551] 10.222.0.13 () {64 vars in 1433 bytes} [Wed Jun 1 19:25:16 2022] PUT /placement/allocations/df410a51-7b7f-47d7-b32e-37fa566807cd => generated 0 bytes in 70 msecs (HTTP/1.1 204) 5 headers in 199 bytes (2 switches on core 0)
Jun 01 19:25:16.853183 n-d-844325-1 devstack@placement-api.service[105411]: DEBUG placement.requestlog [req-1a3c39f2-811e-46b4-9180-4bb00ff19505 req-431bab08-e38c-4d61-aec7-a9fa56d2fc1c None None] Starting request: 10.222.0.39 "GET /placement/allocations/df410a51-7b7f-47d7-b32e-37fa566807cd" {{(pid=105411) __call__ /opt/stack/placement/placement/requestlog.py:55}}
Jun 01 19:25:16.876054 n-d-844325-1 devstack@placement-api.service[105411]: INFO placement.requestlog [req-1a3c39f2-811e-46b4-9180-4bb00ff19505 req-431bab08-e38c-4d61-aec7-a9fa56d2fc1c service placement] 10.222.0.39 "GET /placement/allocations/df410a51-7b7f-47d7-b32e-37fa566807cd" status: 200 len: 259 microversion: 1.28
Jun 01 19:25:16.876719 n-d-844325-1 devstack@placement-api.service[105411]: [pid: 105411|app: 0|req: 279/552] 10.222.0.39 () {60 vars in 1377 bytes} [Wed Jun 1 19:25:16 2022] GET /placement/allocations/df410a51-7b7f-47d7-b32e-37fa566807cd => generated 259 bytes in 24 msecs (HTTP/1.1 200) 8 headers in 296 bytes (1 switches on core 0)
Jun 01 19:25:17.276546 n-d-844325-1 devstack@placement-api.service[105412]: DEBUG placement.requestlog [req-8330eb08-9b32-4c40-a6ed-05f75383c683 req-64abd1b5-ec75-4018-be99-02da4b5388a7 None None] Starting request: 10.222.0.13 "GET /placement/allocation_candidates?limit=1000&resources=DISK_GB%3A1%2CMEMORY_MB%3A1024%2CVCPU%3A1&root_required=%21COMPUTE_STATUS_DISABLED" {{(pid=105412) __call__ /opt/stack/placement/placement/requestlog.py:55}}
Jun 01 19:25:17.282234 n-d-844325-1 devstack@placement-api.service[105411]: DEBUG placement.requestlog [req-3bd884e0-013e-4afa-8fbf-e45c3abf2ae6 req-71a87187-b510-42f2-b137-6873f7b20f6c None None] Starting request: 10.222.0.13 "GET /placement/allocation_candidates?limit=1000&resources=DISK_GB%3A1%2CMEMORY_MB%3A1024%2CVCPU%3A1&root_required=%21COMPUTE_STATUS_DISABLED" {{(pid=105411) __call__ /opt/stack/placement/placement/requestlog.py:55}}
Jun 01 19:25:17.351777 n-d-844325-1 devstack@placement-api.service[105412]: DEBUG placement.objects.research_context [req-8330eb08-9b32-4c40-a6ed-05f75383c683 req-64abd1b5-ec75-4018-be99-02da4b5388a7 service placement] getting providers with 1 DISK_GB {{(pid=105412) __init__ /opt/stack/placement/placement/objects/research_context.py:136}}
Jun 01 19:25:17.354439 n-d-844325-1 devstack@placement-api.service[105411]: DEBUG placement.objects.research_context [req-3bd884e0-013e-4afa-8fbf-e45c3abf2ae6 req-71a87187-b510-42f2-b137-6873f7b20f6c service placement] getting providers with 1 DISK_GB {{(pid=105411) __init__ /opt/stack/placement/placement/objects/research_context.py:136}}
Jun 01 19:25:17.369126 n-d-844325-1 devstack@placement-api.service[105412]: DEBUG placement.objects.research_context [req-8330eb08-9b32-4c40-a6ed-05f75383c683 req-64abd1b5-ec75-4018-be99-02da4b5388a7 service placement] getting providers with 1024 MEMORY_MB {{(pid=105412) __init__ /opt/stack/placement/placement/objects/research_context.py:136}}
Jun 01 19:25:17.371356 n-d-844325-1 devstack@placement-api.service[105411]: DEBUG placement.objects.research_context [req-3bd884e0-013e-4afa-8fbf-e45c3abf2ae6 req-71a87187-b510-42f2-b137-6873f7b20f6c service placement] getting providers with 1024 MEMORY_MB {{(pid=105411) __init__ /opt/stack/placement/placement/objects/research_context.py:136}}
Jun 01 19:25:17.381016 n-d-844325-1 devstack@placement-api.service[105412]: DEBUG placement.objects.research_context [req-8330eb08-9b32-4c40-a6ed-05f75383c683 req-64abd1b5-ec75-4018-be99-02da4b5388a7 service placement] getting providers with 1 VCPU {{(pid=105412) __init__ /opt/stack/placement/placement/objects/research_context.py:136}}
Jun 01 19:25:17.394184 n-d-844325-1 devstack@placement-api.service[105412]: DEBUG placement.objects.research_context [req-8330eb08-9b32-4c40-a6ed-05f75383c683 req-64abd1b5-ec75-4018-be99-02da4b5388a7 service placement] found 2 providers with available 1 DISK_GB {{(pid=105412) get_provider_ids_matching /opt/stack/placement/placement/objects/research_context.py:563}}
Jun 01 19:25:17.394917 n-d-844325-1 devstack@placement-api.service[105411]: DEBUG placement.objects.research_context [req-3bd884e0-013e-4afa-8fbf-e45c3abf2ae6 req-71a87187-b510-42f2-b137-6873f7b20f6c service placement] getting providers with 1 VCPU {{(pid=105411) __init__ /opt/stack/placement/placement/objects/research_context.py:136}}
Jun 01 19:25:17.396249 n-d-844325-1 devstack@placement-api.service[105412]: DEBUG placement.objects.research_context [req-8330eb08-9b32-4c40-a6ed-05f75383c683 req-64abd1b5-ec75-4018-be99-02da4b5388a7 service placement] found 2 providers with available 1024 MEMORY_MB {{(pid=105412) get_provider_ids_matching /opt/stack/placement/placement/objects/research_context.py:563}}
Jun 01 19:25:17.396749 n-d-844325-1 devstack@placement-api.service[105412]: DEBUG placement.objects.research_context [req-8330eb08-9b32-4c40-a6ed-05f75383c683 req-64abd1b5-ec75-4018-be99-02da4b5388a7 service placement] found 2 providers after filtering by previous result {{(pid=105412) get_provider_ids_matching /opt/stack/placement/placement/objects/research_context.py:594}}
Jun 01 19:25:17.397338 n-d-844325-1 devstack@placement-api.service[105412]: DEBUG placement.objects.research_context [req-8330eb08-9b32-4c40-a6ed-05f75383c683 req-64abd1b5-ec75-4018-be99-02da4b5388a7 service placement] found 2 providers with available 1 VCPU {{(pid=105412) get_provider_ids_matching /opt/stack/placement/placement/objects/research_context.py:563}}
Jun 01 19:25:17.398500 n-d-844325-1 devstack@placement-api.service[105412]: DEBUG placement.objects.research_context [req-8330eb08-9b32-4c40-a6ed-05f75383c683 req-64abd1b5-ec75-4018-be99-02da4b5388a7 service placement] found 2 providers after filtering by previous result {{(pid=105412) get_provider_ids_matching /opt/stack/placement/placement/objects/research_context.py:594}}
Jun 01 19:25:17.418750 n-d-844325-1 devstack@placement-api.service[105411]: DEBUG placement.objects.research_context [req-3bd884e0-013e-4afa-8fbf-e45c3abf2ae6 req-71a87187-b510-42f2-b137-6873f7b20f6c service placement] found 2 providers with available 1 DISK_GB {{(pid=105411) get_provider_ids_matching /opt/stack/placement/placement/objects/research_context.py:563}}
Jun 01 19:25:17.419273 n-d-844325-1 devstack@placement-api.service[105411]: DEBUG placement.objects.research_context [req-3bd884e0-013e-4afa-8fbf-e45c3abf2ae6 req-71a87187-b510-42f2-b137-6873f7b20f6c service placement] found 2 providers with available 1024 MEMORY_MB {{(pid=105411) get_provider_ids_matching /opt/stack/placement/placement/objects/research_context.py:563}}
Jun 01 19:25:17.419763 n-d-844325-1 devstack@placement-api.service[105411]: DEBUG placement.objects.research_context [req-3bd884e0-013e-4afa-8fbf-e45c3abf2ae6 req-71a87187-b510-42f2-b137-6873f7b20f6c service placement] found 2 providers after filtering by previous result {{(pid=105411) get_provider_ids_matching /opt/stack/placement/placement/objects/research_context.py:594}}
Jun 01 19:25:17.420428 n-d-844325-1 devstack@placement-api.service[105411]: DEBUG placement.objects.research_context [req-3bd884e0-013e-4afa-8fbf-e45c3abf2ae6 req-71a87187-b510-42f2-b137-6873f7b20f6c service placement] found 2 providers with available 1 VCPU {{(pid=105411) get_provider_ids_matching /opt/stack/placement/placement/objects/research_context.py:563}}
Jun 01 19:25:17.420967 n-d-844325-1 devstack@placement-api.service[105411]: DEBUG placement.objects.research_context [req-3bd884e0-013e-4afa-8fbf-e45c3abf2ae6 req-71a87187-b510-42f2-b137-6873f7b20f6c service placement] found 2 providers after filtering by previous result {{(pid=105411) get_provider_ids_matching /opt/stack/placement/placement/objects/research_context.py:594}}
Jun 01 19:25:17.428207 n-d-844325-1 devstack@placement-api.service[105412]: DEBUG placement.objects.allocation_candidate [req-8330eb08-9b32-4c40-a6ed-05f75383c683 req-64abd1b5-ec75-4018-be99-02da4b5388a7 service placement] RequestGroup(use_same_provider=False, resources={DISK_GB:1, MEMORY_MB:1024, VCPU:1}, traits=(), aggregates=[]) (suffix '') returned 2 matches {{(pid=105412) _get_by_requests /opt/stack/placement/placement/objects/allocation_candidate.py:156}}
Jun 01 19:25:17.428682 n-d-844325-1 devstack@placement-api.service[105412]: DEBUG placement.objects.allocation_candidate [req-8330eb08-9b32-4c40-a6ed-05f75383c683 req-64abd1b5-ec75-4018-be99-02da4b5388a7 service placement] Merging candidates yields 2 allocation requests and 2 provider summaries {{(pid=105412) _merge_candidates /opt/stack/placement/placement/objects/allocation_candidate.py:809}}
Jun 01 19:25:17.434506 n-d-844325-1 devstack@placement-api.service[105412]: INFO placement.requestlog [req-8330eb08-9b32-4c40-a6ed-05f75383c683 req-64abd1b5-ec75-4018-be99-02da4b5388a7 service placement] 10.222.0.13 "GET /placement/allocation_candidates?limit=1000&resources=DISK_GB%3A1%2CMEMORY_MB%3A1024%2CVCPU%3A1&root_required=%21COMPUTE_STATUS_DISABLED" status: 200 len: 1309 microversion: 1.36
Jun 01 19:25:17.435353 n-d-844325-1 devstack@placement-api.service[105412]: [pid: 105412|app: 0|req: 274/553] 10.222.0.13 () {60 vars in 1506 bytes} [Wed Jun 1 19:25:17 2022] GET /placement/allocation_candidates?limit=1000&resources=DISK_GB%3A1%2CMEMORY_MB%3A1024%2CVCPU%3A1&root_required=%21COMPUTE_STATUS_DISABLED => generated 1309 bytes in 159 msecs (HTTP/1.1 200) 8 headers in 297 bytes (1 switches on core 0)
Jun 01 19:25:17.436065 n-d-844325-1 devstack@placement-api.service[105412]: DEBUG placement.requestlog [req-93abf829-9c39-4a3f-9289-0f127ac58782 req-4a94fa89-91c1-42c4-9eca-f02cd1eeea38 None None] Starting request: 10.222.0.45 "DELETE /placement/allocations/4b5d10e6-8270-47a0-bde6-475bd8c9796a" {{(pid=105412) __call__ /opt/stack/placement/placement/requestlog.py:55}}
Jun 01 19:25:17.450133 n-d-844325-1 devstack@placement-api.service[105411]: DEBUG placement.objects.allocation_candidate [req-3bd884e0-013e-4afa-8fbf-e45c3abf2ae6 req-71a87187-b510-42f2-b137-6873f7b20f6c service placement] RequestGroup(use_same_provider=False, resources={DISK_GB:1, MEMORY_MB:1024, VCPU:1}, traits=(), aggregates=[]) (suffix '') returned 2 matches {{(pid=105411) _get_by_requests /opt/stack/placement/placement/objects/allocation_candidate.py:156}}
Jun 01 19:25:17.450535 n-d-844325-1 devstack@placement-api.service[105411]: DEBUG placement.objects.allocation_candidate [req-3bd884e0-013e-4afa-8fbf-e45c3abf2ae6 req-71a87187-b510-42f2-b137-6873f7b20f6c service placement] Merging candidates yields 2 allocation requests and 2 provider summaries {{(pid=105411) _merge_candidates /opt/stack/placement/placement/objects/allocation_candidate.py:809}}
Jun 01 19:25:17.457265 n-d-844325-1 devstack@placement-api.service[105411]: INFO placement.requestlog [req-3bd884e0-013e-4afa-8fbf-e45c3abf2ae6 req-71a87187-b510-42f2-b137-6873f7b20f6c service placement] 10.222.0.13 "GET /placement/allocation_candidates?limit=1000&resources=DISK_GB%3A1%2CMEMORY_MB%3A1024%2CVCPU%3A1&root_required=%21COMPUTE_STATUS_DISABLED" status: 200 len: 1309 microversion: 1.36
Jun 01 19:25:17.457659 n-d-844325-1 devstack@placement-api.service[105411]: [pid: 105411|app: 0|req: 280/554] 10.222.0.13 () {60 vars in 1506 bytes} [Wed Jun 1 19:25:17 2022] GET /placement/allocation_candidates?limit=1000&resources=DISK_GB%3A1%2CMEMORY_MB%3A1024%2CVCPU%3A1&root_required=%21COMPUTE_STATUS_DISABLED => generated 1309 bytes in 176 msecs (HTTP/1.1 200) 8 headers in 297 bytes (2 switches on core 0)
Jun 01 19:25:17.506535 n-d-844325-1 devstack@placement-api.service[105412]: DEBUG placement.handlers.allocation [req-93abf829-9c39-4a3f-9289-0f127ac58782 req-4a94fa89-91c1-42c4-9eca-f02cd1eeea38 service placement] Successfully deleted allocations [, , ] {{(pid=105412) delete_allocations /opt/stack/placement/placement/handlers/allocation.py:627}}
Jun 01 19:25:17.507281 n-d-844325-1 devstack@placement-api.service[105412]: INFO placement.requestlog [req-93abf829-9c39-4a3f-9289-0f127ac58782 req-4a94fa89-91c1-42c4-9eca-f02cd1eeea38 service placement] 10.222.0.45 "DELETE /placement/allocations/4b5d10e6-8270-47a0-bde6-475bd8c9796a" status: 204 len: 0 microversion: 1.0
Jun 01 19:25:17.508196 n-d-844325-1 devstack@placement-api.service[105412]: [pid: 105412|app: 0|req: 275/555] 10.222.0.45 () {60 vars in 1355 bytes} [Wed Jun 1 19:25:17 2022] DELETE /placement/allocations/4b5d10e6-8270-47a0-bde6-475bd8c9796a => generated 0 bytes in 72 msecs (HTTP/1.1 204) 5 headers in 198 bytes (1 switches on core 0)
Jun 01 19:25:17.601742 n-d-844325-1 devstack@placement-api.service[105411]: DEBUG placement.requestlog [req-8330eb08-9b32-4c40-a6ed-05f75383c683 req-cefc4ac6-48c3-4f52-87c4-0f9ef1255386 None None] Starting request: 10.222.0.13 "GET /placement/allocations/fa075660-9748-4a0f-be6c-6dff92598189" {{(pid=105411) __call__ /opt/stack/placement/placement/requestlog.py:55}}
Jun 01 19:25:17.612123 n-d-844325-1 devstack@placement-api.service[105412]: DEBUG placement.requestlog [req-3bd884e0-013e-4afa-8fbf-e45c3abf2ae6 req-640cadca-bb6f-4a48-9e6d-6b15f3f6b507 None None] Starting request: 10.222.0.13 "GET /placement/allocations/3c65d3aa-2a61-4ad3-af31-a48569d278a7" {{(pid=105412) __call__ /opt/stack/placement/placement/requestlog.py:55}}
Jun 01 19:25:17.626143 n-d-844325-1 devstack@placement-api.service[105411]: INFO placement.requestlog [req-8330eb08-9b32-4c40-a6ed-05f75383c683 req-cefc4ac6-48c3-4f52-87c4-0f9ef1255386 service placement] 10.222.0.13 "GET /placement/allocations/fa075660-9748-4a0f-be6c-6dff92598189" status: 200 len: 19 microversion: 1.28
Jun 01 19:25:17.627433 n-d-844325-1 devstack@placement-api.service[105412]: INFO placement.requestlog [req-3bd884e0-013e-4afa-8fbf-e45c3abf2ae6 req-640cadca-bb6f-4a48-9e6d-6b15f3f6b507 service placement] 10.222.0.13 "GET /placement/allocations/3c65d3aa-2a61-4ad3-af31-a48569d278a7" status: 200 len: 19 microversion: 1.28
Jun 01 19:25:17.627832 n-d-844325-1 devstack@placement-api.service[105412]: [pid: 105412|app: 0|req: 276/556] 10.222.0.13 () {60 vars in 1380 bytes} [Wed Jun 1 19:25:17 2022] GET /placement/allocations/3c65d3aa-2a61-4ad3-af31-a48569d278a7 => generated 19 bytes in 16 msecs (HTTP/1.1 200) 8 headers in 295 bytes (1 switches on core 0)
Jun 01 19:25:17.631860 n-d-844325-1 devstack@placement-api.service[105411]: [pid: 105411|app: 0|req: 281/557] 10.222.0.13 () {60 vars in 1380 bytes} [Wed Jun 1 19:25:17 2022] GET /placement/allocations/fa075660-9748-4a0f-be6c-6dff92598189 => generated 19 bytes in 30 msecs (HTTP/1.1 200) 8 headers in 295 bytes (1 switches on core 0)
Jun 01 19:25:17.634824 n-d-844325-1 devstack@placement-api.service[105412]: DEBUG placement.requestlog [req-3bd884e0-013e-4afa-8fbf-e45c3abf2ae6 req-9ea0f214-ed22-4d90-8134-414b4c5ac8f6 None None] Starting request: 10.222.0.13 "PUT /placement/allocations/3c65d3aa-2a61-4ad3-af31-a48569d278a7" {{(pid=105412) __call__ /opt/stack/placement/placement/requestlog.py:55}}
Jun 01 19:25:17.635884 n-d-844325-1 devstack@placement-api.service[105411]: DEBUG placement.requestlog [req-8330eb08-9b32-4c40-a6ed-05f75383c683 req-4f4f07eb-ead5-4f6f-b211-901aa3d8818f None None] Starting request: 10.222.0.13 "PUT /placement/allocations/fa075660-9748-4a0f-be6c-6dff92598189" {{(pid=105411) __call__ /opt/stack/placement/placement/requestlog.py:55}}
Jun 01 19:25:17.720472 n-d-844325-1 devstack@placement-api.service[105412]: DEBUG dbcounter [-] [105412] Writing DB stats placement:SELECT=84,placement:DELETE=7,placement:INSERT=7,placement:UPDATE=2 {{(pid=105412) stat_writer /usr/local/lib/python3.8/dist-packages/dbcounter.py:114}}
Jun 01 19:25:17.741293 n-d-844325-1 devstack@placement-api.service[105412]: DEBUG placement.handlers.allocation [req-3bd884e0-013e-4afa-8fbf-e45c3abf2ae6 req-9ea0f214-ed22-4d90-8134-414b4c5ac8f6 service placement] Successfully wrote allocations [, , ] {{(pid=105412) _update_consumers_and_create_allocations /opt/stack/placement/placement/handlers/allocation.py:462}}
Jun 01 19:25:17.748397 n-d-844325-1 devstack@placement-api.service[105412]: INFO placement.requestlog [req-3bd884e0-013e-4afa-8fbf-e45c3abf2ae6 req-9ea0f214-ed22-4d90-8134-414b4c5ac8f6 service placement] 10.222.0.13 "PUT /placement/allocations/3c65d3aa-2a61-4ad3-af31-a48569d278a7" status: 204 len: 0 microversion: 1.36
Jun 01 19:25:17.748883 n-d-844325-1 devstack@placement-api.service[105412]: [pid: 105412|app: 0|req: 277/558] 10.222.0.13 () {64 vars in 1433 bytes} [Wed Jun 1 19:25:17 2022] PUT /placement/allocations/3c65d3aa-2a61-4ad3-af31-a48569d278a7 => generated 0 bytes in 114 msecs (HTTP/1.1 204) 5 headers in 199 bytes (1 switches on core 0)
Jun 01 19:25:17.761042 n-d-844325-1 devstack@placement-api.service[105411]: DEBUG placement.objects.allocation [req-8330eb08-9b32-4c40-a6ed-05f75383c683 req-4f4f07eb-ead5-4f6f-b211-901aa3d8818f service placement] Retrying allocations write on resource provider generation conflict {{(pid=105411) replace_all /opt/stack/placement/placement/objects/allocation.py:509}}
Jun 01 19:25:17.791987 n-d-844325-1 devstack@placement-api.service[105411]: DEBUG placement.handlers.allocation [req-8330eb08-9b32-4c40-a6ed-05f75383c683 req-4f4f07eb-ead5-4f6f-b211-901aa3d8818f service placement] Successfully wrote allocations [, , ] {{(pid=105411) _update_consumers_and_create_allocations /opt/stack/placement/placement/handlers/allocation.py:462}}
Jun 01 19:25:17.800254 n-d-844325-1 devstack@placement-api.service[105411]: INFO placement.requestlog [req-8330eb08-9b32-4c40-a6ed-05f75383c683 req-4f4f07eb-ead5-4f6f-b211-901aa3d8818f service placement] 10.222.0.13 "PUT /placement/allocations/fa075660-9748-4a0f-be6c-6dff92598189" status: 204 len: 0 microversion: 1.36
Jun 01 19:25:17.801088 n-d-844325-1 devstack@placement-api.service[105411]: [pid: 105411|app: 0|req: 282/559] 10.222.0.13 () {64 vars in 1433 bytes} [Wed Jun 1 19:25:17 2022] PUT /placement/allocations/fa075660-9748-4a0f-be6c-6dff92598189 => generated 0 bytes in 166 msecs (HTTP/1.1 204) 5 headers in 199 bytes (1 switches on core 0)
Jun 01 19:25:19.165139 n-d-844325-1 devstack@placement-api.service[105412]: DEBUG placement.requestlog [req-109dd573-77ba-4c5e-8f71-666acd911746 req-85134634-6ecc-4ef9-ad3b-6b5a488e5caf None None] Starting request: 10.222.0.13 "GET /placement/allocation_candidates?resources=DISK_GB%3A1%2CMEMORY_MB%3A1024%2CVCPU%3A1&root_required=%21COMPUTE_STATUS_DISABLED" {{(pid=105412) __call__ /opt/stack/placement/placement/requestlog.py:55}}
Jun 01 19:25:19.232228 n-d-844325-1 devstack@placement-api.service[105412]: DEBUG placement.objects.research_context [req-109dd573-77ba-4c5e-8f71-666acd911746 req-85134634-6ecc-4ef9-ad3b-6b5a488e5caf service placement] getting providers with 1 DISK_GB {{(pid=105412) __init__ /opt/stack/placement/placement/objects/research_context.py:136}}
Jun 01 19:25:19.241175 n-d-844325-1 devstack@placement-api.service[105412]: DEBUG placement.objects.research_context [req-109dd573-77ba-4c5e-8f71-666acd911746 req-85134634-6ecc-4ef9-ad3b-6b5a488e5caf service placement] getting providers with 1024 MEMORY_MB {{(pid=105412) __init__ /opt/stack/placement/placement/objects/research_context.py:136}}
Jun 01 19:25:19.253784 n-d-844325-1 devstack@placement-api.service[105412]: DEBUG placement.objects.research_context [req-109dd573-77ba-4c5e-8f71-666acd911746 req-85134634-6ecc-4ef9-ad3b-6b5a488e5caf service placement] getting providers with 1 VCPU {{(pid=105412) __init__ /opt/stack/placement/placement/objects/research_context.py:136}}
Jun 01 19:25:19.263501 n-d-844325-1 devstack@placement-api.service[105412]: DEBUG placement.objects.research_context [req-109dd573-77ba-4c5e-8f71-666acd911746 req-85134634-6ecc-4ef9-ad3b-6b5a488e5caf service placement] found 2 providers with available 1 DISK_GB {{(pid=105412) get_provider_ids_matching /opt/stack/placement/placement/objects/research_context.py:563}}
Jun 01 19:25:19.263849 n-d-844325-1 devstack@placement-api.service[105412]: DEBUG placement.objects.research_context [req-109dd573-77ba-4c5e-8f71-666acd911746 req-85134634-6ecc-4ef9-ad3b-6b5a488e5caf service placement] found 2 providers with available 1024 MEMORY_MB {{(pid=105412) get_provider_ids_matching /opt/stack/placement/placement/objects/research_context.py:563}}
Jun 01 19:25:19.264137 n-d-844325-1 devstack@placement-api.service[105412]: DEBUG placement.objects.research_context [req-109dd573-77ba-4c5e-8f71-666acd911746 req-85134634-6ecc-4ef9-ad3b-6b5a488e5caf service placement] found 2 providers after filtering by previous result {{(pid=105412) get_provider_ids_matching /opt/stack/placement/placement/objects/research_context.py:594}}
Jun 01 19:25:19.264401 n-d-844325-1 devstack@placement-api.service[105412]: DEBUG placement.objects.research_context [req-109dd573-77ba-4c5e-8f71-666acd911746 req-85134634-6ecc-4ef9-ad3b-6b5a488e5caf service placement] found 2 providers with available 1 VCPU {{(pid=105412) get_provider_ids_matching /opt/stack/placement/placement/objects/research_context.py:563}}
Jun 01 19:25:19.264667 n-d-844325-1 devstack@placement-api.service[105412]: DEBUG placement.objects.research_context [req-109dd573-77ba-4c5e-8f71-666acd911746 req-85134634-6ecc-4ef9-ad3b-6b5a488e5caf service placement] found 2 providers after filtering by previous result {{(pid=105412) get_provider_ids_matching /opt/stack/placement/placement/objects/research_context.py:594}}
Jun 01 19:25:19.277106 n-d-844325-1 devstack@placement-api.service[105412]: DEBUG placement.objects.allocation_candidate [req-109dd573-77ba-4c5e-8f71-666acd911746 req-85134634-6ecc-4ef9-ad3b-6b5a488e5caf service placement] RequestGroup(use_same_provider=False, resources={DISK_GB:1, MEMORY_MB:1024, VCPU:1}, traits=(), aggregates=[]) (suffix '') returned 2 matches {{(pid=105412) _get_by_requests /opt/stack/placement/placement/objects/allocation_candidate.py:156}}
Jun 01 19:25:19.277479 n-d-844325-1 devstack@placement-api.service[105412]: DEBUG placement.objects.allocation_candidate [req-109dd573-77ba-4c5e-8f71-666acd911746 req-85134634-6ecc-4ef9-ad3b-6b5a488e5caf service placement] Merging candidates yields 2 allocation requests and 2 provider summaries {{(pid=105412) _merge_candidates /opt/stack/placement/placement/objects/allocation_candidate.py:809}}
Jun 01 19:25:19.279212 n-d-844325-1 devstack@placement-api.service[105412]: INFO placement.requestlog [req-109dd573-77ba-4c5e-8f71-666acd911746 req-85134634-6ecc-4ef9-ad3b-6b5a488e5caf service placement] 10.222.0.13 "GET /placement/allocation_candidates?resources=DISK_GB%3A1%2CMEMORY_MB%3A1024%2CVCPU%3A1&root_required=%21COMPUTE_STATUS_DISABLED" status: 200 len: 1309 microversion: 1.36
Jun 01 19:25:19.280041 n-d-844325-1 devstack@placement-api.service[105412]: [pid: 105412|app: 0|req: 278/560] 10.222.0.13 () {60 vars in 1484 bytes} [Wed Jun 1 19:25:19 2022] GET /placement/allocation_candidates?resources=DISK_GB%3A1%2CMEMORY_MB%3A1024%2CVCPU%3A1&root_required=%21COMPUTE_STATUS_DISABLED => generated 1309 bytes in 115 msecs (HTTP/1.1 200) 8 headers in 297 bytes (1 switches on core 0)
Jun 01 19:25:19.346791 n-d-844325-1 devstack@placement-api.service[105411]: DEBUG placement.requestlog [req-109dd573-77ba-4c5e-8f71-666acd911746 req-6bca4390-0be9-44c9-a071-25fec436bab1 None None] Starting request: 10.222.0.13 "GET /placement/allocations/4d085a50-250b-41d8-a041-c3c9b050f93f" {{(pid=105411) __call__ /opt/stack/placement/placement/requestlog.py:55}}
Jun 01 19:25:19.376708 n-d-844325-1 devstack@placement-api.service[105411]: INFO placement.requestlog [req-109dd573-77ba-4c5e-8f71-666acd911746 req-6bca4390-0be9-44c9-a071-25fec436bab1 service placement] 10.222.0.13 "GET /placement/allocations/4d085a50-250b-41d8-a041-c3c9b050f93f" status: 200 len: 19 microversion: 1.28
Jun 01 19:25:19.386109 n-d-844325-1 devstack@placement-api.service[105411]: [pid: 105411|app: 0|req: 283/561] 10.222.0.13 () {60 vars in 1380 bytes} [Wed Jun 1 19:25:19 2022] GET /placement/allocations/4d085a50-250b-41d8-a041-c3c9b050f93f => generated 19 bytes in 39 msecs (HTTP/1.1 200) 8 headers in 295 bytes (1 switches on core 0)
Jun 01 19:25:19.390606 n-d-844325-1 devstack@placement-api.service[105412]: DEBUG placement.requestlog [req-109dd573-77ba-4c5e-8f71-666acd911746 req-d51d0b60-785e-4b9d-9534-65aec9930abb None None] Starting request: 10.222.0.13 "PUT /placement/allocations/4d085a50-250b-41d8-a041-c3c9b050f93f" {{(pid=105412) __call__ /opt/stack/placement/placement/requestlog.py:55}}
Jun 01 19:25:19.451377 n-d-844325-1 devstack@placement-api.service[105412]: DEBUG placement.handlers.allocation [req-109dd573-77ba-4c5e-8f71-666acd911746 req-d51d0b60-785e-4b9d-9534-65aec9930abb service placement] Successfully wrote allocations [, , ] {{(pid=105412) _update_consumers_and_create_allocations /opt/stack/placement/placement/handlers/allocation.py:462}}
Jun 01 19:25:19.454944 n-d-844325-1 devstack@placement-api.service[105412]: INFO placement.requestlog [req-109dd573-77ba-4c5e-8f71-666acd911746 req-d51d0b60-785e-4b9d-9534-65aec9930abb service placement] 10.222.0.13 "PUT /placement/allocations/4d085a50-250b-41d8-a041-c3c9b050f93f" status: 204 len: 0 microversion: 1.36
Jun 01 19:25:19.455350 n-d-844325-1 devstack@placement-api.service[105412]: [pid: 105412|app: 0|req: 279/562] 10.222.0.13 () {64 vars in 1433 bytes} [Wed Jun 1 19:25:19 2022] PUT /placement/allocations/4d085a50-250b-41d8-a041-c3c9b050f93f => generated 0 bytes in 65 msecs (HTTP/1.1 204) 5 headers in 199 bytes (1 switches on core 0)
Jun 01 19:25:19.749056 n-d-844325-1 devstack@placement-api.service[105411]: DEBUG placement.requestlog [req-8330eb08-9b32-4c40-a6ed-05f75383c683 req-a0d27c1f-861b-4fd9-8b32-5275bc411474 None None] Starting request: 10.222.0.45 "GET /placement/allocations/fa075660-9748-4a0f-be6c-6dff92598189" {{(pid=105411) __call__ /opt/stack/placement/placement/requestlog.py:55}}
Jun 01 19:25:19.785557 n-d-844325-1 devstack@placement-api.service[105411]: INFO placement.requestlog [req-8330eb08-9b32-4c40-a6ed-05f75383c683 req-a0d27c1f-861b-4fd9-8b32-5275bc411474 service placement] 10.222.0.45 "GET /placement/allocations/fa075660-9748-4a0f-be6c-6dff92598189" status: 200 len: 259 microversion: 1.28
Jun 01 19:25:19.788137 n-d-844325-1 devstack@placement-api.service[105411]: [pid: 105411|app: 0|req: 284/563] 10.222.0.45 () {60 vars in 1377 bytes} [Wed Jun 1 19:25:19 2022] GET /placement/allocations/fa075660-9748-4a0f-be6c-6dff92598189 => generated 259 bytes in 40 msecs (HTTP/1.1 200) 8 headers in 296 bytes (1 switches on core 0)
Jun 01 19:25:19.810106 n-d-844325-1 devstack@placement-api.service[105412]: DEBUG placement.requestlog [req-3bd884e0-013e-4afa-8fbf-e45c3abf2ae6 req-13a47680-dd63-4d9c-9a58-00c639198867 None None] Starting request: 10.222.0.45 "GET /placement/allocations/3c65d3aa-2a61-4ad3-af31-a48569d278a7" {{(pid=105412) __call__ /opt/stack/placement/placement/requestlog.py:55}}
Jun 01 19:25:19.859654 n-d-844325-1 devstack@placement-api.service[105412]: INFO placement.requestlog [req-3bd884e0-013e-4afa-8fbf-e45c3abf2ae6 req-13a47680-dd63-4d9c-9a58-00c639198867 service placement] 10.222.0.45 "GET /placement/allocations/3c65d3aa-2a61-4ad3-af31-a48569d278a7" status: 200 len: 259 microversion: 1.28
Jun 01 19:25:19.862939 n-d-844325-1 devstack@placement-api.service[105412]: [pid: 105412|app: 0|req: 280/564] 10.222.0.45 () {60 vars in 1377 bytes} [Wed Jun 1 19:25:19 2022] GET /placement/allocations/3c65d3aa-2a61-4ad3-af31-a48569d278a7 => generated 259 bytes in 53 msecs (HTTP/1.1 200) 8 headers in 296 bytes (1 switches on core 0)
Jun 01 19:25:20.644530 n-d-844325-1 devstack@placement-api.service[105411]: DEBUG placement.requestlog [req-109dd573-77ba-4c5e-8f71-666acd911746 req-5b2335a0-c0b0-48f6-ad44-acbc8a5f26e6 None None] Starting request: 10.222.0.39 "GET /placement/allocations/4d085a50-250b-41d8-a041-c3c9b050f93f" {{(pid=105411) __call__ /opt/stack/placement/placement/requestlog.py:55}}
Jun 01 19:25:20.667673 n-d-844325-1 devstack@placement-api.service[105411]: INFO placement.requestlog [req-109dd573-77ba-4c5e-8f71-666acd911746 req-5b2335a0-c0b0-48f6-ad44-acbc8a5f26e6 service placement] 10.222.0.39 "GET /placement/allocations/4d085a50-250b-41d8-a041-c3c9b050f93f" status: 200 len: 259 microversion: 1.28
Jun 01 19:25:20.668108 n-d-844325-1 devstack@placement-api.service[105411]: [pid: 105411|app: 0|req: 285/565] 10.222.0.39 () {60 vars in 1377 bytes} [Wed Jun 1 19:25:20 2022] GET /placement/allocations/4d085a50-250b-41d8-a041-c3c9b050f93f => generated 259 bytes in 24 msecs (HTTP/1.1 200) 8 headers in 296 bytes (1 switches on core 0)
Jun 01 19:25:21.512768 n-d-844325-1 devstack@placement-api.service[105412]: DEBUG placement.requestlog [req-b40fb167-0ec8-48e6-9bf1-cf2199bcec4f req-c2df24ce-6c56-45d9-b4bc-cbad9217da18 None None] Starting request: 10.222.0.13 "GET /placement/allocation_candidates?limit=1000&resources=DISK_GB%3A1%2CMEMORY_MB%3A1024%2CVCPU%3A1&root_required=%21COMPUTE_STATUS_DISABLED" {{(pid=105412) __call__ /opt/stack/placement/placement/requestlog.py:55}}
Jun 01 19:25:21.550903 n-d-844325-1 devstack@placement-api.service[105412]: DEBUG placement.objects.research_context [req-b40fb167-0ec8-48e6-9bf1-cf2199bcec4f req-c2df24ce-6c56-45d9-b4bc-cbad9217da18 service placement] getting providers with 1 DISK_GB {{(pid=105412) __init__ /opt/stack/placement/placement/objects/research_context.py:136}}
Jun 01 19:25:21.561924 n-d-844325-1 devstack@placement-api.service[105412]: DEBUG placement.objects.research_context [req-b40fb167-0ec8-48e6-9bf1-cf2199bcec4f req-c2df24ce-6c56-45d9-b4bc-cbad9217da18 service placement] getting providers with 1024 MEMORY_MB {{(pid=105412) __init__ /opt/stack/placement/placement/objects/research_context.py:136}}
Jun 01 19:25:21.565544 n-d-844325-1 devstack@placement-api.service[105411]: DEBUG placement.requestlog [req-ac5f5b20-d7c8-488c-bda7-47a93b0596a3 req-c1630bec-f32f-416b-ad70-592ba27e478e None None] Starting request: 10.222.0.45 "DELETE /placement/allocations/de62663a-66b3-4bdf-af0f-91d9c74b8b62" {{(pid=105411) __call__ /opt/stack/placement/placement/requestlog.py:55}}
Jun 01 19:25:21.585679 n-d-844325-1 devstack@placement-api.service[105412]: DEBUG placement.objects.research_context [req-b40fb167-0ec8-48e6-9bf1-cf2199bcec4f req-c2df24ce-6c56-45d9-b4bc-cbad9217da18 service placement] getting providers with 1 VCPU {{(pid=105412) __init__ /opt/stack/placement/placement/objects/research_context.py:136}}
Jun 01 19:25:21.595329 n-d-844325-1 devstack@placement-api.service[105412]: DEBUG placement.objects.research_context [req-b40fb167-0ec8-48e6-9bf1-cf2199bcec4f req-c2df24ce-6c56-45d9-b4bc-cbad9217da18 service placement] found 2 providers with available 1 DISK_GB {{(pid=105412) get_provider_ids_matching /opt/stack/placement/placement/objects/research_context.py:563}}
Jun 01 19:25:21.595913 n-d-844325-1 devstack@placement-api.service[105412]: DEBUG placement.objects.research_context [req-b40fb167-0ec8-48e6-9bf1-cf2199bcec4f req-c2df24ce-6c56-45d9-b4bc-cbad9217da18 service placement] found 2 providers with available 1024 MEMORY_MB {{(pid=105412) get_provider_ids_matching /opt/stack/placement/placement/objects/research_context.py:563}}
Jun 01 19:25:21.596442 n-d-844325-1 devstack@placement-api.service[105412]: DEBUG placement.objects.research_context [req-b40fb167-0ec8-48e6-9bf1-cf2199bcec4f req-c2df24ce-6c56-45d9-b4bc-cbad9217da18 service placement] found 2 providers after filtering by previous result {{(pid=105412) get_provider_ids_matching /opt/stack/placement/placement/objects/research_context.py:594}}
Jun 01 19:25:21.596865 n-d-844325-1 devstack@placement-api.service[105412]: DEBUG placement.objects.research_context [req-b40fb167-0ec8-48e6-9bf1-cf2199bcec4f req-c2df24ce-6c56-45d9-b4bc-cbad9217da18 service placement] found 2 providers with available 1 VCPU {{(pid=105412) get_provider_ids_matching /opt/stack/placement/placement/objects/research_context.py:563}}
Jun 01 19:25:21.597304 n-d-844325-1 devstack@placement-api.service[105412]: DEBUG placement.objects.research_context [req-b40fb167-0ec8-48e6-9bf1-cf2199bcec4f req-c2df24ce-6c56-45d9-b4bc-cbad9217da18 service placement] found 2 providers after filtering by previous result {{(pid=105412) get_provider_ids_matching /opt/stack/placement/placement/objects/research_context.py:594}}
Jun 01 19:25:21.614283 n-d-844325-1 devstack@placement-api.service[105412]: DEBUG placement.objects.allocation_candidate [req-b40fb167-0ec8-48e6-9bf1-cf2199bcec4f req-c2df24ce-6c56-45d9-b4bc-cbad9217da18 service placement] RequestGroup(use_same_provider=False, resources={DISK_GB:1, MEMORY_MB:1024, VCPU:1}, traits=(), aggregates=[]) (suffix '') returned 2 matches {{(pid=105412) _get_by_requests /opt/stack/placement/placement/objects/allocation_candidate.py:156}}
Jun 01 19:25:21.615470 n-d-844325-1 devstack@placement-api.service[105412]: DEBUG placement.objects.allocation_candidate [req-b40fb167-0ec8-48e6-9bf1-cf2199bcec4f req-c2df24ce-6c56-45d9-b4bc-cbad9217da18 service placement] Merging candidates yields 2 allocation requests and 2 provider summaries {{(pid=105412) _merge_candidates /opt/stack/placement/placement/objects/allocation_candidate.py:809}}
Jun 01 19:25:21.617268 n-d-844325-1 devstack@placement-api.service[105412]: INFO placement.requestlog [req-b40fb167-0ec8-48e6-9bf1-cf2199bcec4f req-c2df24ce-6c56-45d9-b4bc-cbad9217da18 service placement] 10.222.0.13 "GET /placement/allocation_candidates?limit=1000&resources=DISK_GB%3A1%2CMEMORY_MB%3A1024%2CVCPU%3A1&root_required=%21COMPUTE_STATUS_DISABLED" status: 200 len: 1309 microversion: 1.36
Jun 01 19:25:21.618118 n-d-844325-1 devstack@placement-api.service[105412]: [pid: 105412|app: 0|req: 281/566] 10.222.0.13 () {60 vars in 1506 bytes} [Wed Jun 1 19:25:21 2022] GET /placement/allocation_candidates?limit=1000&resources=DISK_GB%3A1%2CMEMORY_MB%3A1024%2CVCPU%3A1&root_required=%21COMPUTE_STATUS_DISABLED => generated 1309 bytes in 106 msecs (HTTP/1.1 200) 8 headers in 297 bytes (1 switches on core 0)
Jun 01 19:25:21.648323 n-d-844325-1 devstack@placement-api.service[105411]: DEBUG placement.handlers.allocation [req-ac5f5b20-d7c8-488c-bda7-47a93b0596a3 req-c1630bec-f32f-416b-ad70-592ba27e478e service placement] Successfully deleted allocations [, , ] {{(pid=105411) delete_allocations /opt/stack/placement/placement/handlers/allocation.py:627}}
Jun 01 19:25:21.648960 n-d-844325-1 devstack@placement-api.service[105411]: INFO placement.requestlog [req-ac5f5b20-d7c8-488c-bda7-47a93b0596a3 req-c1630bec-f32f-416b-ad70-592ba27e478e service placement] 10.222.0.45 "DELETE /placement/allocations/de62663a-66b3-4bdf-af0f-91d9c74b8b62" status: 204 len: 0 microversion: 1.0
Jun 01 19:25:21.649765 n-d-844325-1 devstack@placement-api.service[105411]: [pid: 105411|app: 0|req: 286/567] 10.222.0.45 () {60 vars in 1355 bytes} [Wed Jun 1 19:25:21 2022] DELETE /placement/allocations/de62663a-66b3-4bdf-af0f-91d9c74b8b62 => generated 0 bytes in 84 msecs (HTTP/1.1 204) 5 headers in 198 bytes (1 switches on core 0)
Jun 01 19:25:21.759904 n-d-844325-1 devstack@placement-api.service[105412]: DEBUG placement.requestlog [req-b40fb167-0ec8-48e6-9bf1-cf2199bcec4f req-25b85391-83fb-4bcc-bdac-6d579727931a None None] Starting request: 10.222.0.13 "GET /placement/allocations/4b5d10e6-8270-47a0-bde6-475bd8c9796a" {{(pid=105412) __call__ /opt/stack/placement/placement/requestlog.py:55}}
Jun 01 19:25:21.790943 n-d-844325-1 devstack@placement-api.service[105412]: INFO placement.requestlog [req-b40fb167-0ec8-48e6-9bf1-cf2199bcec4f req-25b85391-83fb-4bcc-bdac-6d579727931a service placement] 10.222.0.13 "GET /placement/allocations/4b5d10e6-8270-47a0-bde6-475bd8c9796a" status: 200 len: 19 microversion: 1.28
Jun 01 19:25:21.795367 n-d-844325-1 devstack@placement-api.service[105412]: [pid: 105412|app: 0|req: 282/568] 10.222.0.13 () {60 vars in 1380 bytes} [Wed Jun 1 19:25:21 2022] GET /placement/allocations/4b5d10e6-8270-47a0-bde6-475bd8c9796a => generated 19 bytes in 36 msecs (HTTP/1.1 200) 8 headers in 295 bytes (1 switches on core 0)
Jun 01 19:25:21.803820 n-d-844325-1 devstack@placement-api.service[105411]: DEBUG placement.requestlog [req-b40fb167-0ec8-48e6-9bf1-cf2199bcec4f req-17535ecb-59b4-473f-9c5b-4d490c3b4744 None None] Starting request: 10.222.0.13 "PUT /placement/allocations/4b5d10e6-8270-47a0-bde6-475bd8c9796a" {{(pid=105411) __call__ /opt/stack/placement/placement/requestlog.py:55}}
Jun 01 19:25:21.937578 n-d-844325-1 devstack@placement-api.service[105411]: DEBUG placement.handlers.allocation [req-b40fb167-0ec8-48e6-9bf1-cf2199bcec4f req-17535ecb-59b4-473f-9c5b-4d490c3b4744 service placement] Successfully wrote allocations [, , ] {{(pid=105411) _update_consumers_and_create_allocations /opt/stack/placement/placement/handlers/allocation.py:462}}
Jun 01 19:25:21.942831 n-d-844325-1 devstack@placement-api.service[105411]: INFO placement.requestlog [req-b40fb167-0ec8-48e6-9bf1-cf2199bcec4f req-17535ecb-59b4-473f-9c5b-4d490c3b4744 service placement] 10.222.0.13 "PUT /placement/allocations/4b5d10e6-8270-47a0-bde6-475bd8c9796a" status: 204 len: 0 microversion: 1.36
Jun 01 19:25:21.943756 n-d-844325-1 devstack@placement-api.service[105411]: [pid: 105411|app: 0|req: 287/569] 10.222.0.13 () {64 vars in 1433 bytes} [Wed Jun 1 19:25:21 2022] PUT /placement/allocations/4b5d10e6-8270-47a0-bde6-475bd8c9796a => generated 0 bytes in 140 msecs (HTTP/1.1 204) 5 headers in 199 bytes (1 switches on core 0)
Jun 01 19:25:23.165370 n-d-844325-1 devstack@placement-api.service[105412]: DEBUG placement.requestlog [req-bceb3fa3-a59b-4025-bd27-00737d25e0d5 req-e4aa0017-3164-4eb3-b5e2-eb4a01ba2e69 None None] Starting request: 10.222.0.45 "DELETE /placement/allocations/6d3bcae9-ed80-4298-8524-95aabe39107a" {{(pid=105412) __call__ /opt/stack/placement/placement/requestlog.py:55}}
Jun 01 19:25:23.232938 n-d-844325-1 devstack@placement-api.service[105412]: DEBUG placement.handlers.allocation [req-bceb3fa3-a59b-4025-bd27-00737d25e0d5 req-e4aa0017-3164-4eb3-b5e2-eb4a01ba2e69 service placement] Successfully deleted allocations [, , ] {{(pid=105412) delete_allocations /opt/stack/placement/placement/handlers/allocation.py:627}}
Jun 01 19:25:23.234022 n-d-844325-1 devstack@placement-api.service[105412]: INFO placement.requestlog [req-bceb3fa3-a59b-4025-bd27-00737d25e0d5 req-e4aa0017-3164-4eb3-b5e2-eb4a01ba2e69 service placement] 10.222.0.45 "DELETE /placement/allocations/6d3bcae9-ed80-4298-8524-95aabe39107a" status: 204 len: 0 microversion: 1.0
Jun 01 19:25:23.234568 n-d-844325-1 devstack@placement-api.service[105412]: [pid: 105412|app: 0|req: 283/570] 10.222.0.45 () {60 vars in 1355 bytes} [Wed Jun 1 19:25:23 2022] DELETE /placement/allocations/6d3bcae9-ed80-4298-8524-95aabe39107a => generated 0 bytes in 70 msecs (HTTP/1.1 204) 5 headers in 198 bytes (1 switches on core 0)
Jun 01 19:25:25.618611 n-d-844325-1 devstack@placement-api.service[105411]: DEBUG placement.requestlog [None req-ece5e3ca-f7e8-460c-8059-869ae258a2d4 None None] Starting request: 10.222.0.13 "GET /placement/resource_providers/13d7dfa7-bfc5-4b8a-bd61-c779d727b674/aggregates" {{(pid=105411) __call__ /opt/stack/placement/placement/requestlog.py:55}}
Jun 01 19:25:25.640018 n-d-844325-1 devstack@placement-api.service[105411]: INFO placement.requestlog [None req-ece5e3ca-f7e8-460c-8059-869ae258a2d4 service placement] 10.222.0.13 "GET /placement/resource_providers/13d7dfa7-bfc5-4b8a-bd61-c779d727b674/aggregates" status: 404 len: 235 microversion: 1.1
Jun 01 19:25:25.642978 n-d-844325-1 devstack@placement-api.service[105411]: [pid: 105411|app: 0|req: 288/571] 10.222.0.13 () {58 vars in 1362 bytes} [Wed Jun 1 19:25:25 2022] GET /placement/resource_providers/13d7dfa7-bfc5-4b8a-bd61-c779d727b674/aggregates => generated 235 bytes in 25 msecs (HTTP/1.1 404) 5 headers in 202 bytes (1 switches on core 0)
Jun 01 19:25:25.691655 n-d-844325-1 devstack@placement-api.service[105412]: DEBUG placement.requestlog [None req-f3a83ad1-2fb0-44f3-bd2f-a54ca8792457 None None] Starting request: 10.222.0.13 "DELETE /placement/resource_providers/13d7dfa7-bfc5-4b8a-bd61-c779d727b674" {{(pid=105412) __call__ /opt/stack/placement/placement/requestlog.py:55}}
Jun 01 19:25:25.708906 n-d-844325-1 devstack@placement-api.service[105412]: DEBUG placement.wsgi_wrapper [None req-f3a83ad1-2fb0-44f3-bd2f-a54ca8792457 service placement] Placement API returning an error response: No resource provider with uuid 13d7dfa7-bfc5-4b8a-bd61-c779d727b674 found for delete {{(pid=105412) call_func /opt/stack/placement/placement/wsgi_wrapper.py:31}}
Jun 01 19:25:25.710051 n-d-844325-1 devstack@placement-api.service[105412]: INFO placement.requestlog [None req-f3a83ad1-2fb0-44f3-bd2f-a54ca8792457 service placement] 10.222.0.13 "DELETE /placement/resource_providers/13d7dfa7-bfc5-4b8a-bd61-c779d727b674" status: 404 len: 246 microversion: 1.1
Jun 01 19:25:25.728375 n-d-844325-1 devstack@placement-api.service[105412]: [pid: 105412|app: 0|req: 284/572] 10.222.0.13 () {60 vars in 1351 bytes} [Wed Jun 1 19:25:25 2022] DELETE /placement/resource_providers/13d7dfa7-bfc5-4b8a-bd61-c779d727b674 => generated 246 bytes in 37 msecs (HTTP/1.1 404) 6 headers in 231 bytes (1 switches on core 0)
Jun 01 19:25:28.102179 n-d-844325-1 devstack@placement-api.service[105411]: DEBUG placement.requestlog [req-3915bb10-c983-4a20-a196-421a60e0ae80 req-18320c75-4fca-41dd-b039-cc38d2084c84 None None] Starting request: 10.222.0.39 "GET /placement/allocations/df410a51-7b7f-47d7-b32e-37fa566807cd" {{(pid=105411) __call__ /opt/stack/placement/placement/requestlog.py:55}}
Jun 01 19:25:28.134758 n-d-844325-1 devstack@placement-api.service[105411]: INFO placement.requestlog [req-3915bb10-c983-4a20-a196-421a60e0ae80 req-18320c75-4fca-41dd-b039-cc38d2084c84 service placement] 10.222.0.39 "GET /placement/allocations/df410a51-7b7f-47d7-b32e-37fa566807cd" status: 200 len: 259 microversion: 1.28
Jun 01 19:25:28.137663 n-d-844325-1 devstack@placement-api.service[105411]: [pid: 105411|app: 0|req: 289/573] 10.222.0.39 () {60 vars in 1377 bytes} [Wed Jun 1 19:25:28 2022] GET /placement/allocations/df410a51-7b7f-47d7-b32e-37fa566807cd => generated 259 bytes in 37 msecs (HTTP/1.1 200) 8 headers in 296 bytes (1 switches on core 0)
Jun 01 19:25:34.540081 n-d-844325-1 devstack@placement-api.service[105412]: DEBUG placement.requestlog [req-0a12a662-c552-4634-9b4d-a33ec7fea929 req-99edadbb-7e40-4876-a210-125bce03ef27 None None] Starting request: 10.222.0.13 "GET /placement/allocation_candidates?limit=1000&resources=DISK_GB%3A1%2CMEMORY_MB%3A1024%2CVCPU%3A1&root_required=%21COMPUTE_STATUS_DISABLED" {{(pid=105412) __call__ /opt/stack/placement/placement/requestlog.py:55}}
Jun 01 19:25:34.624409 n-d-844325-1 devstack@placement-api.service[105412]: DEBUG placement.objects.research_context [req-0a12a662-c552-4634-9b4d-a33ec7fea929 req-99edadbb-7e40-4876-a210-125bce03ef27 service placement] getting providers with 1 DISK_GB {{(pid=105412) __init__ /opt/stack/placement/placement/objects/research_context.py:136}}
