Jun 01 19:17:27.608604 n-d-844325-1 devstack@n-api.service[119339]: X-Service-Catalog: [{"type": "volumev3", "name": "cinderv3", "endpoints": [{"region": "RegionOne", "publicURL": "http://10.222.0.13/volume/v3/1147590671f843c68a35f1b7042732f3"}]}, {"type": "network", "name": "neutron", "endpoints": [{"region": "RegionOne", "publicURL": "http://10.222.0.13:9696/"}]}, {"type": "block-storage", "name": "cinder", "endpoints": [{"region": "RegionOne", "publicURL": "http://10.222.0.13/volume/v3/1147590671f843c68a35f1b7042732f3"}]}, {"type": "identity", "name": "keystone", "endpoints": [{"region": "RegionOne", "publicURL": "http://10.222.0.13/identity"}]}, {"type": "compute", "name": "nova", "endpoints": [{"region": "RegionOne", "publicURL": "http://10.222.0.13/compute/v2.1"}]}, {"type": "image", "name": "glance", "endpoints": [{"region": "RegionOne", "publicURL": "http://10.222.0.13/image"}]}, {"type": "compute_legacy", "name": "nova_legacy", "endpoints": [{"region": "RegionOne", "publicURL": "http://10.222.0.13/compute/v2/1147590671f843c68a35f1b7042732f3"}]}, {"type": "placement", "name": "placement", "endpoints": [{"region": "RegionOne", "publicURL": "http://10.222.0.13/placement"}]}, {"type": "object-store", "name": "swift", "endpoints": [{"region": "RegionOne", "adminURL": "http://10.222.0.13:8080", "publicURL": "http://10.222.0.13:8080/v1/AUTH_1147590671f843c68a35f1b7042732f3"}]}]
Jun 01 19:17:27.608604 n-d-844325-1 devstack@n-api.service[119339]: X-Tenant: tempest-HypervisorAdminNegativeUnderV252Test-35655339
Jun 01 19:17:27.608604 n-d-844325-1 devstack@n-api.service[119339]: X-Tenant-Id: 1147590671f843c68a35f1b7042732f3
Jun 01 19:17:27.608604 n-d-844325-1 devstack@n-api.service[119339]: X-Tenant-Name: tempest-HypervisorAdminNegativeUnderV252Test-35655339
Jun 01 19:17:27.608604 n-d-844325-1 devstack@n-api.service[119339]: X-User: tempest-HypervisorAdminNegativeUnderV252Test-35655339-project-admin
Jun 01 19:17:27.608604 n-d-844325-1 devstack@n-api.service[119339]: X-User-Domain-Id: default
Jun 01 19:17:27.608604 n-d-844325-1 devstack@n-api.service[119339]: X-User-Domain-Name: Default
Jun 01 19:17:27.608604 n-d-844325-1 devstack@n-api.service[119339]: X-User-Id: 2111c537b02c49e5941de6c3c4db2179
Jun 01 19:17:27.608604 n-d-844325-1 devstack@n-api.service[119339]: X-User-Name: tempest-HypervisorAdminNegativeUnderV252Test-35655339-project-admin
Jun 01 19:17:27.608604 n-d-844325-1 devstack@n-api.service[119339]: method:
Jun 01 19:17:27.608604 n-d-844325-1 devstack@n-api.service[119339]: exception: No hypervisor matching 'c0324e4c-9451-49ed-b633-4db632b06372' could be found.
Jun 01 19:17:27.608604 n-d-844325-1 devstack@n-api.service[119339]: action_args: {'id': 'c0324e4c-9451-49ed-b633-4db632b06372'}
Jun 01 19:17:27.609261 n-d-844325-1 devstack@n-api.service[119339]: {{(pid=119339) _process_stack /opt/stack/nova/nova/api/openstack/wsgi.py:541}}
Jun 01 19:17:27.609261 n-d-844325-1 devstack@n-api.service[119339]: ERROR nova.api.openstack.wsgi
Traceback (most recent call last):
Jun 01 19:17:27.609261 n-d-844325-1 devstack@n-api.service[119339]: ERROR nova.api.openstack.wsgi
File "/opt/stack/nova/nova/api/openstack/wsgi.py", line 539, in _process_stack
Jun 01 19:17:27.609261 n-d-844325-1 devstack@n-api.service[119339]: ERROR nova.api.openstack.wsgi action_result = self.dispatch(meth, request, action_args)
Jun 01 19:17:27.609261 n-d-844325-1 devstack@n-api.service[119339]: ERROR nova.api.openstack.wsgi
File "/opt/stack/nova/nova/api/openstack/wsgi.py", line 630, in dispatch
Jun 01 19:17:27.609261 n-d-844325-1 devstack@n-api.service[119339]: ERROR nova.api.openstack.wsgi return method(req=request, **action_args)
Jun 01 19:17:27.609261 n-d-844325-1 devstack@n-api.service[119339]: ERROR nova.api.openstack.wsgi
File "/opt/stack/nova/nova/api/openstack/wsgi.py", line 794, in version_select
Jun 01 19:17:27.609261 n-d-844325-1 devstack@n-api.service[119339]: ERROR nova.api.openstack.wsgi return func.func(self, *args, **kwargs)
Jun 01 19:17:27.609261 n-d-844325-1 devstack@n-api.service[119339]: ERROR nova.api.openstack.wsgi
File "/opt/stack/nova/nova/api/openstack/wsgi.py", line 664, in wrapped
Jun 01 19:17:27.609261 n-d-844325-1 devstack@n-api.service[119339]: ERROR nova.api.openstack.wsgi return f(*args, **kwargs)
Jun 01 19:17:27.609261 n-d-844325-1 devstack@n-api.service[119339]: ERROR nova.api.openstack.wsgi
File "/opt/stack/nova/nova/api/openstack/compute/hypervisors.py", line 482, in servers
Jun 01 19:17:27.609261 n-d-844325-1 devstack@n-api.service[119339]: ERROR nova.api.openstack.wsgi compute_nodes = self._get_compute_nodes_by_name_pattern(context, id)
Jun 01 19:17:27.609261 n-d-844325-1 devstack@n-api.service[119339]: ERROR nova.api.openstack.wsgi
File "/opt/stack/nova/nova/api/openstack/compute/hypervisors.py", line 139, in _get_compute_nodes_by_name_pattern
Jun 01 19:17:27.609261 n-d-844325-1 devstack@n-api.service[119339]: ERROR nova.api.openstack.wsgi raise webob.exc.HTTPNotFound(explanation=msg)
Jun 01 19:17:27.609261 n-d-844325-1 devstack@n-api.service[119339]: ERROR nova.api.openstack.wsgi webob.exc.HTTPNotFound: No hypervisor matching 'c0324e4c-9451-49ed-b633-4db632b06372' could be found.
Jun 01 19:17:27.609261 n-d-844325-1 devstack@n-api.service[119339]: ERROR nova.api.openstack.wsgi
Jun 01 19:17:27.609261 n-d-844325-1 devstack@n-api.service[119339]: ERROR nova.api.openstack.wsgi During handling of the above exception, another exception occurred:
Jun 01 19:17:27.609261 n-d-844325-1 devstack@n-api.service[119339]: ERROR nova.api.openstack.wsgi
Jun 01 19:17:27.609261 n-d-844325-1 devstack@n-api.service[119339]: ERROR nova.api.openstack.wsgi
Traceback (most recent call last):
Jun 01 19:17:27.610234 n-d-844325-1 devstack@n-api.service[119339]: ERROR nova.api.openstack.wsgi
File "/opt/stack/nova/nova/api/openstack/wsgi.py", line 539, in _process_stack
Jun 01 19:17:27.610234 n-d-844325-1 devstack@n-api.service[119339]: ERROR nova.api.openstack.wsgi action_result = self.dispatch(meth, request, action_args)
Jun 01 19:17:27.610234 n-d-844325-1 devstack@n-api.service[119339]: ERROR nova.api.openstack.wsgi
File "/opt/stack/nova/nova/api/openstack/wsgi.py", line 372, in __exit__
Jun 01 19:17:27.610234 n-d-844325-1 devstack@n-api.service[119339]: ERROR nova.api.openstack.wsgi raise Fault(ex_value)
Jun 01 19:17:27.610234 n-d-844325-1 devstack@n-api.service[119339]: ERROR nova.api.openstack.wsgi nova.api.openstack.wsgi.Fault: No hypervisor matching 'c0324e4c-9451-49ed-b633-4db632b06372' could be found.
Jun 01 19:17:27.610234 n-d-844325-1 devstack@n-api.service[119339]: ERROR nova.api.openstack.wsgi
Jun 01 19:17:27.610234 n-d-844325-1 devstack@n-api.service[119339]: DEBUG nova.api.openstack.wsgi [None req-3b7ab593-cd9b-4031-b50d-95801e73b121 tempest-HypervisorAdminNegativeUnderV252Test-35655339 tempest-HypervisorAdminNegativeUnderV252Test-35655339-project-admin] Returning 404 to user: No hypervisor matching 'c0324e4c-9451-49ed-b633-4db632b06372' could be found. {{(pid=119339) __call__ /opt/stack/nova/nova/api/openstack/wsgi.py:942}}
Jun 01 19:17:27.611113 n-d-844325-1 devstack@n-api.service[119339]: INFO nova.api.openstack.requestlog [None req-3b7ab593-cd9b-4031-b50d-95801e73b121 tempest-HypervisorAdminNegativeUnderV252Test-35655339 tempest-HypervisorAdminNegativeUnderV252Test-35655339-project-admin] 10.222.0.13 "GET /compute/v2.1/os-hypervisors/c0324e4c-9451-49ed-b633-4db632b06372/servers" status: 404 len: 123 microversion: 2.1 time: 0.025446
Jun 01 19:17:27.613607 n-d-844325-1 devstack@n-api.service[119339]: [pid: 119339|app: 0|req: 105/218] 10.222.0.13 () {58 vars in 1280 bytes} [Wed Jun 1 19:17:27 2022] GET /compute/v2.1/os-hypervisors/c0324e4c-9451-49ed-b633-4db632b06372/servers => generated 123 bytes in 30 msecs (HTTP/1.1 404) 9 headers in 379 bytes (1 switches on core 0)
Jun 01 19:17:27.808298 n-d-844325-1 devstack@n-api.service[119340]: INFO nova.api.openstack.requestlog [None req-c0e0134b-29fe-411b-a72b-bb6ffe16aee4 tempest-AggregatesAdminTestJSON-1311956001 tempest-AggregatesAdminTestJSON-1311956001-project-admin] 10.222.0.13 "POST /compute/v2.1/os-aggregates/2/action" status: 200 len: 297 microversion: 2.1 time: 0.263699
Jun 01 19:17:27.814592 n-d-844325-1 devstack@n-api.service[119340]: [pid: 119340|app: 0|req: 114/219] 10.222.0.13 () {60 vars in 1190 bytes} [Wed Jun 1 19:17:27 2022] POST /compute/v2.1/os-aggregates/2/action => generated 297 bytes in 271 msecs (HTTP/1.1 200) 9 headers in 357 bytes (2 switches on core 0)
Jun 01 19:17:27.820172 n-d-844325-1 devstack@n-api.service[119339]: DEBUG nova.api.openstack.wsgi [None req-39993afb-a6a8-45de-aa53-b4073e2adcef tempest-AggregatesAdminTestJSON-1311956001 tempest-AggregatesAdminTestJSON-1311956001-project-admin] Calling method '>' {{(pid=119339) _process_stack /opt/stack/nova/nova/api/openstack/wsgi.py:513}}
Jun 01 19:17:27.821174 n-d-844325-1 devstack@n-api.service[119339]: /usr/local/lib/python3.8/dist-packages/oslo_policy/policy.py:1129: UserWarning: Policy "os_compute_api:os-aggregates:delete": "rule:context_is_admin" failed scope check. The token used to make the request was project scoped but the policy requires ['system'] scope. This behavior may change in the future where using the intended scope is required
Jun 01 19:17:27.821174 n-d-844325-1 devstack@n-api.service[119339]: warnings.warn(msg)
Jun 01 19:17:27.856146 n-d-844325-1 devstack@n-api.service[119339]: INFO nova.api.openstack.requestlog [None req-39993afb-a6a8-45de-aa53-b4073e2adcef tempest-AggregatesAdminTestJSON-1311956001 tempest-AggregatesAdminTestJSON-1311956001-project-admin] 10.222.0.13 "DELETE /compute/v2.1/os-aggregates/2" status: 200 len: 0 microversion: 2.1 time: 0.040483
Jun 01 19:17:27.857556 n-d-844325-1 devstack@n-api.service[119339]: [pid: 119339|app: 0|req: 106/220] 10.222.0.13 () {58 vars in 1151 bytes} [Wed Jun 1 19:17:27 2022] DELETE /compute/v2.1/os-aggregates/2 => generated 0 bytes in 43 msecs (HTTP/1.1 200) 9 headers in 355 bytes (1 switches on core 0)
Jun 01 19:17:27.880702 n-d-844325-1 devstack@n-api.service[119340]: DEBUG nova.api.openstack.wsgi [None req-c3c23949-fa77-42dd-b91f-c6158d17167e tempest-AggregatesAdminTestJSON-1311956001 tempest-AggregatesAdminTestJSON-1311956001-project-admin] Action: 'create', calling method: >, body: {"aggregate": {"name": "tempest-test_aggregate-1667923208"}} {{(pid=119340) _process_stack /opt/stack/nova/nova/api/openstack/wsgi.py:511}}
Jun 01 19:17:27.889369 n-d-844325-1 devstack@n-api.service[119340]: /usr/local/lib/python3.8/dist-packages/oslo_policy/policy.py:1129: UserWarning: Policy "os_compute_api:os-aggregates:create": "rule:context_is_admin" failed scope check. The token used to make the request was project scoped but the policy requires ['system'] scope. This behavior may change in the future where using the intended scope is required
Jun 01 19:17:27.889369 n-d-844325-1 devstack@n-api.service[119340]: warnings.warn(msg)
Jun 01 19:17:27.891236 n-d-844325-1 devstack@n-api.service[119340]: DEBUG nova.objects.aggregate [None req-c3c23949-fa77-42dd-b91f-c6158d17167e tempest-AggregatesAdminTestJSON-1311956001 tempest-AggregatesAdminTestJSON-1311956001-project-admin] Generated uuid e3b4e476-5810-4ca6-84fd-b5f3cf6955ce for aggregate {{(pid=119340) create /opt/stack/nova/nova/objects/aggregate.py:298}}
Jun 01 19:17:27.908858 n-d-844325-1 devstack@n-api.service[119339]: DEBUG nova.api.openstack.wsgi [None req-88be1705-1d39-4a55-8072-4cdeac1e4c60 tempest-MigrationsAdminTest-1206081435 tempest-MigrationsAdminTest-1206081435-project] Calling method '>' {{(pid=119339) _process_stack /opt/stack/nova/nova/api/openstack/wsgi.py:513}}
Jun 01 19:17:27.909552 n-d-844325-1 devstack@n-api.service[119339]: DEBUG nova.compute.api [None req-88be1705-1d39-4a55-8072-4cdeac1e4c60 tempest-MigrationsAdminTest-1206081435 tempest-MigrationsAdminTest-1206081435-project] [instance: 75793dc4-900d-4667-8482-3366465e06c5] Fetching instance by UUID {{(pid=119339) get /opt/stack/nova/nova/compute/api.py:2920}}
Jun 01 19:17:27.917705 n-d-844325-1 devstack@n-api.service[119339]: DEBUG oslo_concurrency.lockutils [None req-88be1705-1d39-4a55-8072-4cdeac1e4c60 tempest-MigrationsAdminTest-1206081435 tempest-MigrationsAdminTest-1206081435-project] Lock "f714e645-3f22-4ece-8405-66b939a6a523" acquired by "nova.context.set_target_cell..get_or_set_cached_cell_and_set_connections" :: waited 0.000s {{(pid=119339) inner /usr/local/lib/python3.8/dist-packages/oslo_concurrency/lockutils.py:386}}
Jun 01 19:17:27.918637 n-d-844325-1 devstack@n-api.service[119339]: DEBUG oslo_concurrency.lockutils [None req-88be1705-1d39-4a55-8072-4cdeac1e4c60 tempest-MigrationsAdminTest-1206081435 tempest-MigrationsAdminTest-1206081435-project] Lock "f714e645-3f22-4ece-8405-66b939a6a523" "released" by "nova.context.set_target_cell..get_or_set_cached_cell_and_set_connections" :: held 0.001s {{(pid=119339) inner /usr/local/lib/python3.8/dist-packages/oslo_concurrency/lockutils.py:400}}
Jun 01 19:17:27.919753 n-d-844325-1 devstack@n-api.service[119339]: DEBUG oslo_concurrency.lockutils [None req-88be1705-1d39-4a55-8072-4cdeac1e4c60 tempest-MigrationsAdminTest-1206081435 tempest-MigrationsAdminTest-1206081435-project] Lock "f714e645-3f22-4ece-8405-66b939a6a523" acquired by "nova.context.set_target_cell..get_or_set_cached_cell_and_set_connections" :: waited 0.000s {{(pid=119339) inner /usr/local/lib/python3.8/dist-packages/oslo_concurrency/lockutils.py:386}}
Jun 01 19:17:27.920534 n-d-844325-1 devstack@n-api.service[119339]: DEBUG oslo_concurrency.lockutils [None req-88be1705-1d39-4a55-8072-4cdeac1e4c60 tempest-MigrationsAdminTest-1206081435 tempest-MigrationsAdminTest-1206081435-project] Lock "f714e645-3f22-4ece-8405-66b939a6a523" "released" by "nova.context.set_target_cell..get_or_set_cached_cell_and_set_connections" :: held 0.001s {{(pid=119339) inner /usr/local/lib/python3.8/dist-packages/oslo_concurrency/lockutils.py:400}}
Jun 01 19:17:27.925536 n-d-844325-1 devstack@n-api.service[119340]: INFO nova.api.openstack.requestlog [None req-c3c23949-fa77-42dd-b91f-c6158d17167e tempest-AggregatesAdminTestJSON-1311956001 tempest-AggregatesAdminTestJSON-1311956001-project-admin] 10.222.0.13 "POST /compute/v2.1/os-aggregates" status: 200 len: 198 microversion: 2.1 time: 0.052433
Jun 01 19:17:27.932437 n-d-844325-1 devstack@n-api.service[119340]: [pid: 119340|app: 0|req: 115/221] 10.222.0.13 () {60 vars in 1163 bytes} [Wed Jun 1 19:17:27 2022] POST /compute/v2.1/os-aggregates => generated 198 bytes in 54 msecs (HTTP/1.1 200) 9 headers in 357 bytes (1 switches on core 0)
Jun 01 19:17:27.944709 n-d-844325-1 devstack@n-api.service[119340]: DEBUG nova.api.openstack.wsgi [None req-9e1827bc-e1ff-4986-9c5a-d9dd782814fb tempest-AggregatesAdminTestJSON-1311956001 tempest-AggregatesAdminTestJSON-1311956001-project-admin] Action: 'action', calling method: >, body: {"add_host": {"host": "n-h1-844325-1"}} {{(pid=119340) _process_stack /opt/stack/nova/nova/api/openstack/wsgi.py:511}}
Jun 01 19:17:27.951403 n-d-844325-1 devstack@n-api.service[119340]: /usr/local/lib/python3.8/dist-packages/oslo_policy/policy.py:1129: UserWarning: Policy "os_compute_api:os-aggregates:add_host": "rule:context_is_admin" failed scope check. The token used to make the request was project scoped but the policy requires ['system'] scope. This behavior may change in the future where using the intended scope is required
Jun 01 19:17:27.951403 n-d-844325-1 devstack@n-api.service[119340]: warnings.warn(msg)
Jun 01 19:17:27.974153 n-d-844325-1 devstack@n-api.service[119340]: DEBUG oslo_concurrency.lockutils [None req-9e1827bc-e1ff-4986-9c5a-d9dd782814fb tempest-AggregatesAdminTestJSON-1311956001 tempest-AggregatesAdminTestJSON-1311956001-project-admin] Lock "f714e645-3f22-4ece-8405-66b939a6a523" acquired by "nova.context.set_target_cell..get_or_set_cached_cell_and_set_connections" :: waited 0.000s {{(pid=119340) inner /usr/local/lib/python3.8/dist-packages/oslo_concurrency/lockutils.py:386}}
Jun 01 19:17:27.975800 n-d-844325-1 devstack@n-api.service[119340]: DEBUG oslo_concurrency.lockutils [None req-9e1827bc-e1ff-4986-9c5a-d9dd782814fb tempest-AggregatesAdminTestJSON-1311956001 tempest-AggregatesAdminTestJSON-1311956001-project-admin] Lock "f714e645-3f22-4ece-8405-66b939a6a523" "released" by "nova.context.set_target_cell..get_or_set_cached_cell_and_set_connections" :: held 0.002s {{(pid=119340) inner /usr/local/lib/python3.8/dist-packages/oslo_concurrency/lockutils.py:400}}
Jun 01 19:17:28.169428 n-d-844325-1 devstack@n-api.service[119340]: INFO nova.api.openstack.requestlog [None req-9e1827bc-e1ff-4986-9c5a-d9dd782814fb tempest-AggregatesAdminTestJSON-1311956001 tempest-AggregatesAdminTestJSON-1311956001-project-admin] 10.222.0.13 "POST /compute/v2.1/os-aggregates/3/action" status: 200 len: 242 microversion: 2.1 time: 0.234756
Jun 01 19:17:28.171075 n-d-844325-1 devstack@n-api.service[119340]: [pid: 119340|app: 0|req: 116/222] 10.222.0.13 () {60 vars in 1190 bytes} [Wed Jun 1 19:17:27 2022] POST /compute/v2.1/os-aggregates/3/action => generated 242 bytes in 238 msecs (HTTP/1.1 200) 9 headers in 357 bytes (1 switches on core 0)
Jun 01 19:17:28.183801 n-d-844325-1 devstack@n-api.service[119340]: DEBUG nova.api.openstack.wsgi [req-b52d3c0a-3669-4aab-8652-0991e9a37271 req-db21f750-91de-4fde-8f31-ea212521d298 service nova] Action: 'create', calling method: >, body: {"events": [{"name": "network-changed", "server_uuid": "414b0293-5aad-4506-96e2-6e4f202b5eca", "tag": "4285bd8a-dd84-4062-9067-0487a54c790f"}]} {{(pid=119340) _process_stack /opt/stack/nova/nova/api/openstack/wsgi.py:511}}
Jun 01 19:17:28.211895 n-d-844325-1 devstack@n-api.service[119340]: DEBUG oslo_concurrency.lockutils [req-b52d3c0a-3669-4aab-8652-0991e9a37271 req-db21f750-91de-4fde-8f31-ea212521d298 service nova] Lock "f714e645-3f22-4ece-8405-66b939a6a523" acquired by "nova.context.set_target_cell..get_or_set_cached_cell_and_set_connections" :: waited 0.000s {{(pid=119340) inner /usr/local/lib/python3.8/dist-packages/oslo_concurrency/lockutils.py:386}}
Jun 01 19:17:28.213423 n-d-844325-1 devstack@n-api.service[119340]: DEBUG oslo_concurrency.lockutils [req-b52d3c0a-3669-4aab-8652-0991e9a37271 req-db21f750-91de-4fde-8f31-ea212521d298 service nova] Lock "f714e645-3f22-4ece-8405-66b939a6a523" "released" by "nova.context.set_target_cell..get_or_set_cached_cell_and_set_connections" :: held 0.004s {{(pid=119340) inner /usr/local/lib/python3.8/dist-packages/oslo_concurrency/lockutils.py:400}}
Jun 01 19:17:28.240458 n-d-844325-1 devstack@n-api.service[119340]: INFO nova.api.openstack.compute.server_external_events [req-b52d3c0a-3669-4aab-8652-0991e9a37271 req-db21f750-91de-4fde-8f31-ea212521d298 service nova] Creating event network-changed:4285bd8a-dd84-4062-9067-0487a54c790f for instance 414b0293-5aad-4506-96e2-6e4f202b5eca on n-h1-844325-1
Jun 01 19:17:28.247957 n-d-844325-1 devstack@n-api.service[119340]: INFO nova.api.openstack.requestlog [req-b52d3c0a-3669-4aab-8652-0991e9a37271 req-db21f750-91de-4fde-8f31-ea212521d298 service nova] 10.222.0.13 "POST /compute/v2.1/os-server-external-events" status: 200 len: 179 microversion: 2.1 time: 0.075621
Jun 01 19:17:28.249773 n-d-844325-1 devstack@n-api.service[119340]: [pid: 119340|app: 0|req: 117/223] 10.222.0.13 () {64 vars in 1317 bytes} [Wed Jun 1 19:17:28 2022] POST /compute/v2.1/os-server-external-events => generated 179 bytes in 78 msecs (HTTP/1.1 200) 9 headers in 357 bytes (1 switches on core 0)
Jun 01 19:17:28.256759 n-d-844325-1 devstack@n-api.service[119340]: DEBUG nova.api.openstack.wsgi [None req-d0f79ad7-9ca6-4ac5-90a4-eeaf8f4d3878 tempest-DeleteServersAdminTestJSON-518263103 tempest-DeleteServersAdminTestJSON-518263103-project] Calling method '>' {{(pid=119340) _process_stack /opt/stack/nova/nova/api/openstack/wsgi.py:513}}
Jun 01 19:17:28.258397 n-d-844325-1 devstack@n-api.service[119340]: DEBUG nova.compute.api [None req-d0f79ad7-9ca6-4ac5-90a4-eeaf8f4d3878 tempest-DeleteServersAdminTestJSON-518263103 tempest-DeleteServersAdminTestJSON-518263103-project] [instance: 414b0293-5aad-4506-96e2-6e4f202b5eca] Fetching instance by UUID {{(pid=119340) get /opt/stack/nova/nova/compute/api.py:2920}}
Jun 01 19:17:28.266185 n-d-844325-1 devstack@n-api.service[119340]: DEBUG oslo_concurrency.lockutils [None req-d0f79ad7-9ca6-4ac5-90a4-eeaf8f4d3878 tempest-DeleteServersAdminTestJSON-518263103 tempest-DeleteServersAdminTestJSON-518263103-project] Lock "f714e645-3f22-4ece-8405-66b939a6a523" acquired by "nova.context.set_target_cell..get_or_set_cached_cell_and_set_connections" :: waited 0.000s {{(pid=119340) inner /usr/local/lib/python3.8/dist-packages/oslo_concurrency/lockutils.py:386}}
Jun 01 19:17:28.268270 n-d-844325-1 devstack@n-api.service[119340]: DEBUG oslo_concurrency.lockutils [None req-d0f79ad7-9ca6-4ac5-90a4-eeaf8f4d3878 tempest-DeleteServersAdminTestJSON-518263103 tempest-DeleteServersAdminTestJSON-518263103-project] Lock "f714e645-3f22-4ece-8405-66b939a6a523" "released" by "nova.context.set_target_cell..get_or_set_cached_cell_and_set_connections" :: held 0.001s {{(pid=119340) inner /usr/local/lib/python3.8/dist-packages/oslo_concurrency/lockutils.py:400}}
Jun 01 19:17:28.269246 n-d-844325-1 devstack@n-api.service[119340]: DEBUG oslo_concurrency.lockutils [None req-d0f79ad7-9ca6-4ac5-90a4-eeaf8f4d3878 tempest-DeleteServersAdminTestJSON-518263103 tempest-DeleteServersAdminTestJSON-518263103-project] Lock "f714e645-3f22-4ece-8405-66b939a6a523" acquired by "nova.context.set_target_cell..get_or_set_cached_cell_and_set_connections" :: waited 0.000s {{(pid=119340) inner /usr/local/lib/python3.8/dist-packages/oslo_concurrency/lockutils.py:386}}
Jun 01 19:17:28.269835 n-d-844325-1 devstack@n-api.service[119340]: DEBUG oslo_concurrency.lockutils [None req-d0f79ad7-9ca6-4ac5-90a4-eeaf8f4d3878 tempest-DeleteServersAdminTestJSON-518263103 tempest-DeleteServersAdminTestJSON-518263103-project] Lock "f714e645-3f22-4ece-8405-66b939a6a523" "released" by "nova.context.set_target_cell..get_or_set_cached_cell_and_set_connections" :: held 0.001s {{(pid=119340) inner /usr/local/lib/python3.8/dist-packages/oslo_concurrency/lockutils.py:400}}
Jun 01 19:17:28.368540 n-d-844325-1 devstack@n-api.service[119339]: DEBUG nova.policy [None req-88be1705-1d39-4a55-8072-4cdeac1e4c60 tempest-MigrationsAdminTest-1206081435 tempest-MigrationsAdminTest-1206081435-project] Policy check for os_compute_api:os-extended-server-attributes failed with credentials {'is_admin': False, 'user_id': 'b4bef5abbf40499e9340da12d960c62b', 'user_domain_id': 'default', 'system_scope': None, 'domain_id': None, 'project_id': 'e1121ccd9bc944288ee572949fa356cc', 'project_domain_id': 'default', 'roles': ['reader', 'member'], 'is_admin_project': True, 'service_user_id': None, 'service_user_domain_id': None, 'service_project_id': None, 'service_project_domain_id': None, 'service_roles': []} {{(pid=119339) authorize /opt/stack/nova/nova/policy.py:199}}
Jun 01 19:17:28.378872 n-d-844325-1 devstack@n-api.service[119339]: INFO nova.api.openstack.requestlog [None req-88be1705-1d39-4a55-8072-4cdeac1e4c60 tempest-MigrationsAdminTest-1206081435 tempest-MigrationsAdminTest-1206081435-project] 10.222.0.13 "GET /compute/v2.1/servers/75793dc4-900d-4667-8482-3366465e06c5" status: 200 len: 1313 microversion: 2.1 time: 0.477005
Jun 01 19:17:28.381882 n-d-844325-1 devstack@n-api.service[119339]: [pid: 119339|app: 0|req: 107/224] 10.222.0.13 () {58 vars in 1235 bytes} [Wed Jun 1 19:17:27 2022] GET /compute/v2.1/servers/75793dc4-900d-4667-8482-3366465e06c5 => generated 1313 bytes in 482 msecs (HTTP/1.1 200) 9 headers in 358 bytes (1 switches on core 0)
Jun 01 19:17:28.395076 n-d-844325-1 devstack@n-api.service[119339]: DEBUG nova.api.openstack.wsgi [None req-0957ca20-7adf-4f40-9b37-c29d099a8da0 tempest-AggregatesAdminTestJSON-1311956001 tempest-AggregatesAdminTestJSON-1311956001-project-admin] Calling method '>' {{(pid=119339) _process_stack /opt/stack/nova/nova/api/openstack/wsgi.py:513}}
Jun 01 19:17:28.396178 n-d-844325-1 devstack@n-api.service[119339]: /usr/local/lib/python3.8/dist-packages/oslo_policy/policy.py:1129: UserWarning: Policy "os_compute_api:os-aggregates:show": "rule:context_is_admin" failed scope check. The token used to make the request was project scoped but the policy requires ['system'] scope. This behavior may change in the future where using the intended scope is required
Jun 01 19:17:28.396178 n-d-844325-1 devstack@n-api.service[119339]: warnings.warn(msg)
Jun 01 19:17:28.413916 n-d-844325-1 devstack@n-api.service[119339]: INFO nova.api.openstack.requestlog [None req-0957ca20-7adf-4f40-9b37-c29d099a8da0 tempest-AggregatesAdminTestJSON-1311956001 tempest-AggregatesAdminTestJSON-1311956001-project-admin] 10.222.0.13 "GET /compute/v2.1/os-aggregates/3" status: 200 len: 242 microversion: 2.1 time: 0.030778
Jun 01 19:17:28.414900 n-d-844325-1 devstack@n-api.service[119339]: [pid: 119339|app: 0|req: 108/225] 10.222.0.13 () {58 vars in 1148 bytes} [Wed Jun 1 19:17:28 2022] GET /compute/v2.1/os-aggregates/3 => generated 242 bytes in 32 msecs (HTTP/1.1 200) 9 headers in 357 bytes (1 switches on core 0)
Jun 01 19:17:28.423386 n-d-844325-1 devstack@n-api.service[119339]: DEBUG nova.api.openstack.wsgi [None req-eb0b82c1-8c3a-4c3f-95e9-56d14cf24135 tempest-ServerDiagnosticsNegativeTest-178812368 tempest-ServerDiagnosticsNegativeTest-178812368-project] Calling method '>' {{(pid=119339) _process_stack /opt/stack/nova/nova/api/openstack/wsgi.py:513}}
Jun 01 19:17:28.428382 n-d-844325-1 devstack@n-api.service[119339]: DEBUG nova.compute.api [None req-eb0b82c1-8c3a-4c3f-95e9-56d14cf24135 tempest-ServerDiagnosticsNegativeTest-178812368 tempest-ServerDiagnosticsNegativeTest-178812368-project] [instance: 6ac62771-65b6-4d05-9252-5117a7d5d318] Fetching instance by UUID {{(pid=119339) get /opt/stack/nova/nova/compute/api.py:2920}}
Jun 01 19:17:28.435831 n-d-844325-1 devstack@n-api.service[119339]: DEBUG oslo_concurrency.lockutils [None req-eb0b82c1-8c3a-4c3f-95e9-56d14cf24135 tempest-ServerDiagnosticsNegativeTest-178812368 tempest-ServerDiagnosticsNegativeTest-178812368-project] Lock "f714e645-3f22-4ece-8405-66b939a6a523" acquired by "nova.context.set_target_cell..get_or_set_cached_cell_and_set_connections" :: waited 0.000s {{(pid=119339) inner /usr/local/lib/python3.8/dist-packages/oslo_concurrency/lockutils.py:386}}
Jun 01 19:17:28.438567 n-d-844325-1 devstack@n-api.service[119339]: DEBUG oslo_concurrency.lockutils [None req-eb0b82c1-8c3a-4c3f-95e9-56d14cf24135 tempest-ServerDiagnosticsNegativeTest-178812368 tempest-ServerDiagnosticsNegativeTest-178812368-project] Lock "f714e645-3f22-4ece-8405-66b939a6a523" "released" by "nova.context.set_target_cell..get_or_set_cached_cell_and_set_connections" :: held 0.003s {{(pid=119339) inner /usr/local/lib/python3.8/dist-packages/oslo_concurrency/lockutils.py:400}}
Jun 01 19:17:28.440994 n-d-844325-1 devstack@n-api.service[119339]: DEBUG oslo_concurrency.lockutils [None req-eb0b82c1-8c3a-4c3f-95e9-56d14cf24135 tempest-ServerDiagnosticsNegativeTest-178812368 tempest-ServerDiagnosticsNegativeTest-178812368-project] Lock "f714e645-3f22-4ece-8405-66b939a6a523" acquired by "nova.context.set_target_cell..get_or_set_cached_cell_and_set_connections" :: waited 0.000s {{(pid=119339) inner /usr/local/lib/python3.8/dist-packages/oslo_concurrency/lockutils.py:386}}
Jun 01 19:17:28.444430 n-d-844325-1 devstack@n-api.service[119339]: DEBUG oslo_concurrency.lockutils [None req-eb0b82c1-8c3a-4c3f-95e9-56d14cf24135 tempest-ServerDiagnosticsNegativeTest-178812368 tempest-ServerDiagnosticsNegativeTest-178812368-project] Lock "f714e645-3f22-4ece-8405-66b939a6a523" "released" by "nova.context.set_target_cell..get_or_set_cached_cell_and_set_connections" :: held 0.003s {{(pid=119339) inner /usr/local/lib/python3.8/dist-packages/oslo_concurrency/lockutils.py:400}}
Jun 01 19:17:28.601669 n-d-844325-1 devstack@n-api.service[119339]: DEBUG nova.policy [None req-eb0b82c1-8c3a-4c3f-95e9-56d14cf24135 tempest-ServerDiagnosticsNegativeTest-178812368 tempest-ServerDiagnosticsNegativeTest-178812368-project] Policy check for os_compute_api:os-extended-server-attributes failed with credentials {'is_admin': False, 'user_id': '7652e104d9064500afaf0e93f93a8251', 'user_domain_id': 'default', 'system_scope': None, 'domain_id': None, 'project_id': '5a513d32c9444146883cc2cb9d2d1a9c', 'project_domain_id': 'default', 'roles': ['reader', 'member'], 'is_admin_project': True, 'service_user_id': None, 'service_user_domain_id': None, 'service_project_id': None, 'service_project_domain_id': None, 'service_roles': []} {{(pid=119339) authorize /opt/stack/nova/nova/policy.py:199}}
Jun 01 19:17:28.613391 n-d-844325-1 devstack@n-api.service[119340]: DEBUG nova.policy [None req-d0f79ad7-9ca6-4ac5-90a4-eeaf8f4d3878 tempest-DeleteServersAdminTestJSON-518263103 tempest-DeleteServersAdminTestJSON-518263103-project] Policy check for os_compute_api:os-extended-server-attributes failed with credentials {'is_admin': False, 'user_id': 'b9336985eee24ff3a929a8bfbf026e1b', 'user_domain_id': 'default', 'system_scope': None, 'domain_id': None, 'project_id': '353ae938189b428d83b57f2b2385e45d', 'project_domain_id': 'default', 'roles': ['reader', 'member'], 'is_admin_project': True, 'service_user_id': None, 'service_user_domain_id': None, 'service_project_id': None, 'service_project_domain_id': None, 'service_roles': []} {{(pid=119340) authorize /opt/stack/nova/nova/policy.py:199}}
Jun 01 19:17:28.616111 n-d-844325-1 devstack@n-api.service[119339]: INFO nova.api.openstack.requestlog [None req-eb0b82c1-8c3a-4c3f-95e9-56d14cf24135 tempest-ServerDiagnosticsNegativeTest-178812368 tempest-ServerDiagnosticsNegativeTest-178812368-project] 10.222.0.13 "GET /compute/v2.1/servers/6ac62771-65b6-4d05-9252-5117a7d5d318" status: 200 len: 1280 microversion: 2.1 time: 0.199765
Jun 01 19:17:28.616971 n-d-844325-1 devstack@n-api.service[119339]: [pid: 119339|app: 0|req: 109/226] 10.222.0.13 () {58 vars in 1235 bytes} [Wed Jun 1 19:17:28 2022] GET /compute/v2.1/servers/6ac62771-65b6-4d05-9252-5117a7d5d318 => generated 1280 bytes in 201 msecs (HTTP/1.1 200) 9 headers in 358 bytes (1 switches on core 0)
Jun 01 19:17:28.621767 n-d-844325-1 devstack@n-api.service[119339]: DEBUG nova.api.openstack.wsgi [None req-91ab5632-ff8a-4231-8ba6-ec7a4aebc512 tempest-AggregatesAdminTestJSON-1311956001 tempest-AggregatesAdminTestJSON-1311956001-project-admin] Action: 'action', calling method: >, body: {"remove_host": {"host": "n-h1-844325-1"}} {{(pid=119339) _process_stack /opt/stack/nova/nova/api/openstack/wsgi.py:511}}
Jun 01 19:17:28.622186 n-d-844325-1 devstack@n-api.service[119340]: INFO nova.api.openstack.requestlog [None req-d0f79ad7-9ca6-4ac5-90a4-eeaf8f4d3878 tempest-DeleteServersAdminTestJSON-518263103 tempest-DeleteServersAdminTestJSON-518263103-project] 10.222.0.13 "GET /compute/v2.1/servers/414b0293-5aad-4506-96e2-6e4f202b5eca" status: 200 len: 1319 microversion: 2.1 time: 0.371089
Jun 01 19:17:28.631828 n-d-844325-1 devstack@n-api.service[119340]: [pid: 119340|app: 0|req: 118/227] 10.222.0.13 () {58 vars in 1235 bytes} [Wed Jun 1 19:17:28 2022] GET /compute/v2.1/servers/414b0293-5aad-4506-96e2-6e4f202b5eca => generated 1319 bytes in 376 msecs (HTTP/1.1 200) 9 headers in 358 bytes (1 switches on core 0)
Jun 01 19:17:28.633539 n-d-844325-1 devstack@n-api.service[119339]: /usr/local/lib/python3.8/dist-packages/oslo_policy/policy.py:1129: UserWarning: Policy "os_compute_api:os-aggregates:remove_host": "rule:context_is_admin" failed scope check. The token used to make the request was project scoped but the policy requires ['system'] scope. This behavior may change in the future where using the intended scope is required
Jun 01 19:17:28.633539 n-d-844325-1 devstack@n-api.service[119339]: warnings.warn(msg)
Jun 01 19:17:28.638146 n-d-844325-1 devstack@n-api.service[119340]: DEBUG nova.api.openstack.wsgi [None req-e9ee5716-bca8-4d21-90c7-d31d4e47c7e4 tempest-ServersAdmin275Test-144812608 tempest-ServersAdmin275Test-144812608-project] Calling method '>' {{(pid=119340) _process_stack /opt/stack/nova/nova/api/openstack/wsgi.py:513}}
Jun 01 19:17:28.638981 n-d-844325-1 devstack@n-api.service[119340]: DEBUG nova.compute.api [None req-e9ee5716-bca8-4d21-90c7-d31d4e47c7e4 tempest-ServersAdmin275Test-144812608 tempest-ServersAdmin275Test-144812608-project] [instance: 08b98b73-61b8-4302-836e-cd0fad57f6a4] Fetching instance by UUID {{(pid=119340) get /opt/stack/nova/nova/compute/api.py:2920}}
Jun 01 19:17:28.644371 n-d-844325-1 devstack@n-api.service[119339]: DEBUG oslo_concurrency.lockutils [None req-91ab5632-ff8a-4231-8ba6-ec7a4aebc512 tempest-AggregatesAdminTestJSON-1311956001 tempest-AggregatesAdminTestJSON-1311956001-project-admin] Lock "f714e645-3f22-4ece-8405-66b939a6a523" acquired by "nova.context.set_target_cell..get_or_set_cached_cell_and_set_connections" :: waited 0.000s {{(pid=119339) inner /usr/local/lib/python3.8/dist-packages/oslo_concurrency/lockutils.py:386}}
Jun 01 19:17:28.644961 n-d-844325-1 devstack@n-api.service[119339]: DEBUG oslo_concurrency.lockutils [None req-91ab5632-ff8a-4231-8ba6-ec7a4aebc512 tempest-AggregatesAdminTestJSON-1311956001 tempest-AggregatesAdminTestJSON-1311956001-project-admin] Lock "f714e645-3f22-4ece-8405-66b939a6a523" "released" by "nova.context.set_target_cell..get_or_set_cached_cell_and_set_connections" :: held 0.002s {{(pid=119339) inner /usr/local/lib/python3.8/dist-packages/oslo_concurrency/lockutils.py:400}}
Jun 01 19:17:28.660263 n-d-844325-1 devstack@n-api.service[119340]: DEBUG oslo_concurrency.lockutils [None req-e9ee5716-bca8-4d21-90c7-d31d4e47c7e4 tempest-ServersAdmin275Test-144812608 tempest-ServersAdmin275Test-144812608-project] Lock "f714e645-3f22-4ece-8405-66b939a6a523" acquired by "nova.context.set_target_cell..get_or_set_cached_cell_and_set_connections" :: waited 0.003s {{(pid=119340) inner /usr/local/lib/python3.8/dist-packages/oslo_concurrency/lockutils.py:386}}
Jun 01 19:17:28.665295 n-d-844325-1 devstack@n-api.service[119340]: DEBUG oslo_concurrency.lockutils [None req-e9ee5716-bca8-4d21-90c7-d31d4e47c7e4 tempest-ServersAdmin275Test-144812608 tempest-ServersAdmin275Test-144812608-project] Lock "f714e645-3f22-4ece-8405-66b939a6a523" "released" by "nova.context.set_target_cell..get_or_set_cached_cell_and_set_connections" :: held 0.004s {{(pid=119340) inner /usr/local/lib/python3.8/dist-packages/oslo_concurrency/lockutils.py:400}}
Jun 01 19:17:28.666301 n-d-844325-1 devstack@n-api.service[119340]: DEBUG oslo_concurrency.lockutils [None req-e9ee5716-bca8-4d21-90c7-d31d4e47c7e4 tempest-ServersAdmin275Test-144812608 tempest-ServersAdmin275Test-144812608-project] Lock "f714e645-3f22-4ece-8405-66b939a6a523" acquired by "nova.context.set_target_cell..get_or_set_cached_cell_and_set_connections" :: waited 0.000s {{(pid=119340) inner /usr/local/lib/python3.8/dist-packages/oslo_concurrency/lockutils.py:386}}
Jun 01 19:17:28.666852 n-d-844325-1 devstack@n-api.service[119340]: DEBUG oslo_concurrency.lockutils [None req-e9ee5716-bca8-4d21-90c7-d31d4e47c7e4 tempest-ServersAdmin275Test-144812608 tempest-ServersAdmin275Test-144812608-project] Lock "f714e645-3f22-4ece-8405-66b939a6a523" "released" by "nova.context.set_target_cell..get_or_set_cached_cell_and_set_connections" :: held 0.001s {{(pid=119340) inner /usr/local/lib/python3.8/dist-packages/oslo_concurrency/lockutils.py:400}}
Jun 01 19:17:28.781383 n-d-844325-1 devstack@n-api.service[119339]: INFO nova.api.openstack.requestlog [None req-91ab5632-ff8a-4231-8ba6-ec7a4aebc512 tempest-AggregatesAdminTestJSON-1311956001 tempest-AggregatesAdminTestJSON-1311956001-project-admin] 10.222.0.13 "POST /compute/v2.1/os-aggregates/3/action" status: 200 len: 227 microversion: 2.1 time: 0.163146
Jun 01 19:17:28.781984 n-d-844325-1 devstack@n-api.service[119339]: [pid: 119339|app: 0|req: 110/228] 10.222.0.13 () {60 vars in 1190 bytes} [Wed Jun 1 19:17:28 2022] POST /compute/v2.1/os-aggregates/3/action => generated 227 bytes in 164 msecs (HTTP/1.1 200) 9 headers in 357 bytes (1 switches on core 0)
Jun 01 19:17:28.795331 n-d-844325-1 devstack@n-api.service[119340]: DEBUG nova.policy [None req-e9ee5716-bca8-4d21-90c7-d31d4e47c7e4 tempest-ServersAdmin275Test-144812608 tempest-ServersAdmin275Test-144812608-project] Policy check for os_compute_api:os-extended-server-attributes failed with credentials {'is_admin': False, 'user_id': '9318a231cf054ea99dfdfafdfb67f839', 'user_domain_id': 'default', 'system_scope': None, 'domain_id': None, 'project_id': '3f367696daf8490688a6e918ab08b87d', 'project_domain_id': 'default', 'roles': ['reader', 'member'], 'is_admin_project': True, 'service_user_id': None, 'service_user_domain_id': None, 'service_project_id': None, 'service_project_domain_id': None, 'service_roles': []} {{(pid=119340) authorize /opt/stack/nova/nova/policy.py:199}}
Jun 01 19:17:28.796045 n-d-844325-1 devstack@n-api.service[119339]: DEBUG nova.api.openstack.wsgi [req-a3d20180-cd2c-432e-b6b5-5b3c34ba728b req-cb4deab2-1b19-40a5-a3e2-163b340b4fa2 service nova] Action: 'create', calling method: >, body: {"events": [{"server_uuid": "75793dc4-900d-4667-8482-3366465e06c5", "name": "network-vif-plugged", "status": "completed", "tag": "c0235ad5-3371-4623-952e-30493ef8936b"}]} {{(pid=119339) _process_stack /opt/stack/nova/nova/api/openstack/wsgi.py:511}}
Jun 01 19:17:28.806905 n-d-844325-1 devstack@n-api.service[119339]: DEBUG oslo_concurrency.lockutils [req-a3d20180-cd2c-432e-b6b5-5b3c34ba728b req-cb4deab2-1b19-40a5-a3e2-163b340b4fa2 service nova] Lock "f714e645-3f22-4ece-8405-66b939a6a523" acquired by "nova.context.set_target_cell..get_or_set_cached_cell_and_set_connections" :: waited 0.000s {{(pid=119339) inner /usr/local/lib/python3.8/dist-packages/oslo_concurrency/lockutils.py:386}}
Jun 01 19:17:28.807527 n-d-844325-1 devstack@n-api.service[119339]: DEBUG oslo_concurrency.lockutils [req-a3d20180-cd2c-432e-b6b5-5b3c34ba728b req-cb4deab2-1b19-40a5-a3e2-163b340b4fa2 service nova] Lock "f714e645-3f22-4ece-8405-66b939a6a523" "released" by "nova.context.set_target_cell..get_or_set_cached_cell_and_set_connections" :: held 0.001s {{(pid=119339) inner /usr/local/lib/python3.8/dist-packages/oslo_concurrency/lockutils.py:400}}
Jun 01 19:17:28.814599 n-d-844325-1 devstack@n-api.service[119340]: DEBUG nova.policy [None req-e9ee5716-bca8-4d21-90c7-d31d4e47c7e4 tempest-ServersAdmin275Test-144812608 tempest-ServersAdmin275Test-144812608-project] Policy check for os_compute_api:servers:show:host_status failed with credentials {'is_admin': False, 'user_id': '9318a231cf054ea99dfdfafdfb67f839', 'user_domain_id': 'default', 'system_scope': None, 'domain_id': None, 'project_id': '3f367696daf8490688a6e918ab08b87d', 'project_domain_id': 'default', 'roles': ['reader', 'member'], 'is_admin_project': True, 'service_user_id': None, 'service_user_domain_id': None, 'service_project_id': None, 'service_project_domain_id': None, 'service_roles': []} {{(pid=119340) authorize /opt/stack/nova/nova/policy.py:199}}
Jun 01 19:17:28.818474 n-d-844325-1 devstack@n-api.service[119340]: DEBUG nova.policy [None req-e9ee5716-bca8-4d21-90c7-d31d4e47c7e4 tempest-ServersAdmin275Test-144812608 tempest-ServersAdmin275Test-144812608-project] Policy check for os_compute_api:servers:show:host_status:unknown-only failed with credentials {'is_admin': False, 'user_id': '9318a231cf054ea99dfdfafdfb67f839', 'user_domain_id': 'default', 'system_scope': None, 'domain_id': None, 'project_id': '3f367696daf8490688a6e918ab08b87d', 'project_domain_id': 'default', 'roles': ['reader', 'member'], 'is_admin_project': True, 'service_user_id': None, 'service_user_domain_id': None, 'service_project_id': None, 'service_project_domain_id': None, 'service_roles': []} {{(pid=119340) authorize /opt/stack/nova/nova/policy.py:199}}
Jun 01 19:17:28.824374 n-d-844325-1 devstack@n-api.service[119339]: INFO nova.api.openstack.compute.server_external_events [req-a3d20180-cd2c-432e-b6b5-5b3c34ba728b req-cb4deab2-1b19-40a5-a3e2-163b340b4fa2 service nova] Creating event network-vif-plugged:c0235ad5-3371-4623-952e-30493ef8936b for instance 75793dc4-900d-4667-8482-3366465e06c5 on n-h2-844325-1
Jun 01 19:17:28.833391 n-d-844325-1 devstack@n-api.service[119339]: INFO nova.api.openstack.requestlog [req-a3d20180-cd2c-432e-b6b5-5b3c34ba728b req-cb4deab2-1b19-40a5-a3e2-163b340b4fa2 service nova] 10.222.0.13 "POST /compute/v2.1/os-server-external-events" status: 200 len: 183 microversion: 2.1 time: 0.049864
Jun 01 19:17:28.833603 n-d-844325-1 devstack@n-api.service[119340]: INFO nova.api.openstack.requestlog [None req-e9ee5716-bca8-4d21-90c7-d31d4e47c7e4 tempest-ServersAdmin275Test-144812608 tempest-ServersAdmin275Test-144812608-project] 10.222.0.13 "GET /compute/v2.1/servers/08b98b73-61b8-4302-836e-cd0fad57f6a4" status: 200 len: 1447 microversion: 2.75 time: 0.202990
Jun 01 19:17:28.840030 n-d-844325-1 devstack@n-api.service[119339]: [pid: 119339|app: 0|req: 111/230] 10.222.0.13 () {64 vars in 1317 bytes} [Wed Jun 1 19:17:28 2022] POST /compute/v2.1/os-server-external-events => generated 183 bytes in 57 msecs (HTTP/1.1 200) 9 headers in 357 bytes (1 switches on core 0)
Jun 01 19:17:28.845482 n-d-844325-1 devstack@n-api.service[119340]: [pid: 119340|app: 0|req: 119/230] 10.222.0.13 () {60 vars in 1276 bytes} [Wed Jun 1 19:17:28 2022] GET /compute/v2.1/servers/08b98b73-61b8-4302-836e-cd0fad57f6a4 => generated 1447 bytes in 207 msecs (HTTP/1.1 200) 9 headers in 360 bytes (1 switches on core 0)
Jun 01 19:17:28.852911 n-d-844325-1 devstack@n-api.service[119339]: DEBUG nova.api.openstack.wsgi [None req-c6f2d146-659c-4f36-8f71-086d78011298 tempest-AggregatesAdminTestJSON-1311956001 tempest-AggregatesAdminTestJSON-1311956001-project-admin] Calling method '>' {{(pid=119339) _process_stack /opt/stack/nova/nova/api/openstack/wsgi.py:513}}
Jun 01 19:17:28.855367 n-d-844325-1 devstack@n-api.service[119339]: /usr/local/lib/python3.8/dist-packages/oslo_policy/policy.py:1129: UserWarning: Policy "os_compute_api:os-aggregates:delete": "rule:context_is_admin" failed scope check. The token used to make the request was project scoped but the policy requires ['system'] scope. This behavior may change in the future where using the intended scope is required
Jun 01 19:17:28.855367 n-d-844325-1 devstack@n-api.service[119339]: warnings.warn(msg)
Jun 01 19:17:28.902580 n-d-844325-1 devstack@n-api.service[119339]: INFO nova.api.openstack.requestlog [None req-c6f2d146-659c-4f36-8f71-086d78011298 tempest-AggregatesAdminTestJSON-1311956001 tempest-AggregatesAdminTestJSON-1311956001-project-admin] 10.222.0.13 "DELETE /compute/v2.1/os-aggregates/3" status: 200 len: 0 microversion: 2.1 time: 0.060873
Jun 01 19:17:28.905831 n-d-844325-1 devstack@n-api.service[119339]: [pid: 119339|app: 0|req: 112/231] 10.222.0.13 () {58 vars in 1151 bytes} [Wed Jun 1 19:17:28 2022] DELETE /compute/v2.1/os-aggregates/3 => generated 0 bytes in 62 msecs (HTTP/1.1 200) 9 headers in 355 bytes (1 switches on core 0)
Jun 01 19:17:28.914979 n-d-844325-1 devstack@n-api.service[119340]: DEBUG nova.api.openstack.wsgi [None req-87d2503a-76cd-410b-afdc-4c08e4e4b076 tempest-AggregatesAdminTestJSON-1311956001 tempest-AggregatesAdminTestJSON-1311956001-project-admin] Action: 'create', calling method: >, body: {"aggregate": {"name": "tempest-test_aggregate-117723894"}} {{(pid=119340) _process_stack /opt/stack/nova/nova/api/openstack/wsgi.py:511}}
Jun 01 19:17:28.916545 n-d-844325-1 devstack@n-api.service[119340]: /usr/local/lib/python3.8/dist-packages/oslo_policy/policy.py:1129: UserWarning: Policy "os_compute_api:os-aggregates:create": "rule:context_is_admin" failed scope check. The token used to make the request was project scoped but the policy requires ['system'] scope. This behavior may change in the future where using the intended scope is required
Jun 01 19:17:28.916545 n-d-844325-1 devstack@n-api.service[119340]: warnings.warn(msg)
Jun 01 19:17:28.917559 n-d-844325-1 devstack@n-api.service[119340]: DEBUG nova.objects.aggregate [None req-87d2503a-76cd-410b-afdc-4c08e4e4b076 tempest-AggregatesAdminTestJSON-1311956001 tempest-AggregatesAdminTestJSON-1311956001-project-admin] Generated uuid f82b9f6f-de07-4dc9-bdac-d04f374bf6a8 for aggregate {{(pid=119340) create /opt/stack/nova/nova/objects/aggregate.py:298}}
Jun 01 19:17:28.947952 n-d-844325-1 devstack@n-api.service[119340]: INFO nova.api.openstack.requestlog [None req-87d2503a-76cd-410b-afdc-4c08e4e4b076 tempest-AggregatesAdminTestJSON-1311956001 tempest-AggregatesAdminTestJSON-1311956001-project-admin] 10.222.0.13 "POST /compute/v2.1/os-aggregates" status: 200 len: 197 microversion: 2.1 time: 0.038042
Jun 01 19:17:28.948933 n-d-844325-1 devstack@n-api.service[119340]: [pid: 119340|app: 0|req: 120/232] 10.222.0.13 () {60 vars in 1163 bytes} [Wed Jun 1 19:17:28 2022] POST /compute/v2.1/os-aggregates => generated 197 bytes in 40 msecs (HTTP/1.1 200) 9 headers in 357 bytes (1 switches on core 0)
Jun 01 19:17:28.958494 n-d-844325-1 devstack@n-api.service[119339]: DEBUG nova.api.openstack.wsgi [None req-343417aa-dcd4-4c54-b411-700a0c54748d tempest-AggregatesAdminTestJSON-1311956001 tempest-AggregatesAdminTestJSON-1311956001-project-admin] Action: 'action', calling method: >, body: {"add_host": {"host": "n-h1-844325-1"}} {{(pid=119339) _process_stack /opt/stack/nova/nova/api/openstack/wsgi.py:511}}
Jun 01 19:17:28.959939 n-d-844325-1 devstack@n-api.service[119339]: /usr/local/lib/python3.8/dist-packages/oslo_policy/policy.py:1129: UserWarning: Policy "os_compute_api:os-aggregates:add_host": "rule:context_is_admin" failed scope check. The token used to make the request was project scoped but the policy requires ['system'] scope. This behavior may change in the future where using the intended scope is required
Jun 01 19:17:28.959939 n-d-844325-1 devstack@n-api.service[119339]: warnings.warn(msg)
Jun 01 19:17:28.968953 n-d-844325-1 devstack@n-api.service[119339]: DEBUG oslo_concurrency.lockutils [None req-343417aa-dcd4-4c54-b411-700a0c54748d tempest-AggregatesAdminTestJSON-1311956001 tempest-AggregatesAdminTestJSON-1311956001-project-admin] Lock "f714e645-3f22-4ece-8405-66b939a6a523" acquired by "nova.context.set_target_cell..get_or_set_cached_cell_and_set_connections" :: waited 0.000s {{(pid=119339) inner /usr/local/lib/python3.8/dist-packages/oslo_concurrency/lockutils.py:386}}
Jun 01 19:17:28.969677 n-d-844325-1 devstack@n-api.service[119339]: DEBUG oslo_concurrency.lockutils [None req-343417aa-dcd4-4c54-b411-700a0c54748d tempest-AggregatesAdminTestJSON-1311956001 tempest-AggregatesAdminTestJSON-1311956001-project-admin] Lock "f714e645-3f22-4ece-8405-66b939a6a523" "released" by "nova.context.set_target_cell..get_or_set_cached_cell_and_set_connections" :: held 0.001s {{(pid=119339) inner /usr/local/lib/python3.8/dist-packages/oslo_concurrency/lockutils.py:400}}
Jun 01 19:17:29.125478 n-d-844325-1 devstack@n-api.service[119339]: INFO nova.api.openstack.requestlog [None req-343417aa-dcd4-4c54-b411-700a0c54748d tempest-AggregatesAdminTestJSON-1311956001 tempest-AggregatesAdminTestJSON-1311956001-project-admin] 10.222.0.13 "POST /compute/v2.1/os-aggregates/4/action" status: 200 len: 241 microversion: 2.1 time: 0.170741
Jun 01 19:17:29.126895 n-d-844325-1 devstack@n-api.service[119339]: [pid: 119339|app: 0|req: 113/233] 10.222.0.13 () {60 vars in 1190 bytes} [Wed Jun 1 19:17:28 2022] POST /compute/v2.1/os-aggregates/4/action => generated 241 bytes in 172 msecs (HTTP/1.1 200) 9 headers in 357 bytes (1 switches on core 0)
Jun 01 19:17:29.137356 n-d-844325-1 devstack@n-api.service[119340]: DEBUG nova.api.openstack.wsgi [None req-c3b95f86-7089-443f-ba03-9709b8a52a7b tempest-AggregatesAdminTestJSON-1311956001 tempest-AggregatesAdminTestJSON-1311956001-project-admin] Calling method '>' {{(pid=119340) _process_stack /opt/stack/nova/nova/api/openstack/wsgi.py:513}}
Jun 01 19:17:29.138627 n-d-844325-1 devstack@n-api.service[119340]: /usr/local/lib/python3.8/dist-packages/oslo_policy/policy.py:1129: UserWarning: Policy "os_compute_api:os-aggregates:index": "rule:context_is_admin" failed scope check. The token used to make the request was project scoped but the policy requires ['system'] scope. This behavior may change in the future where using the intended scope is required
Jun 01 19:17:29.138627 n-d-844325-1 devstack@n-api.service[119340]: warnings.warn(msg)
Jun 01 19:17:29.151675 n-d-844325-1 devstack@n-api.service[119340]: INFO nova.api.openstack.requestlog [None req-c3b95f86-7089-443f-ba03-9709b8a52a7b tempest-AggregatesAdminTestJSON-1311956001 tempest-AggregatesAdminTestJSON-1311956001-project-admin] 10.222.0.13 "GET /compute/v2.1/os-aggregates" status: 200 len: 244 microversion: 2.1 time: 0.018708
Jun 01 19:17:29.152874 n-d-844325-1 devstack@n-api.service[119340]: [pid: 119340|app: 0|req: 121/234] 10.222.0.13 () {58 vars in 1142 bytes} [Wed Jun 1 19:17:29 2022] GET /compute/v2.1/os-aggregates => generated 244 bytes in 21 msecs (HTTP/1.1 200) 9 headers in 357 bytes (1 switches on core 0)
Jun 01 19:17:29.171920 n-d-844325-1 devstack@n-api.service[119339]: DEBUG nova.api.openstack.wsgi [None req-d69f66e1-6731-4b3e-b596-e73d021a3537 tempest-AggregatesAdminTestJSON-1311956001 tempest-AggregatesAdminTestJSON-1311956001-project-admin] Action: 'action', calling method: >, body: {"remove_host": {"host": "n-h1-844325-1"}} {{(pid=119339) _process_stack /opt/stack/nova/nova/api/openstack/wsgi.py:511}}
Jun 01 19:17:29.173874 n-d-844325-1 devstack@n-api.service[119339]: /usr/local/lib/python3.8/dist-packages/oslo_policy/policy.py:1129: UserWarning: Policy "os_compute_api:os-aggregates:remove_host": "rule:context_is_admin" failed scope check. The token used to make the request was project scoped but the policy requires ['system'] scope. This behavior may change in the future where using the intended scope is required
Jun 01 19:17:29.173874 n-d-844325-1 devstack@n-api.service[119339]: warnings.warn(msg)
