Jun 02 16:30:19.568206 n-d-844285-5 devstack@placement-api.service[105162]: DEBUG placement.objects.research_context [req-f7887bdd-6af7-41c0-a16a-a03b9d04683e req-9c44f3ac-bb6c-4103-b35a-a6fdf0f1c219 service placement] found 2 providers with available 1 DISK_GB {{(pid=105162) get_provider_ids_matching /opt/stack/placement/placement/objects/research_context.py:563}}
Jun 02 16:30:19.570558 n-d-844285-5 devstack@placement-api.service[105162]: DEBUG placement.objects.research_context [req-f7887bdd-6af7-41c0-a16a-a03b9d04683e req-9c44f3ac-bb6c-4103-b35a-a6fdf0f1c219 service placement] found 2 providers with available 1024 MEMORY_MB {{(pid=105162) get_provider_ids_matching /opt/stack/placement/placement/objects/research_context.py:563}}
Jun 02 16:30:19.571214 n-d-844285-5 devstack@placement-api.service[105162]: DEBUG placement.objects.research_context [req-f7887bdd-6af7-41c0-a16a-a03b9d04683e req-9c44f3ac-bb6c-4103-b35a-a6fdf0f1c219 service placement] found 2 providers after filtering by previous result {{(pid=105162) get_provider_ids_matching /opt/stack/placement/placement/objects/research_context.py:594}}
Jun 02 16:30:19.571706 n-d-844285-5 devstack@placement-api.service[105162]: DEBUG placement.objects.research_context [req-f7887bdd-6af7-41c0-a16a-a03b9d04683e req-9c44f3ac-bb6c-4103-b35a-a6fdf0f1c219 service placement] found 2 providers with available 1 VCPU {{(pid=105162) get_provider_ids_matching /opt/stack/placement/placement/objects/research_context.py:563}}
Jun 02 16:30:19.572217 n-d-844285-5 devstack@placement-api.service[105162]: DEBUG placement.objects.research_context [req-f7887bdd-6af7-41c0-a16a-a03b9d04683e req-9c44f3ac-bb6c-4103-b35a-a6fdf0f1c219 service placement] found 2 providers after filtering by previous result {{(pid=105162) get_provider_ids_matching /opt/stack/placement/placement/objects/research_context.py:594}}
Jun 02 16:30:19.592075 n-d-844285-5 devstack@placement-api.service[105162]: DEBUG placement.objects.allocation_candidate [req-f7887bdd-6af7-41c0-a16a-a03b9d04683e req-9c44f3ac-bb6c-4103-b35a-a6fdf0f1c219 service placement] RequestGroup(use_same_provider=False, resources={DISK_GB:1, MEMORY_MB:1024, VCPU:1}, traits=(), aggregates=[]) (suffix '') returned 2 matches {{(pid=105162) _get_by_requests /opt/stack/placement/placement/objects/allocation_candidate.py:156}}
Jun 02 16:30:19.592781 n-d-844285-5 devstack@placement-api.service[105162]: DEBUG placement.objects.allocation_candidate [req-f7887bdd-6af7-41c0-a16a-a03b9d04683e req-9c44f3ac-bb6c-4103-b35a-a6fdf0f1c219 service placement] Merging candidates yields 2 allocation requests and 2 provider summaries {{(pid=105162) _merge_candidates /opt/stack/placement/placement/objects/allocation_candidate.py:809}}
Jun 02 16:30:19.594779 n-d-844285-5 devstack@placement-api.service[105162]: INFO placement.requestlog [req-f7887bdd-6af7-41c0-a16a-a03b9d04683e req-9c44f3ac-bb6c-4103-b35a-a6fdf0f1c219 service placement] 10.222.0.61 "GET /placement/allocation_candidates?limit=1000&resources=DISK_GB%3A1%2CMEMORY_MB%3A1024%2CVCPU%3A1&root_required=%21COMPUTE_STATUS_DISABLED" status: 200 len: 1309 microversion: 1.36
Jun 02 16:30:19.597673 n-d-844285-5 devstack@placement-api.service[105162]: [pid: 105162|app: 0|req: 179/363] 10.222.0.61 () {60 vars in 1506 bytes} [Thu Jun 2 16:30:19 2022] GET /placement/allocation_candidates?limit=1000&resources=DISK_GB%3A1%2CMEMORY_MB%3A1024%2CVCPU%3A1&root_required=%21COMPUTE_STATUS_DISABLED => generated 1309 bytes in 145 msecs (HTTP/1.1 200) 8 headers in 297 bytes (1 switches on core 0)
Jun 02 16:30:19.749385 n-d-844285-5 devstack@placement-api.service[105163]: DEBUG placement.requestlog [req-f7887bdd-6af7-41c0-a16a-a03b9d04683e req-3aedf12c-04b3-4b48-85bf-78f1d6485c30 None None] Starting request: 10.222.0.61 "GET /placement/allocations/071e2395-44c2-46d5-bebc-cb73e0db340e" {{(pid=105163) __call__ /opt/stack/placement/placement/requestlog.py:55}}
Jun 02 16:30:19.763789 n-d-844285-5 devstack@placement-api.service[105163]: INFO placement.requestlog [req-f7887bdd-6af7-41c0-a16a-a03b9d04683e req-3aedf12c-04b3-4b48-85bf-78f1d6485c30 service placement] 10.222.0.61 "GET /placement/allocations/071e2395-44c2-46d5-bebc-cb73e0db340e" status: 200 len: 19 microversion: 1.28
Jun 02 16:30:19.764187 n-d-844285-5 devstack@placement-api.service[105163]: [pid: 105163|app: 0|req: 185/364] 10.222.0.61 () {60 vars in 1380 bytes} [Thu Jun 2 16:30:19 2022] GET /placement/allocations/071e2395-44c2-46d5-bebc-cb73e0db340e => generated 19 bytes in 15 msecs (HTTP/1.1 200) 8 headers in 295 bytes (1 switches on core 0)
Jun 02 16:30:19.790782 n-d-844285-5 devstack@placement-api.service[105162]: DEBUG placement.requestlog [req-f7887bdd-6af7-41c0-a16a-a03b9d04683e req-aa5fed2a-b5cf-41b9-9eeb-2a3bd76e760f None None] Starting request: 10.222.0.61 "PUT /placement/allocations/071e2395-44c2-46d5-bebc-cb73e0db340e" {{(pid=105162) __call__ /opt/stack/placement/placement/requestlog.py:55}}
Jun 02 16:30:19.985410 n-d-844285-5 devstack@placement-api.service[105162]: DEBUG placement.handlers.allocation [req-f7887bdd-6af7-41c0-a16a-a03b9d04683e req-aa5fed2a-b5cf-41b9-9eeb-2a3bd76e760f service placement] Successfully wrote allocations [, , ] {{(pid=105162) _update_consumers_and_create_allocations /opt/stack/placement/placement/handlers/allocation.py:462}}
Jun 02 16:30:20.006837 n-d-844285-5 devstack@placement-api.service[105162]: INFO placement.requestlog [req-f7887bdd-6af7-41c0-a16a-a03b9d04683e req-aa5fed2a-b5cf-41b9-9eeb-2a3bd76e760f service placement] 10.222.0.61 "PUT /placement/allocations/071e2395-44c2-46d5-bebc-cb73e0db340e" status: 204 len: 0 microversion: 1.36
Jun 02 16:30:20.007316 n-d-844285-5 devstack@placement-api.service[105162]: [pid: 105162|app: 0|req: 180/365] 10.222.0.61 () {64 vars in 1433 bytes} [Thu Jun 2 16:30:19 2022] PUT /placement/allocations/071e2395-44c2-46d5-bebc-cb73e0db340e => generated 0 bytes in 217 msecs (HTTP/1.1 204) 5 headers in 199 bytes (1 switches on core 0)
Jun 02 16:30:20.512261 n-d-844285-5 devstack@placement-api.service[105163]: DEBUG placement.requestlog [req-0962fa1e-9cd9-443a-a9b4-58be54ef429f req-11dc3854-c9bd-4150-af19-f6a389372995 None None] Starting request: 10.222.0.71 "GET /placement/resource_providers/86b0c7a9-3b70-4e9d-9af1-812febdf4b26/allocations" {{(pid=105163) __call__ /opt/stack/placement/placement/requestlog.py:55}}
Jun 02 16:30:20.560406 n-d-844285-5 devstack@placement-api.service[105163]: INFO placement.requestlog [req-0962fa1e-9cd9-443a-a9b4-58be54ef429f req-11dc3854-c9bd-4150-af19-f6a389372995 service placement] 10.222.0.71 "GET /placement/resource_providers/86b0c7a9-3b70-4e9d-9af1-812febdf4b26/allocations" status: 200 len: 530 microversion: 1.0
Jun 02 16:30:20.561042 n-d-844285-5 devstack@placement-api.service[105163]: [pid: 105163|app: 0|req: 186/366] 10.222.0.71 () {58 vars in 1390 bytes} [Thu Jun 2 16:30:20 2022] GET /placement/resource_providers/86b0c7a9-3b70-4e9d-9af1-812febdf4b26/allocations => generated 530 bytes in 49 msecs (HTTP/1.1 200) 6 headers in 224 bytes (1 switches on core 0)
Jun 02 16:30:20.668850 n-d-844285-5 devstack@placement-api.service[105162]: DEBUG placement.requestlog [req-f7887bdd-6af7-41c0-a16a-a03b9d04683e req-bf9961cd-2ad7-4a09-b5b2-11b8b46fd3e8 None None] Starting request: 10.222.0.41 "GET /placement/allocations/071e2395-44c2-46d5-bebc-cb73e0db340e" {{(pid=105162) __call__ /opt/stack/placement/placement/requestlog.py:55}}
Jun 02 16:30:20.718837 n-d-844285-5 devstack@placement-api.service[105162]: INFO placement.requestlog [req-f7887bdd-6af7-41c0-a16a-a03b9d04683e req-bf9961cd-2ad7-4a09-b5b2-11b8b46fd3e8 service placement] 10.222.0.41 "GET /placement/allocations/071e2395-44c2-46d5-bebc-cb73e0db340e" status: 200 len: 259 microversion: 1.28
Jun 02 16:30:20.719582 n-d-844285-5 devstack@placement-api.service[105162]: [pid: 105162|app: 0|req: 181/367] 10.222.0.41 () {60 vars in 1377 bytes} [Thu Jun 2 16:30:20 2022] GET /placement/allocations/071e2395-44c2-46d5-bebc-cb73e0db340e => generated 259 bytes in 51 msecs (HTTP/1.1 200) 8 headers in 296 bytes (1 switches on core 0)
Jun 02 16:30:26.307251 n-d-844285-5 devstack@placement-api.service[105163]: DEBUG placement.requestlog [req-409a7029-9899-45b8-89da-a5670c0add6c req-290094b3-ab0e-40eb-98b9-d60e244d0175 None None] Starting request: 10.222.0.61 "GET /placement/allocation_candidates?limit=1000&resources=DISK_GB%3A1%2CMEMORY_MB%3A1024%2CVCPU%3A1&root_required=%21COMPUTE_STATUS_DISABLED" {{(pid=105163) __call__ /opt/stack/placement/placement/requestlog.py:55}}
Jun 02 16:30:26.389039 n-d-844285-5 devstack@placement-api.service[105163]: DEBUG placement.objects.research_context [req-409a7029-9899-45b8-89da-a5670c0add6c req-290094b3-ab0e-40eb-98b9-d60e244d0175 service placement] getting providers with 1 DISK_GB {{(pid=105163) __init__ /opt/stack/placement/placement/objects/research_context.py:136}}
Jun 02 16:30:26.405807 n-d-844285-5 devstack@placement-api.service[105163]: DEBUG placement.objects.research_context [req-409a7029-9899-45b8-89da-a5670c0add6c req-290094b3-ab0e-40eb-98b9-d60e244d0175 service placement] getting providers with 1024 MEMORY_MB {{(pid=105163) __init__ /opt/stack/placement/placement/objects/research_context.py:136}}
Jun 02 16:30:26.418427 n-d-844285-5 devstack@placement-api.service[105163]: DEBUG placement.objects.research_context [req-409a7029-9899-45b8-89da-a5670c0add6c req-290094b3-ab0e-40eb-98b9-d60e244d0175 service placement] getting providers with 1 VCPU {{(pid=105163) __init__ /opt/stack/placement/placement/objects/research_context.py:136}}
Jun 02 16:30:26.439550 n-d-844285-5 devstack@placement-api.service[105163]: DEBUG placement.objects.research_context [req-409a7029-9899-45b8-89da-a5670c0add6c req-290094b3-ab0e-40eb-98b9-d60e244d0175 service placement] found 2 providers with available 1 DISK_GB {{(pid=105163) get_provider_ids_matching /opt/stack/placement/placement/objects/research_context.py:563}}
Jun 02 16:30:26.439831 n-d-844285-5 devstack@placement-api.service[105163]: DEBUG placement.objects.research_context [req-409a7029-9899-45b8-89da-a5670c0add6c req-290094b3-ab0e-40eb-98b9-d60e244d0175 service placement] found 2 providers with available 1024 MEMORY_MB {{(pid=105163) get_provider_ids_matching /opt/stack/placement/placement/objects/research_context.py:563}}
Jun 02 16:30:26.440111 n-d-844285-5 devstack@placement-api.service[105163]: DEBUG placement.objects.research_context [req-409a7029-9899-45b8-89da-a5670c0add6c req-290094b3-ab0e-40eb-98b9-d60e244d0175 service placement] found 2 providers after filtering by previous result {{(pid=105163) get_provider_ids_matching /opt/stack/placement/placement/objects/research_context.py:594}}
Jun 02 16:30:26.440371 n-d-844285-5 devstack@placement-api.service[105163]: DEBUG placement.objects.research_context [req-409a7029-9899-45b8-89da-a5670c0add6c req-290094b3-ab0e-40eb-98b9-d60e244d0175 service placement] found 2 providers with available 1 VCPU {{(pid=105163) get_provider_ids_matching /opt/stack/placement/placement/objects/research_context.py:563}}
Jun 02 16:30:26.442829 n-d-844285-5 devstack@placement-api.service[105163]: DEBUG placement.objects.research_context [req-409a7029-9899-45b8-89da-a5670c0add6c req-290094b3-ab0e-40eb-98b9-d60e244d0175 service placement] found 2 providers after filtering by previous result {{(pid=105163) get_provider_ids_matching /opt/stack/placement/placement/objects/research_context.py:594}}
Jun 02 16:30:26.483451 n-d-844285-5 devstack@placement-api.service[105163]: DEBUG placement.objects.allocation_candidate [req-409a7029-9899-45b8-89da-a5670c0add6c req-290094b3-ab0e-40eb-98b9-d60e244d0175 service placement] RequestGroup(use_same_provider=False, resources={DISK_GB:1, MEMORY_MB:1024, VCPU:1}, traits=(), aggregates=[]) (suffix '') returned 2 matches {{(pid=105163) _get_by_requests /opt/stack/placement/placement/objects/allocation_candidate.py:156}}
Jun 02 16:30:26.483834 n-d-844285-5 devstack@placement-api.service[105163]: DEBUG placement.objects.allocation_candidate [req-409a7029-9899-45b8-89da-a5670c0add6c req-290094b3-ab0e-40eb-98b9-d60e244d0175 service placement] Merging candidates yields 2 allocation requests and 2 provider summaries {{(pid=105163) _merge_candidates /opt/stack/placement/placement/objects/allocation_candidate.py:809}}
Jun 02 16:30:26.486988 n-d-844285-5 devstack@placement-api.service[105163]: INFO placement.requestlog [req-409a7029-9899-45b8-89da-a5670c0add6c req-290094b3-ab0e-40eb-98b9-d60e244d0175 service placement] 10.222.0.61 "GET /placement/allocation_candidates?limit=1000&resources=DISK_GB%3A1%2CMEMORY_MB%3A1024%2CVCPU%3A1&root_required=%21COMPUTE_STATUS_DISABLED" status: 200 len: 1309 microversion: 1.36
Jun 02 16:30:26.487692 n-d-844285-5 devstack@placement-api.service[105163]: [pid: 105163|app: 0|req: 187/368] 10.222.0.61 () {60 vars in 1506 bytes} [Thu Jun 2 16:30:26 2022] GET /placement/allocation_candidates?limit=1000&resources=DISK_GB%3A1%2CMEMORY_MB%3A1024%2CVCPU%3A1&root_required=%21COMPUTE_STATUS_DISABLED => generated 1309 bytes in 181 msecs (HTTP/1.1 200) 8 headers in 297 bytes (1 switches on core 0)
Jun 02 16:30:26.706801 n-d-844285-5 devstack@placement-api.service[105162]: DEBUG placement.requestlog [req-409a7029-9899-45b8-89da-a5670c0add6c req-4894c59b-4ee5-4211-824b-4d5af16c6a89 None None] Starting request: 10.222.0.61 "GET /placement/allocations/38ea71fc-3295-4a15-b358-6981be079da9" {{(pid=105162) __call__ /opt/stack/placement/placement/requestlog.py:55}}
Jun 02 16:30:26.715750 n-d-844285-5 devstack@placement-api.service[105162]: DEBUG dbcounter [-] [105162] Writing DB stats placement:SELECT=72,placement:DELETE=10,placement:INSERT=4,placement:UPDATE=2 {{(pid=105162) stat_writer /usr/local/lib/python3.8/dist-packages/dbcounter.py:114}}
Jun 02 16:30:26.728370 n-d-844285-5 devstack@placement-api.service[105162]: INFO placement.requestlog [req-409a7029-9899-45b8-89da-a5670c0add6c req-4894c59b-4ee5-4211-824b-4d5af16c6a89 service placement] 10.222.0.61 "GET /placement/allocations/38ea71fc-3295-4a15-b358-6981be079da9" status: 200 len: 19 microversion: 1.28
Jun 02 16:30:26.732016 n-d-844285-5 devstack@placement-api.service[105162]: [pid: 105162|app: 0|req: 182/369] 10.222.0.61 () {60 vars in 1380 bytes} [Thu Jun 2 16:30:26 2022] GET /placement/allocations/38ea71fc-3295-4a15-b358-6981be079da9 => generated 19 bytes in 25 msecs (HTTP/1.1 200) 8 headers in 295 bytes (1 switches on core 0)
Jun 02 16:30:26.740306 n-d-844285-5 devstack@placement-api.service[105163]: DEBUG placement.requestlog [req-409a7029-9899-45b8-89da-a5670c0add6c req-449e03cc-0d1c-44ec-8a5d-c87394e591f1 None None] Starting request: 10.222.0.61 "PUT /placement/allocations/38ea71fc-3295-4a15-b358-6981be079da9" {{(pid=105163) __call__ /opt/stack/placement/placement/requestlog.py:55}}
Jun 02 16:30:26.912025 n-d-844285-5 devstack@placement-api.service[105163]: DEBUG placement.handlers.allocation [req-409a7029-9899-45b8-89da-a5670c0add6c req-449e03cc-0d1c-44ec-8a5d-c87394e591f1 service placement] Successfully wrote allocations [, , ] {{(pid=105163) _update_consumers_and_create_allocations /opt/stack/placement/placement/handlers/allocation.py:462}}
Jun 02 16:30:26.916789 n-d-844285-5 devstack@placement-api.service[105163]: INFO placement.requestlog [req-409a7029-9899-45b8-89da-a5670c0add6c req-449e03cc-0d1c-44ec-8a5d-c87394e591f1 service placement] 10.222.0.61 "PUT /placement/allocations/38ea71fc-3295-4a15-b358-6981be079da9" status: 204 len: 0 microversion: 1.36
Jun 02 16:30:26.917664 n-d-844285-5 devstack@placement-api.service[105163]: [pid: 105163|app: 0|req: 188/370] 10.222.0.61 () {64 vars in 1433 bytes} [Thu Jun 2 16:30:26 2022] PUT /placement/allocations/38ea71fc-3295-4a15-b358-6981be079da9 => generated 0 bytes in 178 msecs (HTTP/1.1 204) 5 headers in 199 bytes (1 switches on core 0)
Jun 02 16:30:27.774188 n-d-844285-5 devstack@placement-api.service[105162]: DEBUG placement.requestlog [req-409a7029-9899-45b8-89da-a5670c0add6c req-259c43e9-0ec9-4338-b1a0-dfd179b56b8d None None] Starting request: 10.222.0.71 "GET /placement/allocations/38ea71fc-3295-4a15-b358-6981be079da9" {{(pid=105162) __call__ /opt/stack/placement/placement/requestlog.py:55}}
Jun 02 16:30:27.821897 n-d-844285-5 devstack@placement-api.service[105162]: INFO placement.requestlog [req-409a7029-9899-45b8-89da-a5670c0add6c req-259c43e9-0ec9-4338-b1a0-dfd179b56b8d service placement] 10.222.0.71 "GET /placement/allocations/38ea71fc-3295-4a15-b358-6981be079da9" status: 200 len: 259 microversion: 1.28
Jun 02 16:30:27.823966 n-d-844285-5 devstack@placement-api.service[105162]: [pid: 105162|app: 0|req: 183/371] 10.222.0.71 () {60 vars in 1377 bytes} [Thu Jun 2 16:30:27 2022] GET /placement/allocations/38ea71fc-3295-4a15-b358-6981be079da9 => generated 259 bytes in 50 msecs (HTTP/1.1 200) 8 headers in 296 bytes (1 switches on core 0)
Jun 02 16:30:36.911181 n-d-844285-5 devstack@placement-api.service[105163]: DEBUG dbcounter [-] [105163] Writing DB stats placement:SELECT=40,placement:DELETE=4,placement:INSERT=6,placement:UPDATE=2 {{(pid=105163) stat_writer /usr/local/lib/python3.8/dist-packages/dbcounter.py:114}}
Jun 02 16:30:37.813276 n-d-844285-5 devstack@placement-api.service[105162]: DEBUG dbcounter [-] [105162] Writing DB stats placement:SELECT=5 {{(pid=105162) stat_writer /usr/local/lib/python3.8/dist-packages/dbcounter.py:114}}
Jun 02 16:30:51.238032 n-d-844285-5 devstack@placement-api.service[105163]: DEBUG placement.requestlog [req-ffc1051b-ff43-4fd3-95ec-25353ba2ecfa req-1c963901-5cc7-46c4-9722-e62585204e42 None None] Starting request: 10.222.0.41 "DELETE /placement/allocations/e1b0b430-ac3b-4b4e-b2db-d4c5bf3fd0e8" {{(pid=105163) __call__ /opt/stack/placement/placement/requestlog.py:55}}
Jun 02 16:30:51.316234 n-d-844285-5 devstack@placement-api.service[105163]: DEBUG placement.handlers.allocation [req-ffc1051b-ff43-4fd3-95ec-25353ba2ecfa req-1c963901-5cc7-46c4-9722-e62585204e42 service placement] Successfully deleted allocations [, , ] {{(pid=105163) delete_allocations /opt/stack/placement/placement/handlers/allocation.py:627}}
Jun 02 16:30:51.326720 n-d-844285-5 devstack@placement-api.service[105163]: INFO placement.requestlog [req-ffc1051b-ff43-4fd3-95ec-25353ba2ecfa req-1c963901-5cc7-46c4-9722-e62585204e42 service placement] 10.222.0.41 "DELETE /placement/allocations/e1b0b430-ac3b-4b4e-b2db-d4c5bf3fd0e8" status: 204 len: 0 microversion: 1.0
Jun 02 16:30:51.327500 n-d-844285-5 devstack@placement-api.service[105163]: [pid: 105163|app: 0|req: 189/372] 10.222.0.41 () {60 vars in 1355 bytes} [Thu Jun 2 16:30:51 2022] DELETE /placement/allocations/e1b0b430-ac3b-4b4e-b2db-d4c5bf3fd0e8 => generated 0 bytes in 90 msecs (HTTP/1.1 204) 5 headers in 198 bytes (1 switches on core 0)
Jun 02 16:30:56.643313 n-d-844285-5 devstack@placement-api.service[105162]: DEBUG placement.requestlog [None req-fdd435a0-62ca-4543-b24f-5a2a748c41b4 None None] Starting request: 10.222.0.61 "GET /placement/" {{(pid=105162) __call__ /opt/stack/placement/placement/requestlog.py:55}}
Jun 02 16:30:56.644432 n-d-844285-5 devstack@placement-api.service[105162]: INFO placement.requestlog [None req-fdd435a0-62ca-4543-b24f-5a2a748c41b4 None None] 10.222.0.61 "GET /placement/" status: 200 len: 136 microversion: 1.0
Jun 02 16:30:56.644761 n-d-844285-5 devstack@placement-api.service[105162]: [pid: 105162|app: 0|req: 184/373] 10.222.0.61 () {54 vars in 916 bytes} [Thu Jun 2 16:30:56 2022] GET /placement => generated 136 bytes in 2 msecs (HTTP/1.1 200) 6 headers in 224 bytes (1 switches on core 0)
Jun 02 16:30:56.671035 n-d-844285-5 devstack@placement-api.service[105163]: DEBUG placement.requestlog [req-47c86332-9814-4c31-86ba-6a74cf984ba8 req-cf182410-56fd-40cd-a73d-8d197d010d2a None None] Starting request: 10.222.0.61 "GET /placement/allocations/de106e99-c016-4081-94d6-994089c4bcd8" {{(pid=105163) __call__ /opt/stack/placement/placement/requestlog.py:55}}
Jun 02 16:30:56.955802 n-d-844285-5 devstack@placement-api.service[105163]: INFO placement.requestlog [req-47c86332-9814-4c31-86ba-6a74cf984ba8 req-cf182410-56fd-40cd-a73d-8d197d010d2a service placement] 10.222.0.61 "GET /placement/allocations/de106e99-c016-4081-94d6-994089c4bcd8" status: 200 len: 245 microversion: 1.28
Jun 02 16:30:56.958938 n-d-844285-5 devstack@placement-api.service[105163]: [pid: 105163|app: 0|req: 190/374] 10.222.0.61 () {60 vars in 1380 bytes} [Thu Jun 2 16:30:56 2022] GET /placement/allocations/de106e99-c016-4081-94d6-994089c4bcd8 => generated 245 bytes in 288 msecs (HTTP/1.1 200) 8 headers in 296 bytes (1 switches on core 0)
Jun 02 16:30:56.965852 n-d-844285-5 devstack@placement-api.service[105162]: DEBUG placement.requestlog [req-47c86332-9814-4c31-86ba-6a74cf984ba8 req-74e73fea-9484-44da-a700-ca750551d3b6 None None] Starting request: 10.222.0.61 "GET /placement/allocations/de106e99-c016-4081-94d6-994089c4bcd8" {{(pid=105162) __call__ /opt/stack/placement/placement/requestlog.py:55}}
Jun 02 16:30:57.003957 n-d-844285-5 devstack@placement-api.service[105162]: INFO placement.requestlog [req-47c86332-9814-4c31-86ba-6a74cf984ba8 req-74e73fea-9484-44da-a700-ca750551d3b6 service placement] 10.222.0.61 "GET /placement/allocations/de106e99-c016-4081-94d6-994089c4bcd8" status: 200 len: 245 microversion: 1.28
Jun 02 16:30:57.005546 n-d-844285-5 devstack@placement-api.service[105162]: [pid: 105162|app: 0|req: 185/375] 10.222.0.61 () {60 vars in 1380 bytes} [Thu Jun 2 16:30:56 2022] GET /placement/allocations/de106e99-c016-4081-94d6-994089c4bcd8 => generated 245 bytes in 40 msecs (HTTP/1.1 200) 8 headers in 296 bytes (2 switches on core 0)
Jun 02 16:30:57.015920 n-d-844285-5 devstack@placement-api.service[105163]: DEBUG placement.requestlog [req-47c86332-9814-4c31-86ba-6a74cf984ba8 req-afce925d-4278-4fb6-a41d-bd5a7ef70ecb None None] Starting request: 10.222.0.61 "GET /placement/allocations/42d8d870-c1fd-4e57-9526-228ead3bcc95" {{(pid=105163) __call__ /opt/stack/placement/placement/requestlog.py:55}}
Jun 02 16:30:57.031247 n-d-844285-5 devstack@placement-api.service[105163]: INFO placement.requestlog [req-47c86332-9814-4c31-86ba-6a74cf984ba8 req-afce925d-4278-4fb6-a41d-bd5a7ef70ecb service placement] 10.222.0.61 "GET /placement/allocations/42d8d870-c1fd-4e57-9526-228ead3bcc95" status: 200 len: 19 microversion: 1.28
Jun 02 16:30:57.039232 n-d-844285-5 devstack@placement-api.service[105162]: DEBUG placement.requestlog [req-47c86332-9814-4c31-86ba-6a74cf984ba8 req-cb02dd69-9756-4e43-aff0-765ed38972af None None] Starting request: 10.222.0.61 "POST /placement/allocations" {{(pid=105162) __call__ /opt/stack/placement/placement/requestlog.py:55}}
Jun 02 16:30:57.049417 n-d-844285-5 devstack@placement-api.service[105163]: [pid: 105163|app: 0|req: 191/376] 10.222.0.61 () {60 vars in 1380 bytes} [Thu Jun 2 16:30:57 2022] GET /placement/allocations/42d8d870-c1fd-4e57-9526-228ead3bcc95 => generated 19 bytes in 34 msecs (HTTP/1.1 200) 8 headers in 295 bytes (1 switches on core 0)
Jun 02 16:30:57.191112 n-d-844285-5 devstack@placement-api.service[105162]: DEBUG placement.handlers.allocation [req-47c86332-9814-4c31-86ba-6a74cf984ba8 req-cb02dd69-9756-4e43-aff0-765ed38972af service placement] Successfully wrote allocations [, , , ] {{(pid=105162) _update_consumers_and_create_allocations /opt/stack/placement/placement/handlers/allocation.py:572}}
Jun 02 16:30:57.196613 n-d-844285-5 devstack@placement-api.service[105162]: INFO placement.requestlog [req-47c86332-9814-4c31-86ba-6a74cf984ba8 req-cb02dd69-9756-4e43-aff0-765ed38972af service placement] 10.222.0.61 "POST /placement/allocations" status: 204 len: 0 microversion: 1.28
Jun 02 16:30:57.206524 n-d-844285-5 devstack@placement-api.service[105162]: [pid: 105162|app: 0|req: 186/377] 10.222.0.61 () {64 vars in 1323 bytes} [Thu Jun 2 16:30:57 2022] POST /placement/allocations => generated 0 bytes in 160 msecs (HTTP/1.1 204) 5 headers in 199 bytes (1 switches on core 0)
Jun 02 16:30:57.273175 n-d-844285-5 devstack@placement-api.service[105163]: DEBUG placement.requestlog [req-47c86332-9814-4c31-86ba-6a74cf984ba8 req-53e459fc-18e5-4061-8524-d38192b88791 None None] Starting request: 10.222.0.61 "GET /placement/allocations/de106e99-c016-4081-94d6-994089c4bcd8" {{(pid=105163) __call__ /opt/stack/placement/placement/requestlog.py:55}}
Jun 02 16:30:57.415028 n-d-844285-5 devstack@placement-api.service[105163]: INFO placement.requestlog [req-47c86332-9814-4c31-86ba-6a74cf984ba8 req-53e459fc-18e5-4061-8524-d38192b88791 service placement] 10.222.0.61 "GET /placement/allocations/de106e99-c016-4081-94d6-994089c4bcd8" status: 200 len: 19 microversion: 1.28
Jun 02 16:30:57.423740 n-d-844285-5 devstack@placement-api.service[105162]: DEBUG placement.requestlog [req-47c86332-9814-4c31-86ba-6a74cf984ba8 req-3a8e34d5-3585-4d02-b20b-e0a6dc863411 None None] Starting request: 10.222.0.61 "PUT /placement/allocations/de106e99-c016-4081-94d6-994089c4bcd8" {{(pid=105162) __call__ /opt/stack/placement/placement/requestlog.py:55}}
Jun 02 16:30:57.424468 n-d-844285-5 devstack@placement-api.service[105163]: [pid: 105163|app: 0|req: 192/378] 10.222.0.61 () {60 vars in 1380 bytes} [Thu Jun 2 16:30:57 2022] GET /placement/allocations/de106e99-c016-4081-94d6-994089c4bcd8 => generated 19 bytes in 150 msecs (HTTP/1.1 200) 8 headers in 295 bytes (1 switches on core 0)
Jun 02 16:30:57.522594 n-d-844285-5 devstack@placement-api.service[105162]: DEBUG placement.handlers.allocation [req-47c86332-9814-4c31-86ba-6a74cf984ba8 req-3a8e34d5-3585-4d02-b20b-e0a6dc863411 service placement] Successfully wrote allocations [, ] {{(pid=105162) _update_consumers_and_create_allocations /opt/stack/placement/placement/handlers/allocation.py:462}}
Jun 02 16:30:57.528267 n-d-844285-5 devstack@placement-api.service[105162]: INFO placement.requestlog [req-47c86332-9814-4c31-86ba-6a74cf984ba8 req-3a8e34d5-3585-4d02-b20b-e0a6dc863411 service placement] 10.222.0.61 "PUT /placement/allocations/de106e99-c016-4081-94d6-994089c4bcd8" status: 204 len: 0 microversion: 1.28
Jun 02 16:30:57.529421 n-d-844285-5 devstack@placement-api.service[105162]: [pid: 105162|app: 0|req: 187/379] 10.222.0.61 () {64 vars in 1433 bytes} [Thu Jun 2 16:30:57 2022] PUT /placement/allocations/de106e99-c016-4081-94d6-994089c4bcd8 => generated 0 bytes in 105 msecs (HTTP/1.1 204) 5 headers in 199 bytes (1 switches on core 0)
Jun 02 16:30:57.692065 n-d-844285-5 devstack@placement-api.service[105163]: DEBUG placement.requestlog [req-47c86332-9814-4c31-86ba-6a74cf984ba8 req-aa619048-2c18-44d6-b32d-11b1e159b953 None None] Starting request: 10.222.0.41 "GET /placement/allocations/de106e99-c016-4081-94d6-994089c4bcd8" {{(pid=105163) __call__ /opt/stack/placement/placement/requestlog.py:55}}
Jun 02 16:30:57.716033 n-d-844285-5 devstack@placement-api.service[105163]: INFO placement.requestlog [req-47c86332-9814-4c31-86ba-6a74cf984ba8 req-aa619048-2c18-44d6-b32d-11b1e159b953 service placement] 10.222.0.41 "GET /placement/allocations/de106e99-c016-4081-94d6-994089c4bcd8" status: 200 len: 245 microversion: 1.28
Jun 02 16:30:57.718404 n-d-844285-5 devstack@placement-api.service[105163]: [pid: 105163|app: 0|req: 193/380] 10.222.0.41 () {60 vars in 1377 bytes} [Thu Jun 2 16:30:57 2022] GET /placement/allocations/de106e99-c016-4081-94d6-994089c4bcd8 => generated 245 bytes in 26 msecs (HTTP/1.1 200) 8 headers in 296 bytes (1 switches on core 0)
Jun 02 16:30:58.080901 n-d-844285-5 devstack@placement-api.service[105162]: DEBUG placement.requestlog [req-b6d4f2b5-cfa9-4f0c-9e23-7fa60e9dfb01 req-0df831d9-b71d-4b84-9788-49b6bbfb512e None None] Starting request: 10.222.0.61 "GET /placement/allocation_candidates?limit=1000&resources=DISK_GB%3A1%2CMEMORY_MB%3A1024%2CVCPU%3A1&root_required=%21COMPUTE_STATUS_DISABLED" {{(pid=105162) __call__ /opt/stack/placement/placement/requestlog.py:55}}
Jun 02 16:30:58.200870 n-d-844285-5 devstack@placement-api.service[105162]: DEBUG placement.objects.research_context [req-b6d4f2b5-cfa9-4f0c-9e23-7fa60e9dfb01 req-0df831d9-b71d-4b84-9788-49b6bbfb512e service placement] getting providers with 1 DISK_GB {{(pid=105162) __init__ /opt/stack/placement/placement/objects/research_context.py:136}}
Jun 02 16:30:58.237483 n-d-844285-5 devstack@placement-api.service[105162]: DEBUG placement.objects.research_context [req-b6d4f2b5-cfa9-4f0c-9e23-7fa60e9dfb01 req-0df831d9-b71d-4b84-9788-49b6bbfb512e service placement] getting providers with 1024 MEMORY_MB {{(pid=105162) __init__ /opt/stack/placement/placement/objects/research_context.py:136}}
Jun 02 16:30:58.294558 n-d-844285-5 devstack@placement-api.service[105162]: DEBUG placement.objects.research_context [req-b6d4f2b5-cfa9-4f0c-9e23-7fa60e9dfb01 req-0df831d9-b71d-4b84-9788-49b6bbfb512e service placement] getting providers with 1 VCPU {{(pid=105162) __init__ /opt/stack/placement/placement/objects/research_context.py:136}}
Jun 02 16:30:58.321084 n-d-844285-5 devstack@placement-api.service[105162]: DEBUG placement.objects.research_context [req-b6d4f2b5-cfa9-4f0c-9e23-7fa60e9dfb01 req-0df831d9-b71d-4b84-9788-49b6bbfb512e service placement] found 2 providers with available 1 DISK_GB {{(pid=105162) get_provider_ids_matching /opt/stack/placement/placement/objects/research_context.py:563}}
Jun 02 16:30:58.321372 n-d-844285-5 devstack@placement-api.service[105162]: DEBUG placement.objects.research_context [req-b6d4f2b5-cfa9-4f0c-9e23-7fa60e9dfb01 req-0df831d9-b71d-4b84-9788-49b6bbfb512e service placement] found 2 providers with available 1024 MEMORY_MB {{(pid=105162) get_provider_ids_matching /opt/stack/placement/placement/objects/research_context.py:563}}
Jun 02 16:30:58.329266 n-d-844285-5 devstack@placement-api.service[105162]: DEBUG placement.objects.research_context [req-b6d4f2b5-cfa9-4f0c-9e23-7fa60e9dfb01 req-0df831d9-b71d-4b84-9788-49b6bbfb512e service placement] found 2 providers after filtering by previous result {{(pid=105162) get_provider_ids_matching /opt/stack/placement/placement/objects/research_context.py:594}}
Jun 02 16:30:58.330007 n-d-844285-5 devstack@placement-api.service[105162]: DEBUG placement.objects.research_context [req-b6d4f2b5-cfa9-4f0c-9e23-7fa60e9dfb01 req-0df831d9-b71d-4b84-9788-49b6bbfb512e service placement] found 2 providers with available 1 VCPU {{(pid=105162) get_provider_ids_matching /opt/stack/placement/placement/objects/research_context.py:563}}
Jun 02 16:30:58.330363 n-d-844285-5 devstack@placement-api.service[105162]: DEBUG placement.objects.research_context [req-b6d4f2b5-cfa9-4f0c-9e23-7fa60e9dfb01 req-0df831d9-b71d-4b84-9788-49b6bbfb512e service placement] found 2 providers after filtering by previous result {{(pid=105162) get_provider_ids_matching /opt/stack/placement/placement/objects/research_context.py:594}}
Jun 02 16:30:58.396481 n-d-844285-5 devstack@placement-api.service[105162]: DEBUG placement.objects.allocation_candidate [req-b6d4f2b5-cfa9-4f0c-9e23-7fa60e9dfb01 req-0df831d9-b71d-4b84-9788-49b6bbfb512e service placement] RequestGroup(use_same_provider=False, resources={DISK_GB:1, MEMORY_MB:1024, VCPU:1}, traits=(), aggregates=[]) (suffix '') returned 2 matches {{(pid=105162) _get_by_requests /opt/stack/placement/placement/objects/allocation_candidate.py:156}}
Jun 02 16:30:58.408391 n-d-844285-5 devstack@placement-api.service[105162]: DEBUG placement.objects.allocation_candidate [req-b6d4f2b5-cfa9-4f0c-9e23-7fa60e9dfb01 req-0df831d9-b71d-4b84-9788-49b6bbfb512e service placement] Merging candidates yields 2 allocation requests and 2 provider summaries {{(pid=105162) _merge_candidates /opt/stack/placement/placement/objects/allocation_candidate.py:809}}
Jun 02 16:30:58.412840 n-d-844285-5 devstack@placement-api.service[105162]: INFO placement.requestlog [req-b6d4f2b5-cfa9-4f0c-9e23-7fa60e9dfb01 req-0df831d9-b71d-4b84-9788-49b6bbfb512e service placement] 10.222.0.61 "GET /placement/allocation_candidates?limit=1000&resources=DISK_GB%3A1%2CMEMORY_MB%3A1024%2CVCPU%3A1&root_required=%21COMPUTE_STATUS_DISABLED" status: 200 len: 1309 microversion: 1.36
Jun 02 16:30:58.418432 n-d-844285-5 devstack@placement-api.service[105162]: [pid: 105162|app: 0|req: 188/381] 10.222.0.61 () {60 vars in 1506 bytes} [Thu Jun 2 16:30:58 2022] GET /placement/allocation_candidates?limit=1000&resources=DISK_GB%3A1%2CMEMORY_MB%3A1024%2CVCPU%3A1&root_required=%21COMPUTE_STATUS_DISABLED => generated 1309 bytes in 338 msecs (HTTP/1.1 200) 8 headers in 297 bytes (1 switches on core 0)
Jun 02 16:30:58.744201 n-d-844285-5 devstack@placement-api.service[105163]: DEBUG placement.requestlog [req-b6d4f2b5-cfa9-4f0c-9e23-7fa60e9dfb01 req-ab926d8a-bbb4-4caf-b4c6-83d7e5118e1e None None] Starting request: 10.222.0.61 "GET /placement/allocations/832e59ba-2e64-483a-9220-6337625e2749" {{(pid=105163) __call__ /opt/stack/placement/placement/requestlog.py:55}}
Jun 02 16:30:58.760232 n-d-844285-5 devstack@placement-api.service[105163]: INFO placement.requestlog [req-b6d4f2b5-cfa9-4f0c-9e23-7fa60e9dfb01 req-ab926d8a-bbb4-4caf-b4c6-83d7e5118e1e service placement] 10.222.0.61 "GET /placement/allocations/832e59ba-2e64-483a-9220-6337625e2749" status: 200 len: 19 microversion: 1.28
Jun 02 16:30:58.761044 n-d-844285-5 devstack@placement-api.service[105163]: [pid: 105163|app: 0|req: 194/382] 10.222.0.61 () {60 vars in 1380 bytes} [Thu Jun 2 16:30:58 2022] GET /placement/allocations/832e59ba-2e64-483a-9220-6337625e2749 => generated 19 bytes in 17 msecs (HTTP/1.1 200) 8 headers in 295 bytes (1 switches on core 0)
Jun 02 16:30:58.766777 n-d-844285-5 devstack@placement-api.service[105162]: DEBUG placement.requestlog [req-b6d4f2b5-cfa9-4f0c-9e23-7fa60e9dfb01 req-ed20233c-b375-49e6-b406-e6d76069b877 None None] Starting request: 10.222.0.61 "PUT /placement/allocations/832e59ba-2e64-483a-9220-6337625e2749" {{(pid=105162) __call__ /opt/stack/placement/placement/requestlog.py:55}}
Jun 02 16:30:58.896176 n-d-844285-5 devstack@placement-api.service[105162]: DEBUG placement.handlers.allocation [req-b6d4f2b5-cfa9-4f0c-9e23-7fa60e9dfb01 req-ed20233c-b375-49e6-b406-e6d76069b877 service placement] Successfully wrote allocations [, , ] {{(pid=105162) _update_consumers_and_create_allocations /opt/stack/placement/placement/handlers/allocation.py:462}}
Jun 02 16:30:58.901421 n-d-844285-5 devstack@placement-api.service[105162]: INFO placement.requestlog [req-b6d4f2b5-cfa9-4f0c-9e23-7fa60e9dfb01 req-ed20233c-b375-49e6-b406-e6d76069b877 service placement] 10.222.0.61 "PUT /placement/allocations/832e59ba-2e64-483a-9220-6337625e2749" status: 204 len: 0 microversion: 1.36
Jun 02 16:30:58.902989 n-d-844285-5 devstack@placement-api.service[105162]: [pid: 105162|app: 0|req: 189/383] 10.222.0.61 () {64 vars in 1433 bytes} [Thu Jun 2 16:30:58 2022] PUT /placement/allocations/832e59ba-2e64-483a-9220-6337625e2749 => generated 0 bytes in 136 msecs (HTTP/1.1 204) 5 headers in 199 bytes (1 switches on core 0)
Jun 02 16:30:59.855320 n-d-844285-5 devstack@placement-api.service[105163]: DEBUG placement.requestlog [req-b6d4f2b5-cfa9-4f0c-9e23-7fa60e9dfb01 req-22b28c65-773e-471e-946e-378b40f1f388 None None] Starting request: 10.222.0.41 "GET /placement/allocations/832e59ba-2e64-483a-9220-6337625e2749" {{(pid=105163) __call__ /opt/stack/placement/placement/requestlog.py:55}}
Jun 02 16:30:59.896123 n-d-844285-5 devstack@placement-api.service[105163]: INFO placement.requestlog [req-b6d4f2b5-cfa9-4f0c-9e23-7fa60e9dfb01 req-22b28c65-773e-471e-946e-378b40f1f388 service placement] 10.222.0.41 "GET /placement/allocations/832e59ba-2e64-483a-9220-6337625e2749" status: 200 len: 259 microversion: 1.28
Jun 02 16:30:59.897375 n-d-844285-5 devstack@placement-api.service[105163]: [pid: 105163|app: 0|req: 195/384] 10.222.0.41 () {60 vars in 1377 bytes} [Thu Jun 2 16:30:59 2022] GET /placement/allocations/832e59ba-2e64-483a-9220-6337625e2749 => generated 259 bytes in 42 msecs (HTTP/1.1 200) 8 headers in 296 bytes (1 switches on core 0)
Jun 02 16:31:03.634072 n-d-844285-5 devstack@placement-api.service[105162]: DEBUG placement.requestlog [req-0f3ea7b0-d77f-40f2-8f15-06dfbe07ccf7 req-c5451f4c-d5e0-45dd-95fc-402c86cbdb6e None None] Starting request: 10.222.0.61 "GET /placement/allocation_candidates?limit=1000&resources=DISK_GB%3A1%2CMEMORY_MB%3A1024%2CVCPU%3A1&root_required=%21COMPUTE_STATUS_DISABLED" {{(pid=105162) __call__ /opt/stack/placement/placement/requestlog.py:55}}
Jun 02 16:31:03.765564 n-d-844285-5 devstack@placement-api.service[105162]: DEBUG placement.objects.research_context [req-0f3ea7b0-d77f-40f2-8f15-06dfbe07ccf7 req-c5451f4c-d5e0-45dd-95fc-402c86cbdb6e service placement] getting providers with 1 DISK_GB {{(pid=105162) __init__ /opt/stack/placement/placement/objects/research_context.py:136}}
Jun 02 16:31:03.787497 n-d-844285-5 devstack@placement-api.service[105162]: DEBUG placement.objects.research_context [req-0f3ea7b0-d77f-40f2-8f15-06dfbe07ccf7 req-c5451f4c-d5e0-45dd-95fc-402c86cbdb6e service placement] getting providers with 1024 MEMORY_MB {{(pid=105162) __init__ /opt/stack/placement/placement/objects/research_context.py:136}}
Jun 02 16:31:03.804015 n-d-844285-5 devstack@placement-api.service[105162]: DEBUG dbcounter [-] [105162] Writing DB stats placement:SELECT=74,placement:INSERT=12,placement:DELETE=7,placement:UPDATE=7 {{(pid=105162) stat_writer /usr/local/lib/python3.8/dist-packages/dbcounter.py:114}}
Jun 02 16:31:03.811493 n-d-844285-5 devstack@placement-api.service[105162]: DEBUG placement.objects.research_context [req-0f3ea7b0-d77f-40f2-8f15-06dfbe07ccf7 req-c5451f4c-d5e0-45dd-95fc-402c86cbdb6e service placement] getting providers with 1 VCPU {{(pid=105162) __init__ /opt/stack/placement/placement/objects/research_context.py:136}}
Jun 02 16:31:03.834395 n-d-844285-5 devstack@placement-api.service[105162]: DEBUG placement.objects.research_context [req-0f3ea7b0-d77f-40f2-8f15-06dfbe07ccf7 req-c5451f4c-d5e0-45dd-95fc-402c86cbdb6e service placement] found 2 providers with available 1 DISK_GB {{(pid=105162) get_provider_ids_matching /opt/stack/placement/placement/objects/research_context.py:563}}
Jun 02 16:31:03.835015 n-d-844285-5 devstack@placement-api.service[105162]: DEBUG placement.objects.research_context [req-0f3ea7b0-d77f-40f2-8f15-06dfbe07ccf7 req-c5451f4c-d5e0-45dd-95fc-402c86cbdb6e service placement] found 2 providers with available 1024 MEMORY_MB {{(pid=105162) get_provider_ids_matching /opt/stack/placement/placement/objects/research_context.py:563}}
Jun 02 16:31:03.837536 n-d-844285-5 devstack@placement-api.service[105162]: DEBUG placement.objects.research_context [req-0f3ea7b0-d77f-40f2-8f15-06dfbe07ccf7 req-c5451f4c-d5e0-45dd-95fc-402c86cbdb6e service placement] found 2 providers after filtering by previous result {{(pid=105162) get_provider_ids_matching /opt/stack/placement/placement/objects/research_context.py:594}}
Jun 02 16:31:03.838012 n-d-844285-5 devstack@placement-api.service[105162]: DEBUG placement.objects.research_context [req-0f3ea7b0-d77f-40f2-8f15-06dfbe07ccf7 req-c5451f4c-d5e0-45dd-95fc-402c86cbdb6e service placement] found 2 providers with available 1 VCPU {{(pid=105162) get_provider_ids_matching /opt/stack/placement/placement/objects/research_context.py:563}}
Jun 02 16:31:03.838748 n-d-844285-5 devstack@placement-api.service[105162]: DEBUG placement.objects.research_context [req-0f3ea7b0-d77f-40f2-8f15-06dfbe07ccf7 req-c5451f4c-d5e0-45dd-95fc-402c86cbdb6e service placement] found 2 providers after filtering by previous result {{(pid=105162) get_provider_ids_matching /opt/stack/placement/placement/objects/research_context.py:594}}
Jun 02 16:31:03.888416 n-d-844285-5 devstack@placement-api.service[105162]: DEBUG placement.objects.allocation_candidate [req-0f3ea7b0-d77f-40f2-8f15-06dfbe07ccf7 req-c5451f4c-d5e0-45dd-95fc-402c86cbdb6e service placement] RequestGroup(use_same_provider=False, resources={DISK_GB:1, MEMORY_MB:1024, VCPU:1}, traits=(), aggregates=[]) (suffix '') returned 2 matches {{(pid=105162) _get_by_requests /opt/stack/placement/placement/objects/allocation_candidate.py:156}}
Jun 02 16:31:03.888931 n-d-844285-5 devstack@placement-api.service[105162]: DEBUG placement.objects.allocation_candidate [req-0f3ea7b0-d77f-40f2-8f15-06dfbe07ccf7 req-c5451f4c-d5e0-45dd-95fc-402c86cbdb6e service placement] Merging candidates yields 2 allocation requests and 2 provider summaries {{(pid=105162) _merge_candidates /opt/stack/placement/placement/objects/allocation_candidate.py:809}}
Jun 02 16:31:03.898143 n-d-844285-5 devstack@placement-api.service[105162]: INFO placement.requestlog [req-0f3ea7b0-d77f-40f2-8f15-06dfbe07ccf7 req-c5451f4c-d5e0-45dd-95fc-402c86cbdb6e service placement] 10.222.0.61 "GET /placement/allocation_candidates?limit=1000&resources=DISK_GB%3A1%2CMEMORY_MB%3A1024%2CVCPU%3A1&root_required=%21COMPUTE_STATUS_DISABLED" status: 200 len: 1311 microversion: 1.36
Jun 02 16:31:03.914053 n-d-844285-5 devstack@placement-api.service[105162]: [pid: 105162|app: 0|req: 190/385] 10.222.0.61 () {60 vars in 1506 bytes} [Thu Jun 2 16:31:03 2022] GET /placement/allocation_candidates?limit=1000&resources=DISK_GB%3A1%2CMEMORY_MB%3A1024%2CVCPU%3A1&root_required=%21COMPUTE_STATUS_DISABLED => generated 1311 bytes in 280 msecs (HTTP/1.1 200) 8 headers in 297 bytes (1 switches on core 0)
Jun 02 16:31:04.130329 n-d-844285-5 devstack@placement-api.service[105163]: DEBUG placement.requestlog [req-0f3ea7b0-d77f-40f2-8f15-06dfbe07ccf7 req-4ca673c7-6dea-4096-9238-483cf47b3433 None None] Starting request: 10.222.0.61 "GET /placement/allocations/21549846-5e94-40f3-8511-59275f942858" {{(pid=105163) __call__ /opt/stack/placement/placement/requestlog.py:55}}
Jun 02 16:31:04.153097 n-d-844285-5 devstack@placement-api.service[105163]: INFO placement.requestlog [req-0f3ea7b0-d77f-40f2-8f15-06dfbe07ccf7 req-4ca673c7-6dea-4096-9238-483cf47b3433 service placement] 10.222.0.61 "GET /placement/allocations/21549846-5e94-40f3-8511-59275f942858" status: 200 len: 19 microversion: 1.28
Jun 02 16:31:04.156164 n-d-844285-5 devstack@placement-api.service[105163]: [pid: 105163|app: 0|req: 196/386] 10.222.0.61 () {60 vars in 1380 bytes} [Thu Jun 2 16:31:04 2022] GET /placement/allocations/21549846-5e94-40f3-8511-59275f942858 => generated 19 bytes in 25 msecs (HTTP/1.1 200) 8 headers in 295 bytes (1 switches on core 0)
Jun 02 16:31:04.161176 n-d-844285-5 devstack@placement-api.service[105162]: DEBUG placement.requestlog [req-0f3ea7b0-d77f-40f2-8f15-06dfbe07ccf7 req-84bedffb-6ada-43e9-b395-25eaeec2cd61 None None] Starting request: 10.222.0.61 "PUT /placement/allocations/21549846-5e94-40f3-8511-59275f942858" {{(pid=105162) __call__ /opt/stack/placement/placement/requestlog.py:55}}
Jun 02 16:31:04.380888 n-d-844285-5 devstack@placement-api.service[105162]: DEBUG placement.handlers.allocation [req-0f3ea7b0-d77f-40f2-8f15-06dfbe07ccf7 req-84bedffb-6ada-43e9-b395-25eaeec2cd61 service placement] Successfully wrote allocations [, , ] {{(pid=105162) _update_consumers_and_create_allocations /opt/stack/placement/placement/handlers/allocation.py:462}}
Jun 02 16:31:04.386839 n-d-844285-5 devstack@placement-api.service[105162]: INFO placement.requestlog [req-0f3ea7b0-d77f-40f2-8f15-06dfbe07ccf7 req-84bedffb-6ada-43e9-b395-25eaeec2cd61 service placement] 10.222.0.61 "PUT /placement/allocations/21549846-5e94-40f3-8511-59275f942858" status: 204 len: 0 microversion: 1.36
Jun 02 16:31:04.388309 n-d-844285-5 devstack@placement-api.service[105162]: [pid: 105162|app: 0|req: 191/387] 10.222.0.61 () {64 vars in 1433 bytes} [Thu Jun 2 16:31:04 2022] PUT /placement/allocations/21549846-5e94-40f3-8511-59275f942858 => generated 0 bytes in 228 msecs (HTTP/1.1 204) 5 headers in 199 bytes (2 switches on core 0)
Jun 02 16:31:05.305305 n-d-844285-5 devstack@placement-api.service[105163]: DEBUG placement.requestlog [req-0f3ea7b0-d77f-40f2-8f15-06dfbe07ccf7 req-1b4f03ee-01d3-40fa-bb18-00777d074bc0 None None] Starting request: 10.222.0.71 "GET /placement/allocations/21549846-5e94-40f3-8511-59275f942858" {{(pid=105163) __call__ /opt/stack/placement/placement/requestlog.py:55}}
Jun 02 16:31:05.357408 n-d-844285-5 devstack@placement-api.service[105163]: INFO placement.requestlog [req-0f3ea7b0-d77f-40f2-8f15-06dfbe07ccf7 req-1b4f03ee-01d3-40fa-bb18-00777d074bc0 service placement] 10.222.0.71 "GET /placement/allocations/21549846-5e94-40f3-8511-59275f942858" status: 200 len: 259 microversion: 1.28
Jun 02 16:31:05.364630 n-d-844285-5 devstack@placement-api.service[105163]: [pid: 105163|app: 0|req: 197/388] 10.222.0.71 () {60 vars in 1377 bytes} [Thu Jun 2 16:31:05 2022] GET /placement/allocations/21549846-5e94-40f3-8511-59275f942858 => generated 259 bytes in 61 msecs (HTTP/1.1 200) 8 headers in 296 bytes (1 switches on core 0)
Jun 02 16:31:14.379682 n-d-844285-5 devstack@placement-api.service[105162]: DEBUG dbcounter [-] [105162] Writing DB stats placement:SELECT=19,placement:INSERT=6,placement:DELETE=2,placement:UPDATE=2 {{(pid=105162) stat_writer /usr/local/lib/python3.8/dist-packages/dbcounter.py:114}}
Jun 02 16:31:15.349494 n-d-844285-5 devstack@placement-api.service[105163]: DEBUG dbcounter [-] [105163] Writing DB stats placement:SELECT=31,placement:DELETE=2 {{(pid=105163) stat_writer /usr/local/lib/python3.8/dist-packages/dbcounter.py:114}}
Jun 02 16:31:16.000096 n-d-844285-5 devstack@placement-api.service[105162]: DEBUG placement.requestlog [req-dd3dea06-152c-4159-bf00-ab1eb15c1eb2 req-1f4c67ee-fcbf-4a2a-b9bd-23c9452c31d8 None None] Starting request: 10.222.0.41 "GET /placement/resource_providers/15a05c61-9d09-4869-99d0-19eb8e2864f9/allocations" {{(pid=105162) __call__ /opt/stack/placement/placement/requestlog.py:55}}
Jun 02 16:31:16.318854 n-d-844285-5 devstack@placement-api.service[105162]: INFO placement.requestlog [req-dd3dea06-152c-4159-bf00-ab1eb15c1eb2 req-1f4c67ee-fcbf-4a2a-b9bd-23c9452c31d8 service placement] 10.222.0.41 "GET /placement/resource_providers/15a05c61-9d09-4869-99d0-19eb8e2864f9/allocations" status: 200 len: 1049 microversion: 1.0
Jun 02 16:31:16.320586 n-d-844285-5 devstack@placement-api.service[105162]: [pid: 105162|app: 0|req: 192/389] 10.222.0.41 () {58 vars in 1390 bytes} [Thu Jun 2 16:31:15 2022] GET /placement/resource_providers/15a05c61-9d09-4869-99d0-19eb8e2864f9/allocations => generated 1049 bytes in 321 msecs (HTTP/1.1 200) 6 headers in 225 bytes (1 switches on core 0)
Jun 02 16:31:16.465361 n-d-844285-5 devstack@placement-api.service[105163]: DEBUG placement.requestlog [req-dd3dea06-152c-4159-bf00-ab1eb15c1eb2 req-34f76887-7cc8-4f2c-a7df-6b669742cd40 None None] Starting request: 10.222.0.41 "GET /placement/resource_providers?in_tree=15a05c61-9d09-4869-99d0-19eb8e2864f9" {{(pid=105163) __call__ /opt/stack/placement/placement/requestlog.py:55}}
Jun 02 16:31:16.515678 n-d-844285-5 devstack@placement-api.service[105163]: INFO placement.requestlog [req-dd3dea06-152c-4159-bf00-ab1eb15c1eb2 req-34f76887-7cc8-4f2c-a7df-6b669742cd40 service placement] 10.222.0.41 "GET /placement/resource_providers?in_tree=15a05c61-9d09-4869-99d0-19eb8e2864f9" status: 200 len: 863 microversion: 1.14
Jun 02 16:31:16.524743 n-d-844285-5 devstack@placement-api.service[105163]: [pid: 105163|app: 0|req: 198/390] 10.222.0.41 () {60 vars in 1376 bytes} [Thu Jun 2 16:31:16 2022] GET /placement/resource_providers?in_tree=15a05c61-9d09-4869-99d0-19eb8e2864f9 => generated 863 bytes in 60 msecs (HTTP/1.1 200) 6 headers in 225 bytes (2 switches on core 0)
Jun 02 16:31:16.535894 n-d-844285-5 devstack@placement-api.service[105162]: DEBUG placement.requestlog [req-dd3dea06-152c-4159-bf00-ab1eb15c1eb2 req-51d265c3-0ba8-4000-8d82-7ee1dfcdc98b None None] Starting request: 10.222.0.41 "GET /placement/resource_providers/15a05c61-9d09-4869-99d0-19eb8e2864f9/inventories" {{(pid=105162) __call__ /opt/stack/placement/placement/requestlog.py:55}}
Jun 02 16:31:16.584083 n-d-844285-5 devstack@placement-api.service[105162]: INFO placement.requestlog [req-dd3dea06-152c-4159-bf00-ab1eb15c1eb2 req-51d265c3-0ba8-4000-8d82-7ee1dfcdc98b service placement] 10.222.0.41 "GET /placement/resource_providers/15a05c61-9d09-4869-99d0-19eb8e2864f9/inventories" status: 200 len: 398 microversion: 1.0
Jun 02 16:31:16.587391 n-d-844285-5 devstack@placement-api.service[105162]: [pid: 105162|app: 0|req: 193/391] 10.222.0.41 () {58 vars in 1390 bytes} [Thu Jun 2 16:31:16 2022] GET /placement/resource_providers/15a05c61-9d09-4869-99d0-19eb8e2864f9/inventories => generated 398 bytes in 53 msecs (HTTP/1.1 200) 6 headers in 224 bytes (1 switches on core 0)
Jun 02 16:31:16.620858 n-d-844285-5 devstack@placement-api.service[105163]: DEBUG placement.requestlog [req-dd3dea06-152c-4159-bf00-ab1eb15c1eb2 req-aba7ce55-fd78-4996-8114-59f7102a437c None None] Starting request: 10.222.0.41 "GET /placement/resource_providers/15a05c61-9d09-4869-99d0-19eb8e2864f9/aggregates" {{(pid=105163) __call__ /opt/stack/placement/placement/requestlog.py:55}}
Jun 02 16:31:16.682199 n-d-844285-5 devstack@placement-api.service[105163]: INFO placement.requestlog [req-dd3dea06-152c-4159-bf00-ab1eb15c1eb2 req-aba7ce55-fd78-4996-8114-59f7102a437c service placement] 10.222.0.41 "GET /placement/resource_providers/15a05c61-9d09-4869-99d0-19eb8e2864f9/aggregates" status: 200 len: 54 microversion: 1.19
Jun 02 16:31:16.683390 n-d-844285-5 devstack@placement-api.service[105163]: [pid: 105163|app: 0|req: 199/392] 10.222.0.41 () {60 vars in 1431 bytes} [Thu Jun 2 16:31:16 2022] GET /placement/resource_providers/15a05c61-9d09-4869-99d0-19eb8e2864f9/aggregates => generated 54 bytes in 63 msecs (HTTP/1.1 200) 8 headers in 295 bytes (1 switches on core 0)
Jun 02 16:31:16.709188 n-d-844285-5 devstack@placement-api.service[105162]: DEBUG placement.requestlog [req-dd3dea06-152c-4159-bf00-ab1eb15c1eb2 req-0d59a71f-b9b4-4c39-a6a7-01be3a1da0b5 None None] Starting request: 10.222.0.41 "GET /placement/resource_providers/15a05c61-9d09-4869-99d0-19eb8e2864f9/traits" {{(pid=105162) __call__ /opt/stack/placement/placement/requestlog.py:55}}
Jun 02 16:31:16.807051 n-d-844285-5 devstack@placement-api.service[105162]: INFO placement.requestlog [req-dd3dea06-152c-4159-bf00-ab1eb15c1eb2 req-0d59a71f-b9b4-4c39-a6a7-01be3a1da0b5 service placement] 10.222.0.41 "GET /placement/resource_providers/15a05c61-9d09-4869-99d0-19eb8e2864f9/traits" status: 200 len: 212 microversion: 1.6
