Jun 01 15:13:13.313245 n-d-844285-2 devstack@placement-api.service[105089]: INFO placement.requestlog [req-b328d115-9d2e-4cf7-bfee-c1361649e1aa req-d4e8eff3-5127-4bfa-8240-a2e64bb453ea service placement] 10.222.0.46 "DELETE /placement/allocations/e0d90921-31fd-4868-895d-151120524862" status: 204 len: 0 microversion: 1.0
Jun 01 15:13:13.314914 n-d-844285-2 devstack@placement-api.service[105089]: [pid: 105089|app: 0|req: 219/439] 10.222.0.46 () {60 vars in 1355 bytes} [Wed Jun 1 15:13:13 2022] DELETE /placement/allocations/e0d90921-31fd-4868-895d-151120524862 => generated 0 bytes in 47 msecs (HTTP/1.1 204) 5 headers in 198 bytes (1 switches on core 0)
Jun 01 15:13:13.823334 n-d-844285-2 devstack@placement-api.service[105088]: DEBUG placement.requestlog [req-fa9055f8-b43a-4f18-9731-8a48b1f07950 req-f309a05a-3995-4160-b67e-c442c19b1579 None None] Starting request: 10.222.0.46 "GET /placement/resource_providers/9c6e558b-c7da-4a79-9a0e-4f809ef9b4d0/allocations" {{(pid=105088) __call__ /opt/stack/placement/placement/requestlog.py:55}}
Jun 01 15:13:13.860086 n-d-844285-2 devstack@placement-api.service[105088]: INFO placement.requestlog [req-fa9055f8-b43a-4f18-9731-8a48b1f07950 req-f309a05a-3995-4160-b67e-c442c19b1579 service placement] 10.222.0.46 "GET /placement/resource_providers/9c6e558b-c7da-4a79-9a0e-4f809ef9b4d0/allocations" status: 200 len: 631 microversion: 1.0
Jun 01 15:13:13.861448 n-d-844285-2 devstack@placement-api.service[105088]: [pid: 105088|app: 0|req: 221/440] 10.222.0.46 () {58 vars in 1390 bytes} [Wed Jun 1 15:13:13 2022] GET /placement/resource_providers/9c6e558b-c7da-4a79-9a0e-4f809ef9b4d0/allocations => generated 631 bytes in 39 msecs (HTTP/1.1 200) 6 headers in 224 bytes (2 switches on core 0)
Jun 01 15:13:18.699859 n-d-844285-2 devstack@placement-api.service[105089]: DEBUG placement.requestlog [None req-c773f2a1-b6e9-428e-8c3b-1b2edaa414f5 None None] Starting request: 10.222.0.47 "GET /placement/resource_providers/65183796-42e3-495d-90e9-095cbb548f92/aggregates" {{(pid=105089) __call__ /opt/stack/placement/placement/requestlog.py:55}}
Jun 01 15:13:18.799186 n-d-844285-2 devstack@placement-api.service[105089]: INFO placement.requestlog [None req-c773f2a1-b6e9-428e-8c3b-1b2edaa414f5 service placement] 10.222.0.47 "GET /placement/resource_providers/65183796-42e3-495d-90e9-095cbb548f92/aggregates" status: 404 len: 235 microversion: 1.1
Jun 01 15:13:18.799712 n-d-844285-2 devstack@placement-api.service[105089]: [pid: 105089|app: 0|req: 220/441] 10.222.0.47 () {58 vars in 1362 bytes} [Wed Jun 1 15:13:18 2022] GET /placement/resource_providers/65183796-42e3-495d-90e9-095cbb548f92/aggregates => generated 235 bytes in 101 msecs (HTTP/1.1 404) 5 headers in 202 bytes (2 switches on core 0)
Jun 01 15:13:18.818074 n-d-844285-2 devstack@placement-api.service[105088]: DEBUG placement.requestlog [None req-7468cb94-4b51-4e31-b1ae-c95f81bd2799 None None] Starting request: 10.222.0.47 "DELETE /placement/resource_providers/65183796-42e3-495d-90e9-095cbb548f92" {{(pid=105088) __call__ /opt/stack/placement/placement/requestlog.py:55}}
Jun 01 15:13:18.835243 n-d-844285-2 devstack@placement-api.service[105088]: DEBUG placement.wsgi_wrapper [None req-7468cb94-4b51-4e31-b1ae-c95f81bd2799 service placement] Placement API returning an error response: No resource provider with uuid 65183796-42e3-495d-90e9-095cbb548f92 found for delete {{(pid=105088) call_func /opt/stack/placement/placement/wsgi_wrapper.py:31}}
Jun 01 15:13:18.837416 n-d-844285-2 devstack@placement-api.service[105088]: INFO placement.requestlog [None req-7468cb94-4b51-4e31-b1ae-c95f81bd2799 service placement] 10.222.0.47 "DELETE /placement/resource_providers/65183796-42e3-495d-90e9-095cbb548f92" status: 404 len: 246 microversion: 1.1
Jun 01 15:13:18.837984 n-d-844285-2 devstack@placement-api.service[105088]: [pid: 105088|app: 0|req: 222/442] 10.222.0.47 () {60 vars in 1351 bytes} [Wed Jun 1 15:13:18 2022] DELETE /placement/resource_providers/65183796-42e3-495d-90e9-095cbb548f92 => generated 246 bytes in 20 msecs (HTTP/1.1 404) 6 headers in 231 bytes (1 switches on core 0)
Jun 01 15:13:20.771078 n-d-844285-2 devstack@placement-api.service[105089]: DEBUG placement.requestlog [req-aada4929-d14e-4aaf-8f5e-12158cfd9c79 req-bd851f5c-adbd-4ad1-bc5b-3177dcc48286 None None] Starting request: 10.222.0.47 "GET /placement/allocation_candidates?limit=1000&resources=DISK_GB%3A1%2CMEMORY_MB%3A1024%2CVCPU%3A1&root_required=%21COMPUTE_STATUS_DISABLED" {{(pid=105089) __call__ /opt/stack/placement/placement/requestlog.py:55}}
Jun 01 15:13:20.844334 n-d-844285-2 devstack@placement-api.service[105089]: DEBUG placement.objects.research_context [req-aada4929-d14e-4aaf-8f5e-12158cfd9c79 req-bd851f5c-adbd-4ad1-bc5b-3177dcc48286 service placement] getting providers with 1 DISK_GB {{(pid=105089) __init__ /opt/stack/placement/placement/objects/research_context.py:136}}
Jun 01 15:13:20.860239 n-d-844285-2 devstack@placement-api.service[105089]: DEBUG placement.objects.research_context [req-aada4929-d14e-4aaf-8f5e-12158cfd9c79 req-bd851f5c-adbd-4ad1-bc5b-3177dcc48286 service placement] getting providers with 1024 MEMORY_MB {{(pid=105089) __init__ /opt/stack/placement/placement/objects/research_context.py:136}}
Jun 01 15:13:20.884015 n-d-844285-2 devstack@placement-api.service[105089]: DEBUG placement.objects.research_context [req-aada4929-d14e-4aaf-8f5e-12158cfd9c79 req-bd851f5c-adbd-4ad1-bc5b-3177dcc48286 service placement] getting providers with 1 VCPU {{(pid=105089) __init__ /opt/stack/placement/placement/objects/research_context.py:136}}
Jun 01 15:13:20.914954 n-d-844285-2 devstack@placement-api.service[105089]: DEBUG placement.objects.research_context [req-aada4929-d14e-4aaf-8f5e-12158cfd9c79 req-bd851f5c-adbd-4ad1-bc5b-3177dcc48286 service placement] found 2 providers with available 1 DISK_GB {{(pid=105089) get_provider_ids_matching /opt/stack/placement/placement/objects/research_context.py:563}}
Jun 01 15:13:20.915377 n-d-844285-2 devstack@placement-api.service[105089]: DEBUG placement.objects.research_context [req-aada4929-d14e-4aaf-8f5e-12158cfd9c79 req-bd851f5c-adbd-4ad1-bc5b-3177dcc48286 service placement] found 2 providers with available 1024 MEMORY_MB {{(pid=105089) get_provider_ids_matching /opt/stack/placement/placement/objects/research_context.py:563}}
Jun 01 15:13:20.915816 n-d-844285-2 devstack@placement-api.service[105089]: DEBUG placement.objects.research_context [req-aada4929-d14e-4aaf-8f5e-12158cfd9c79 req-bd851f5c-adbd-4ad1-bc5b-3177dcc48286 service placement] found 2 providers after filtering by previous result {{(pid=105089) get_provider_ids_matching /opt/stack/placement/placement/objects/research_context.py:594}}
Jun 01 15:13:20.916272 n-d-844285-2 devstack@placement-api.service[105089]: DEBUG placement.objects.research_context [req-aada4929-d14e-4aaf-8f5e-12158cfd9c79 req-bd851f5c-adbd-4ad1-bc5b-3177dcc48286 service placement] found 2 providers with available 1 VCPU {{(pid=105089) get_provider_ids_matching /opt/stack/placement/placement/objects/research_context.py:563}}
Jun 01 15:13:20.917118 n-d-844285-2 devstack@placement-api.service[105089]: DEBUG placement.objects.research_context [req-aada4929-d14e-4aaf-8f5e-12158cfd9c79 req-bd851f5c-adbd-4ad1-bc5b-3177dcc48286 service placement] found 2 providers after filtering by previous result {{(pid=105089) get_provider_ids_matching /opt/stack/placement/placement/objects/research_context.py:594}}
Jun 01 15:13:20.946222 n-d-844285-2 devstack@placement-api.service[105089]: DEBUG placement.objects.allocation_candidate [req-aada4929-d14e-4aaf-8f5e-12158cfd9c79 req-bd851f5c-adbd-4ad1-bc5b-3177dcc48286 service placement] RequestGroup(use_same_provider=False, resources={DISK_GB:1, MEMORY_MB:1024, VCPU:1}, traits=(), aggregates=[]) (suffix '') returned 2 matches {{(pid=105089) _get_by_requests /opt/stack/placement/placement/objects/allocation_candidate.py:156}}
Jun 01 15:13:20.946753 n-d-844285-2 devstack@placement-api.service[105089]: DEBUG placement.objects.allocation_candidate [req-aada4929-d14e-4aaf-8f5e-12158cfd9c79 req-bd851f5c-adbd-4ad1-bc5b-3177dcc48286 service placement] Merging candidates yields 2 allocation requests and 2 provider summaries {{(pid=105089) _merge_candidates /opt/stack/placement/placement/objects/allocation_candidate.py:809}}
Jun 01 15:13:20.950208 n-d-844285-2 devstack@placement-api.service[105089]: INFO placement.requestlog [req-aada4929-d14e-4aaf-8f5e-12158cfd9c79 req-bd851f5c-adbd-4ad1-bc5b-3177dcc48286 service placement] 10.222.0.47 "GET /placement/allocation_candidates?limit=1000&resources=DISK_GB%3A1%2CMEMORY_MB%3A1024%2CVCPU%3A1&root_required=%21COMPUTE_STATUS_DISABLED" status: 200 len: 1309 microversion: 1.36
Jun 01 15:13:20.950900 n-d-844285-2 devstack@placement-api.service[105089]: [pid: 105089|app: 0|req: 221/443] 10.222.0.47 () {60 vars in 1506 bytes} [Wed Jun 1 15:13:20 2022] GET /placement/allocation_candidates?limit=1000&resources=DISK_GB%3A1%2CMEMORY_MB%3A1024%2CVCPU%3A1&root_required=%21COMPUTE_STATUS_DISABLED => generated 1309 bytes in 180 msecs (HTTP/1.1 200) 8 headers in 297 bytes (1 switches on core 0)
Jun 01 15:13:21.084807 n-d-844285-2 devstack@placement-api.service[105088]: DEBUG placement.requestlog [req-aada4929-d14e-4aaf-8f5e-12158cfd9c79 req-c6475164-ae86-42d8-80ae-2f3df8ec9a7a None None] Starting request: 10.222.0.47 "GET /placement/allocations/01d6e2a1-cc55-416e-8475-392408c53bac" {{(pid=105088) __call__ /opt/stack/placement/placement/requestlog.py:55}}
Jun 01 15:13:21.109827 n-d-844285-2 devstack@placement-api.service[105088]: INFO placement.requestlog [req-aada4929-d14e-4aaf-8f5e-12158cfd9c79 req-c6475164-ae86-42d8-80ae-2f3df8ec9a7a service placement] 10.222.0.47 "GET /placement/allocations/01d6e2a1-cc55-416e-8475-392408c53bac" status: 200 len: 19 microversion: 1.28
Jun 01 15:13:21.116850 n-d-844285-2 devstack@placement-api.service[105088]: [pid: 105088|app: 0|req: 223/444] 10.222.0.47 () {60 vars in 1380 bytes} [Wed Jun 1 15:13:21 2022] GET /placement/allocations/01d6e2a1-cc55-416e-8475-392408c53bac => generated 19 bytes in 32 msecs (HTTP/1.1 200) 8 headers in 295 bytes (1 switches on core 0)
Jun 01 15:13:21.118071 n-d-844285-2 devstack@placement-api.service[105089]: DEBUG placement.requestlog [req-aada4929-d14e-4aaf-8f5e-12158cfd9c79 req-966e076c-2f39-45cf-8af8-16e40f7a49dc None None] Starting request: 10.222.0.47 "PUT /placement/allocations/01d6e2a1-cc55-416e-8475-392408c53bac" {{(pid=105089) __call__ /opt/stack/placement/placement/requestlog.py:55}}
Jun 01 15:13:21.281808 n-d-844285-2 devstack@placement-api.service[105089]: DEBUG placement.handlers.allocation [req-aada4929-d14e-4aaf-8f5e-12158cfd9c79 req-966e076c-2f39-45cf-8af8-16e40f7a49dc service placement] Successfully wrote allocations [, , ] {{(pid=105089) _update_consumers_and_create_allocations /opt/stack/placement/placement/handlers/allocation.py:462}}
Jun 01 15:13:21.290736 n-d-844285-2 devstack@placement-api.service[105089]: INFO placement.requestlog [req-aada4929-d14e-4aaf-8f5e-12158cfd9c79 req-966e076c-2f39-45cf-8af8-16e40f7a49dc service placement] 10.222.0.47 "PUT /placement/allocations/01d6e2a1-cc55-416e-8475-392408c53bac" status: 204 len: 0 microversion: 1.36
Jun 01 15:13:21.291620 n-d-844285-2 devstack@placement-api.service[105089]: [pid: 105089|app: 0|req: 222/445] 10.222.0.47 () {64 vars in 1433 bytes} [Wed Jun 1 15:13:21 2022] PUT /placement/allocations/01d6e2a1-cc55-416e-8475-392408c53bac => generated 0 bytes in 174 msecs (HTTP/1.1 204) 5 headers in 199 bytes (1 switches on core 0)
Jun 01 15:13:22.015730 n-d-844285-2 devstack@placement-api.service[105088]: DEBUG placement.requestlog [req-aada4929-d14e-4aaf-8f5e-12158cfd9c79 req-d0391ade-8e68-4305-b192-49b624d78408 None None] Starting request: 10.222.0.46 "GET /placement/allocations/01d6e2a1-cc55-416e-8475-392408c53bac" {{(pid=105088) __call__ /opt/stack/placement/placement/requestlog.py:55}}
Jun 01 15:13:22.053572 n-d-844285-2 devstack@placement-api.service[105088]: INFO placement.requestlog [req-aada4929-d14e-4aaf-8f5e-12158cfd9c79 req-d0391ade-8e68-4305-b192-49b624d78408 service placement] 10.222.0.46 "GET /placement/allocations/01d6e2a1-cc55-416e-8475-392408c53bac" status: 200 len: 259 microversion: 1.28
Jun 01 15:13:22.054344 n-d-844285-2 devstack@placement-api.service[105088]: [pid: 105088|app: 0|req: 224/446] 10.222.0.46 () {60 vars in 1377 bytes} [Wed Jun 1 15:13:22 2022] GET /placement/allocations/01d6e2a1-cc55-416e-8475-392408c53bac => generated 259 bytes in 39 msecs (HTTP/1.1 200) 8 headers in 296 bytes (2 switches on core 0)
Jun 01 15:13:24.690963 n-d-844285-2 devstack@placement-api.service[105089]: DEBUG placement.requestlog [req-e2c84dac-5dbe-4f76-abea-35d19f4decb9 req-a6119bf7-b208-4e70-949b-13b648d3c32b None None] Starting request: 10.222.0.71 "GET /placement/resource_providers/994b0d6c-44f5-42fd-9e0c-dcb065039369/allocations" {{(pid=105089) __call__ /opt/stack/placement/placement/requestlog.py:55}}
Jun 01 15:13:24.713038 n-d-844285-2 devstack@placement-api.service[105089]: DEBUG dbcounter [-] [105089] Writing DB stats placement:SELECT=78,placement:DELETE=8,placement:INSERT=10,placement:UPDATE=4 {{(pid=105089) stat_writer /usr/local/lib/python3.8/dist-packages/dbcounter.py:114}}
Jun 01 15:13:24.739886 n-d-844285-2 devstack@placement-api.service[105089]: INFO placement.requestlog [req-e2c84dac-5dbe-4f76-abea-35d19f4decb9 req-a6119bf7-b208-4e70-949b-13b648d3c32b service placement] 10.222.0.71 "GET /placement/resource_providers/994b0d6c-44f5-42fd-9e0c-dcb065039369/allocations" status: 200 len: 645 microversion: 1.0
Jun 01 15:13:24.740736 n-d-844285-2 devstack@placement-api.service[105089]: [pid: 105089|app: 0|req: 223/447] 10.222.0.71 () {58 vars in 1390 bytes} [Wed Jun 1 15:13:24 2022] GET /placement/resource_providers/994b0d6c-44f5-42fd-9e0c-dcb065039369/allocations => generated 645 bytes in 50 msecs (HTTP/1.1 200) 6 headers in 224 bytes (1 switches on core 0)
Jun 01 15:13:32.048335 n-d-844285-2 devstack@placement-api.service[105088]: DEBUG dbcounter [-] [105088] Writing DB stats placement:SELECT=38 {{(pid=105088) stat_writer /usr/local/lib/python3.8/dist-packages/dbcounter.py:114}}
Jun 01 15:13:34.743458 n-d-844285-2 devstack@placement-api.service[105089]: DEBUG dbcounter [-] [105089] Writing DB stats placement:SELECT=3 {{(pid=105089) stat_writer /usr/local/lib/python3.8/dist-packages/dbcounter.py:114}}
Jun 01 15:13:39.191922 n-d-844285-2 devstack@placement-api.service[105088]: DEBUG placement.requestlog [req-8a023641-c06f-48b5-a537-094ae0298a1f req-360c16f8-5e63-455d-9c3c-bb7a2a1332b2 None None] Starting request: 10.222.0.47 "GET /placement/allocation_candidates?limit=1000&resources=DISK_GB%3A1%2CMEMORY_MB%3A1024%2CVCPU%3A1&root_required=%21COMPUTE_STATUS_DISABLED" {{(pid=105088) __call__ /opt/stack/placement/placement/requestlog.py:55}}
Jun 01 15:13:39.235526 n-d-844285-2 devstack@placement-api.service[105089]: DEBUG placement.requestlog [req-50325ecf-c83f-4ccb-80b2-7e98a13a3e00 req-91adb648-4e15-44d3-b750-b2156321c18a None None] Starting request: 10.222.0.47 "GET /placement/allocation_candidates?resources=DISK_GB%3A1%2CMEMORY_MB%3A1024%2CVCPU%3A1&root_required=%21COMPUTE_STATUS_DISABLED" {{(pid=105089) __call__ /opt/stack/placement/placement/requestlog.py:55}}
Jun 01 15:13:39.288634 n-d-844285-2 devstack@placement-api.service[105088]: DEBUG placement.objects.research_context [req-8a023641-c06f-48b5-a537-094ae0298a1f req-360c16f8-5e63-455d-9c3c-bb7a2a1332b2 service placement] getting providers with 1 DISK_GB {{(pid=105088) __init__ /opt/stack/placement/placement/objects/research_context.py:136}}
Jun 01 15:13:39.301529 n-d-844285-2 devstack@placement-api.service[105088]: DEBUG placement.objects.research_context [req-8a023641-c06f-48b5-a537-094ae0298a1f req-360c16f8-5e63-455d-9c3c-bb7a2a1332b2 service placement] getting providers with 1024 MEMORY_MB {{(pid=105088) __init__ /opt/stack/placement/placement/objects/research_context.py:136}}
Jun 01 15:13:39.310548 n-d-844285-2 devstack@placement-api.service[105088]: DEBUG placement.objects.research_context [req-8a023641-c06f-48b5-a537-094ae0298a1f req-360c16f8-5e63-455d-9c3c-bb7a2a1332b2 service placement] getting providers with 1 VCPU {{(pid=105088) __init__ /opt/stack/placement/placement/objects/research_context.py:136}}
Jun 01 15:13:39.321881 n-d-844285-2 devstack@placement-api.service[105088]: DEBUG placement.objects.research_context [req-8a023641-c06f-48b5-a537-094ae0298a1f req-360c16f8-5e63-455d-9c3c-bb7a2a1332b2 service placement] found 2 providers with available 1 DISK_GB {{(pid=105088) get_provider_ids_matching /opt/stack/placement/placement/objects/research_context.py:563}}
Jun 01 15:13:39.322437 n-d-844285-2 devstack@placement-api.service[105088]: DEBUG placement.objects.research_context [req-8a023641-c06f-48b5-a537-094ae0298a1f req-360c16f8-5e63-455d-9c3c-bb7a2a1332b2 service placement] found 2 providers with available 1024 MEMORY_MB {{(pid=105088) get_provider_ids_matching /opt/stack/placement/placement/objects/research_context.py:563}}
Jun 01 15:13:39.323747 n-d-844285-2 devstack@placement-api.service[105088]: DEBUG placement.objects.research_context [req-8a023641-c06f-48b5-a537-094ae0298a1f req-360c16f8-5e63-455d-9c3c-bb7a2a1332b2 service placement] found 2 providers after filtering by previous result {{(pid=105088) get_provider_ids_matching /opt/stack/placement/placement/objects/research_context.py:594}}
Jun 01 15:13:39.324331 n-d-844285-2 devstack@placement-api.service[105088]: DEBUG placement.objects.research_context [req-8a023641-c06f-48b5-a537-094ae0298a1f req-360c16f8-5e63-455d-9c3c-bb7a2a1332b2 service placement] found 2 providers with available 1 VCPU {{(pid=105088) get_provider_ids_matching /opt/stack/placement/placement/objects/research_context.py:563}}
Jun 01 15:13:39.326307 n-d-844285-2 devstack@placement-api.service[105088]: DEBUG placement.objects.research_context [req-8a023641-c06f-48b5-a537-094ae0298a1f req-360c16f8-5e63-455d-9c3c-bb7a2a1332b2 service placement] found 2 providers after filtering by previous result {{(pid=105088) get_provider_ids_matching /opt/stack/placement/placement/objects/research_context.py:594}}
Jun 01 15:13:39.328032 n-d-844285-2 devstack@placement-api.service[105089]: DEBUG placement.objects.research_context [req-50325ecf-c83f-4ccb-80b2-7e98a13a3e00 req-91adb648-4e15-44d3-b750-b2156321c18a service placement] getting providers with 1 DISK_GB {{(pid=105089) __init__ /opt/stack/placement/placement/objects/research_context.py:136}}
Jun 01 15:13:39.339826 n-d-844285-2 devstack@placement-api.service[105089]: DEBUG placement.objects.research_context [req-50325ecf-c83f-4ccb-80b2-7e98a13a3e00 req-91adb648-4e15-44d3-b750-b2156321c18a service placement] getting providers with 1024 MEMORY_MB {{(pid=105089) __init__ /opt/stack/placement/placement/objects/research_context.py:136}}
Jun 01 15:13:39.349309 n-d-844285-2 devstack@placement-api.service[105089]: DEBUG placement.objects.research_context [req-50325ecf-c83f-4ccb-80b2-7e98a13a3e00 req-91adb648-4e15-44d3-b750-b2156321c18a service placement] getting providers with 1 VCPU {{(pid=105089) __init__ /opt/stack/placement/placement/objects/research_context.py:136}}
Jun 01 15:13:39.360907 n-d-844285-2 devstack@placement-api.service[105089]: DEBUG placement.objects.research_context [req-50325ecf-c83f-4ccb-80b2-7e98a13a3e00 req-91adb648-4e15-44d3-b750-b2156321c18a service placement] found 2 providers with available 1 DISK_GB {{(pid=105089) get_provider_ids_matching /opt/stack/placement/placement/objects/research_context.py:563}}
Jun 01 15:13:39.362223 n-d-844285-2 devstack@placement-api.service[105089]: DEBUG placement.objects.research_context [req-50325ecf-c83f-4ccb-80b2-7e98a13a3e00 req-91adb648-4e15-44d3-b750-b2156321c18a service placement] found 2 providers with available 1024 MEMORY_MB {{(pid=105089) get_provider_ids_matching /opt/stack/placement/placement/objects/research_context.py:563}}
Jun 01 15:13:39.362805 n-d-844285-2 devstack@placement-api.service[105089]: DEBUG placement.objects.research_context [req-50325ecf-c83f-4ccb-80b2-7e98a13a3e00 req-91adb648-4e15-44d3-b750-b2156321c18a service placement] found 2 providers after filtering by previous result {{(pid=105089) get_provider_ids_matching /opt/stack/placement/placement/objects/research_context.py:594}}
Jun 01 15:13:39.363272 n-d-844285-2 devstack@placement-api.service[105089]: DEBUG placement.objects.research_context [req-50325ecf-c83f-4ccb-80b2-7e98a13a3e00 req-91adb648-4e15-44d3-b750-b2156321c18a service placement] found 2 providers with available 1 VCPU {{(pid=105089) get_provider_ids_matching /opt/stack/placement/placement/objects/research_context.py:563}}
Jun 01 15:13:39.363923 n-d-844285-2 devstack@placement-api.service[105089]: DEBUG placement.objects.research_context [req-50325ecf-c83f-4ccb-80b2-7e98a13a3e00 req-91adb648-4e15-44d3-b750-b2156321c18a service placement] found 2 providers after filtering by previous result {{(pid=105089) get_provider_ids_matching /opt/stack/placement/placement/objects/research_context.py:594}}
Jun 01 15:13:39.366229 n-d-844285-2 devstack@placement-api.service[105088]: DEBUG placement.objects.allocation_candidate [req-8a023641-c06f-48b5-a537-094ae0298a1f req-360c16f8-5e63-455d-9c3c-bb7a2a1332b2 service placement] RequestGroup(use_same_provider=False, resources={DISK_GB:1, MEMORY_MB:1024, VCPU:1}, traits=(), aggregates=[]) (suffix '') returned 2 matches {{(pid=105088) _get_by_requests /opt/stack/placement/placement/objects/allocation_candidate.py:156}}
Jun 01 15:13:39.370484 n-d-844285-2 devstack@placement-api.service[105088]: DEBUG placement.objects.allocation_candidate [req-8a023641-c06f-48b5-a537-094ae0298a1f req-360c16f8-5e63-455d-9c3c-bb7a2a1332b2 service placement] Merging candidates yields 2 allocation requests and 2 provider summaries {{(pid=105088) _merge_candidates /opt/stack/placement/placement/objects/allocation_candidate.py:809}}
Jun 01 15:13:39.376208 n-d-844285-2 devstack@placement-api.service[105088]: INFO placement.requestlog [req-8a023641-c06f-48b5-a537-094ae0298a1f req-360c16f8-5e63-455d-9c3c-bb7a2a1332b2 service placement] 10.222.0.47 "GET /placement/allocation_candidates?limit=1000&resources=DISK_GB%3A1%2CMEMORY_MB%3A1024%2CVCPU%3A1&root_required=%21COMPUTE_STATUS_DISABLED" status: 200 len: 1309 microversion: 1.36
Jun 01 15:13:39.376608 n-d-844285-2 devstack@placement-api.service[105088]: [pid: 105088|app: 0|req: 225/448] 10.222.0.47 () {60 vars in 1506 bytes} [Wed Jun 1 15:13:39 2022] GET /placement/allocation_candidates?limit=1000&resources=DISK_GB%3A1%2CMEMORY_MB%3A1024%2CVCPU%3A1&root_required=%21COMPUTE_STATUS_DISABLED => generated 1309 bytes in 185 msecs (HTTP/1.1 200) 8 headers in 297 bytes (1 switches on core 0)
Jun 01 15:13:39.378847 n-d-844285-2 devstack@placement-api.service[105089]: DEBUG placement.objects.allocation_candidate [req-50325ecf-c83f-4ccb-80b2-7e98a13a3e00 req-91adb648-4e15-44d3-b750-b2156321c18a service placement] RequestGroup(use_same_provider=False, resources={DISK_GB:1, MEMORY_MB:1024, VCPU:1}, traits=(), aggregates=[]) (suffix '') returned 2 matches {{(pid=105089) _get_by_requests /opt/stack/placement/placement/objects/allocation_candidate.py:156}}
Jun 01 15:13:39.379519 n-d-844285-2 devstack@placement-api.service[105089]: DEBUG placement.objects.allocation_candidate [req-50325ecf-c83f-4ccb-80b2-7e98a13a3e00 req-91adb648-4e15-44d3-b750-b2156321c18a service placement] Merging candidates yields 2 allocation requests and 2 provider summaries {{(pid=105089) _merge_candidates /opt/stack/placement/placement/objects/allocation_candidate.py:809}}
Jun 01 15:13:39.381374 n-d-844285-2 devstack@placement-api.service[105089]: INFO placement.requestlog [req-50325ecf-c83f-4ccb-80b2-7e98a13a3e00 req-91adb648-4e15-44d3-b750-b2156321c18a service placement] 10.222.0.47 "GET /placement/allocation_candidates?resources=DISK_GB%3A1%2CMEMORY_MB%3A1024%2CVCPU%3A1&root_required=%21COMPUTE_STATUS_DISABLED" status: 200 len: 1309 microversion: 1.36
Jun 01 15:13:39.382523 n-d-844285-2 devstack@placement-api.service[105089]: [pid: 105089|app: 0|req: 224/449] 10.222.0.47 () {60 vars in 1484 bytes} [Wed Jun 1 15:13:39 2022] GET /placement/allocation_candidates?resources=DISK_GB%3A1%2CMEMORY_MB%3A1024%2CVCPU%3A1&root_required=%21COMPUTE_STATUS_DISABLED => generated 1309 bytes in 147 msecs (HTTP/1.1 200) 8 headers in 297 bytes (2 switches on core 0)
Jun 01 15:13:39.495693 n-d-844285-2 devstack@placement-api.service[105088]: DEBUG placement.requestlog [req-8a023641-c06f-48b5-a537-094ae0298a1f req-5f6351a4-9cfc-4733-a743-1e8be4e9d2e8 None None] Starting request: 10.222.0.47 "GET /placement/allocations/603b4ad9-eced-4727-b2fc-717e40b3a97a" {{(pid=105088) __call__ /opt/stack/placement/placement/requestlog.py:55}}
Jun 01 15:13:39.513037 n-d-844285-2 devstack@placement-api.service[105088]: INFO placement.requestlog [req-8a023641-c06f-48b5-a537-094ae0298a1f req-5f6351a4-9cfc-4733-a743-1e8be4e9d2e8 service placement] 10.222.0.47 "GET /placement/allocations/603b4ad9-eced-4727-b2fc-717e40b3a97a" status: 200 len: 19 microversion: 1.28
Jun 01 15:13:39.526534 n-d-844285-2 devstack@placement-api.service[105088]: [pid: 105088|app: 0|req: 226/450] 10.222.0.47 () {60 vars in 1380 bytes} [Wed Jun 1 15:13:39 2022] GET /placement/allocations/603b4ad9-eced-4727-b2fc-717e40b3a97a => generated 19 bytes in 25 msecs (HTTP/1.1 200) 8 headers in 295 bytes (1 switches on core 0)
Jun 01 15:13:39.531461 n-d-844285-2 devstack@placement-api.service[105089]: DEBUG placement.requestlog [req-8a023641-c06f-48b5-a537-094ae0298a1f req-c479a0ec-107a-4da6-8802-37a653fbda96 None None] Starting request: 10.222.0.47 "PUT /placement/allocations/603b4ad9-eced-4727-b2fc-717e40b3a97a" {{(pid=105089) __call__ /opt/stack/placement/placement/requestlog.py:55}}
Jun 01 15:13:39.555558 n-d-844285-2 devstack@placement-api.service[105088]: DEBUG placement.requestlog [req-50325ecf-c83f-4ccb-80b2-7e98a13a3e00 req-4d9170cf-31c0-4b58-ac05-dd8544dbe381 None None] Starting request: 10.222.0.47 "GET /placement/allocations/3b8dcdf9-0b0f-4faf-b79a-099b8134ad01" {{(pid=105088) __call__ /opt/stack/placement/placement/requestlog.py:55}}
Jun 01 15:13:39.607606 n-d-844285-2 devstack@placement-api.service[105088]: INFO placement.requestlog [req-50325ecf-c83f-4ccb-80b2-7e98a13a3e00 req-4d9170cf-31c0-4b58-ac05-dd8544dbe381 service placement] 10.222.0.47 "GET /placement/allocations/3b8dcdf9-0b0f-4faf-b79a-099b8134ad01" status: 200 len: 19 microversion: 1.28
Jun 01 15:13:39.607971 n-d-844285-2 devstack@placement-api.service[105088]: [pid: 105088|app: 0|req: 227/451] 10.222.0.47 () {60 vars in 1380 bytes} [Wed Jun 1 15:13:39 2022] GET /placement/allocations/3b8dcdf9-0b0f-4faf-b79a-099b8134ad01 => generated 19 bytes in 54 msecs (HTTP/1.1 200) 8 headers in 295 bytes (2 switches on core 0)
Jun 01 15:13:39.615478 n-d-844285-2 devstack@placement-api.service[105088]: DEBUG placement.requestlog [req-50325ecf-c83f-4ccb-80b2-7e98a13a3e00 req-45a98628-f33b-46ee-bf52-a976e9ffd4d6 None None] Starting request: 10.222.0.47 "PUT /placement/allocations/3b8dcdf9-0b0f-4faf-b79a-099b8134ad01" {{(pid=105088) __call__ /opt/stack/placement/placement/requestlog.py:55}}
Jun 01 15:13:39.725003 n-d-844285-2 devstack@placement-api.service[105089]: DEBUG placement.handlers.allocation [req-8a023641-c06f-48b5-a537-094ae0298a1f req-c479a0ec-107a-4da6-8802-37a653fbda96 service placement] Successfully wrote allocations [, , ] {{(pid=105089) _update_consumers_and_create_allocations /opt/stack/placement/placement/handlers/allocation.py:462}}
Jun 01 15:13:39.734410 n-d-844285-2 devstack@placement-api.service[105089]: INFO placement.requestlog [req-8a023641-c06f-48b5-a537-094ae0298a1f req-c479a0ec-107a-4da6-8802-37a653fbda96 service placement] 10.222.0.47 "PUT /placement/allocations/603b4ad9-eced-4727-b2fc-717e40b3a97a" status: 204 len: 0 microversion: 1.36
Jun 01 15:13:39.735182 n-d-844285-2 devstack@placement-api.service[105089]: [pid: 105089|app: 0|req: 225/452] 10.222.0.47 () {64 vars in 1433 bytes} [Wed Jun 1 15:13:39 2022] PUT /placement/allocations/603b4ad9-eced-4727-b2fc-717e40b3a97a => generated 0 bytes in 204 msecs (HTTP/1.1 204) 5 headers in 199 bytes (1 switches on core 0)
Jun 01 15:13:39.743818 n-d-844285-2 devstack@placement-api.service[105088]: DEBUG placement.objects.allocation [req-50325ecf-c83f-4ccb-80b2-7e98a13a3e00 req-45a98628-f33b-46ee-bf52-a976e9ffd4d6 service placement] Retrying allocations write on resource provider generation conflict {{(pid=105088) replace_all /opt/stack/placement/placement/objects/allocation.py:509}}
Jun 01 15:13:39.821253 n-d-844285-2 devstack@placement-api.service[105088]: DEBUG placement.handlers.allocation [req-50325ecf-c83f-4ccb-80b2-7e98a13a3e00 req-45a98628-f33b-46ee-bf52-a976e9ffd4d6 service placement] Successfully wrote allocations [, , ] {{(pid=105088) _update_consumers_and_create_allocations /opt/stack/placement/placement/handlers/allocation.py:462}}
Jun 01 15:13:39.830867 n-d-844285-2 devstack@placement-api.service[105088]: INFO placement.requestlog [req-50325ecf-c83f-4ccb-80b2-7e98a13a3e00 req-45a98628-f33b-46ee-bf52-a976e9ffd4d6 service placement] 10.222.0.47 "PUT /placement/allocations/3b8dcdf9-0b0f-4faf-b79a-099b8134ad01" status: 204 len: 0 microversion: 1.36
Jun 01 15:13:39.833014 n-d-844285-2 devstack@placement-api.service[105088]: [pid: 105088|app: 0|req: 228/453] 10.222.0.47 () {64 vars in 1433 bytes} [Wed Jun 1 15:13:39 2022] PUT /placement/allocations/3b8dcdf9-0b0f-4faf-b79a-099b8134ad01 => generated 0 bytes in 218 msecs (HTTP/1.1 204) 5 headers in 199 bytes (2 switches on core 0)
Jun 01 15:13:39.849110 n-d-844285-2 devstack@placement-api.service[105089]: DEBUG placement.requestlog [req-50325ecf-c83f-4ccb-80b2-7e98a13a3e00 req-a7859cb0-2ca4-4533-bee6-3725b6f98d41 None None] Starting request: 10.222.0.47 "GET /placement/allocations/0694a38d-78f0-4a7c-b8f2-054321b8db87" {{(pid=105089) __call__ /opt/stack/placement/placement/requestlog.py:55}}
Jun 01 15:13:39.885153 n-d-844285-2 devstack@placement-api.service[105089]: INFO placement.requestlog [req-50325ecf-c83f-4ccb-80b2-7e98a13a3e00 req-a7859cb0-2ca4-4533-bee6-3725b6f98d41 service placement] 10.222.0.47 "GET /placement/allocations/0694a38d-78f0-4a7c-b8f2-054321b8db87" status: 200 len: 19 microversion: 1.28
Jun 01 15:13:39.885153 n-d-844285-2 devstack@placement-api.service[105089]: [pid: 105089|app: 0|req: 226/454] 10.222.0.47 () {60 vars in 1380 bytes} [Wed Jun 1 15:13:39 2022] GET /placement/allocations/0694a38d-78f0-4a7c-b8f2-054321b8db87 => generated 19 bytes in 27 msecs (HTTP/1.1 200) 8 headers in 295 bytes (1 switches on core 0)
Jun 01 15:13:39.892410 n-d-844285-2 devstack@placement-api.service[105088]: DEBUG placement.requestlog [req-50325ecf-c83f-4ccb-80b2-7e98a13a3e00 req-9c918242-c01d-4dd5-a999-31a9b4c02498 None None] Starting request: 10.222.0.47 "PUT /placement/allocations/0694a38d-78f0-4a7c-b8f2-054321b8db87" {{(pid=105088) __call__ /opt/stack/placement/placement/requestlog.py:55}}
Jun 01 15:13:40.034292 n-d-844285-2 devstack@placement-api.service[105088]: DEBUG placement.handlers.allocation [req-50325ecf-c83f-4ccb-80b2-7e98a13a3e00 req-9c918242-c01d-4dd5-a999-31a9b4c02498 service placement] Successfully wrote allocations [, , ] {{(pid=105088) _update_consumers_and_create_allocations /opt/stack/placement/placement/handlers/allocation.py:462}}
Jun 01 15:13:40.048070 n-d-844285-2 devstack@placement-api.service[105088]: INFO placement.requestlog [req-50325ecf-c83f-4ccb-80b2-7e98a13a3e00 req-9c918242-c01d-4dd5-a999-31a9b4c02498 service placement] 10.222.0.47 "PUT /placement/allocations/0694a38d-78f0-4a7c-b8f2-054321b8db87" status: 204 len: 0 microversion: 1.36
Jun 01 15:13:40.049102 n-d-844285-2 devstack@placement-api.service[105088]: [pid: 105088|app: 0|req: 229/455] 10.222.0.47 () {64 vars in 1433 bytes} [Wed Jun 1 15:13:39 2022] PUT /placement/allocations/0694a38d-78f0-4a7c-b8f2-054321b8db87 => generated 0 bytes in 157 msecs (HTTP/1.1 204) 5 headers in 199 bytes (1 switches on core 0)
Jun 01 15:13:41.179449 n-d-844285-2 devstack@placement-api.service[105089]: DEBUG placement.requestlog [req-50325ecf-c83f-4ccb-80b2-7e98a13a3e00 req-c005260a-03cf-4865-a096-7e0e1da28a65 None None] Starting request: 10.222.0.71 "GET /placement/allocations/3b8dcdf9-0b0f-4faf-b79a-099b8134ad01" {{(pid=105089) __call__ /opt/stack/placement/placement/requestlog.py:55}}
Jun 01 15:13:41.180909 n-d-844285-2 devstack@placement-api.service[105088]: DEBUG placement.requestlog [req-8a023641-c06f-48b5-a537-094ae0298a1f req-8625c0a5-982c-44b1-a2b2-e19648ee3390 None None] Starting request: 10.222.0.71 "GET /placement/allocations/603b4ad9-eced-4727-b2fc-717e40b3a97a" {{(pid=105088) __call__ /opt/stack/placement/placement/requestlog.py:55}}
Jun 01 15:13:41.426023 n-d-844285-2 devstack@placement-api.service[105089]: INFO placement.requestlog [req-50325ecf-c83f-4ccb-80b2-7e98a13a3e00 req-c005260a-03cf-4865-a096-7e0e1da28a65 service placement] 10.222.0.71 "GET /placement/allocations/3b8dcdf9-0b0f-4faf-b79a-099b8134ad01" status: 200 len: 259 microversion: 1.28
Jun 01 15:13:41.426609 n-d-844285-2 devstack@placement-api.service[105089]: [pid: 105089|app: 0|req: 227/456] 10.222.0.71 () {60 vars in 1377 bytes} [Wed Jun 1 15:13:41 2022] GET /placement/allocations/3b8dcdf9-0b0f-4faf-b79a-099b8134ad01 => generated 259 bytes in 248 msecs (HTTP/1.1 200) 8 headers in 296 bytes (2 switches on core 0)
Jun 01 15:13:41.433103 n-d-844285-2 devstack@placement-api.service[105089]: DEBUG placement.requestlog [req-50325ecf-c83f-4ccb-80b2-7e98a13a3e00 req-6dcecfaf-9f6e-4aa7-b0e1-41fd8d786336 None None] Starting request: 10.222.0.71 "GET /placement/allocations/0694a38d-78f0-4a7c-b8f2-054321b8db87" {{(pid=105089) __call__ /opt/stack/placement/placement/requestlog.py:55}}
Jun 01 15:13:41.464041 n-d-844285-2 devstack@placement-api.service[105089]: INFO placement.requestlog [req-50325ecf-c83f-4ccb-80b2-7e98a13a3e00 req-6dcecfaf-9f6e-4aa7-b0e1-41fd8d786336 service placement] 10.222.0.71 "GET /placement/allocations/0694a38d-78f0-4a7c-b8f2-054321b8db87" status: 200 len: 259 microversion: 1.28
Jun 01 15:13:41.464041 n-d-844285-2 devstack@placement-api.service[105089]: [pid: 105089|app: 0|req: 228/457] 10.222.0.71 () {60 vars in 1377 bytes} [Wed Jun 1 15:13:41 2022] GET /placement/allocations/0694a38d-78f0-4a7c-b8f2-054321b8db87 => generated 259 bytes in 36 msecs (HTTP/1.1 200) 8 headers in 296 bytes (1 switches on core 0)
Jun 01 15:13:41.517353 n-d-844285-2 devstack@placement-api.service[105088]: INFO placement.requestlog [req-8a023641-c06f-48b5-a537-094ae0298a1f req-8625c0a5-982c-44b1-a2b2-e19648ee3390 service placement] 10.222.0.71 "GET /placement/allocations/603b4ad9-eced-4727-b2fc-717e40b3a97a" status: 200 len: 259 microversion: 1.28
Jun 01 15:13:41.517719 n-d-844285-2 devstack@placement-api.service[105088]: [pid: 105088|app: 0|req: 230/458] 10.222.0.71 () {60 vars in 1377 bytes} [Wed Jun 1 15:13:41 2022] GET /placement/allocations/603b4ad9-eced-4727-b2fc-717e40b3a97a => generated 259 bytes in 337 msecs (HTTP/1.1 200) 8 headers in 296 bytes (1 switches on core 0)
Jun 01 15:13:41.682761 n-d-844285-2 devstack@placement-api.service[105089]: DEBUG placement.requestlog [req-50325ecf-c83f-4ccb-80b2-7e98a13a3e00 req-183c9530-2131-4e48-aff8-6a729674754f None None] Starting request: 10.222.0.71 "GET /placement/resource_providers?in_tree=994b0d6c-44f5-42fd-9e0c-dcb065039369" {{(pid=105089) __call__ /opt/stack/placement/placement/requestlog.py:55}}
Jun 01 15:13:41.710456 n-d-844285-2 devstack@placement-api.service[105089]: INFO placement.requestlog [req-50325ecf-c83f-4ccb-80b2-7e98a13a3e00 req-183c9530-2131-4e48-aff8-6a729674754f service placement] 10.222.0.71 "GET /placement/resource_providers?in_tree=994b0d6c-44f5-42fd-9e0c-dcb065039369" status: 200 len: 863 microversion: 1.14
Jun 01 15:13:41.710853 n-d-844285-2 devstack@placement-api.service[105089]: [pid: 105089|app: 0|req: 229/459] 10.222.0.71 () {60 vars in 1376 bytes} [Wed Jun 1 15:13:41 2022] GET /placement/resource_providers?in_tree=994b0d6c-44f5-42fd-9e0c-dcb065039369 => generated 863 bytes in 29 msecs (HTTP/1.1 200) 6 headers in 225 bytes (1 switches on core 0)
Jun 01 15:13:41.728047 n-d-844285-2 devstack@placement-api.service[105088]: DEBUG placement.requestlog [req-50325ecf-c83f-4ccb-80b2-7e98a13a3e00 req-c5a786d6-57fe-4305-8735-0bbbb5fff637 None None] Starting request: 10.222.0.71 "GET /placement/resource_providers/994b0d6c-44f5-42fd-9e0c-dcb065039369/inventories" {{(pid=105088) __call__ /opt/stack/placement/placement/requestlog.py:55}}
Jun 01 15:13:41.773675 n-d-844285-2 devstack@placement-api.service[105089]: DEBUG placement.requestlog [req-50325ecf-c83f-4ccb-80b2-7e98a13a3e00 req-a3c68c01-cf60-4174-98c6-7d710f0d8a21 None None] Starting request: 10.222.0.71 "GET /placement/resource_providers?in_tree=994b0d6c-44f5-42fd-9e0c-dcb065039369" {{(pid=105089) __call__ /opt/stack/placement/placement/requestlog.py:55}}
Jun 01 15:13:41.788605 n-d-844285-2 devstack@placement-api.service[105088]: INFO placement.requestlog [req-50325ecf-c83f-4ccb-80b2-7e98a13a3e00 req-c5a786d6-57fe-4305-8735-0bbbb5fff637 service placement] 10.222.0.71 "GET /placement/resource_providers/994b0d6c-44f5-42fd-9e0c-dcb065039369/inventories" status: 200 len: 398 microversion: 1.0
Jun 01 15:13:41.789572 n-d-844285-2 devstack@placement-api.service[105088]: [pid: 105088|app: 0|req: 231/460] 10.222.0.71 () {58 vars in 1390 bytes} [Wed Jun 1 15:13:41 2022] GET /placement/resource_providers/994b0d6c-44f5-42fd-9e0c-dcb065039369/inventories => generated 398 bytes in 62 msecs (HTTP/1.1 200) 6 headers in 224 bytes (1 switches on core 0)
Jun 01 15:13:41.800126 n-d-844285-2 devstack@placement-api.service[105089]: INFO placement.requestlog [req-50325ecf-c83f-4ccb-80b2-7e98a13a3e00 req-a3c68c01-cf60-4174-98c6-7d710f0d8a21 service placement] 10.222.0.71 "GET /placement/resource_providers?in_tree=994b0d6c-44f5-42fd-9e0c-dcb065039369" status: 200 len: 863 microversion: 1.14
Jun 01 15:13:41.801023 n-d-844285-2 devstack@placement-api.service[105089]: [pid: 105089|app: 0|req: 230/461] 10.222.0.71 () {60 vars in 1376 bytes} [Wed Jun 1 15:13:41 2022] GET /placement/resource_providers?in_tree=994b0d6c-44f5-42fd-9e0c-dcb065039369 => generated 863 bytes in 28 msecs (HTTP/1.1 200) 6 headers in 225 bytes (2 switches on core 0)
Jun 01 15:13:41.827258 n-d-844285-2 devstack@placement-api.service[105088]: DEBUG placement.requestlog [req-50325ecf-c83f-4ccb-80b2-7e98a13a3e00 req-505042e3-5f30-4e51-94b2-8ebfe217df82 None None] Starting request: 10.222.0.71 "GET /placement/resource_providers/994b0d6c-44f5-42fd-9e0c-dcb065039369/inventories" {{(pid=105088) __call__ /opt/stack/placement/placement/requestlog.py:55}}
Jun 01 15:13:41.832808 n-d-844285-2 devstack@placement-api.service[105089]: DEBUG placement.requestlog [req-50325ecf-c83f-4ccb-80b2-7e98a13a3e00 req-48898cb0-9e32-4bed-855f-bff7e01e8142 None None] Starting request: 10.222.0.71 "GET /placement/resource_providers/994b0d6c-44f5-42fd-9e0c-dcb065039369/aggregates" {{(pid=105089) __call__ /opt/stack/placement/placement/requestlog.py:55}}
Jun 01 15:13:41.930941 n-d-844285-2 devstack@placement-api.service[105089]: INFO placement.requestlog [req-50325ecf-c83f-4ccb-80b2-7e98a13a3e00 req-48898cb0-9e32-4bed-855f-bff7e01e8142 service placement] 10.222.0.71 "GET /placement/resource_providers/994b0d6c-44f5-42fd-9e0c-dcb065039369/aggregates" status: 200 len: 54 microversion: 1.19
Jun 01 15:13:41.931601 n-d-844285-2 devstack@placement-api.service[105089]: [pid: 105089|app: 0|req: 231/462] 10.222.0.71 () {60 vars in 1431 bytes} [Wed Jun 1 15:13:41 2022] GET /placement/resource_providers/994b0d6c-44f5-42fd-9e0c-dcb065039369/aggregates => generated 54 bytes in 103 msecs (HTTP/1.1 200) 8 headers in 295 bytes (1 switches on core 0)
Jun 01 15:13:41.936538 n-d-844285-2 devstack@placement-api.service[105088]: INFO placement.requestlog [req-50325ecf-c83f-4ccb-80b2-7e98a13a3e00 req-505042e3-5f30-4e51-94b2-8ebfe217df82 service placement] 10.222.0.71 "GET /placement/resource_providers/994b0d6c-44f5-42fd-9e0c-dcb065039369/inventories" status: 200 len: 398 microversion: 1.0
Jun 01 15:13:41.937158 n-d-844285-2 devstack@placement-api.service[105088]: [pid: 105088|app: 0|req: 232/463] 10.222.0.71 () {58 vars in 1390 bytes} [Wed Jun 1 15:13:41 2022] GET /placement/resource_providers/994b0d6c-44f5-42fd-9e0c-dcb065039369/inventories => generated 398 bytes in 111 msecs (HTTP/1.1 200) 6 headers in 224 bytes (1 switches on core 0)
Jun 01 15:13:41.974887 n-d-844285-2 devstack@placement-api.service[105089]: DEBUG placement.requestlog [req-50325ecf-c83f-4ccb-80b2-7e98a13a3e00 req-7f4ced10-76b2-4c3b-a2b6-082e1d7fa40a None None] Starting request: 10.222.0.71 "GET /placement/resource_providers/994b0d6c-44f5-42fd-9e0c-dcb065039369/traits" {{(pid=105089) __call__ /opt/stack/placement/placement/requestlog.py:55}}
Jun 01 15:13:41.980364 n-d-844285-2 devstack@placement-api.service[105088]: DEBUG placement.requestlog [req-50325ecf-c83f-4ccb-80b2-7e98a13a3e00 req-49911997-6465-4842-b7a0-a9419b22c591 None None] Starting request: 10.222.0.71 "GET /placement/resource_providers/994b0d6c-44f5-42fd-9e0c-dcb065039369/aggregates" {{(pid=105088) __call__ /opt/stack/placement/placement/requestlog.py:55}}
Jun 01 15:13:42.009610 n-d-844285-2 devstack@placement-api.service[105088]: INFO placement.requestlog [req-50325ecf-c83f-4ccb-80b2-7e98a13a3e00 req-49911997-6465-4842-b7a0-a9419b22c591 service placement] 10.222.0.71 "GET /placement/resource_providers/994b0d6c-44f5-42fd-9e0c-dcb065039369/aggregates" status: 200 len: 54 microversion: 1.19
Jun 01 15:13:42.014393 n-d-844285-2 devstack@placement-api.service[105088]: [pid: 105088|app: 0|req: 233/464] 10.222.0.71 () {60 vars in 1431 bytes} [Wed Jun 1 15:13:41 2022] GET /placement/resource_providers/994b0d6c-44f5-42fd-9e0c-dcb065039369/aggregates => generated 54 bytes in 34 msecs (HTTP/1.1 200) 8 headers in 295 bytes (1 switches on core 0)
Jun 01 15:13:42.015128 n-d-844285-2 devstack@placement-api.service[105088]: DEBUG placement.requestlog [req-8a023641-c06f-48b5-a537-094ae0298a1f req-969758bb-14cd-48f8-8944-d0ae32b0a252 None None] Starting request: 10.222.0.71 "GET /placement/resource_providers?in_tree=994b0d6c-44f5-42fd-9e0c-dcb065039369" {{(pid=105088) __call__ /opt/stack/placement/placement/requestlog.py:55}}
Jun 01 15:13:42.035714 n-d-844285-2 devstack@placement-api.service[105088]: INFO placement.requestlog [req-8a023641-c06f-48b5-a537-094ae0298a1f req-969758bb-14cd-48f8-8944-d0ae32b0a252 service placement] 10.222.0.71 "GET /placement/resource_providers?in_tree=994b0d6c-44f5-42fd-9e0c-dcb065039369" status: 200 len: 863 microversion: 1.14
Jun 01 15:13:42.036307 n-d-844285-2 devstack@placement-api.service[105088]: [pid: 105088|app: 0|req: 234/465] 10.222.0.71 () {60 vars in 1376 bytes} [Wed Jun 1 15:13:42 2022] GET /placement/resource_providers?in_tree=994b0d6c-44f5-42fd-9e0c-dcb065039369 => generated 863 bytes in 21 msecs (HTTP/1.1 200) 6 headers in 225 bytes (1 switches on core 0)
Jun 01 15:13:42.036918 n-d-844285-2 devstack@placement-api.service[105088]: DEBUG placement.requestlog [req-50325ecf-c83f-4ccb-80b2-7e98a13a3e00 req-bffe3993-dadc-44f5-9284-93a9f93fde9d None None] Starting request: 10.222.0.71 "GET /placement/resource_providers/994b0d6c-44f5-42fd-9e0c-dcb065039369/traits" {{(pid=105088) __call__ /opt/stack/placement/placement/requestlog.py:55}}
Jun 01 15:13:42.058845 n-d-844285-2 devstack@placement-api.service[105089]: INFO placement.requestlog [req-50325ecf-c83f-4ccb-80b2-7e98a13a3e00 req-7f4ced10-76b2-4c3b-a2b6-082e1d7fa40a service placement] 10.222.0.71 "GET /placement/resource_providers/994b0d6c-44f5-42fd-9e0c-dcb065039369/traits" status: 200 len: 212 microversion: 1.6
Jun 01 15:13:42.059238 n-d-844285-2 devstack@placement-api.service[105089]: [pid: 105089|app: 0|req: 232/466] 10.222.0.71 () {60 vars in 1418 bytes} [Wed Jun 1 15:13:41 2022] GET /placement/resource_providers/994b0d6c-44f5-42fd-9e0c-dcb065039369/traits => generated 212 bytes in 85 msecs (HTTP/1.1 200) 6 headers in 224 bytes (1 switches on core 0)
Jun 01 15:13:42.062757 n-d-844285-2 devstack@placement-api.service[105089]: DEBUG placement.requestlog [req-8a023641-c06f-48b5-a537-094ae0298a1f req-d768c5d8-cbfb-484a-9a36-3e810428ecd1 None None] Starting request: 10.222.0.71 "GET /placement/resource_providers/994b0d6c-44f5-42fd-9e0c-dcb065039369/inventories" {{(pid=105089) __call__ /opt/stack/placement/placement/requestlog.py:55}}
Jun 01 15:13:42.083074 n-d-844285-2 devstack@placement-api.service[105088]: INFO placement.requestlog [req-50325ecf-c83f-4ccb-80b2-7e98a13a3e00 req-bffe3993-dadc-44f5-9284-93a9f93fde9d service placement] 10.222.0.71 "GET /placement/resource_providers/994b0d6c-44f5-42fd-9e0c-dcb065039369/traits" status: 200 len: 212 microversion: 1.6
Jun 01 15:13:42.083755 n-d-844285-2 devstack@placement-api.service[105088]: [pid: 105088|app: 0|req: 235/467] 10.222.0.71 () {60 vars in 1418 bytes} [Wed Jun 1 15:13:42 2022] GET /placement/resource_providers/994b0d6c-44f5-42fd-9e0c-dcb065039369/traits => generated 212 bytes in 47 msecs (HTTP/1.1 200) 6 headers in 224 bytes (1 switches on core 0)
Jun 01 15:13:42.111552 n-d-844285-2 devstack@placement-api.service[105089]: INFO placement.requestlog [req-8a023641-c06f-48b5-a537-094ae0298a1f req-d768c5d8-cbfb-484a-9a36-3e810428ecd1 service placement] 10.222.0.71 "GET /placement/resource_providers/994b0d6c-44f5-42fd-9e0c-dcb065039369/inventories" status: 200 len: 398 microversion: 1.0
Jun 01 15:13:42.111765 n-d-844285-2 devstack@placement-api.service[105089]: [pid: 105089|app: 0|req: 233/468] 10.222.0.71 () {58 vars in 1390 bytes} [Wed Jun 1 15:13:42 2022] GET /placement/resource_providers/994b0d6c-44f5-42fd-9e0c-dcb065039369/inventories => generated 398 bytes in 52 msecs (HTTP/1.1 200) 6 headers in 224 bytes (1 switches on core 0)
Jun 01 15:13:42.544720 n-d-844285-2 devstack@placement-api.service[105088]: DEBUG placement.requestlog [req-8a023641-c06f-48b5-a537-094ae0298a1f req-c776521c-fa67-41a3-b709-a8ed3e0ff716 None None] Starting request: 10.222.0.71 "GET /placement/resource_providers/994b0d6c-44f5-42fd-9e0c-dcb065039369/aggregates" {{(pid=105088) __call__ /opt/stack/placement/placement/requestlog.py:55}}
Jun 01 15:13:42.605428 n-d-844285-2 devstack@placement-api.service[105088]: INFO placement.requestlog [req-8a023641-c06f-48b5-a537-094ae0298a1f req-c776521c-fa67-41a3-b709-a8ed3e0ff716 service placement] 10.222.0.71 "GET /placement/resource_providers/994b0d6c-44f5-42fd-9e0c-dcb065039369/aggregates" status: 200 len: 54 microversion: 1.19
Jun 01 15:13:42.607167 n-d-844285-2 devstack@placement-api.service[105088]: [pid: 105088|app: 0|req: 236/469] 10.222.0.71 () {60 vars in 1431 bytes} [Wed Jun 1 15:13:42 2022] GET /placement/resource_providers/994b0d6c-44f5-42fd-9e0c-dcb065039369/aggregates => generated 54 bytes in 63 msecs (HTTP/1.1 200) 8 headers in 295 bytes (1 switches on core 0)
Jun 01 15:13:42.621305 n-d-844285-2 devstack@placement-api.service[105089]: DEBUG placement.requestlog [req-8a023641-c06f-48b5-a537-094ae0298a1f req-0b523b23-2c01-4eb8-aeff-fa12a1c2127b None None] Starting request: 10.222.0.71 "GET /placement/resource_providers/994b0d6c-44f5-42fd-9e0c-dcb065039369/traits" {{(pid=105089) __call__ /opt/stack/placement/placement/requestlog.py:55}}
Jun 01 15:13:42.736828 n-d-844285-2 devstack@placement-api.service[105089]: INFO placement.requestlog [req-8a023641-c06f-48b5-a537-094ae0298a1f req-0b523b23-2c01-4eb8-aeff-fa12a1c2127b service placement] 10.222.0.71 "GET /placement/resource_providers/994b0d6c-44f5-42fd-9e0c-dcb065039369/traits" status: 200 len: 212 microversion: 1.6
Jun 01 15:13:42.738154 n-d-844285-2 devstack@placement-api.service[105089]: [pid: 105089|app: 0|req: 234/470] 10.222.0.71 () {60 vars in 1418 bytes} [Wed Jun 1 15:13:42 2022] GET /placement/resource_providers/994b0d6c-44f5-42fd-9e0c-dcb065039369/traits => generated 212 bytes in 117 msecs (HTTP/1.1 200) 6 headers in 224 bytes (1 switches on core 0)
Jun 01 15:13:52.597282 n-d-844285-2 devstack@placement-api.service[105088]: DEBUG dbcounter [-] [105088] Writing DB stats placement:SELECT=77,placement:INSERT=11,placement:DELETE=5,placement:UPDATE=5 {{(pid=105088) stat_writer /usr/local/lib/python3.8/dist-packages/dbcounter.py:114}}
Jun 01 15:13:52.666507 n-d-844285-2 devstack@placement-api.service[105089]: DEBUG dbcounter [-] [105089] Writing DB stats placement:SELECT=63,placement:INSERT=6,placement:DELETE=2,placement:UPDATE=2 {{(pid=105089) stat_writer /usr/local/lib/python3.8/dist-packages/dbcounter.py:114}}
Jun 01 15:13:53.608999 n-d-844285-2 devstack@placement-api.service[105088]: DEBUG placement.requestlog [req-72d82dc3-fd21-49e4-aece-6d2031a7e0c3 req-c40b5125-84e3-4d1b-8677-afb179dae7c4 None None] Starting request: 10.222.0.47 "GET /placement/allocation_candidates?limit=1000&resources=DISK_GB%3A1%2CMEMORY_MB%3A1024%2CVCPU%3A1&root_required=%21COMPUTE_STATUS_DISABLED" {{(pid=105088) __call__ /opt/stack/placement/placement/requestlog.py:55}}
Jun 01 15:13:53.657105 n-d-844285-2 devstack@placement-api.service[105088]: DEBUG placement.objects.research_context [req-72d82dc3-fd21-49e4-aece-6d2031a7e0c3 req-c40b5125-84e3-4d1b-8677-afb179dae7c4 service placement] getting providers with 1 DISK_GB {{(pid=105088) __init__ /opt/stack/placement/placement/objects/research_context.py:136}}
Jun 01 15:13:53.664993 n-d-844285-2 devstack@placement-api.service[105088]: DEBUG placement.objects.research_context [req-72d82dc3-fd21-49e4-aece-6d2031a7e0c3 req-c40b5125-84e3-4d1b-8677-afb179dae7c4 service placement] getting providers with 1024 MEMORY_MB {{(pid=105088) __init__ /opt/stack/placement/placement/objects/research_context.py:136}}
Jun 01 15:13:53.674528 n-d-844285-2 devstack@placement-api.service[105088]: DEBUG placement.objects.research_context [req-72d82dc3-fd21-49e4-aece-6d2031a7e0c3 req-c40b5125-84e3-4d1b-8677-afb179dae7c4 service placement] getting providers with 1 VCPU {{(pid=105088) __init__ /opt/stack/placement/placement/objects/research_context.py:136}}
