Jun 01 13:04:30.198928 n-d-844285-1 devstack@placement-api.service[105118]: INFO placement.requestlog [req-df82cdbb-9859-418a-9393-cfc5a81bf193 req-56926e60-8959-46db-b0a6-1a81e2789b0f service placement] 10.222.0.55 "GET /placement/resource_providers/6c0d54d0-735b-4a1b-a3d3-ad53832cc3fd/aggregates" status: 200 len: 91 microversion: 1.19
Jun 01 13:04:30.199851 n-d-844285-1 devstack@placement-api.service[105118]: [pid: 105118|app: 0|req: 28/54] 10.222.0.55 () {60 vars in 1425 bytes} [Wed Jun 1 13:04:30 2022] GET /placement/resource_providers/6c0d54d0-735b-4a1b-a3d3-ad53832cc3fd/aggregates => generated 91 bytes in 24 msecs (HTTP/1.1 200) 8 headers in 295 bytes (1 switches on core 0)
Jun 01 13:04:30.209176 n-d-844285-1 devstack@placement-api.service[105117]: DEBUG placement.requestlog [req-df82cdbb-9859-418a-9393-cfc5a81bf193 req-aa2bcac6-4218-487b-b897-be4e394eddf6 None None] Starting request: 10.222.0.55 "PUT /placement/resource_providers/6c0d54d0-735b-4a1b-a3d3-ad53832cc3fd/aggregates" {{(pid=105117) __call__ /opt/stack/placement/placement/requestlog.py:55}}
Jun 01 13:04:30.258941 n-d-844285-1 devstack@placement-api.service[105117]: DEBUG placement.objects.resource_provider [req-df82cdbb-9859-418a-9393-cfc5a81bf193 req-aa2bcac6-4218-487b-b897-be4e394eddf6 service placement] Setting aggregates for provider 6c0d54d0-735b-4a1b-a3d3-ad53832cc3fd. Successfully disassociated aggregate 1e23c924-5d54-4491-8557-ff3487a2e991. {{(pid=105117) _set_aggregates /opt/stack/placement/placement/objects/resource_provider.py:404}}
Jun 01 13:04:30.272382 n-d-844285-1 devstack@placement-api.service[105117]: INFO placement.requestlog [req-df82cdbb-9859-418a-9393-cfc5a81bf193 req-aa2bcac6-4218-487b-b897-be4e394eddf6 service placement] 10.222.0.55 "PUT /placement/resource_providers/6c0d54d0-735b-4a1b-a3d3-ad53832cc3fd/aggregates" status: 200 len: 53 microversion: 1.19
Jun 01 13:04:30.273177 n-d-844285-1 devstack@placement-api.service[105117]: [pid: 105117|app: 0|req: 27/55] 10.222.0.55 () {64 vars in 1477 bytes} [Wed Jun 1 13:04:30 2022] PUT /placement/resource_providers/6c0d54d0-735b-4a1b-a3d3-ad53832cc3fd/aggregates => generated 53 bytes in 64 msecs (HTTP/1.1 200) 8 headers in 295 bytes (1 switches on core 0)
Jun 01 13:04:31.045015 n-d-844285-1 devstack@placement-api.service[105118]: DEBUG placement.requestlog [req-3e25fa2c-1220-4378-8a20-4629d846c3a9 req-74b6d020-4f8b-41b6-af1a-2167f6803669 None None] Starting request: 10.222.0.55 "GET /placement/resource_providers?name=n-h2-844285-1" {{(pid=105118) __call__ /opt/stack/placement/placement/requestlog.py:55}}
Jun 01 13:04:31.059985 n-d-844285-1 devstack@placement-api.service[105118]: INFO placement.requestlog [req-3e25fa2c-1220-4378-8a20-4629d846c3a9 req-74b6d020-4f8b-41b6-af1a-2167f6803669 service placement] 10.222.0.55 "GET /placement/resource_providers?name=n-h2-844285-1" status: 200 len: 440 microversion: 1.0
Jun 01 13:04:31.060624 n-d-844285-1 devstack@placement-api.service[105118]: [pid: 105118|app: 0|req: 29/56] 10.222.0.55 () {58 vars in 1274 bytes} [Wed Jun 1 13:04:31 2022] GET /placement/resource_providers?name=n-h2-844285-1 => generated 440 bytes in 16 msecs (HTTP/1.1 200) 6 headers in 224 bytes (1 switches on core 0)
Jun 01 13:04:31.067530 n-d-844285-1 devstack@placement-api.service[105117]: DEBUG placement.requestlog [req-3e25fa2c-1220-4378-8a20-4629d846c3a9 req-d6bb4208-992c-4376-8fe3-7b10b8004a61 None None] Starting request: 10.222.0.55 "GET /placement/resource_providers/6c0d54d0-735b-4a1b-a3d3-ad53832cc3fd/aggregates" {{(pid=105117) __call__ /opt/stack/placement/placement/requestlog.py:55}}
Jun 01 13:04:31.095038 n-d-844285-1 devstack@placement-api.service[105117]: INFO placement.requestlog [req-3e25fa2c-1220-4378-8a20-4629d846c3a9 req-d6bb4208-992c-4376-8fe3-7b10b8004a61 service placement] 10.222.0.55 "GET /placement/resource_providers/6c0d54d0-735b-4a1b-a3d3-ad53832cc3fd/aggregates" status: 200 len: 53 microversion: 1.19
Jun 01 13:04:31.095501 n-d-844285-1 devstack@placement-api.service[105117]: [pid: 105117|app: 0|req: 28/57] 10.222.0.55 () {60 vars in 1425 bytes} [Wed Jun 1 13:04:31 2022] GET /placement/resource_providers/6c0d54d0-735b-4a1b-a3d3-ad53832cc3fd/aggregates => generated 53 bytes in 28 msecs (HTTP/1.1 200) 8 headers in 295 bytes (2 switches on core 0)
Jun 01 13:04:31.104851 n-d-844285-1 devstack@placement-api.service[105118]: DEBUG placement.requestlog [req-3e25fa2c-1220-4378-8a20-4629d846c3a9 req-56589039-8633-4c1b-a1af-9a179efa62b6 None None] Starting request: 10.222.0.55 "PUT /placement/resource_providers/6c0d54d0-735b-4a1b-a3d3-ad53832cc3fd/aggregates" {{(pid=105118) __call__ /opt/stack/placement/placement/requestlog.py:55}}
Jun 01 13:04:31.126150 n-d-844285-1 devstack@placement-api.service[105118]: DEBUG placement.objects.resource_provider [req-3e25fa2c-1220-4378-8a20-4629d846c3a9 req-56589039-8633-4c1b-a1af-9a179efa62b6 service placement] _ensure_aggregate() did not find aggregate 67eab810-63db-4651-ab78-b92fcd5aeda4. Attempting to create it. {{(pid=105118) _ensure_aggregate /opt/stack/placement/placement/objects/resource_provider.py:321}}
Jun 01 13:04:31.128804 n-d-844285-1 devstack@placement-api.service[105118]: DEBUG placement.objects.resource_provider [req-3e25fa2c-1220-4378-8a20-4629d846c3a9 req-56589039-8633-4c1b-a1af-9a179efa62b6 service placement] _ensure_aggregate() created new aggregate 67eab810-63db-4651-ab78-b92fcd5aeda4 (id=2). {{(pid=105118) _ensure_aggregate /opt/stack/placement/placement/objects/resource_provider.py:327}}
Jun 01 13:04:31.132799 n-d-844285-1 devstack@placement-api.service[105118]: DEBUG placement.objects.resource_provider [req-3e25fa2c-1220-4378-8a20-4629d846c3a9 req-56589039-8633-4c1b-a1af-9a179efa62b6 service placement] Setting aggregates for provider 6c0d54d0-735b-4a1b-a3d3-ad53832cc3fd. Successfully associated aggregate 67eab810-63db-4651-ab78-b92fcd5aeda4. {{(pid=105118) _set_aggregates /opt/stack/placement/placement/objects/resource_provider.py:389}}
Jun 01 13:04:31.140748 n-d-844285-1 devstack@placement-api.service[105118]: INFO placement.requestlog [req-3e25fa2c-1220-4378-8a20-4629d846c3a9 req-56589039-8633-4c1b-a1af-9a179efa62b6 service placement] 10.222.0.55 "PUT /placement/resource_providers/6c0d54d0-735b-4a1b-a3d3-ad53832cc3fd/aggregates" status: 200 len: 91 microversion: 1.19
Jun 01 13:04:31.143371 n-d-844285-1 devstack@placement-api.service[105118]: [pid: 105118|app: 0|req: 30/58] 10.222.0.55 () {64 vars in 1477 bytes} [Wed Jun 1 13:04:31 2022] PUT /placement/resource_providers/6c0d54d0-735b-4a1b-a3d3-ad53832cc3fd/aggregates => generated 91 bytes in 39 msecs (HTTP/1.1 200) 8 headers in 295 bytes (1 switches on core 0)
Jun 01 13:04:31.263233 n-d-844285-1 devstack@placement-api.service[105117]: DEBUG placement.requestlog [req-6b2ce4d7-02e9-4551-af54-f6b78a5ca5c6 req-8991642d-7862-4f31-89ae-52400a37e70f None None] Starting request: 10.222.0.55 "GET /placement/resource_providers?name=n-h2-844285-1" {{(pid=105117) __call__ /opt/stack/placement/placement/requestlog.py:55}}
Jun 01 13:04:31.280586 n-d-844285-1 devstack@placement-api.service[105117]: INFO placement.requestlog [req-6b2ce4d7-02e9-4551-af54-f6b78a5ca5c6 req-8991642d-7862-4f31-89ae-52400a37e70f service placement] 10.222.0.55 "GET /placement/resource_providers?name=n-h2-844285-1" status: 200 len: 440 microversion: 1.0
Jun 01 13:04:31.287323 n-d-844285-1 devstack@placement-api.service[105117]: [pid: 105117|app: 0|req: 29/59] 10.222.0.55 () {58 vars in 1274 bytes} [Wed Jun 1 13:04:31 2022] GET /placement/resource_providers?name=n-h2-844285-1 => generated 440 bytes in 24 msecs (HTTP/1.1 200) 6 headers in 224 bytes (2 switches on core 0)
Jun 01 13:04:31.294931 n-d-844285-1 devstack@placement-api.service[105118]: DEBUG placement.requestlog [req-6b2ce4d7-02e9-4551-af54-f6b78a5ca5c6 req-7d8f7481-c12c-4468-9ada-20d56080b2dc None None] Starting request: 10.222.0.55 "GET /placement/resource_providers/6c0d54d0-735b-4a1b-a3d3-ad53832cc3fd/aggregates" {{(pid=105118) __call__ /opt/stack/placement/placement/requestlog.py:55}}
Jun 01 13:04:31.317196 n-d-844285-1 devstack@placement-api.service[105118]: INFO placement.requestlog [req-6b2ce4d7-02e9-4551-af54-f6b78a5ca5c6 req-7d8f7481-c12c-4468-9ada-20d56080b2dc service placement] 10.222.0.55 "GET /placement/resource_providers/6c0d54d0-735b-4a1b-a3d3-ad53832cc3fd/aggregates" status: 200 len: 91 microversion: 1.19
Jun 01 13:04:31.318879 n-d-844285-1 devstack@placement-api.service[105118]: [pid: 105118|app: 0|req: 31/60] 10.222.0.55 () {60 vars in 1425 bytes} [Wed Jun 1 13:04:31 2022] GET /placement/resource_providers/6c0d54d0-735b-4a1b-a3d3-ad53832cc3fd/aggregates => generated 91 bytes in 24 msecs (HTTP/1.1 200) 8 headers in 295 bytes (2 switches on core 0)
Jun 01 13:04:31.329167 n-d-844285-1 devstack@placement-api.service[105117]: DEBUG placement.requestlog [req-6b2ce4d7-02e9-4551-af54-f6b78a5ca5c6 req-a680b516-ce14-4b81-b94f-38a79cc2c14b None None] Starting request: 10.222.0.55 "PUT /placement/resource_providers/6c0d54d0-735b-4a1b-a3d3-ad53832cc3fd/aggregates" {{(pid=105117) __call__ /opt/stack/placement/placement/requestlog.py:55}}
Jun 01 13:04:31.349809 n-d-844285-1 devstack@placement-api.service[105117]: DEBUG placement.objects.resource_provider [req-6b2ce4d7-02e9-4551-af54-f6b78a5ca5c6 req-a680b516-ce14-4b81-b94f-38a79cc2c14b service placement] Setting aggregates for provider 6c0d54d0-735b-4a1b-a3d3-ad53832cc3fd. Successfully disassociated aggregate 67eab810-63db-4651-ab78-b92fcd5aeda4. {{(pid=105117) _set_aggregates /opt/stack/placement/placement/objects/resource_provider.py:404}}
Jun 01 13:04:31.360391 n-d-844285-1 devstack@placement-api.service[105117]: INFO placement.requestlog [req-6b2ce4d7-02e9-4551-af54-f6b78a5ca5c6 req-a680b516-ce14-4b81-b94f-38a79cc2c14b service placement] 10.222.0.55 "PUT /placement/resource_providers/6c0d54d0-735b-4a1b-a3d3-ad53832cc3fd/aggregates" status: 200 len: 53 microversion: 1.19
Jun 01 13:04:31.367412 n-d-844285-1 devstack@placement-api.service[105117]: [pid: 105117|app: 0|req: 30/61] 10.222.0.55 () {64 vars in 1477 bytes} [Wed Jun 1 13:04:31 2022] PUT /placement/resource_providers/6c0d54d0-735b-4a1b-a3d3-ad53832cc3fd/aggregates => generated 53 bytes in 39 msecs (HTTP/1.1 200) 8 headers in 295 bytes (1 switches on core 0)
Jun 01 13:04:31.699379 n-d-844285-1 devstack@placement-api.service[105118]: DEBUG placement.requestlog [req-859fdb9a-0ee3-42ed-879a-d8154dd58dfa req-2a5a97ca-8558-4923-97c4-b6ea4a8dc33a None None] Starting request: 10.222.0.55 "GET /placement/resource_providers?name=n-h2-844285-1" {{(pid=105118) __call__ /opt/stack/placement/placement/requestlog.py:55}}
Jun 01 13:04:31.713357 n-d-844285-1 devstack@placement-api.service[105118]: INFO placement.requestlog [req-859fdb9a-0ee3-42ed-879a-d8154dd58dfa req-2a5a97ca-8558-4923-97c4-b6ea4a8dc33a service placement] 10.222.0.55 "GET /placement/resource_providers?name=n-h2-844285-1" status: 200 len: 440 microversion: 1.0
Jun 01 13:04:31.713741 n-d-844285-1 devstack@placement-api.service[105118]: [pid: 105118|app: 0|req: 32/62] 10.222.0.55 () {58 vars in 1274 bytes} [Wed Jun 1 13:04:31 2022] GET /placement/resource_providers?name=n-h2-844285-1 => generated 440 bytes in 15 msecs (HTTP/1.1 200) 6 headers in 224 bytes (2 switches on core 0)
Jun 01 13:04:31.727870 n-d-844285-1 devstack@placement-api.service[105117]: DEBUG placement.requestlog [req-859fdb9a-0ee3-42ed-879a-d8154dd58dfa req-dd60e292-8a18-4996-9eba-91e419814c75 None None] Starting request: 10.222.0.55 "GET /placement/resource_providers/6c0d54d0-735b-4a1b-a3d3-ad53832cc3fd/aggregates" {{(pid=105117) __call__ /opt/stack/placement/placement/requestlog.py:55}}
Jun 01 13:04:31.742558 n-d-844285-1 devstack@placement-api.service[105117]: INFO placement.requestlog [req-859fdb9a-0ee3-42ed-879a-d8154dd58dfa req-dd60e292-8a18-4996-9eba-91e419814c75 service placement] 10.222.0.55 "GET /placement/resource_providers/6c0d54d0-735b-4a1b-a3d3-ad53832cc3fd/aggregates" status: 200 len: 53 microversion: 1.19
Jun 01 13:04:31.750111 n-d-844285-1 devstack@placement-api.service[105117]: [pid: 105117|app: 0|req: 31/63] 10.222.0.55 () {60 vars in 1425 bytes} [Wed Jun 1 13:04:31 2022] GET /placement/resource_providers/6c0d54d0-735b-4a1b-a3d3-ad53832cc3fd/aggregates => generated 53 bytes in 22 msecs (HTTP/1.1 200) 8 headers in 295 bytes (1 switches on core 0)
Jun 01 13:04:31.753510 n-d-844285-1 devstack@placement-api.service[105118]: DEBUG placement.requestlog [req-859fdb9a-0ee3-42ed-879a-d8154dd58dfa req-4df5e1ca-7e71-45d9-85cb-1c38b330846c None None] Starting request: 10.222.0.55 "PUT /placement/resource_providers/6c0d54d0-735b-4a1b-a3d3-ad53832cc3fd/aggregates" {{(pid=105118) __call__ /opt/stack/placement/placement/requestlog.py:55}}
Jun 01 13:04:31.789331 n-d-844285-1 devstack@placement-api.service[105118]: DEBUG placement.objects.resource_provider [req-859fdb9a-0ee3-42ed-879a-d8154dd58dfa req-4df5e1ca-7e71-45d9-85cb-1c38b330846c service placement] _ensure_aggregate() did not find aggregate b98410ea-d845-4c2d-8950-b347f7dfe9cb. Attempting to create it. {{(pid=105118) _ensure_aggregate /opt/stack/placement/placement/objects/resource_provider.py:321}}
Jun 01 13:04:31.796365 n-d-844285-1 devstack@placement-api.service[105118]: DEBUG placement.objects.resource_provider [req-859fdb9a-0ee3-42ed-879a-d8154dd58dfa req-4df5e1ca-7e71-45d9-85cb-1c38b330846c service placement] _ensure_aggregate() created new aggregate b98410ea-d845-4c2d-8950-b347f7dfe9cb (id=3). {{(pid=105118) _ensure_aggregate /opt/stack/placement/placement/objects/resource_provider.py:327}}
Jun 01 13:04:31.804369 n-d-844285-1 devstack@placement-api.service[105118]: DEBUG placement.objects.resource_provider [req-859fdb9a-0ee3-42ed-879a-d8154dd58dfa req-4df5e1ca-7e71-45d9-85cb-1c38b330846c service placement] Setting aggregates for provider 6c0d54d0-735b-4a1b-a3d3-ad53832cc3fd. Successfully associated aggregate b98410ea-d845-4c2d-8950-b347f7dfe9cb. {{(pid=105118) _set_aggregates /opt/stack/placement/placement/objects/resource_provider.py:389}}
Jun 01 13:04:31.812722 n-d-844285-1 devstack@placement-api.service[105118]: INFO placement.requestlog [req-859fdb9a-0ee3-42ed-879a-d8154dd58dfa req-4df5e1ca-7e71-45d9-85cb-1c38b330846c service placement] 10.222.0.55 "PUT /placement/resource_providers/6c0d54d0-735b-4a1b-a3d3-ad53832cc3fd/aggregates" status: 200 len: 92 microversion: 1.19
Jun 01 13:04:31.814409 n-d-844285-1 devstack@placement-api.service[105118]: [pid: 105118|app: 0|req: 33/64] 10.222.0.55 () {64 vars in 1477 bytes} [Wed Jun 1 13:04:31 2022] PUT /placement/resource_providers/6c0d54d0-735b-4a1b-a3d3-ad53832cc3fd/aggregates => generated 92 bytes in 63 msecs (HTTP/1.1 200) 8 headers in 295 bytes (2 switches on core 0)
Jun 01 13:04:32.356876 n-d-844285-1 devstack@placement-api.service[105117]: DEBUG placement.requestlog [req-d6cf1b73-3e98-4adf-b72d-2d73033d2f11 req-4c9eb5a3-ad2f-4771-9410-757737b2f0d3 None None] Starting request: 10.222.0.55 "GET /placement/resource_providers?name=n-h2-844285-1" {{(pid=105117) __call__ /opt/stack/placement/placement/requestlog.py:55}}
Jun 01 13:04:32.373494 n-d-844285-1 devstack@placement-api.service[105117]: INFO placement.requestlog [req-d6cf1b73-3e98-4adf-b72d-2d73033d2f11 req-4c9eb5a3-ad2f-4771-9410-757737b2f0d3 service placement] 10.222.0.55 "GET /placement/resource_providers?name=n-h2-844285-1" status: 200 len: 441 microversion: 1.0
Jun 01 13:04:32.374325 n-d-844285-1 devstack@placement-api.service[105117]: [pid: 105117|app: 0|req: 32/65] 10.222.0.55 () {58 vars in 1274 bytes} [Wed Jun 1 13:04:32 2022] GET /placement/resource_providers?name=n-h2-844285-1 => generated 441 bytes in 18 msecs (HTTP/1.1 200) 6 headers in 224 bytes (1 switches on core 0)
Jun 01 13:04:32.380769 n-d-844285-1 devstack@placement-api.service[105118]: DEBUG placement.requestlog [req-d6cf1b73-3e98-4adf-b72d-2d73033d2f11 req-fb79fda4-681a-4837-8381-122a0b9b561c None None] Starting request: 10.222.0.55 "GET /placement/resource_providers/6c0d54d0-735b-4a1b-a3d3-ad53832cc3fd/aggregates" {{(pid=105118) __call__ /opt/stack/placement/placement/requestlog.py:55}}
Jun 01 13:04:32.405896 n-d-844285-1 devstack@placement-api.service[105118]: INFO placement.requestlog [req-d6cf1b73-3e98-4adf-b72d-2d73033d2f11 req-fb79fda4-681a-4837-8381-122a0b9b561c service placement] 10.222.0.55 "GET /placement/resource_providers/6c0d54d0-735b-4a1b-a3d3-ad53832cc3fd/aggregates" status: 200 len: 92 microversion: 1.19
Jun 01 13:04:32.406301 n-d-844285-1 devstack@placement-api.service[105118]: [pid: 105118|app: 0|req: 34/66] 10.222.0.55 () {60 vars in 1425 bytes} [Wed Jun 1 13:04:32 2022] GET /placement/resource_providers/6c0d54d0-735b-4a1b-a3d3-ad53832cc3fd/aggregates => generated 92 bytes in 26 msecs (HTTP/1.1 200) 8 headers in 295 bytes (1 switches on core 0)
Jun 01 13:04:32.414747 n-d-844285-1 devstack@placement-api.service[105117]: DEBUG placement.requestlog [req-d6cf1b73-3e98-4adf-b72d-2d73033d2f11 req-0bc9f7a2-0356-48c0-b500-d96190b7403b None None] Starting request: 10.222.0.55 "PUT /placement/resource_providers/6c0d54d0-735b-4a1b-a3d3-ad53832cc3fd/aggregates" {{(pid=105117) __call__ /opt/stack/placement/placement/requestlog.py:55}}
Jun 01 13:04:32.446449 n-d-844285-1 devstack@placement-api.service[105117]: DEBUG placement.objects.resource_provider [req-d6cf1b73-3e98-4adf-b72d-2d73033d2f11 req-0bc9f7a2-0356-48c0-b500-d96190b7403b service placement] Setting aggregates for provider 6c0d54d0-735b-4a1b-a3d3-ad53832cc3fd. Successfully disassociated aggregate b98410ea-d845-4c2d-8950-b347f7dfe9cb. {{(pid=105117) _set_aggregates /opt/stack/placement/placement/objects/resource_provider.py:404}}
Jun 01 13:04:32.463033 n-d-844285-1 devstack@placement-api.service[105117]: INFO placement.requestlog [req-d6cf1b73-3e98-4adf-b72d-2d73033d2f11 req-0bc9f7a2-0356-48c0-b500-d96190b7403b service placement] 10.222.0.55 "PUT /placement/resource_providers/6c0d54d0-735b-4a1b-a3d3-ad53832cc3fd/aggregates" status: 200 len: 54 microversion: 1.19
Jun 01 13:04:32.463916 n-d-844285-1 devstack@placement-api.service[105117]: [pid: 105117|app: 0|req: 33/67] 10.222.0.55 () {64 vars in 1477 bytes} [Wed Jun 1 13:04:32 2022] PUT /placement/resource_providers/6c0d54d0-735b-4a1b-a3d3-ad53832cc3fd/aggregates => generated 54 bytes in 50 msecs (HTTP/1.1 200) 8 headers in 295 bytes (1 switches on core 0)
Jun 01 13:04:33.194238 n-d-844285-1 devstack@placement-api.service[105118]: DEBUG placement.requestlog [req-fce0989b-4911-4a49-84b3-b78603ad95be req-1a220f7e-23b4-42a2-9973-0dd59699fecb None None] Starting request: 10.222.0.55 "GET /placement/resource_providers?name=n-h2-844285-1" {{(pid=105118) __call__ /opt/stack/placement/placement/requestlog.py:55}}
Jun 01 13:04:33.213194 n-d-844285-1 devstack@placement-api.service[105118]: INFO placement.requestlog [req-fce0989b-4911-4a49-84b3-b78603ad95be req-1a220f7e-23b4-42a2-9973-0dd59699fecb service placement] 10.222.0.55 "GET /placement/resource_providers?name=n-h2-844285-1" status: 200 len: 441 microversion: 1.0
Jun 01 13:04:33.213710 n-d-844285-1 devstack@placement-api.service[105118]: [pid: 105118|app: 0|req: 35/68] 10.222.0.55 () {58 vars in 1274 bytes} [Wed Jun 1 13:04:33 2022] GET /placement/resource_providers?name=n-h2-844285-1 => generated 441 bytes in 20 msecs (HTTP/1.1 200) 6 headers in 224 bytes (1 switches on core 0)
Jun 01 13:04:33.222718 n-d-844285-1 devstack@placement-api.service[105117]: DEBUG placement.requestlog [req-fce0989b-4911-4a49-84b3-b78603ad95be req-99983b37-0de9-4856-b803-5e9111242947 None None] Starting request: 10.222.0.55 "GET /placement/resource_providers/6c0d54d0-735b-4a1b-a3d3-ad53832cc3fd/aggregates" {{(pid=105117) __call__ /opt/stack/placement/placement/requestlog.py:55}}
Jun 01 13:04:33.248380 n-d-844285-1 devstack@placement-api.service[105117]: INFO placement.requestlog [req-fce0989b-4911-4a49-84b3-b78603ad95be req-99983b37-0de9-4856-b803-5e9111242947 service placement] 10.222.0.55 "GET /placement/resource_providers/6c0d54d0-735b-4a1b-a3d3-ad53832cc3fd/aggregates" status: 200 len: 54 microversion: 1.19
Jun 01 13:04:33.249182 n-d-844285-1 devstack@placement-api.service[105117]: [pid: 105117|app: 0|req: 34/69] 10.222.0.55 () {60 vars in 1425 bytes} [Wed Jun 1 13:04:33 2022] GET /placement/resource_providers/6c0d54d0-735b-4a1b-a3d3-ad53832cc3fd/aggregates => generated 54 bytes in 27 msecs (HTTP/1.1 200) 8 headers in 295 bytes (1 switches on core 0)
Jun 01 13:04:33.282456 n-d-844285-1 devstack@placement-api.service[105118]: DEBUG placement.requestlog [req-fce0989b-4911-4a49-84b3-b78603ad95be req-6c536b67-09e9-4f2f-8381-699609b2552f None None] Starting request: 10.222.0.55 "PUT /placement/resource_providers/6c0d54d0-735b-4a1b-a3d3-ad53832cc3fd/aggregates" {{(pid=105118) __call__ /opt/stack/placement/placement/requestlog.py:55}}
Jun 01 13:04:33.335780 n-d-844285-1 devstack@placement-api.service[105118]: DEBUG placement.objects.resource_provider [req-fce0989b-4911-4a49-84b3-b78603ad95be req-6c536b67-09e9-4f2f-8381-699609b2552f service placement] _ensure_aggregate() did not find aggregate 89e4b72f-7743-4606-8305-ab430becc1dd. Attempting to create it. {{(pid=105118) _ensure_aggregate /opt/stack/placement/placement/objects/resource_provider.py:321}}
Jun 01 13:04:33.337502 n-d-844285-1 devstack@placement-api.service[105118]: DEBUG placement.objects.resource_provider [req-fce0989b-4911-4a49-84b3-b78603ad95be req-6c536b67-09e9-4f2f-8381-699609b2552f service placement] _ensure_aggregate() created new aggregate 89e4b72f-7743-4606-8305-ab430becc1dd (id=4). {{(pid=105118) _ensure_aggregate /opt/stack/placement/placement/objects/resource_provider.py:327}}
Jun 01 13:04:33.339178 n-d-844285-1 devstack@placement-api.service[105118]: DEBUG placement.objects.resource_provider [req-fce0989b-4911-4a49-84b3-b78603ad95be req-6c536b67-09e9-4f2f-8381-699609b2552f service placement] Setting aggregates for provider 6c0d54d0-735b-4a1b-a3d3-ad53832cc3fd. Successfully associated aggregate 89e4b72f-7743-4606-8305-ab430becc1dd. {{(pid=105118) _set_aggregates /opt/stack/placement/placement/objects/resource_provider.py:389}}
Jun 01 13:04:33.347749 n-d-844285-1 devstack@placement-api.service[105118]: INFO placement.requestlog [req-fce0989b-4911-4a49-84b3-b78603ad95be req-6c536b67-09e9-4f2f-8381-699609b2552f service placement] 10.222.0.55 "PUT /placement/resource_providers/6c0d54d0-735b-4a1b-a3d3-ad53832cc3fd/aggregates" status: 200 len: 92 microversion: 1.19
Jun 01 13:04:33.349211 n-d-844285-1 devstack@placement-api.service[105118]: [pid: 105118|app: 0|req: 36/70] 10.222.0.55 () {64 vars in 1477 bytes} [Wed Jun 1 13:04:33 2022] PUT /placement/resource_providers/6c0d54d0-735b-4a1b-a3d3-ad53832cc3fd/aggregates => generated 92 bytes in 67 msecs (HTTP/1.1 200) 8 headers in 295 bytes (2 switches on core 0)
Jun 01 13:04:33.729720 n-d-844285-1 devstack@placement-api.service[105117]: DEBUG placement.requestlog [req-ba9bd92f-aac1-4531-99f3-ab4be3fa205c req-4664deeb-0d22-4f7e-8e80-9e48a423247c None None] Starting request: 10.222.0.55 "GET /placement/allocation_candidates?limit=1000&resources=DISK_GB%3A1%2CMEMORY_MB%3A1024%2CVCPU%3A1&root_required=%21COMPUTE_STATUS_DISABLED" {{(pid=105117) __call__ /opt/stack/placement/placement/requestlog.py:55}}
Jun 01 13:04:33.755649 n-d-844285-1 devstack@placement-api.service[105118]: DEBUG placement.requestlog [req-c2aa11a3-f00c-4d5d-adb9-1c98e713deb6 req-14961e6e-4d44-41c8-87a0-554701e9cb88 None None] Starting request: 10.222.0.55 "GET /placement/resource_providers?name=n-h2-844285-1" {{(pid=105118) __call__ /opt/stack/placement/placement/requestlog.py:55}}
Jun 01 13:04:33.760577 n-d-844285-1 devstack@placement-api.service[105118]: INFO placement.requestlog [req-c2aa11a3-f00c-4d5d-adb9-1c98e713deb6 req-14961e6e-4d44-41c8-87a0-554701e9cb88 service placement] 10.222.0.55 "GET /placement/resource_providers?name=n-h2-844285-1" status: 200 len: 441 microversion: 1.0
Jun 01 13:04:33.766074 n-d-844285-1 devstack@placement-api.service[105118]: [pid: 105118|app: 0|req: 37/71] 10.222.0.55 () {58 vars in 1274 bytes} [Wed Jun 1 13:04:33 2022] GET /placement/resource_providers?name=n-h2-844285-1 => generated 441 bytes in 19 msecs (HTTP/1.1 200) 6 headers in 224 bytes (1 switches on core 0)
Jun 01 13:04:33.769547 n-d-844285-1 devstack@placement-api.service[105118]: DEBUG placement.requestlog [req-c2aa11a3-f00c-4d5d-adb9-1c98e713deb6 req-fea5e411-d167-48cf-bf7d-bc9f9db763f9 None None] Starting request: 10.222.0.55 "GET /placement/resource_providers/6c0d54d0-735b-4a1b-a3d3-ad53832cc3fd/aggregates" {{(pid=105118) __call__ /opt/stack/placement/placement/requestlog.py:55}}
Jun 01 13:04:33.783677 n-d-844285-1 devstack@placement-api.service[105118]: INFO placement.requestlog [req-c2aa11a3-f00c-4d5d-adb9-1c98e713deb6 req-fea5e411-d167-48cf-bf7d-bc9f9db763f9 service placement] 10.222.0.55 "GET /placement/resource_providers/6c0d54d0-735b-4a1b-a3d3-ad53832cc3fd/aggregates" status: 200 len: 92 microversion: 1.19
Jun 01 13:04:33.784110 n-d-844285-1 devstack@placement-api.service[105118]: [pid: 105118|app: 0|req: 38/72] 10.222.0.55 () {60 vars in 1425 bytes} [Wed Jun 1 13:04:33 2022] GET /placement/resource_providers/6c0d54d0-735b-4a1b-a3d3-ad53832cc3fd/aggregates => generated 92 bytes in 15 msecs (HTTP/1.1 200) 8 headers in 295 bytes (1 switches on core 0)
Jun 01 13:04:33.791068 n-d-844285-1 devstack@placement-api.service[105118]: DEBUG placement.requestlog [req-c2aa11a3-f00c-4d5d-adb9-1c98e713deb6 req-3992b275-967b-46f9-aa9a-b77b80100456 None None] Starting request: 10.222.0.55 "PUT /placement/resource_providers/6c0d54d0-735b-4a1b-a3d3-ad53832cc3fd/aggregates" {{(pid=105118) __call__ /opt/stack/placement/placement/requestlog.py:55}}
Jun 01 13:04:33.805150 n-d-844285-1 devstack@placement-api.service[105117]: DEBUG placement.objects.research_context [req-ba9bd92f-aac1-4531-99f3-ab4be3fa205c req-4664deeb-0d22-4f7e-8e80-9e48a423247c service placement] getting providers with 1 DISK_GB {{(pid=105117) __init__ /opt/stack/placement/placement/objects/research_context.py:136}}
Jun 01 13:04:33.807842 n-d-844285-1 devstack@placement-api.service[105118]: DEBUG placement.objects.resource_provider [req-c2aa11a3-f00c-4d5d-adb9-1c98e713deb6 req-3992b275-967b-46f9-aa9a-b77b80100456 service placement] Setting aggregates for provider 6c0d54d0-735b-4a1b-a3d3-ad53832cc3fd. Successfully disassociated aggregate 89e4b72f-7743-4606-8305-ab430becc1dd. {{(pid=105118) _set_aggregates /opt/stack/placement/placement/objects/resource_provider.py:404}}
Jun 01 13:04:33.814486 n-d-844285-1 devstack@placement-api.service[105118]: INFO placement.requestlog [req-c2aa11a3-f00c-4d5d-adb9-1c98e713deb6 req-3992b275-967b-46f9-aa9a-b77b80100456 service placement] 10.222.0.55 "PUT /placement/resource_providers/6c0d54d0-735b-4a1b-a3d3-ad53832cc3fd/aggregates" status: 200 len: 54 microversion: 1.19
Jun 01 13:04:33.815210 n-d-844285-1 devstack@placement-api.service[105118]: [pid: 105118|app: 0|req: 39/73] 10.222.0.55 () {64 vars in 1477 bytes} [Wed Jun 1 13:04:33 2022] PUT /placement/resource_providers/6c0d54d0-735b-4a1b-a3d3-ad53832cc3fd/aggregates => generated 54 bytes in 25 msecs (HTTP/1.1 200) 8 headers in 295 bytes (1 switches on core 0)
Jun 01 13:04:33.818006 n-d-844285-1 devstack@placement-api.service[105117]: DEBUG placement.objects.research_context [req-ba9bd92f-aac1-4531-99f3-ab4be3fa205c req-4664deeb-0d22-4f7e-8e80-9e48a423247c service placement] getting providers with 1024 MEMORY_MB {{(pid=105117) __init__ /opt/stack/placement/placement/objects/research_context.py:136}}
Jun 01 13:04:33.832965 n-d-844285-1 devstack@placement-api.service[105117]: DEBUG placement.objects.research_context [req-ba9bd92f-aac1-4531-99f3-ab4be3fa205c req-4664deeb-0d22-4f7e-8e80-9e48a423247c service placement] getting providers with 1 VCPU {{(pid=105117) __init__ /opt/stack/placement/placement/objects/research_context.py:136}}
Jun 01 13:04:33.843346 n-d-844285-1 devstack@placement-api.service[105117]: DEBUG placement.objects.research_context [req-ba9bd92f-aac1-4531-99f3-ab4be3fa205c req-4664deeb-0d22-4f7e-8e80-9e48a423247c service placement] found 2 providers with available 1 DISK_GB {{(pid=105117) get_provider_ids_matching /opt/stack/placement/placement/objects/research_context.py:563}}
Jun 01 13:04:33.844745 n-d-844285-1 devstack@placement-api.service[105117]: DEBUG placement.objects.research_context [req-ba9bd92f-aac1-4531-99f3-ab4be3fa205c req-4664deeb-0d22-4f7e-8e80-9e48a423247c service placement] found 2 providers with available 1024 MEMORY_MB {{(pid=105117) get_provider_ids_matching /opt/stack/placement/placement/objects/research_context.py:563}}
Jun 01 13:04:33.845290 n-d-844285-1 devstack@placement-api.service[105117]: DEBUG placement.objects.research_context [req-ba9bd92f-aac1-4531-99f3-ab4be3fa205c req-4664deeb-0d22-4f7e-8e80-9e48a423247c service placement] found 2 providers after filtering by previous result {{(pid=105117) get_provider_ids_matching /opt/stack/placement/placement/objects/research_context.py:594}}
Jun 01 13:04:33.845582 n-d-844285-1 devstack@placement-api.service[105117]: DEBUG placement.objects.research_context [req-ba9bd92f-aac1-4531-99f3-ab4be3fa205c req-4664deeb-0d22-4f7e-8e80-9e48a423247c service placement] found 2 providers with available 1 VCPU {{(pid=105117) get_provider_ids_matching /opt/stack/placement/placement/objects/research_context.py:563}}
Jun 01 13:04:33.845844 n-d-844285-1 devstack@placement-api.service[105117]: DEBUG placement.objects.research_context [req-ba9bd92f-aac1-4531-99f3-ab4be3fa205c req-4664deeb-0d22-4f7e-8e80-9e48a423247c service placement] found 2 providers after filtering by previous result {{(pid=105117) get_provider_ids_matching /opt/stack/placement/placement/objects/research_context.py:594}}
Jun 01 13:04:33.868098 n-d-844285-1 devstack@placement-api.service[105117]: DEBUG placement.objects.allocation_candidate [req-ba9bd92f-aac1-4531-99f3-ab4be3fa205c req-4664deeb-0d22-4f7e-8e80-9e48a423247c service placement] RequestGroup(use_same_provider=False, resources={DISK_GB:1, MEMORY_MB:1024, VCPU:1}, traits=(), aggregates=[]) (suffix '') returned 2 matches {{(pid=105117) _get_by_requests /opt/stack/placement/placement/objects/allocation_candidate.py:156}}
Jun 01 13:04:33.868516 n-d-844285-1 devstack@placement-api.service[105117]: DEBUG placement.objects.allocation_candidate [req-ba9bd92f-aac1-4531-99f3-ab4be3fa205c req-4664deeb-0d22-4f7e-8e80-9e48a423247c service placement] Merging candidates yields 2 allocation requests and 2 provider summaries {{(pid=105117) _merge_candidates /opt/stack/placement/placement/objects/allocation_candidate.py:809}}
Jun 01 13:04:33.871919 n-d-844285-1 devstack@placement-api.service[105117]: INFO placement.requestlog [req-ba9bd92f-aac1-4531-99f3-ab4be3fa205c req-4664deeb-0d22-4f7e-8e80-9e48a423247c service placement] 10.222.0.55 "GET /placement/allocation_candidates?limit=1000&resources=DISK_GB%3A1%2CMEMORY_MB%3A1024%2CVCPU%3A1&root_required=%21COMPUTE_STATUS_DISABLED" status: 200 len: 1309 microversion: 1.36
Jun 01 13:04:33.873672 n-d-844285-1 devstack@placement-api.service[105117]: [pid: 105117|app: 0|req: 35/74] 10.222.0.55 () {60 vars in 1506 bytes} [Wed Jun 1 13:04:33 2022] GET /placement/allocation_candidates?limit=1000&resources=DISK_GB%3A1%2CMEMORY_MB%3A1024%2CVCPU%3A1&root_required=%21COMPUTE_STATUS_DISABLED => generated 1309 bytes in 144 msecs (HTTP/1.1 200) 8 headers in 297 bytes (1 switches on core 0)
Jun 01 13:04:34.022971 n-d-844285-1 devstack@placement-api.service[105118]: DEBUG placement.requestlog [req-ba9bd92f-aac1-4531-99f3-ab4be3fa205c req-ba186009-1654-49f5-bfa6-5bc9d6004749 None None] Starting request: 10.222.0.55 "GET /placement/allocations/d211e41d-d592-4e5d-ae1d-4ed4407d75c6" {{(pid=105118) __call__ /opt/stack/placement/placement/requestlog.py:55}}
Jun 01 13:04:34.035512 n-d-844285-1 devstack@placement-api.service[105118]: INFO placement.requestlog [req-ba9bd92f-aac1-4531-99f3-ab4be3fa205c req-ba186009-1654-49f5-bfa6-5bc9d6004749 service placement] 10.222.0.55 "GET /placement/allocations/d211e41d-d592-4e5d-ae1d-4ed4407d75c6" status: 200 len: 19 microversion: 1.28
Jun 01 13:04:34.040850 n-d-844285-1 devstack@placement-api.service[105118]: [pid: 105118|app: 0|req: 40/75] 10.222.0.55 () {60 vars in 1380 bytes} [Wed Jun 1 13:04:34 2022] GET /placement/allocations/d211e41d-d592-4e5d-ae1d-4ed4407d75c6 => generated 19 bytes in 18 msecs (HTTP/1.1 200) 8 headers in 295 bytes (1 switches on core 0)
Jun 01 13:04:34.042864 n-d-844285-1 devstack@placement-api.service[105117]: DEBUG placement.requestlog [req-ba9bd92f-aac1-4531-99f3-ab4be3fa205c req-b89dff09-42f8-45cf-b1bf-31fa7ed59887 None None] Starting request: 10.222.0.55 "PUT /placement/allocations/d211e41d-d592-4e5d-ae1d-4ed4407d75c6" {{(pid=105117) __call__ /opt/stack/placement/placement/requestlog.py:55}}
Jun 01 13:04:34.185738 n-d-844285-1 devstack@placement-api.service[105117]: DEBUG placement.handlers.allocation [req-ba9bd92f-aac1-4531-99f3-ab4be3fa205c req-b89dff09-42f8-45cf-b1bf-31fa7ed59887 service placement] Successfully wrote allocations [, , ] {{(pid=105117) _update_consumers_and_create_allocations /opt/stack/placement/placement/handlers/allocation.py:462}}
Jun 01 13:04:34.197536 n-d-844285-1 devstack@placement-api.service[105117]: INFO placement.requestlog [req-ba9bd92f-aac1-4531-99f3-ab4be3fa205c req-b89dff09-42f8-45cf-b1bf-31fa7ed59887 service placement] 10.222.0.55 "PUT /placement/allocations/d211e41d-d592-4e5d-ae1d-4ed4407d75c6" status: 204 len: 0 microversion: 1.36
Jun 01 13:04:34.198134 n-d-844285-1 devstack@placement-api.service[105117]: [pid: 105117|app: 0|req: 36/76] 10.222.0.55 () {64 vars in 1433 bytes} [Wed Jun 1 13:04:34 2022] PUT /placement/allocations/d211e41d-d592-4e5d-ae1d-4ed4407d75c6 => generated 0 bytes in 156 msecs (HTTP/1.1 204) 5 headers in 199 bytes (1 switches on core 0)
Jun 01 13:04:34.552480 n-d-844285-1 devstack@placement-api.service[105118]: DEBUG placement.requestlog [req-b8f8cbc1-9f74-44e0-9482-9e4a55893906 req-45d99c47-d04d-4f38-9d67-6ba9ed0859a9 None None] Starting request: 10.222.0.32 "GET /placement/resource_providers/6c0d54d0-735b-4a1b-a3d3-ad53832cc3fd/allocations" {{(pid=105118) __call__ /opt/stack/placement/placement/requestlog.py:55}}
Jun 01 13:04:34.584806 n-d-844285-1 devstack@placement-api.service[105118]: INFO placement.requestlog [req-b8f8cbc1-9f74-44e0-9482-9e4a55893906 req-45d99c47-d04d-4f38-9d67-6ba9ed0859a9 service placement] 10.222.0.32 "GET /placement/resource_providers/6c0d54d0-735b-4a1b-a3d3-ad53832cc3fd/allocations" status: 200 len: 356 microversion: 1.0
Jun 01 13:04:34.585403 n-d-844285-1 devstack@placement-api.service[105118]: [pid: 105118|app: 0|req: 41/77] 10.222.0.32 () {58 vars in 1390 bytes} [Wed Jun 1 13:04:34 2022] GET /placement/resource_providers/6c0d54d0-735b-4a1b-a3d3-ad53832cc3fd/allocations => generated 356 bytes in 33 msecs (HTTP/1.1 200) 6 headers in 224 bytes (1 switches on core 0)
Jun 01 13:04:34.619788 n-d-844285-1 devstack@placement-api.service[105117]: DEBUG placement.requestlog [req-ba9bd92f-aac1-4531-99f3-ab4be3fa205c req-bb31057a-ced0-4c47-91bd-a7058c63b8b4 None None] Starting request: 10.222.0.32 "GET /placement/allocations/d211e41d-d592-4e5d-ae1d-4ed4407d75c6" {{(pid=105117) __call__ /opt/stack/placement/placement/requestlog.py:55}}
Jun 01 13:04:34.667210 n-d-844285-1 devstack@placement-api.service[105117]: INFO placement.requestlog [req-ba9bd92f-aac1-4531-99f3-ab4be3fa205c req-bb31057a-ced0-4c47-91bd-a7058c63b8b4 service placement] 10.222.0.32 "GET /placement/allocations/d211e41d-d592-4e5d-ae1d-4ed4407d75c6" status: 200 len: 259 microversion: 1.28
Jun 01 13:04:34.668086 n-d-844285-1 devstack@placement-api.service[105117]: [pid: 105117|app: 0|req: 37/78] 10.222.0.32 () {60 vars in 1377 bytes} [Wed Jun 1 13:04:34 2022] GET /placement/allocations/d211e41d-d592-4e5d-ae1d-4ed4407d75c6 => generated 259 bytes in 48 msecs (HTTP/1.1 200) 8 headers in 296 bytes (1 switches on core 0)
Jun 01 13:04:34.676580 n-d-844285-1 devstack@placement-api.service[105118]: DEBUG placement.requestlog [req-373da12e-8bf0-4239-aa48-bfb7a56e7ca8 req-47964b7e-6789-48be-8290-e17dd631adb0 None None] Starting request: 10.222.0.55 "GET /placement/allocation_candidates?limit=1000&resources=DISK_GB%3A1%2CMEMORY_MB%3A1024%2CVCPU%3A1&root_required=%21COMPUTE_STATUS_DISABLED" {{(pid=105118) __call__ /opt/stack/placement/placement/requestlog.py:55}}
Jun 01 13:04:34.756226 n-d-844285-1 devstack@placement-api.service[105118]: DEBUG placement.objects.research_context [req-373da12e-8bf0-4239-aa48-bfb7a56e7ca8 req-47964b7e-6789-48be-8290-e17dd631adb0 service placement] getting providers with 1 DISK_GB {{(pid=105118) __init__ /opt/stack/placement/placement/objects/research_context.py:136}}
Jun 01 13:04:34.765336 n-d-844285-1 devstack@placement-api.service[105118]: DEBUG placement.objects.research_context [req-373da12e-8bf0-4239-aa48-bfb7a56e7ca8 req-47964b7e-6789-48be-8290-e17dd631adb0 service placement] getting providers with 1024 MEMORY_MB {{(pid=105118) __init__ /opt/stack/placement/placement/objects/research_context.py:136}}
Jun 01 13:04:34.773911 n-d-844285-1 devstack@placement-api.service[105118]: DEBUG placement.objects.research_context [req-373da12e-8bf0-4239-aa48-bfb7a56e7ca8 req-47964b7e-6789-48be-8290-e17dd631adb0 service placement] getting providers with 1 VCPU {{(pid=105118) __init__ /opt/stack/placement/placement/objects/research_context.py:136}}
Jun 01 13:04:34.785462 n-d-844285-1 devstack@placement-api.service[105118]: DEBUG placement.objects.research_context [req-373da12e-8bf0-4239-aa48-bfb7a56e7ca8 req-47964b7e-6789-48be-8290-e17dd631adb0 service placement] found 2 providers with available 1 DISK_GB {{(pid=105118) get_provider_ids_matching /opt/stack/placement/placement/objects/research_context.py:563}}
Jun 01 13:04:34.789346 n-d-844285-1 devstack@placement-api.service[105118]: DEBUG placement.objects.research_context [req-373da12e-8bf0-4239-aa48-bfb7a56e7ca8 req-47964b7e-6789-48be-8290-e17dd631adb0 service placement] found 2 providers with available 1024 MEMORY_MB {{(pid=105118) get_provider_ids_matching /opt/stack/placement/placement/objects/research_context.py:563}}
Jun 01 13:04:34.790052 n-d-844285-1 devstack@placement-api.service[105118]: DEBUG placement.objects.research_context [req-373da12e-8bf0-4239-aa48-bfb7a56e7ca8 req-47964b7e-6789-48be-8290-e17dd631adb0 service placement] found 2 providers after filtering by previous result {{(pid=105118) get_provider_ids_matching /opt/stack/placement/placement/objects/research_context.py:594}}
Jun 01 13:04:34.792459 n-d-844285-1 devstack@placement-api.service[105118]: DEBUG placement.objects.research_context [req-373da12e-8bf0-4239-aa48-bfb7a56e7ca8 req-47964b7e-6789-48be-8290-e17dd631adb0 service placement] found 2 providers with available 1 VCPU {{(pid=105118) get_provider_ids_matching /opt/stack/placement/placement/objects/research_context.py:563}}
Jun 01 13:04:34.792778 n-d-844285-1 devstack@placement-api.service[105118]: DEBUG placement.objects.research_context [req-373da12e-8bf0-4239-aa48-bfb7a56e7ca8 req-47964b7e-6789-48be-8290-e17dd631adb0 service placement] found 2 providers after filtering by previous result {{(pid=105118) get_provider_ids_matching /opt/stack/placement/placement/objects/research_context.py:594}}
Jun 01 13:04:34.813398 n-d-844285-1 devstack@placement-api.service[105118]: DEBUG dbcounter [-] [105118] Writing DB stats placement:SELECT=87,placement:DELETE=3,placement:INSERT=6,placement:UPDATE=4 {{(pid=105118) stat_writer /usr/local/lib/python3.8/dist-packages/dbcounter.py:114}}
Jun 01 13:04:34.831016 n-d-844285-1 devstack@placement-api.service[105118]: DEBUG placement.objects.allocation_candidate [req-373da12e-8bf0-4239-aa48-bfb7a56e7ca8 req-47964b7e-6789-48be-8290-e17dd631adb0 service placement] RequestGroup(use_same_provider=False, resources={DISK_GB:1, MEMORY_MB:1024, VCPU:1}, traits=(), aggregates=[]) (suffix '') returned 2 matches {{(pid=105118) _get_by_requests /opt/stack/placement/placement/objects/allocation_candidate.py:156}}
Jun 01 13:04:34.834267 n-d-844285-1 devstack@placement-api.service[105118]: DEBUG placement.objects.allocation_candidate [req-373da12e-8bf0-4239-aa48-bfb7a56e7ca8 req-47964b7e-6789-48be-8290-e17dd631adb0 service placement] Merging candidates yields 2 allocation requests and 2 provider summaries {{(pid=105118) _merge_candidates /opt/stack/placement/placement/objects/allocation_candidate.py:809}}
Jun 01 13:04:34.838842 n-d-844285-1 devstack@placement-api.service[105118]: INFO placement.requestlog [req-373da12e-8bf0-4239-aa48-bfb7a56e7ca8 req-47964b7e-6789-48be-8290-e17dd631adb0 service placement] 10.222.0.55 "GET /placement/allocation_candidates?limit=1000&resources=DISK_GB%3A1%2CMEMORY_MB%3A1024%2CVCPU%3A1&root_required=%21COMPUTE_STATUS_DISABLED" status: 200 len: 1309 microversion: 1.36
Jun 01 13:04:34.839614 n-d-844285-1 devstack@placement-api.service[105118]: [pid: 105118|app: 0|req: 42/79] 10.222.0.55 () {60 vars in 1506 bytes} [Wed Jun 1 13:04:34 2022] GET /placement/allocation_candidates?limit=1000&resources=DISK_GB%3A1%2CMEMORY_MB%3A1024%2CVCPU%3A1&root_required=%21COMPUTE_STATUS_DISABLED => generated 1309 bytes in 165 msecs (HTTP/1.1 200) 8 headers in 297 bytes (1 switches on core 0)
Jun 01 13:04:34.918975 n-d-844285-1 devstack@placement-api.service[105117]: DEBUG placement.requestlog [req-373da12e-8bf0-4239-aa48-bfb7a56e7ca8 req-bce1c6ab-4812-4126-a084-7b57ad0ced7e None None] Starting request: 10.222.0.55 "GET /placement/allocations/c90db51e-8d73-43be-a881-83fed7fc652a" {{(pid=105117) __call__ /opt/stack/placement/placement/requestlog.py:55}}
Jun 01 13:04:34.937294 n-d-844285-1 devstack@placement-api.service[105117]: INFO placement.requestlog [req-373da12e-8bf0-4239-aa48-bfb7a56e7ca8 req-bce1c6ab-4812-4126-a084-7b57ad0ced7e service placement] 10.222.0.55 "GET /placement/allocations/c90db51e-8d73-43be-a881-83fed7fc652a" status: 200 len: 19 microversion: 1.28
Jun 01 13:04:34.938841 n-d-844285-1 devstack@placement-api.service[105117]: [pid: 105117|app: 0|req: 38/80] 10.222.0.55 () {60 vars in 1380 bytes} [Wed Jun 1 13:04:34 2022] GET /placement/allocations/c90db51e-8d73-43be-a881-83fed7fc652a => generated 19 bytes in 20 msecs (HTTP/1.1 200) 8 headers in 295 bytes (1 switches on core 0)
Jun 01 13:04:34.946312 n-d-844285-1 devstack@placement-api.service[105118]: DEBUG placement.requestlog [req-373da12e-8bf0-4239-aa48-bfb7a56e7ca8 req-eb0dab74-bacc-4beb-a9e9-6e78b9ba9912 None None] Starting request: 10.222.0.55 "PUT /placement/allocations/c90db51e-8d73-43be-a881-83fed7fc652a" {{(pid=105118) __call__ /opt/stack/placement/placement/requestlog.py:55}}
Jun 01 13:04:35.023910 n-d-844285-1 devstack@placement-api.service[105118]: DEBUG placement.handlers.allocation [req-373da12e-8bf0-4239-aa48-bfb7a56e7ca8 req-eb0dab74-bacc-4beb-a9e9-6e78b9ba9912 service placement] Successfully wrote allocations [, , ] {{(pid=105118) _update_consumers_and_create_allocations /opt/stack/placement/placement/handlers/allocation.py:462}}
Jun 01 13:04:35.031516 n-d-844285-1 devstack@placement-api.service[105118]: INFO placement.requestlog [req-373da12e-8bf0-4239-aa48-bfb7a56e7ca8 req-eb0dab74-bacc-4beb-a9e9-6e78b9ba9912 service placement] 10.222.0.55 "PUT /placement/allocations/c90db51e-8d73-43be-a881-83fed7fc652a" status: 204 len: 0 microversion: 1.36
Jun 01 13:04:35.044279 n-d-844285-1 devstack@placement-api.service[105118]: [pid: 105118|app: 0|req: 43/81] 10.222.0.55 () {64 vars in 1433 bytes} [Wed Jun 1 13:04:34 2022] PUT /placement/allocations/c90db51e-8d73-43be-a881-83fed7fc652a => generated 0 bytes in 98 msecs (HTTP/1.1 204) 5 headers in 199 bytes (1 switches on core 0)
Jun 01 13:04:35.925109 n-d-844285-1 devstack@placement-api.service[105117]: DEBUG placement.requestlog [req-02fdaf84-1e47-48b9-993c-5b2e3841ecd9 req-dcc185a5-f1c6-4612-a25b-fcc8ec9c345f None None] Starting request: 10.222.0.55 "GET /placement/resource_providers?name=n-h2-844285-1" {{(pid=105117) __call__ /opt/stack/placement/placement/requestlog.py:55}}
Jun 01 13:04:35.952055 n-d-844285-1 devstack@placement-api.service[105117]: INFO placement.requestlog [req-02fdaf84-1e47-48b9-993c-5b2e3841ecd9 req-dcc185a5-f1c6-4612-a25b-fcc8ec9c345f service placement] 10.222.0.55 "GET /placement/resource_providers?name=n-h2-844285-1" status: 200 len: 441 microversion: 1.0
Jun 01 13:04:35.953206 n-d-844285-1 devstack@placement-api.service[105117]: [pid: 105117|app: 0|req: 39/82] 10.222.0.55 () {58 vars in 1274 bytes} [Wed Jun 1 13:04:35 2022] GET /placement/resource_providers?name=n-h2-844285-1 => generated 441 bytes in 28 msecs (HTTP/1.1 200) 6 headers in 224 bytes (2 switches on core 0)
Jun 01 13:04:35.961108 n-d-844285-1 devstack@placement-api.service[105118]: DEBUG placement.requestlog [req-02fdaf84-1e47-48b9-993c-5b2e3841ecd9 req-1e9fa9f2-7755-4430-b81c-f0e83bd9bb26 None None] Starting request: 10.222.0.55 "GET /placement/resource_providers/6c0d54d0-735b-4a1b-a3d3-ad53832cc3fd/aggregates" {{(pid=105118) __call__ /opt/stack/placement/placement/requestlog.py:55}}
Jun 01 13:04:35.998358 n-d-844285-1 devstack@placement-api.service[105118]: INFO placement.requestlog [req-02fdaf84-1e47-48b9-993c-5b2e3841ecd9 req-1e9fa9f2-7755-4430-b81c-f0e83bd9bb26 service placement] 10.222.0.55 "GET /placement/resource_providers/6c0d54d0-735b-4a1b-a3d3-ad53832cc3fd/aggregates" status: 200 len: 54 microversion: 1.19
Jun 01 13:04:36.000492 n-d-844285-1 devstack@placement-api.service[105118]: [pid: 105118|app: 0|req: 44/83] 10.222.0.55 () {60 vars in 1425 bytes} [Wed Jun 1 13:04:35 2022] GET /placement/resource_providers/6c0d54d0-735b-4a1b-a3d3-ad53832cc3fd/aggregates => generated 54 bytes in 41 msecs (HTTP/1.1 200) 8 headers in 295 bytes (1 switches on core 0)
Jun 01 13:04:36.008275 n-d-844285-1 devstack@placement-api.service[105117]: DEBUG placement.requestlog [req-02fdaf84-1e47-48b9-993c-5b2e3841ecd9 req-f4ddc857-96e1-4c74-be09-660afc952163 None None] Starting request: 10.222.0.55 "PUT /placement/resource_providers/6c0d54d0-735b-4a1b-a3d3-ad53832cc3fd/aggregates" {{(pid=105117) __call__ /opt/stack/placement/placement/requestlog.py:55}}
Jun 01 13:04:36.022523 n-d-844285-1 devstack@placement-api.service[105117]: DEBUG dbcounter [-] [105117] Writing DB stats placement:SELECT=77,placement:DELETE=7,placement:INSERT=9,placement:UPDATE=7 {{(pid=105117) stat_writer /usr/local/lib/python3.8/dist-packages/dbcounter.py:114}}
Jun 01 13:04:36.027901 n-d-844285-1 devstack@placement-api.service[105117]: DEBUG placement.objects.resource_provider [req-02fdaf84-1e47-48b9-993c-5b2e3841ecd9 req-f4ddc857-96e1-4c74-be09-660afc952163 service placement] _ensure_aggregate() did not find aggregate f2b8824c-f36a-4d04-a618-364c65265ffd. Attempting to create it. {{(pid=105117) _ensure_aggregate /opt/stack/placement/placement/objects/resource_provider.py:321}}
Jun 01 13:04:36.035395 n-d-844285-1 devstack@placement-api.service[105117]: DEBUG placement.objects.resource_provider [req-02fdaf84-1e47-48b9-993c-5b2e3841ecd9 req-f4ddc857-96e1-4c74-be09-660afc952163 service placement] _ensure_aggregate() created new aggregate f2b8824c-f36a-4d04-a618-364c65265ffd (id=5). {{(pid=105117) _ensure_aggregate /opt/stack/placement/placement/objects/resource_provider.py:327}}
Jun 01 13:04:36.037797 n-d-844285-1 devstack@placement-api.service[105117]: DEBUG placement.objects.resource_provider [req-02fdaf84-1e47-48b9-993c-5b2e3841ecd9 req-f4ddc857-96e1-4c74-be09-660afc952163 service placement] Setting aggregates for provider 6c0d54d0-735b-4a1b-a3d3-ad53832cc3fd. Successfully associated aggregate f2b8824c-f36a-4d04-a618-364c65265ffd. {{(pid=105117) _set_aggregates /opt/stack/placement/placement/objects/resource_provider.py:389}}
Jun 01 13:04:36.047790 n-d-844285-1 devstack@placement-api.service[105117]: INFO placement.requestlog [req-02fdaf84-1e47-48b9-993c-5b2e3841ecd9 req-f4ddc857-96e1-4c74-be09-660afc952163 service placement] 10.222.0.55 "PUT /placement/resource_providers/6c0d54d0-735b-4a1b-a3d3-ad53832cc3fd/aggregates" status: 200 len: 92 microversion: 1.19
Jun 01 13:04:36.068729 n-d-844285-1 devstack@placement-api.service[105117]: [pid: 105117|app: 0|req: 40/84] 10.222.0.55 () {64 vars in 1477 bytes} [Wed Jun 1 13:04:36 2022] PUT /placement/resource_providers/6c0d54d0-735b-4a1b-a3d3-ad53832cc3fd/aggregates => generated 92 bytes in 41 msecs (HTTP/1.1 200) 8 headers in 295 bytes (2 switches on core 0)
Jun 01 13:04:36.400292 n-d-844285-1 devstack@placement-api.service[105118]: DEBUG placement.requestlog [req-64cc28e6-9618-4a13-89ef-01ce860a1362 req-829c0ebf-b274-4324-8929-f1d358743b87 None None] Starting request: 10.222.0.55 "GET /placement/resource_providers?name=n-h2-844285-1" {{(pid=105118) __call__ /opt/stack/placement/placement/requestlog.py:55}}
Jun 01 13:04:36.431608 n-d-844285-1 devstack@placement-api.service[105118]: INFO placement.requestlog [req-64cc28e6-9618-4a13-89ef-01ce860a1362 req-829c0ebf-b274-4324-8929-f1d358743b87 service placement] 10.222.0.55 "GET /placement/resource_providers?name=n-h2-844285-1" status: 200 len: 441 microversion: 1.0
Jun 01 13:04:36.441423 n-d-844285-1 devstack@placement-api.service[105117]: DEBUG placement.requestlog [req-64cc28e6-9618-4a13-89ef-01ce860a1362 req-8626f57d-f0fe-4f23-bf68-eed6d51168b5 None None] Starting request: 10.222.0.55 "GET /placement/resource_providers/6c0d54d0-735b-4a1b-a3d3-ad53832cc3fd/aggregates" {{(pid=105117) __call__ /opt/stack/placement/placement/requestlog.py:55}}
Jun 01 13:04:36.441683 n-d-844285-1 devstack@placement-api.service[105118]: [pid: 105118|app: 0|req: 45/85] 10.222.0.55 () {58 vars in 1274 bytes} [Wed Jun 1 13:04:36 2022] GET /placement/resource_providers?name=n-h2-844285-1 => generated 441 bytes in 42 msecs (HTTP/1.1 200) 6 headers in 224 bytes (1 switches on core 0)
Jun 01 13:04:36.464459 n-d-844285-1 devstack@placement-api.service[105117]: INFO placement.requestlog [req-64cc28e6-9618-4a13-89ef-01ce860a1362 req-8626f57d-f0fe-4f23-bf68-eed6d51168b5 service placement] 10.222.0.55 "GET /placement/resource_providers/6c0d54d0-735b-4a1b-a3d3-ad53832cc3fd/aggregates" status: 200 len: 92 microversion: 1.19
