Jun 01 13:09:26.825667 n-d-844285-1 devstack@placement-api.service[105117]: INFO placement.requestlog [req-388f577b-0274-4fe5-9837-c4f545f1c4e4 req-227d53d2-eed0-4062-91fd-c8c2d9f588e3 service placement] 10.222.0.55 "GET /placement/allocation_candidates?resources=DISK_GB%3A1%2CMEMORY_MB%3A1024%2CVCPU%3A1&root_required=%21COMPUTE_STATUS_DISABLED" status: 200 len: 1312 microversion: 1.36
Jun 01 13:09:26.825667 n-d-844285-1 devstack@placement-api.service[105117]: [pid: 105117|app: 0|req: 181/367] 10.222.0.55 () {60 vars in 1484 bytes} [Wed Jun 1 13:09:26 2022] GET /placement/allocation_candidates?resources=DISK_GB%3A1%2CMEMORY_MB%3A1024%2CVCPU%3A1&root_required=%21COMPUTE_STATUS_DISABLED => generated 1312 bytes in 120 msecs (HTTP/1.1 200) 8 headers in 297 bytes (1 switches on core 0)
Jun 01 13:09:26.950967 n-d-844285-1 devstack@placement-api.service[105118]: DEBUG placement.requestlog [req-388f577b-0274-4fe5-9837-c4f545f1c4e4 req-6a8a1d29-dacf-4cce-90ba-2e9330e6e0f4 None None] Starting request: 10.222.0.55 "GET /placement/allocations/2d07fda8-8b85-484d-ae2a-e928e145f580" {{(pid=105118) __call__ /opt/stack/placement/placement/requestlog.py:55}}
Jun 01 13:09:26.987946 n-d-844285-1 devstack@placement-api.service[105118]: INFO placement.requestlog [req-388f577b-0274-4fe5-9837-c4f545f1c4e4 req-6a8a1d29-dacf-4cce-90ba-2e9330e6e0f4 service placement] 10.222.0.55 "GET /placement/allocations/2d07fda8-8b85-484d-ae2a-e928e145f580" status: 200 len: 19 microversion: 1.28
Jun 01 13:09:26.988424 n-d-844285-1 devstack@placement-api.service[105118]: [pid: 105118|app: 0|req: 187/368] 10.222.0.55 () {60 vars in 1380 bytes} [Wed Jun 1 13:09:26 2022] GET /placement/allocations/2d07fda8-8b85-484d-ae2a-e928e145f580 => generated 19 bytes in 38 msecs (HTTP/1.1 200) 8 headers in 295 bytes (1 switches on core 0)
Jun 01 13:09:26.994997 n-d-844285-1 devstack@placement-api.service[105117]: DEBUG placement.requestlog [req-388f577b-0274-4fe5-9837-c4f545f1c4e4 req-929f64d5-22e9-4a1a-90aa-169fba2ddeb9 None None] Starting request: 10.222.0.55 "PUT /placement/allocations/2d07fda8-8b85-484d-ae2a-e928e145f580" {{(pid=105117) __call__ /opt/stack/placement/placement/requestlog.py:55}}
Jun 01 13:09:27.099962 n-d-844285-1 devstack@placement-api.service[105117]: DEBUG placement.handlers.allocation [req-388f577b-0274-4fe5-9837-c4f545f1c4e4 req-929f64d5-22e9-4a1a-90aa-169fba2ddeb9 service placement] Successfully wrote allocations [, , ] {{(pid=105117) _update_consumers_and_create_allocations /opt/stack/placement/placement/handlers/allocation.py:462}}
Jun 01 13:09:27.108952 n-d-844285-1 devstack@placement-api.service[105117]: INFO placement.requestlog [req-388f577b-0274-4fe5-9837-c4f545f1c4e4 req-929f64d5-22e9-4a1a-90aa-169fba2ddeb9 service placement] 10.222.0.55 "PUT /placement/allocations/2d07fda8-8b85-484d-ae2a-e928e145f580" status: 204 len: 0 microversion: 1.36
Jun 01 13:09:27.125320 n-d-844285-1 devstack@placement-api.service[105117]: [pid: 105117|app: 0|req: 182/369] 10.222.0.55 () {64 vars in 1433 bytes} [Wed Jun 1 13:09:26 2022] PUT /placement/allocations/2d07fda8-8b85-484d-ae2a-e928e145f580 => generated 0 bytes in 115 msecs (HTTP/1.1 204) 5 headers in 199 bytes (1 switches on core 0)
Jun 01 13:09:27.847402 n-d-844285-1 devstack@placement-api.service[105118]: DEBUG placement.requestlog [None req-57e8fe43-9786-4d88-99d6-4442907bd976 None None] Starting request: 10.222.0.55 "GET /placement/resource_providers/1b7d2607-d046-40b0-92c2-c0cd62023509/aggregates" {{(pid=105118) __call__ /opt/stack/placement/placement/requestlog.py:55}}
Jun 01 13:09:27.916338 n-d-844285-1 devstack@placement-api.service[105117]: DEBUG placement.requestlog [req-388f577b-0274-4fe5-9837-c4f545f1c4e4 req-555e6d88-37b4-409a-ba01-9f877e0b16dc None None] Starting request: 10.222.0.18 "GET /placement/allocations/2d07fda8-8b85-484d-ae2a-e928e145f580" {{(pid=105117) __call__ /opt/stack/placement/placement/requestlog.py:55}}
Jun 01 13:09:27.973994 n-d-844285-1 devstack@placement-api.service[105117]: INFO placement.requestlog [req-388f577b-0274-4fe5-9837-c4f545f1c4e4 req-555e6d88-37b4-409a-ba01-9f877e0b16dc service placement] 10.222.0.18 "GET /placement/allocations/2d07fda8-8b85-484d-ae2a-e928e145f580" status: 200 len: 259 microversion: 1.28
Jun 01 13:09:27.974689 n-d-844285-1 devstack@placement-api.service[105117]: [pid: 105117|app: 0|req: 183/370] 10.222.0.18 () {60 vars in 1377 bytes} [Wed Jun 1 13:09:27 2022] GET /placement/allocations/2d07fda8-8b85-484d-ae2a-e928e145f580 => generated 259 bytes in 59 msecs (HTTP/1.1 200) 8 headers in 296 bytes (1 switches on core 0)
Jun 01 13:09:28.259476 n-d-844285-1 devstack@placement-api.service[105118]: INFO placement.requestlog [None req-57e8fe43-9786-4d88-99d6-4442907bd976 service placement] 10.222.0.55 "GET /placement/resource_providers/1b7d2607-d046-40b0-92c2-c0cd62023509/aggregates" status: 404 len: 235 microversion: 1.1
Jun 01 13:09:28.261008 n-d-844285-1 devstack@placement-api.service[105118]: [pid: 105118|app: 0|req: 188/371] 10.222.0.55 () {58 vars in 1362 bytes} [Wed Jun 1 13:09:27 2022] GET /placement/resource_providers/1b7d2607-d046-40b0-92c2-c0cd62023509/aggregates => generated 235 bytes in 414 msecs (HTTP/1.1 404) 5 headers in 202 bytes (1 switches on core 0)
Jun 01 13:09:28.269014 n-d-844285-1 devstack@placement-api.service[105117]: DEBUG placement.requestlog [None req-9abe7b82-72a9-4db9-8c87-c49d1af40d5a None None] Starting request: 10.222.0.55 "DELETE /placement/resource_providers/1b7d2607-d046-40b0-92c2-c0cd62023509" {{(pid=105117) __call__ /opt/stack/placement/placement/requestlog.py:55}}
Jun 01 13:09:28.287286 n-d-844285-1 devstack@placement-api.service[105117]: DEBUG placement.wsgi_wrapper [None req-9abe7b82-72a9-4db9-8c87-c49d1af40d5a service placement] Placement API returning an error response: No resource provider with uuid 1b7d2607-d046-40b0-92c2-c0cd62023509 found for delete {{(pid=105117) call_func /opt/stack/placement/placement/wsgi_wrapper.py:31}}
Jun 01 13:09:28.291162 n-d-844285-1 devstack@placement-api.service[105117]: INFO placement.requestlog [None req-9abe7b82-72a9-4db9-8c87-c49d1af40d5a service placement] 10.222.0.55 "DELETE /placement/resource_providers/1b7d2607-d046-40b0-92c2-c0cd62023509" status: 404 len: 246 microversion: 1.1
Jun 01 13:09:28.291970 n-d-844285-1 devstack@placement-api.service[105117]: [pid: 105117|app: 0|req: 184/372] 10.222.0.55 () {60 vars in 1351 bytes} [Wed Jun 1 13:09:28 2022] DELETE /placement/resource_providers/1b7d2607-d046-40b0-92c2-c0cd62023509 => generated 246 bytes in 23 msecs (HTTP/1.1 404) 6 headers in 231 bytes (1 switches on core 0)
Jun 01 13:09:29.867151 n-d-844285-1 devstack@placement-api.service[105118]: DEBUG placement.requestlog [req-ffbd37b5-af42-41a2-a60a-a1ce7d6d6753 req-fdf309af-0d6a-4cdd-a883-b7b04ab3e972 None None] Starting request: 10.222.0.55 "GET /placement/allocation_candidates?limit=1000&resources=DISK_GB%3A1%2CMEMORY_MB%3A1024%2CVCPU%3A1&root_required=%21COMPUTE_STATUS_DISABLED" {{(pid=105118) __call__ /opt/stack/placement/placement/requestlog.py:55}}
Jun 01 13:09:29.903426 n-d-844285-1 devstack@placement-api.service[105117]: DEBUG placement.requestlog [None req-0bf9cf94-24d6-4844-8005-dfb5cec42a38 None None] Starting request: 10.222.0.55 "GET /placement/resource_providers/32673d7e-3b0c-47f0-9215-3aaaf84b291c/aggregates" {{(pid=105117) __call__ /opt/stack/placement/placement/requestlog.py:55}}
Jun 01 13:09:29.932164 n-d-844285-1 devstack@placement-api.service[105117]: INFO placement.requestlog [None req-0bf9cf94-24d6-4844-8005-dfb5cec42a38 service placement] 10.222.0.55 "GET /placement/resource_providers/32673d7e-3b0c-47f0-9215-3aaaf84b291c/aggregates" status: 404 len: 235 microversion: 1.1
Jun 01 13:09:29.933514 n-d-844285-1 devstack@placement-api.service[105117]: [pid: 105117|app: 0|req: 185/373] 10.222.0.55 () {58 vars in 1362 bytes} [Wed Jun 1 13:09:29 2022] GET /placement/resource_providers/32673d7e-3b0c-47f0-9215-3aaaf84b291c/aggregates => generated 235 bytes in 30 msecs (HTTP/1.1 404) 5 headers in 202 bytes (2 switches on core 0)
Jun 01 13:09:29.976303 n-d-844285-1 devstack@placement-api.service[105118]: DEBUG placement.objects.research_context [req-ffbd37b5-af42-41a2-a60a-a1ce7d6d6753 req-fdf309af-0d6a-4cdd-a883-b7b04ab3e972 service placement] getting providers with 1 DISK_GB {{(pid=105118) __init__ /opt/stack/placement/placement/objects/research_context.py:136}}
Jun 01 13:09:29.982814 n-d-844285-1 devstack@placement-api.service[105118]: DEBUG placement.objects.research_context [req-ffbd37b5-af42-41a2-a60a-a1ce7d6d6753 req-fdf309af-0d6a-4cdd-a883-b7b04ab3e972 service placement] getting providers with 1024 MEMORY_MB {{(pid=105118) __init__ /opt/stack/placement/placement/objects/research_context.py:136}}
Jun 01 13:09:30.003810 n-d-844285-1 devstack@placement-api.service[105118]: DEBUG placement.objects.research_context [req-ffbd37b5-af42-41a2-a60a-a1ce7d6d6753 req-fdf309af-0d6a-4cdd-a883-b7b04ab3e972 service placement] getting providers with 1 VCPU {{(pid=105118) __init__ /opt/stack/placement/placement/objects/research_context.py:136}}
Jun 01 13:09:30.012928 n-d-844285-1 devstack@placement-api.service[105118]: DEBUG placement.objects.research_context [req-ffbd37b5-af42-41a2-a60a-a1ce7d6d6753 req-fdf309af-0d6a-4cdd-a883-b7b04ab3e972 service placement] found 2 providers with available 1 DISK_GB {{(pid=105118) get_provider_ids_matching /opt/stack/placement/placement/objects/research_context.py:563}}
Jun 01 13:09:30.013370 n-d-844285-1 devstack@placement-api.service[105118]: DEBUG placement.objects.research_context [req-ffbd37b5-af42-41a2-a60a-a1ce7d6d6753 req-fdf309af-0d6a-4cdd-a883-b7b04ab3e972 service placement] found 2 providers with available 1024 MEMORY_MB {{(pid=105118) get_provider_ids_matching /opt/stack/placement/placement/objects/research_context.py:563}}
Jun 01 13:09:30.013848 n-d-844285-1 devstack@placement-api.service[105118]: DEBUG placement.objects.research_context [req-ffbd37b5-af42-41a2-a60a-a1ce7d6d6753 req-fdf309af-0d6a-4cdd-a883-b7b04ab3e972 service placement] found 2 providers after filtering by previous result {{(pid=105118) get_provider_ids_matching /opt/stack/placement/placement/objects/research_context.py:594}}
Jun 01 13:09:30.014198 n-d-844285-1 devstack@placement-api.service[105118]: DEBUG placement.objects.research_context [req-ffbd37b5-af42-41a2-a60a-a1ce7d6d6753 req-fdf309af-0d6a-4cdd-a883-b7b04ab3e972 service placement] found 2 providers with available 1 VCPU {{(pid=105118) get_provider_ids_matching /opt/stack/placement/placement/objects/research_context.py:563}}
Jun 01 13:09:30.014592 n-d-844285-1 devstack@placement-api.service[105118]: DEBUG placement.objects.research_context [req-ffbd37b5-af42-41a2-a60a-a1ce7d6d6753 req-fdf309af-0d6a-4cdd-a883-b7b04ab3e972 service placement] found 2 providers after filtering by previous result {{(pid=105118) get_provider_ids_matching /opt/stack/placement/placement/objects/research_context.py:594}}
Jun 01 13:09:30.033707 n-d-844285-1 devstack@placement-api.service[105117]: DEBUG placement.requestlog [None req-238ce9d2-0395-4d57-ba58-6f65cc6bc272 None None] Starting request: 10.222.0.55 "DELETE /placement/resource_providers/32673d7e-3b0c-47f0-9215-3aaaf84b291c" {{(pid=105117) __call__ /opt/stack/placement/placement/requestlog.py:55}}
Jun 01 13:09:30.056315 n-d-844285-1 devstack@placement-api.service[105117]: DEBUG placement.wsgi_wrapper [None req-238ce9d2-0395-4d57-ba58-6f65cc6bc272 service placement] Placement API returning an error response: No resource provider with uuid 32673d7e-3b0c-47f0-9215-3aaaf84b291c found for delete {{(pid=105117) call_func /opt/stack/placement/placement/wsgi_wrapper.py:31}}
Jun 01 13:09:30.057434 n-d-844285-1 devstack@placement-api.service[105117]: INFO placement.requestlog [None req-238ce9d2-0395-4d57-ba58-6f65cc6bc272 service placement] 10.222.0.55 "DELETE /placement/resource_providers/32673d7e-3b0c-47f0-9215-3aaaf84b291c" status: 404 len: 246 microversion: 1.1
Jun 01 13:09:30.057794 n-d-844285-1 devstack@placement-api.service[105117]: [pid: 105117|app: 0|req: 186/374] 10.222.0.55 () {60 vars in 1351 bytes} [Wed Jun 1 13:09:30 2022] DELETE /placement/resource_providers/32673d7e-3b0c-47f0-9215-3aaaf84b291c => generated 246 bytes in 24 msecs (HTTP/1.1 404) 6 headers in 231 bytes (2 switches on core 0)
Jun 01 13:09:30.059794 n-d-844285-1 devstack@placement-api.service[105118]: DEBUG placement.objects.allocation_candidate [req-ffbd37b5-af42-41a2-a60a-a1ce7d6d6753 req-fdf309af-0d6a-4cdd-a883-b7b04ab3e972 service placement] RequestGroup(use_same_provider=False, resources={DISK_GB:1, MEMORY_MB:1024, VCPU:1}, traits=(), aggregates=[]) (suffix '') returned 2 matches {{(pid=105118) _get_by_requests /opt/stack/placement/placement/objects/allocation_candidate.py:156}}
Jun 01 13:09:30.060543 n-d-844285-1 devstack@placement-api.service[105118]: DEBUG placement.objects.allocation_candidate [req-ffbd37b5-af42-41a2-a60a-a1ce7d6d6753 req-fdf309af-0d6a-4cdd-a883-b7b04ab3e972 service placement] Merging candidates yields 2 allocation requests and 2 provider summaries {{(pid=105118) _merge_candidates /opt/stack/placement/placement/objects/allocation_candidate.py:809}}
Jun 01 13:09:30.063331 n-d-844285-1 devstack@placement-api.service[105118]: INFO placement.requestlog [req-ffbd37b5-af42-41a2-a60a-a1ce7d6d6753 req-fdf309af-0d6a-4cdd-a883-b7b04ab3e972 service placement] 10.222.0.55 "GET /placement/allocation_candidates?limit=1000&resources=DISK_GB%3A1%2CMEMORY_MB%3A1024%2CVCPU%3A1&root_required=%21COMPUTE_STATUS_DISABLED" status: 200 len: 1314 microversion: 1.36
Jun 01 13:09:30.076797 n-d-844285-1 devstack@placement-api.service[105118]: [pid: 105118|app: 0|req: 189/375] 10.222.0.55 () {60 vars in 1506 bytes} [Wed Jun 1 13:09:29 2022] GET /placement/allocation_candidates?limit=1000&resources=DISK_GB%3A1%2CMEMORY_MB%3A1024%2CVCPU%3A1&root_required=%21COMPUTE_STATUS_DISABLED => generated 1314 bytes in 210 msecs (HTTP/1.1 200) 8 headers in 297 bytes (1 switches on core 0)
Jun 01 13:09:30.192855 n-d-844285-1 devstack@placement-api.service[105117]: DEBUG placement.requestlog [req-ffbd37b5-af42-41a2-a60a-a1ce7d6d6753 req-3665c72f-9f9b-4163-bf9f-8d85a0800719 None None] Starting request: 10.222.0.55 "GET /placement/allocations/5a100fb0-f07d-4c1e-8670-cfce1513fc1e" {{(pid=105117) __call__ /opt/stack/placement/placement/requestlog.py:55}}
Jun 01 13:09:30.242170 n-d-844285-1 devstack@placement-api.service[105117]: INFO placement.requestlog [req-ffbd37b5-af42-41a2-a60a-a1ce7d6d6753 req-3665c72f-9f9b-4163-bf9f-8d85a0800719 service placement] 10.222.0.55 "GET /placement/allocations/5a100fb0-f07d-4c1e-8670-cfce1513fc1e" status: 200 len: 19 microversion: 1.28
Jun 01 13:09:30.244406 n-d-844285-1 devstack@placement-api.service[105117]: [pid: 105117|app: 0|req: 187/376] 10.222.0.55 () {60 vars in 1380 bytes} [Wed Jun 1 13:09:30 2022] GET /placement/allocations/5a100fb0-f07d-4c1e-8670-cfce1513fc1e => generated 19 bytes in 51 msecs (HTTP/1.1 200) 8 headers in 295 bytes (2 switches on core 0)
Jun 01 13:09:30.250961 n-d-844285-1 devstack@placement-api.service[105118]: DEBUG placement.requestlog [req-ffbd37b5-af42-41a2-a60a-a1ce7d6d6753 req-0c8c1f3c-01a8-4b0b-9cc3-dd8aba389cce None None] Starting request: 10.222.0.55 "PUT /placement/allocations/5a100fb0-f07d-4c1e-8670-cfce1513fc1e" {{(pid=105118) __call__ /opt/stack/placement/placement/requestlog.py:55}}
Jun 01 13:09:30.399418 n-d-844285-1 devstack@placement-api.service[105118]: DEBUG placement.handlers.allocation [req-ffbd37b5-af42-41a2-a60a-a1ce7d6d6753 req-0c8c1f3c-01a8-4b0b-9cc3-dd8aba389cce service placement] Successfully wrote allocations [, , ] {{(pid=105118) _update_consumers_and_create_allocations /opt/stack/placement/placement/handlers/allocation.py:462}}
Jun 01 13:09:30.404984 n-d-844285-1 devstack@placement-api.service[105118]: INFO placement.requestlog [req-ffbd37b5-af42-41a2-a60a-a1ce7d6d6753 req-0c8c1f3c-01a8-4b0b-9cc3-dd8aba389cce service placement] 10.222.0.55 "PUT /placement/allocations/5a100fb0-f07d-4c1e-8670-cfce1513fc1e" status: 204 len: 0 microversion: 1.36
Jun 01 13:09:30.405913 n-d-844285-1 devstack@placement-api.service[105118]: [pid: 105118|app: 0|req: 190/377] 10.222.0.55 () {64 vars in 1433 bytes} [Wed Jun 1 13:09:30 2022] PUT /placement/allocations/5a100fb0-f07d-4c1e-8670-cfce1513fc1e => generated 0 bytes in 155 msecs (HTTP/1.1 204) 5 headers in 199 bytes (2 switches on core 0)
Jun 01 13:09:31.904100 n-d-844285-1 devstack@placement-api.service[105117]: DEBUG placement.requestlog [req-f0b9815b-782e-453e-8f66-cae33364aeb7 req-382fb534-1e84-46cf-be23-e7accc244e9a None None] Starting request: 10.222.0.55 "GET /placement/allocation_candidates?limit=1000&resources=DISK_GB%3A1%2CMEMORY_MB%3A1024%2CVCPU%3A1&root_required=%21COMPUTE_STATUS_DISABLED" {{(pid=105117) __call__ /opt/stack/placement/placement/requestlog.py:55}}
Jun 01 13:09:32.044041 n-d-844285-1 devstack@placement-api.service[105117]: DEBUG placement.objects.research_context [req-f0b9815b-782e-453e-8f66-cae33364aeb7 req-382fb534-1e84-46cf-be23-e7accc244e9a service placement] getting providers with 1 DISK_GB {{(pid=105117) __init__ /opt/stack/placement/placement/objects/research_context.py:136}}
Jun 01 13:09:32.074047 n-d-844285-1 devstack@placement-api.service[105117]: DEBUG placement.objects.research_context [req-f0b9815b-782e-453e-8f66-cae33364aeb7 req-382fb534-1e84-46cf-be23-e7accc244e9a service placement] getting providers with 1024 MEMORY_MB {{(pid=105117) __init__ /opt/stack/placement/placement/objects/research_context.py:136}}
Jun 01 13:09:32.105243 n-d-844285-1 devstack@placement-api.service[105117]: DEBUG placement.objects.research_context [req-f0b9815b-782e-453e-8f66-cae33364aeb7 req-382fb534-1e84-46cf-be23-e7accc244e9a service placement] getting providers with 1 VCPU {{(pid=105117) __init__ /opt/stack/placement/placement/objects/research_context.py:136}}
Jun 01 13:09:32.127454 n-d-844285-1 devstack@placement-api.service[105117]: DEBUG placement.objects.research_context [req-f0b9815b-782e-453e-8f66-cae33364aeb7 req-382fb534-1e84-46cf-be23-e7accc244e9a service placement] found 2 providers with available 1 DISK_GB {{(pid=105117) get_provider_ids_matching /opt/stack/placement/placement/objects/research_context.py:563}}
Jun 01 13:09:32.128084 n-d-844285-1 devstack@placement-api.service[105117]: DEBUG placement.objects.research_context [req-f0b9815b-782e-453e-8f66-cae33364aeb7 req-382fb534-1e84-46cf-be23-e7accc244e9a service placement] found 2 providers with available 1024 MEMORY_MB {{(pid=105117) get_provider_ids_matching /opt/stack/placement/placement/objects/research_context.py:563}}
Jun 01 13:09:32.129700 n-d-844285-1 devstack@placement-api.service[105117]: DEBUG placement.objects.research_context [req-f0b9815b-782e-453e-8f66-cae33364aeb7 req-382fb534-1e84-46cf-be23-e7accc244e9a service placement] found 2 providers after filtering by previous result {{(pid=105117) get_provider_ids_matching /opt/stack/placement/placement/objects/research_context.py:594}}
Jun 01 13:09:32.130228 n-d-844285-1 devstack@placement-api.service[105117]: DEBUG placement.objects.research_context [req-f0b9815b-782e-453e-8f66-cae33364aeb7 req-382fb534-1e84-46cf-be23-e7accc244e9a service placement] found 2 providers with available 1 VCPU {{(pid=105117) get_provider_ids_matching /opt/stack/placement/placement/objects/research_context.py:563}}
Jun 01 13:09:32.131440 n-d-844285-1 devstack@placement-api.service[105117]: DEBUG placement.objects.research_context [req-f0b9815b-782e-453e-8f66-cae33364aeb7 req-382fb534-1e84-46cf-be23-e7accc244e9a service placement] found 2 providers after filtering by previous result {{(pid=105117) get_provider_ids_matching /opt/stack/placement/placement/objects/research_context.py:594}}
Jun 01 13:09:32.168734 n-d-844285-1 devstack@placement-api.service[105117]: DEBUG placement.objects.allocation_candidate [req-f0b9815b-782e-453e-8f66-cae33364aeb7 req-382fb534-1e84-46cf-be23-e7accc244e9a service placement] RequestGroup(use_same_provider=False, resources={DISK_GB:1, MEMORY_MB:1024, VCPU:1}, traits=(), aggregates=[]) (suffix '') returned 2 matches {{(pid=105117) _get_by_requests /opt/stack/placement/placement/objects/allocation_candidate.py:156}}
Jun 01 13:09:32.169322 n-d-844285-1 devstack@placement-api.service[105117]: DEBUG placement.objects.allocation_candidate [req-f0b9815b-782e-453e-8f66-cae33364aeb7 req-382fb534-1e84-46cf-be23-e7accc244e9a service placement] Merging candidates yields 2 allocation requests and 2 provider summaries {{(pid=105117) _merge_candidates /opt/stack/placement/placement/objects/allocation_candidate.py:809}}
Jun 01 13:09:32.175993 n-d-844285-1 devstack@placement-api.service[105117]: INFO placement.requestlog [req-f0b9815b-782e-453e-8f66-cae33364aeb7 req-382fb534-1e84-46cf-be23-e7accc244e9a service placement] 10.222.0.55 "GET /placement/allocation_candidates?limit=1000&resources=DISK_GB%3A1%2CMEMORY_MB%3A1024%2CVCPU%3A1&root_required=%21COMPUTE_STATUS_DISABLED" status: 200 len: 1314 microversion: 1.36
Jun 01 13:09:32.177985 n-d-844285-1 devstack@placement-api.service[105117]: [pid: 105117|app: 0|req: 188/378] 10.222.0.55 () {60 vars in 1506 bytes} [Wed Jun 1 13:09:31 2022] GET /placement/allocation_candidates?limit=1000&resources=DISK_GB%3A1%2CMEMORY_MB%3A1024%2CVCPU%3A1&root_required=%21COMPUTE_STATUS_DISABLED => generated 1314 bytes in 274 msecs (HTTP/1.1 200) 8 headers in 297 bytes (2 switches on core 0)
Jun 01 13:09:32.188466 n-d-844285-1 devstack@placement-api.service[105118]: DEBUG placement.requestlog [req-ffbd37b5-af42-41a2-a60a-a1ce7d6d6753 req-5a4e6309-dce5-4021-8129-78748dc58c8d None None] Starting request: 10.222.0.32 "GET /placement/allocations/5a100fb0-f07d-4c1e-8670-cfce1513fc1e" {{(pid=105118) __call__ /opt/stack/placement/placement/requestlog.py:55}}
Jun 01 13:09:32.225395 n-d-844285-1 devstack@placement-api.service[105118]: INFO placement.requestlog [req-ffbd37b5-af42-41a2-a60a-a1ce7d6d6753 req-5a4e6309-dce5-4021-8129-78748dc58c8d service placement] 10.222.0.32 "GET /placement/allocations/5a100fb0-f07d-4c1e-8670-cfce1513fc1e" status: 200 len: 259 microversion: 1.28
Jun 01 13:09:32.228926 n-d-844285-1 devstack@placement-api.service[105118]: [pid: 105118|app: 0|req: 191/379] 10.222.0.32 () {60 vars in 1377 bytes} [Wed Jun 1 13:09:32 2022] GET /placement/allocations/5a100fb0-f07d-4c1e-8670-cfce1513fc1e => generated 259 bytes in 42 msecs (HTTP/1.1 200) 8 headers in 296 bytes (1 switches on core 0)
Jun 01 13:09:32.295735 n-d-844285-1 devstack@placement-api.service[105117]: DEBUG placement.requestlog [req-f0b9815b-782e-453e-8f66-cae33364aeb7 req-96aef879-a518-47e0-941b-ffa60005a8a5 None None] Starting request: 10.222.0.55 "GET /placement/allocations/03d6a113-595c-41cb-bf04-b709a18ef08d" {{(pid=105117) __call__ /opt/stack/placement/placement/requestlog.py:55}}
Jun 01 13:09:32.319880 n-d-844285-1 devstack@placement-api.service[105117]: INFO placement.requestlog [req-f0b9815b-782e-453e-8f66-cae33364aeb7 req-96aef879-a518-47e0-941b-ffa60005a8a5 service placement] 10.222.0.55 "GET /placement/allocations/03d6a113-595c-41cb-bf04-b709a18ef08d" status: 200 len: 19 microversion: 1.28
Jun 01 13:09:32.320614 n-d-844285-1 devstack@placement-api.service[105117]: [pid: 105117|app: 0|req: 189/380] 10.222.0.55 () {60 vars in 1380 bytes} [Wed Jun 1 13:09:32 2022] GET /placement/allocations/03d6a113-595c-41cb-bf04-b709a18ef08d => generated 19 bytes in 26 msecs (HTTP/1.1 200) 8 headers in 295 bytes (2 switches on core 0)
Jun 01 13:09:32.339897 n-d-844285-1 devstack@placement-api.service[105118]: DEBUG placement.requestlog [req-f0b9815b-782e-453e-8f66-cae33364aeb7 req-1fb887e5-c69d-406c-bcff-fc4d73cfc66d None None] Starting request: 10.222.0.55 "PUT /placement/allocations/03d6a113-595c-41cb-bf04-b709a18ef08d" {{(pid=105118) __call__ /opt/stack/placement/placement/requestlog.py:55}}
Jun 01 13:09:32.499238 n-d-844285-1 devstack@placement-api.service[105118]: DEBUG placement.handlers.allocation [req-f0b9815b-782e-453e-8f66-cae33364aeb7 req-1fb887e5-c69d-406c-bcff-fc4d73cfc66d service placement] Successfully wrote allocations [, , ] {{(pid=105118) _update_consumers_and_create_allocations /opt/stack/placement/placement/handlers/allocation.py:462}}
Jun 01 13:09:32.505662 n-d-844285-1 devstack@placement-api.service[105118]: INFO placement.requestlog [req-f0b9815b-782e-453e-8f66-cae33364aeb7 req-1fb887e5-c69d-406c-bcff-fc4d73cfc66d service placement] 10.222.0.55 "PUT /placement/allocations/03d6a113-595c-41cb-bf04-b709a18ef08d" status: 204 len: 0 microversion: 1.36
Jun 01 13:09:32.513488 n-d-844285-1 devstack@placement-api.service[105118]: [pid: 105118|app: 0|req: 192/381] 10.222.0.55 () {64 vars in 1433 bytes} [Wed Jun 1 13:09:32 2022] PUT /placement/allocations/03d6a113-595c-41cb-bf04-b709a18ef08d => generated 0 bytes in 167 msecs (HTTP/1.1 204) 5 headers in 199 bytes (1 switches on core 0)
Jun 01 13:09:33.330302 n-d-844285-1 devstack@placement-api.service[105117]: DEBUG placement.requestlog [req-f0b9815b-782e-453e-8f66-cae33364aeb7 req-ef4689c0-3701-47bd-8d43-de82b905304e None None] Starting request: 10.222.0.32 "GET /placement/allocations/03d6a113-595c-41cb-bf04-b709a18ef08d" {{(pid=105117) __call__ /opt/stack/placement/placement/requestlog.py:55}}
Jun 01 13:09:33.398321 n-d-844285-1 devstack@placement-api.service[105117]: INFO placement.requestlog [req-f0b9815b-782e-453e-8f66-cae33364aeb7 req-ef4689c0-3701-47bd-8d43-de82b905304e service placement] 10.222.0.32 "GET /placement/allocations/03d6a113-595c-41cb-bf04-b709a18ef08d" status: 200 len: 259 microversion: 1.28
Jun 01 13:09:33.400688 n-d-844285-1 devstack@placement-api.service[105117]: [pid: 105117|app: 0|req: 190/382] 10.222.0.32 () {60 vars in 1377 bytes} [Wed Jun 1 13:09:33 2022] GET /placement/allocations/03d6a113-595c-41cb-bf04-b709a18ef08d => generated 259 bytes in 71 msecs (HTTP/1.1 200) 8 headers in 296 bytes (1 switches on core 0)
Jun 01 13:09:38.624305 n-d-844285-1 devstack@placement-api.service[105118]: DEBUG placement.requestlog [req-02390ee2-8caf-4d58-ad6a-f2d689e63712 req-8d97da5d-8875-4d01-a499-ae3917dc79c5 None None] Starting request: 10.222.0.18 "DELETE /placement/allocations/32c5c42a-4eea-436a-9355-739226e9d957" {{(pid=105118) __call__ /opt/stack/placement/placement/requestlog.py:55}}
Jun 01 13:09:38.689930 n-d-844285-1 devstack@placement-api.service[105118]: DEBUG placement.handlers.allocation [req-02390ee2-8caf-4d58-ad6a-f2d689e63712 req-8d97da5d-8875-4d01-a499-ae3917dc79c5 service placement] Successfully deleted allocations [, , ] {{(pid=105118) delete_allocations /opt/stack/placement/placement/handlers/allocation.py:627}}
Jun 01 13:09:38.691322 n-d-844285-1 devstack@placement-api.service[105118]: INFO placement.requestlog [req-02390ee2-8caf-4d58-ad6a-f2d689e63712 req-8d97da5d-8875-4d01-a499-ae3917dc79c5 service placement] 10.222.0.18 "DELETE /placement/allocations/32c5c42a-4eea-436a-9355-739226e9d957" status: 204 len: 0 microversion: 1.0
Jun 01 13:09:38.692697 n-d-844285-1 devstack@placement-api.service[105118]: [pid: 105118|app: 0|req: 193/383] 10.222.0.18 () {60 vars in 1355 bytes} [Wed Jun 1 13:09:38 2022] DELETE /placement/allocations/32c5c42a-4eea-436a-9355-739226e9d957 => generated 0 bytes in 69 msecs (HTTP/1.1 204) 5 headers in 198 bytes (1 switches on core 0)
Jun 01 13:09:39.092935 n-d-844285-1 devstack@placement-api.service[105117]: DEBUG placement.requestlog [req-e48456ab-414d-48c6-9529-2209896eb85d req-702f563c-86a6-4a50-954b-97913e6d98ff None None] Starting request: 10.222.0.55 "GET /placement/allocation_candidates?limit=1000&resources=MEMORY_MB%3A1024%2CVCPU%3A1&root_required=%21COMPUTE_STATUS_DISABLED" {{(pid=105117) __call__ /opt/stack/placement/placement/requestlog.py:55}}
Jun 01 13:09:39.125053 n-d-844285-1 devstack@placement-api.service[105118]: DEBUG placement.requestlog [req-3e0707fc-76ff-4acb-8eca-7036b287b66f req-8aa81dde-3ded-4bd6-ba22-55476ac3babc None None] Starting request: 10.222.0.32 "GET /placement/resource_providers/6c0d54d0-735b-4a1b-a3d3-ad53832cc3fd/allocations" {{(pid=105118) __call__ /opt/stack/placement/placement/requestlog.py:55}}
Jun 01 13:09:39.149775 n-d-844285-1 devstack@placement-api.service[105118]: DEBUG dbcounter [-] [105118] Writing DB stats placement:SELECT=70,placement:INSERT=14,placement:DELETE=10,placement:UPDATE=6 {{(pid=105118) stat_writer /usr/local/lib/python3.8/dist-packages/dbcounter.py:114}}
Jun 01 13:09:39.204589 n-d-844285-1 devstack@placement-api.service[105117]: DEBUG placement.objects.research_context [req-e48456ab-414d-48c6-9529-2209896eb85d req-702f563c-86a6-4a50-954b-97913e6d98ff service placement] getting providers with 1024 MEMORY_MB {{(pid=105117) __init__ /opt/stack/placement/placement/objects/research_context.py:136}}
Jun 01 13:09:39.210572 n-d-844285-1 devstack@placement-api.service[105118]: INFO placement.requestlog [req-3e0707fc-76ff-4acb-8eca-7036b287b66f req-8aa81dde-3ded-4bd6-ba22-55476ac3babc service placement] 10.222.0.32 "GET /placement/resource_providers/6c0d54d0-735b-4a1b-a3d3-ad53832cc3fd/allocations" status: 200 len: 1265 microversion: 1.0
Jun 01 13:09:39.211386 n-d-844285-1 devstack@placement-api.service[105118]: [pid: 105118|app: 0|req: 194/384] 10.222.0.32 () {58 vars in 1390 bytes} [Wed Jun 1 13:09:39 2022] GET /placement/resource_providers/6c0d54d0-735b-4a1b-a3d3-ad53832cc3fd/allocations => generated 1265 bytes in 87 msecs (HTTP/1.1 200) 6 headers in 225 bytes (2 switches on core 0)
Jun 01 13:09:39.243714 n-d-844285-1 devstack@placement-api.service[105117]: DEBUG placement.objects.research_context [req-e48456ab-414d-48c6-9529-2209896eb85d req-702f563c-86a6-4a50-954b-97913e6d98ff service placement] getting providers with 1 VCPU {{(pid=105117) __init__ /opt/stack/placement/placement/objects/research_context.py:136}}
Jun 01 13:09:39.267802 n-d-844285-1 devstack@placement-api.service[105117]: DEBUG placement.objects.research_context [req-e48456ab-414d-48c6-9529-2209896eb85d req-702f563c-86a6-4a50-954b-97913e6d98ff service placement] found 2 providers with available 1024 MEMORY_MB {{(pid=105117) get_provider_ids_matching /opt/stack/placement/placement/objects/research_context.py:563}}
Jun 01 13:09:39.268000 n-d-844285-1 devstack@placement-api.service[105117]: DEBUG placement.objects.research_context [req-e48456ab-414d-48c6-9529-2209896eb85d req-702f563c-86a6-4a50-954b-97913e6d98ff service placement] found 2 providers with available 1 VCPU {{(pid=105117) get_provider_ids_matching /opt/stack/placement/placement/objects/research_context.py:563}}
Jun 01 13:09:39.268262 n-d-844285-1 devstack@placement-api.service[105117]: DEBUG placement.objects.research_context [req-e48456ab-414d-48c6-9529-2209896eb85d req-702f563c-86a6-4a50-954b-97913e6d98ff service placement] found 2 providers after filtering by previous result {{(pid=105117) get_provider_ids_matching /opt/stack/placement/placement/objects/research_context.py:594}}
Jun 01 13:09:39.303044 n-d-844285-1 devstack@placement-api.service[105117]: DEBUG placement.objects.allocation_candidate [req-e48456ab-414d-48c6-9529-2209896eb85d req-702f563c-86a6-4a50-954b-97913e6d98ff service placement] RequestGroup(use_same_provider=False, resources={MEMORY_MB:1024, VCPU:1}, traits=(), aggregates=[]) (suffix '') returned 2 matches {{(pid=105117) _get_by_requests /opt/stack/placement/placement/objects/allocation_candidate.py:156}}
Jun 01 13:09:39.303854 n-d-844285-1 devstack@placement-api.service[105117]: DEBUG placement.objects.allocation_candidate [req-e48456ab-414d-48c6-9529-2209896eb85d req-702f563c-86a6-4a50-954b-97913e6d98ff service placement] Merging candidates yields 2 allocation requests and 2 provider summaries {{(pid=105117) _merge_candidates /opt/stack/placement/placement/objects/allocation_candidate.py:809}}
Jun 01 13:09:39.309176 n-d-844285-1 devstack@placement-api.service[105117]: INFO placement.requestlog [req-e48456ab-414d-48c6-9529-2209896eb85d req-702f563c-86a6-4a50-954b-97913e6d98ff service placement] 10.222.0.55 "GET /placement/allocation_candidates?limit=1000&resources=MEMORY_MB%3A1024%2CVCPU%3A1&root_required=%21COMPUTE_STATUS_DISABLED" status: 200 len: 1284 microversion: 1.36
Jun 01 13:09:39.309972 n-d-844285-1 devstack@placement-api.service[105117]: [pid: 105117|app: 0|req: 191/385] 10.222.0.55 () {60 vars in 1478 bytes} [Wed Jun 1 13:09:39 2022] GET /placement/allocation_candidates?limit=1000&resources=MEMORY_MB%3A1024%2CVCPU%3A1&root_required=%21COMPUTE_STATUS_DISABLED => generated 1284 bytes in 217 msecs (HTTP/1.1 200) 8 headers in 297 bytes (1 switches on core 0)
Jun 01 13:09:39.466780 n-d-844285-1 devstack@placement-api.service[105118]: DEBUG placement.requestlog [req-e48456ab-414d-48c6-9529-2209896eb85d req-18f5a3c2-30e4-4d5a-a059-2f5d0945dd2c None None] Starting request: 10.222.0.55 "GET /placement/allocations/5ac8e4fe-7084-4843-96c1-fed668b322e9" {{(pid=105118) __call__ /opt/stack/placement/placement/requestlog.py:55}}
Jun 01 13:09:39.489479 n-d-844285-1 devstack@placement-api.service[105118]: INFO placement.requestlog [req-e48456ab-414d-48c6-9529-2209896eb85d req-18f5a3c2-30e4-4d5a-a059-2f5d0945dd2c service placement] 10.222.0.55 "GET /placement/allocations/5ac8e4fe-7084-4843-96c1-fed668b322e9" status: 200 len: 19 microversion: 1.28
Jun 01 13:09:39.490713 n-d-844285-1 devstack@placement-api.service[105118]: [pid: 105118|app: 0|req: 195/386] 10.222.0.55 () {60 vars in 1380 bytes} [Wed Jun 1 13:09:39 2022] GET /placement/allocations/5ac8e4fe-7084-4843-96c1-fed668b322e9 => generated 19 bytes in 25 msecs (HTTP/1.1 200) 8 headers in 295 bytes (2 switches on core 0)
Jun 01 13:09:39.498119 n-d-844285-1 devstack@placement-api.service[105117]: DEBUG placement.requestlog [req-e48456ab-414d-48c6-9529-2209896eb85d req-db00a5ff-e574-489b-9f26-75584d17b7d7 None None] Starting request: 10.222.0.55 "PUT /placement/allocations/5ac8e4fe-7084-4843-96c1-fed668b322e9" {{(pid=105117) __call__ /opt/stack/placement/placement/requestlog.py:55}}
Jun 01 13:09:39.635388 n-d-844285-1 devstack@placement-api.service[105117]: DEBUG placement.handlers.allocation [req-e48456ab-414d-48c6-9529-2209896eb85d req-db00a5ff-e574-489b-9f26-75584d17b7d7 service placement] Successfully wrote allocations [, ] {{(pid=105117) _update_consumers_and_create_allocations /opt/stack/placement/placement/handlers/allocation.py:462}}
Jun 01 13:09:39.641473 n-d-844285-1 devstack@placement-api.service[105117]: INFO placement.requestlog [req-e48456ab-414d-48c6-9529-2209896eb85d req-db00a5ff-e574-489b-9f26-75584d17b7d7 service placement] 10.222.0.55 "PUT /placement/allocations/5ac8e4fe-7084-4843-96c1-fed668b322e9" status: 204 len: 0 microversion: 1.36
Jun 01 13:09:39.654547 n-d-844285-1 devstack@placement-api.service[105117]: [pid: 105117|app: 0|req: 192/387] 10.222.0.55 () {64 vars in 1433 bytes} [Wed Jun 1 13:09:39 2022] PUT /placement/allocations/5ac8e4fe-7084-4843-96c1-fed668b322e9 => generated 0 bytes in 157 msecs (HTTP/1.1 204) 5 headers in 199 bytes (1 switches on core 0)
Jun 01 13:09:41.718606 n-d-844285-1 devstack@placement-api.service[105118]: DEBUG placement.requestlog [req-e48456ab-414d-48c6-9529-2209896eb85d req-328ae792-e6d7-4e6a-89d7-b86b694e93ad None None] Starting request: 10.222.0.18 "GET /placement/allocations/5ac8e4fe-7084-4843-96c1-fed668b322e9" {{(pid=105118) __call__ /opt/stack/placement/placement/requestlog.py:55}}
Jun 01 13:09:41.747141 n-d-844285-1 devstack@placement-api.service[105118]: INFO placement.requestlog [req-e48456ab-414d-48c6-9529-2209896eb85d req-328ae792-e6d7-4e6a-89d7-b86b694e93ad service placement] 10.222.0.18 "GET /placement/allocations/5ac8e4fe-7084-4843-96c1-fed668b322e9" status: 200 len: 245 microversion: 1.28
Jun 01 13:09:41.747529 n-d-844285-1 devstack@placement-api.service[105118]: [pid: 105118|app: 0|req: 196/388] 10.222.0.18 () {60 vars in 1377 bytes} [Wed Jun 1 13:09:41 2022] GET /placement/allocations/5ac8e4fe-7084-4843-96c1-fed668b322e9 => generated 245 bytes in 29 msecs (HTTP/1.1 200) 8 headers in 296 bytes (1 switches on core 0)
Jun 01 13:09:42.831172 n-d-844285-1 devstack@placement-api.service[105117]: DEBUG placement.requestlog [None req-604046d6-2012-49f8-8af2-63cb61c78a56 None None] Starting request: 10.222.0.55 "GET /placement/resource_providers/80ded106-d7d2-4d3a-ac5b-d6cc01c8b78d/aggregates" {{(pid=105117) __call__ /opt/stack/placement/placement/requestlog.py:55}}
Jun 01 13:09:42.891069 n-d-844285-1 devstack@placement-api.service[105117]: INFO placement.requestlog [None req-604046d6-2012-49f8-8af2-63cb61c78a56 service placement] 10.222.0.55 "GET /placement/resource_providers/80ded106-d7d2-4d3a-ac5b-d6cc01c8b78d/aggregates" status: 404 len: 235 microversion: 1.1
Jun 01 13:09:42.896126 n-d-844285-1 devstack@placement-api.service[105117]: [pid: 105117|app: 0|req: 193/389] 10.222.0.55 () {58 vars in 1362 bytes} [Wed Jun 1 13:09:42 2022] GET /placement/resource_providers/80ded106-d7d2-4d3a-ac5b-d6cc01c8b78d/aggregates => generated 235 bytes in 67 msecs (HTTP/1.1 404) 5 headers in 202 bytes (1 switches on core 0)
Jun 01 13:09:42.921339 n-d-844285-1 devstack@placement-api.service[105118]: DEBUG placement.requestlog [None req-994f126b-6401-43a8-8d41-5ca51999e455 None None] Starting request: 10.222.0.55 "DELETE /placement/resource_providers/80ded106-d7d2-4d3a-ac5b-d6cc01c8b78d" {{(pid=105118) __call__ /opt/stack/placement/placement/requestlog.py:55}}
Jun 01 13:09:42.938858 n-d-844285-1 devstack@placement-api.service[105118]: DEBUG placement.wsgi_wrapper [None req-994f126b-6401-43a8-8d41-5ca51999e455 service placement] Placement API returning an error response: No resource provider with uuid 80ded106-d7d2-4d3a-ac5b-d6cc01c8b78d found for delete {{(pid=105118) call_func /opt/stack/placement/placement/wsgi_wrapper.py:31}}
Jun 01 13:09:42.943067 n-d-844285-1 devstack@placement-api.service[105118]: INFO placement.requestlog [None req-994f126b-6401-43a8-8d41-5ca51999e455 service placement] 10.222.0.55 "DELETE /placement/resource_providers/80ded106-d7d2-4d3a-ac5b-d6cc01c8b78d" status: 404 len: 246 microversion: 1.1
Jun 01 13:09:42.944124 n-d-844285-1 devstack@placement-api.service[105118]: [pid: 105118|app: 0|req: 197/390] 10.222.0.55 () {60 vars in 1351 bytes} [Wed Jun 1 13:09:42 2022] DELETE /placement/resource_providers/80ded106-d7d2-4d3a-ac5b-d6cc01c8b78d => generated 246 bytes in 23 msecs (HTTP/1.1 404) 6 headers in 231 bytes (2 switches on core 0)
Jun 01 13:09:49.564174 n-d-844285-1 devstack@placement-api.service[105117]: DEBUG placement.requestlog [req-0a16d779-dad1-45d3-bcfc-5d9ca753e4ed req-35c47a16-9219-4b5e-aea7-e04d832ef7a7 None None] Starting request: 10.222.0.18 "GET /placement/resource_providers/016b0661-9af8-4731-8cc8-19d5142a98ce/allocations" {{(pid=105117) __call__ /opt/stack/placement/placement/requestlog.py:55}}
Jun 01 13:09:49.612411 n-d-844285-1 devstack@placement-api.service[105117]: DEBUG dbcounter [-] [105117] Writing DB stats placement:SELECT=85,placement:INSERT=7,placement:DELETE=4,placement:UPDATE=4 {{(pid=105117) stat_writer /usr/local/lib/python3.8/dist-packages/dbcounter.py:114}}
Jun 01 13:09:49.673872 n-d-844285-1 devstack@placement-api.service[105117]: INFO placement.requestlog [req-0a16d779-dad1-45d3-bcfc-5d9ca753e4ed req-35c47a16-9219-4b5e-aea7-e04d832ef7a7 service placement] 10.222.0.18 "GET /placement/resource_providers/016b0661-9af8-4731-8cc8-19d5142a98ce/allocations" status: 200 len: 1048 microversion: 1.0
Jun 01 13:09:49.675041 n-d-844285-1 devstack@placement-api.service[105117]: [pid: 105117|app: 0|req: 194/391] 10.222.0.18 () {58 vars in 1390 bytes} [Wed Jun 1 13:09:49 2022] GET /placement/resource_providers/016b0661-9af8-4731-8cc8-19d5142a98ce/allocations => generated 1048 bytes in 111 msecs (HTTP/1.1 200) 6 headers in 225 bytes (1 switches on core 0)
Jun 01 13:09:50.545637 n-d-844285-1 devstack@placement-api.service[105118]: DEBUG placement.requestlog [req-4bd9c808-03cd-4be7-a1c7-e2b380586519 req-292c85a6-6f0b-43d1-9a60-a9c06b7f429e None None] Starting request: 10.222.0.18 "GET /placement/allocations/a51d2363-62b7-457e-88ba-d77217afa5f5" {{(pid=105118) __call__ /opt/stack/placement/placement/requestlog.py:55}}
Jun 01 13:09:50.581000 n-d-844285-1 devstack@placement-api.service[105118]: INFO placement.requestlog [req-4bd9c808-03cd-4be7-a1c7-e2b380586519 req-292c85a6-6f0b-43d1-9a60-a9c06b7f429e service placement] 10.222.0.18 "GET /placement/allocations/a51d2363-62b7-457e-88ba-d77217afa5f5" status: 200 len: 259 microversion: 1.28
Jun 01 13:09:50.582002 n-d-844285-1 devstack@placement-api.service[105118]: [pid: 105118|app: 0|req: 198/392] 10.222.0.18 () {60 vars in 1377 bytes} [Wed Jun 1 13:09:50 2022] GET /placement/allocations/a51d2363-62b7-457e-88ba-d77217afa5f5 => generated 259 bytes in 37 msecs (HTTP/1.1 200) 8 headers in 296 bytes (1 switches on core 0)
Jun 01 13:09:54.244288 n-d-844285-1 devstack@placement-api.service[105117]: DEBUG placement.requestlog [req-95707969-59d9-4733-b2eb-c732e5469bfc req-c5f88a6f-2991-4934-b398-8a180b143a9b None None] Starting request: 10.222.0.55 "GET /placement/allocation_candidates?resources=DISK_GB%3A1%2CMEMORY_MB%3A1024%2CVCPU%3A1&root_required=%21COMPUTE_STATUS_DISABLED" {{(pid=105117) __call__ /opt/stack/placement/placement/requestlog.py:55}}
Jun 01 13:09:54.285458 n-d-844285-1 devstack@placement-api.service[105117]: DEBUG placement.objects.research_context [req-95707969-59d9-4733-b2eb-c732e5469bfc req-c5f88a6f-2991-4934-b398-8a180b143a9b service placement] getting providers with 1 DISK_GB {{(pid=105117) __init__ /opt/stack/placement/placement/objects/research_context.py:136}}
Jun 01 13:09:54.292519 n-d-844285-1 devstack@placement-api.service[105117]: DEBUG placement.objects.research_context [req-95707969-59d9-4733-b2eb-c732e5469bfc req-c5f88a6f-2991-4934-b398-8a180b143a9b service placement] getting providers with 1024 MEMORY_MB {{(pid=105117) __init__ /opt/stack/placement/placement/objects/research_context.py:136}}
Jun 01 13:09:54.309557 n-d-844285-1 devstack@placement-api.service[105117]: DEBUG placement.objects.research_context [req-95707969-59d9-4733-b2eb-c732e5469bfc req-c5f88a6f-2991-4934-b398-8a180b143a9b service placement] getting providers with 1 VCPU {{(pid=105117) __init__ /opt/stack/placement/placement/objects/research_context.py:136}}
Jun 01 13:09:54.321397 n-d-844285-1 devstack@placement-api.service[105117]: DEBUG placement.objects.research_context [req-95707969-59d9-4733-b2eb-c732e5469bfc req-c5f88a6f-2991-4934-b398-8a180b143a9b service placement] found 2 providers with available 1 DISK_GB {{(pid=105117) get_provider_ids_matching /opt/stack/placement/placement/objects/research_context.py:563}}
Jun 01 13:09:54.321770 n-d-844285-1 devstack@placement-api.service[105117]: DEBUG placement.objects.research_context [req-95707969-59d9-4733-b2eb-c732e5469bfc req-c5f88a6f-2991-4934-b398-8a180b143a9b service placement] found 2 providers with available 1024 MEMORY_MB {{(pid=105117) get_provider_ids_matching /opt/stack/placement/placement/objects/research_context.py:563}}
Jun 01 13:09:54.322143 n-d-844285-1 devstack@placement-api.service[105117]: DEBUG placement.objects.research_context [req-95707969-59d9-4733-b2eb-c732e5469bfc req-c5f88a6f-2991-4934-b398-8a180b143a9b service placement] found 2 providers after filtering by previous result {{(pid=105117) get_provider_ids_matching /opt/stack/placement/placement/objects/research_context.py:594}}
Jun 01 13:09:54.322540 n-d-844285-1 devstack@placement-api.service[105117]: DEBUG placement.objects.research_context [req-95707969-59d9-4733-b2eb-c732e5469bfc req-c5f88a6f-2991-4934-b398-8a180b143a9b service placement] found 2 providers with available 1 VCPU {{(pid=105117) get_provider_ids_matching /opt/stack/placement/placement/objects/research_context.py:563}}
Jun 01 13:09:54.322878 n-d-844285-1 devstack@placement-api.service[105117]: DEBUG placement.objects.research_context [req-95707969-59d9-4733-b2eb-c732e5469bfc req-c5f88a6f-2991-4934-b398-8a180b143a9b service placement] found 2 providers after filtering by previous result {{(pid=105117) get_provider_ids_matching /opt/stack/placement/placement/objects/research_context.py:594}}
Jun 01 13:09:54.337359 n-d-844285-1 devstack@placement-api.service[105117]: DEBUG placement.objects.allocation_candidate [req-95707969-59d9-4733-b2eb-c732e5469bfc req-c5f88a6f-2991-4934-b398-8a180b143a9b service placement] RequestGroup(use_same_provider=False, resources={DISK_GB:1, MEMORY_MB:1024, VCPU:1}, traits=(), aggregates=[]) (suffix '') returned 2 matches {{(pid=105117) _get_by_requests /opt/stack/placement/placement/objects/allocation_candidate.py:156}}
Jun 01 13:09:54.337877 n-d-844285-1 devstack@placement-api.service[105117]: DEBUG placement.objects.allocation_candidate [req-95707969-59d9-4733-b2eb-c732e5469bfc req-c5f88a6f-2991-4934-b398-8a180b143a9b service placement] Merging candidates yields 2 allocation requests and 2 provider summaries {{(pid=105117) _merge_candidates /opt/stack/placement/placement/objects/allocation_candidate.py:809}}
Jun 01 13:09:54.339890 n-d-844285-1 devstack@placement-api.service[105117]: INFO placement.requestlog [req-95707969-59d9-4733-b2eb-c732e5469bfc req-c5f88a6f-2991-4934-b398-8a180b143a9b service placement] 10.222.0.55 "GET /placement/allocation_candidates?resources=DISK_GB%3A1%2CMEMORY_MB%3A1024%2CVCPU%3A1&root_required=%21COMPUTE_STATUS_DISABLED" status: 200 len: 1313 microversion: 1.36
Jun 01 13:09:54.340690 n-d-844285-1 devstack@placement-api.service[105117]: [pid: 105117|app: 0|req: 195/393] 10.222.0.55 () {60 vars in 1484 bytes} [Wed Jun 1 13:09:54 2022] GET /placement/allocation_candidates?resources=DISK_GB%3A1%2CMEMORY_MB%3A1024%2CVCPU%3A1&root_required=%21COMPUTE_STATUS_DISABLED => generated 1313 bytes in 97 msecs (HTTP/1.1 200) 8 headers in 297 bytes (2 switches on core 0)
Jun 01 13:09:54.444362 n-d-844285-1 devstack@placement-api.service[105118]: DEBUG placement.requestlog [req-95707969-59d9-4733-b2eb-c732e5469bfc req-b6250df1-e8b2-4d7b-8590-2475fa7c1a8a None None] Starting request: 10.222.0.55 "GET /placement/allocations/6647bcfd-9998-44b8-9647-cbdff39f1cb1" {{(pid=105118) __call__ /opt/stack/placement/placement/requestlog.py:55}}
Jun 01 13:09:54.494534 n-d-844285-1 devstack@placement-api.service[105118]: INFO placement.requestlog [req-95707969-59d9-4733-b2eb-c732e5469bfc req-b6250df1-e8b2-4d7b-8590-2475fa7c1a8a service placement] 10.222.0.55 "GET /placement/allocations/6647bcfd-9998-44b8-9647-cbdff39f1cb1" status: 200 len: 19 microversion: 1.28
Jun 01 13:09:54.504265 n-d-844285-1 devstack@placement-api.service[105118]: [pid: 105118|app: 0|req: 199/394] 10.222.0.55 () {60 vars in 1380 bytes} [Wed Jun 1 13:09:54 2022] GET /placement/allocations/6647bcfd-9998-44b8-9647-cbdff39f1cb1 => generated 19 bytes in 60 msecs (HTTP/1.1 200) 8 headers in 295 bytes (1 switches on core 0)
Jun 01 13:09:54.512225 n-d-844285-1 devstack@placement-api.service[105117]: DEBUG placement.requestlog [req-95707969-59d9-4733-b2eb-c732e5469bfc req-b763ccba-ef72-47db-974e-426ed77c8129 None None] Starting request: 10.222.0.55 "PUT /placement/allocations/6647bcfd-9998-44b8-9647-cbdff39f1cb1" {{(pid=105117) __call__ /opt/stack/placement/placement/requestlog.py:55}}
Jun 01 13:09:54.628854 n-d-844285-1 devstack@placement-api.service[105117]: DEBUG placement.handlers.allocation [req-95707969-59d9-4733-b2eb-c732e5469bfc req-b763ccba-ef72-47db-974e-426ed77c8129 service placement] Successfully wrote allocations [, , ] {{(pid=105117) _update_consumers_and_create_allocations /opt/stack/placement/placement/handlers/allocation.py:462}}
Jun 01 13:09:54.634923 n-d-844285-1 devstack@placement-api.service[105117]: INFO placement.requestlog [req-95707969-59d9-4733-b2eb-c732e5469bfc req-b763ccba-ef72-47db-974e-426ed77c8129 service placement] 10.222.0.55 "PUT /placement/allocations/6647bcfd-9998-44b8-9647-cbdff39f1cb1" status: 204 len: 0 microversion: 1.36
Jun 01 13:09:54.636063 n-d-844285-1 devstack@placement-api.service[105117]: [pid: 105117|app: 0|req: 196/395] 10.222.0.55 () {64 vars in 1433 bytes} [Wed Jun 1 13:09:54 2022] PUT /placement/allocations/6647bcfd-9998-44b8-9647-cbdff39f1cb1 => generated 0 bytes in 124 msecs (HTTP/1.1 204) 5 headers in 199 bytes (1 switches on core 0)
Jun 01 13:09:55.172223 n-d-844285-1 devstack@placement-api.service[105118]: DEBUG placement.requestlog [req-95707969-59d9-4733-b2eb-c732e5469bfc req-2ece9050-1af2-4ecd-a52f-fac74fb850e8 None None] Starting request: 10.222.0.18 "GET /placement/allocations/6647bcfd-9998-44b8-9647-cbdff39f1cb1" {{(pid=105118) __call__ /opt/stack/placement/placement/requestlog.py:55}}
Jun 01 13:09:55.225630 n-d-844285-1 devstack@placement-api.service[105118]: INFO placement.requestlog [req-95707969-59d9-4733-b2eb-c732e5469bfc req-2ece9050-1af2-4ecd-a52f-fac74fb850e8 service placement] 10.222.0.18 "GET /placement/allocations/6647bcfd-9998-44b8-9647-cbdff39f1cb1" status: 200 len: 259 microversion: 1.28
Jun 01 13:09:55.227150 n-d-844285-1 devstack@placement-api.service[105118]: [pid: 105118|app: 0|req: 200/396] 10.222.0.18 () {60 vars in 1377 bytes} [Wed Jun 1 13:09:55 2022] GET /placement/allocations/6647bcfd-9998-44b8-9647-cbdff39f1cb1 => generated 259 bytes in 55 msecs (HTTP/1.1 200) 8 headers in 296 bytes (1 switches on core 0)
Jun 01 13:10:03.613371 n-d-844285-1 devstack@placement-api.service[105117]: DEBUG placement.requestlog [req-1ee1219e-8872-49a2-b61d-c12dcb3715a8 req-d75f5bcd-96db-4fbd-b6d4-73e5c67efca5 None None] Starting request: 10.222.0.32 "DELETE /placement/allocations/1ab25684-65e5-40ea-97e6-f66b48222c4d" {{(pid=105117) __call__ /opt/stack/placement/placement/requestlog.py:55}}
Jun 01 13:10:03.677597 n-d-844285-1 devstack@placement-api.service[105117]: DEBUG placement.handlers.allocation [req-1ee1219e-8872-49a2-b61d-c12dcb3715a8 req-d75f5bcd-96db-4fbd-b6d4-73e5c67efca5 service placement] Successfully deleted allocations [, , ] {{(pid=105117) delete_allocations /opt/stack/placement/placement/handlers/allocation.py:627}}
