Jul 20 20:34:53.495792 n-d-844243-3 devstack@keystone.service[87142]: DEBUG keystone.server.flask.request_processing.middleware.auth_context [None req-e492e1cc-d7c5-4add-a6d6-67183ae6c08a None admin] RBAC: auth_context: {'token': , 'domain_id': None, 'trust_id': None, 'trustor_id': None, 'trustee_id': None, 'domain_name': None, 'group_ids': [], 'user_id': '9d2023a562c84f27bd5bb155f113c7cc', 'user_domain_id': 'default', 'system_scope': 'all', 'project_id': None, 'project_domain_id': None, 'roles': ['admin', 'member', 'reader'], 'is_admin_project': True, 'service_user_id': None, 'service_user_domain_id': None, 'service_project_id': None, 'service_project_domain_id': None, 'service_roles': []} {{(pid=87142) fill_context /opt/stack/keystone/keystone/server/flask/request_processing/middleware/auth_context.py:478}}
Jul 20 20:34:53.496755 n-d-844243-3 devstack@keystone.service[87142]: DEBUG keystone.server.flask.request_processing.req_logging [None req-e492e1cc-d7c5-4add-a6d6-67183ae6c08a None admin] REQUEST_METHOD: `GET` {{(pid=87142) log_request_info /opt/stack/keystone/keystone/server/flask/request_processing/req_logging.py:27}}
Jul 20 20:34:53.496878 n-d-844243-3 devstack@keystone.service[87142]: DEBUG keystone.server.flask.request_processing.req_logging [None req-e492e1cc-d7c5-4add-a6d6-67183ae6c08a None admin] SCRIPT_NAME: `/identity` {{(pid=87142) log_request_info /opt/stack/keystone/keystone/server/flask/request_processing/req_logging.py:28}}
Jul 20 20:34:53.497329 n-d-844243-3 devstack@keystone.service[87142]: DEBUG keystone.server.flask.request_processing.req_logging [None req-e492e1cc-d7c5-4add-a6d6-67183ae6c08a None admin] PATH_INFO: `/v3/roles` {{(pid=87142) log_request_info /opt/stack/keystone/keystone/server/flask/request_processing/req_logging.py:29}}
Jul 20 20:34:53.498084 n-d-844243-3 devstack@keystone.service[87142]: DEBUG keystone.common.rbac_enforcer.enforcer [None req-e492e1cc-d7c5-4add-a6d6-67183ae6c08a None admin] RBAC: Adding query filter params (name=member) {{(pid=87142) _extract_filter_values /opt/stack/keystone/keystone/common/rbac_enforcer/enforcer.py:167}}
Jul 20 20:34:53.498395 n-d-844243-3 devstack@keystone.service[87142]: DEBUG keystone.common.rbac_enforcer.enforcer [None req-e492e1cc-d7c5-4add-a6d6-67183ae6c08a None admin] RBAC: Authorizing `identity:list_roles()` {{(pid=87142) enforce_call /opt/stack/keystone/keystone/common/rbac_enforcer/enforcer.py:449}}
Jul 20 20:34:53.499778 n-d-844243-3 devstack@keystone.service[87142]: DEBUG keystone.common.rbac_enforcer.enforcer [None req-e492e1cc-d7c5-4add-a6d6-67183ae6c08a None admin] RBAC: Authorization granted {{(pid=87142) enforce_call /opt/stack/keystone/keystone/common/rbac_enforcer/enforcer.py:457}}
Jul 20 20:34:53.508805 n-d-844243-3 devstack@keystone.service[87142]: [pid: 87142|app: 0|req: 208/419] 10.222.0.18 () {56 vars in 1101 bytes} [Wed Jul 20 20:34:53 2022] GET /identity/v3/roles?name=member => generated 341 bytes in 170 msecs (HTTP/1.1 200) 5 headers in 177 bytes (1 switches on core 0)
Jul 20 20:34:53.518261 n-d-844243-3 devstack@keystone.service[87143]: DEBUG keystone.server.flask.request_processing.middleware.auth_context [None req-a5ffe16a-3263-4b32-83e2-092cc7fa0ad0 None admin] Authenticating user token {{(pid=87143) process_request /usr/local/lib/python3.8/dist-packages/keystonemiddleware/auth_token/__init__.py:407}}
Jul 20 20:34:53.595038 n-d-844243-3 devstack@keystone.service[87143]: DEBUG dbcounter [-] [87143] Writing DB stats keystone:SELECT=100 {{(pid=87143) stat_writer /usr/local/lib/python3.8/dist-packages/dbcounter.py:114}}
Jul 20 20:34:53.607512 n-d-844243-3 devstack@keystone.service[87142]: DEBUG keystone.server.flask.request_processing.req_logging [None req-e72af494-c311-4e86-b576-950197e8c0dd None None] REQUEST_METHOD: `GET` {{(pid=87142) log_request_info /opt/stack/keystone/keystone/server/flask/request_processing/req_logging.py:27}}
Jul 20 20:34:53.607811 n-d-844243-3 devstack@keystone.service[87142]: DEBUG keystone.server.flask.request_processing.req_logging [None req-e72af494-c311-4e86-b576-950197e8c0dd None None] SCRIPT_NAME: `/identity` {{(pid=87142) log_request_info /opt/stack/keystone/keystone/server/flask/request_processing/req_logging.py:28}}
Jul 20 20:34:53.608080 n-d-844243-3 devstack@keystone.service[87142]: DEBUG keystone.server.flask.request_processing.req_logging [None req-e72af494-c311-4e86-b576-950197e8c0dd None None] PATH_INFO: `/` {{(pid=87142) log_request_info /opt/stack/keystone/keystone/server/flask/request_processing/req_logging.py:29}}
Jul 20 20:34:53.609760 n-d-844243-3 devstack@keystone.service[87142]: [pid: 87142|app: 0|req: 209/420] 10.222.0.18 () {54 vars in 926 bytes} [Wed Jul 20 20:34:53 2022] GET /identity => generated 270 bytes in 4 msecs (HTTP/1.1 300) 6 headers in 234 bytes (1 switches on core 0)
Jul 20 20:34:53.614864 n-d-844243-3 devstack@keystone.service[87142]: DEBUG keystone.server.flask.request_processing.req_logging [None req-ebb8855e-077c-4d29-be1e-2580d554bd5e None None] REQUEST_METHOD: `POST` {{(pid=87142) log_request_info /opt/stack/keystone/keystone/server/flask/request_processing/req_logging.py:27}}
Jul 20 20:34:53.615151 n-d-844243-3 devstack@keystone.service[87142]: DEBUG keystone.server.flask.request_processing.req_logging [None req-ebb8855e-077c-4d29-be1e-2580d554bd5e None None] SCRIPT_NAME: `/identity` {{(pid=87142) log_request_info /opt/stack/keystone/keystone/server/flask/request_processing/req_logging.py:28}}
Jul 20 20:34:53.615430 n-d-844243-3 devstack@keystone.service[87142]: DEBUG keystone.server.flask.request_processing.req_logging [None req-ebb8855e-077c-4d29-be1e-2580d554bd5e None None] PATH_INFO: `/v3/auth/tokens` {{(pid=87142) log_request_info /opt/stack/keystone/keystone/server/flask/request_processing/req_logging.py:29}}
Jul 20 20:34:53.632219 n-d-844243-3 devstack@keystone.service[87142]: DEBUG keystone.auth.core [None req-ebb8855e-077c-4d29-be1e-2580d554bd5e None None] MFA Rules not processed for user `9d2023a562c84f27bd5bb155f113c7cc`. Rule list: `[]` (Enabled: `True`). {{(pid=87142) check_auth_methods_against_rules /opt/stack/keystone/keystone/auth/core.py:438}}
Jul 20 20:34:53.633436 n-d-844243-3 devstack@keystone.service[87142]: DEBUG keystone.common.fernet_utils [None req-ebb8855e-077c-4d29-be1e-2580d554bd5e None None] Loaded 2 Fernet keys from /etc/keystone/fernet-keys/, but `[fernet_tokens] max_active_keys = 3`; perhaps there have not been enough key rotations to reach `max_active_keys` yet? {{(pid=87142) load_keys /opt/stack/keystone/keystone/common/fernet_utils.py:286}}
Jul 20 20:34:53.655345 n-d-844243-3 devstack@keystone.service[87143]: DEBUG keystone.server.flask.request_processing.middleware.auth_context [None req-a5ffe16a-3263-4b32-83e2-092cc7fa0ad0 None admin] Validating token access rules against request {{(pid=87143) validate_allowed_request /usr/local/lib/python3.8/dist-packages/keystonemiddleware/auth_token/__init__.py:545}}
Jul 20 20:34:53.713289 n-d-844243-3 devstack@keystone.service[87142]: DEBUG dbcounter [-] [87142] Writing DB stats keystone:SELECT=100 {{(pid=87142) stat_writer /usr/local/lib/python3.8/dist-packages/dbcounter.py:114}}
Jul 20 20:34:53.722112 n-d-844243-3 devstack@keystone.service[87143]: DEBUG keystone.server.flask.request_processing.middleware.auth_context [None req-bf62c811-358b-4fea-9d2e-e0e148478a05 None admin] RBAC: auth_context: {'token': , 'domain_id': None, 'trust_id': None, 'trustor_id': None, 'trustee_id': None, 'domain_name': None, 'group_ids': [], 'user_id': '9d2023a562c84f27bd5bb155f113c7cc', 'user_domain_id': 'default', 'system_scope': 'all', 'project_id': None, 'project_domain_id': None, 'roles': ['admin', 'member', 'reader'], 'is_admin_project': True, 'service_user_id': None, 'service_user_domain_id': None, 'service_project_id': None, 'service_project_domain_id': None, 'service_roles': []} {{(pid=87143) fill_context /opt/stack/keystone/keystone/server/flask/request_processing/middleware/auth_context.py:478}}
Jul 20 20:34:53.722772 n-d-844243-3 devstack@keystone.service[87143]: DEBUG keystone.server.flask.request_processing.req_logging [None req-bf62c811-358b-4fea-9d2e-e0e148478a05 None admin] REQUEST_METHOD: `GET` {{(pid=87143) log_request_info /opt/stack/keystone/keystone/server/flask/request_processing/req_logging.py:27}}
Jul 20 20:34:53.723052 n-d-844243-3 devstack@keystone.service[87143]: DEBUG keystone.server.flask.request_processing.req_logging [None req-bf62c811-358b-4fea-9d2e-e0e148478a05 None admin] SCRIPT_NAME: `/identity` {{(pid=87143) log_request_info /opt/stack/keystone/keystone/server/flask/request_processing/req_logging.py:28}}
Jul 20 20:34:53.723329 n-d-844243-3 devstack@keystone.service[87143]: DEBUG keystone.server.flask.request_processing.req_logging [None req-bf62c811-358b-4fea-9d2e-e0e148478a05 None admin] PATH_INFO: `/v3/auth/tokens` {{(pid=87143) log_request_info /opt/stack/keystone/keystone/server/flask/request_processing/req_logging.py:29}}
Jul 20 20:34:53.761319 n-d-844243-3 devstack@keystone.service[87142]: [pid: 87142|app: 0|req: 210/421] 10.222.0.18 () {58 vars in 1023 bytes} [Wed Jul 20 20:34:53 2022] POST /identity/v3/auth/tokens => generated 799 bytes in 147 msecs (HTTP/1.1 201) 6 headers in 363 bytes (2 switches on core 0)
Jul 20 20:34:53.823611 n-d-844243-3 devstack@keystone.service[87142]: DEBUG keystone.server.flask.request_processing.middleware.auth_context [None req-ebb8855e-077c-4d29-be1e-2580d554bd5e None None] Authenticating user token {{(pid=87142) process_request /usr/local/lib/python3.8/dist-packages/keystonemiddleware/auth_token/__init__.py:407}}
Jul 20 20:34:53.835188 n-d-844243-3 devstack@keystone.service[87143]: DEBUG keystone.common.rbac_enforcer.enforcer [None req-bf62c811-358b-4fea-9d2e-e0e148478a05 None admin] RBAC: Authorizing `identity:validate_token()` {{(pid=87143) enforce_call /opt/stack/keystone/keystone/common/rbac_enforcer/enforcer.py:449}}
Jul 20 20:34:53.836904 n-d-844243-3 devstack@keystone.service[87143]: DEBUG keystone.common.rbac_enforcer.enforcer [None req-bf62c811-358b-4fea-9d2e-e0e148478a05 None admin] RBAC: Authorization granted {{(pid=87143) enforce_call /opt/stack/keystone/keystone/common/rbac_enforcer/enforcer.py:457}}
Jul 20 20:34:53.961466 n-d-844243-3 devstack@keystone.service[87143]: DEBUG dbcounter [-] [87143] Writing DB stats keystone:SELECT=100 {{(pid=87143) stat_writer /usr/local/lib/python3.8/dist-packages/dbcounter.py:114}}
Jul 20 20:34:53.969575 n-d-844243-3 devstack@keystone.service[87142]: DEBUG keystone.server.flask.request_processing.middleware.auth_context [None req-ebb8855e-077c-4d29-be1e-2580d554bd5e None None] Validating token access rules against request {{(pid=87142) validate_allowed_request /usr/local/lib/python3.8/dist-packages/keystonemiddleware/auth_token/__init__.py:545}}
Jul 20 20:34:54.015344 n-d-844243-3 devstack@keystone.service[87142]: DEBUG keystone.server.flask.request_processing.middleware.auth_context [None req-a491c50d-78c5-4aec-8ccd-4097f537a16a None admin] RBAC: auth_context: {'token': , 'domain_id': None, 'trust_id': None, 'trustor_id': None, 'trustee_id': None, 'domain_name': None, 'group_ids': [], 'user_id': '9d2023a562c84f27bd5bb155f113c7cc', 'user_domain_id': 'default', 'system_scope': 'all', 'project_id': None, 'project_domain_id': None, 'roles': ['admin', 'member', 'reader'], 'is_admin_project': True, 'service_user_id': None, 'service_user_domain_id': None, 'service_project_id': None, 'service_project_domain_id': None, 'service_roles': []} {{(pid=87142) fill_context /opt/stack/keystone/keystone/server/flask/request_processing/middleware/auth_context.py:478}}
Jul 20 20:34:54.016429 n-d-844243-3 devstack@keystone.service[87142]: DEBUG keystone.server.flask.request_processing.req_logging [None req-a491c50d-78c5-4aec-8ccd-4097f537a16a None admin] REQUEST_METHOD: `GET` {{(pid=87142) log_request_info /opt/stack/keystone/keystone/server/flask/request_processing/req_logging.py:27}}
Jul 20 20:34:54.016882 n-d-844243-3 devstack@keystone.service[87142]: DEBUG keystone.server.flask.request_processing.req_logging [None req-a491c50d-78c5-4aec-8ccd-4097f537a16a None admin] SCRIPT_NAME: `/identity` {{(pid=87142) log_request_info /opt/stack/keystone/keystone/server/flask/request_processing/req_logging.py:28}}
Jul 20 20:34:54.017350 n-d-844243-3 devstack@keystone.service[87142]: DEBUG keystone.server.flask.request_processing.req_logging [None req-a491c50d-78c5-4aec-8ccd-4097f537a16a None admin] PATH_INFO: `/v3/roles/anotherrole` {{(pid=87142) log_request_info /opt/stack/keystone/keystone/server/flask/request_processing/req_logging.py:29}}
Jul 20 20:34:54.029767 n-d-844243-3 devstack@keystone.service[87142]: DEBUG keystone.common.rbac_enforcer.enforcer [None req-a491c50d-78c5-4aec-8ccd-4097f537a16a None admin] Extracting inferred target data resulted in "NOT FOUND (404)". {{(pid=87142) enforce_call /opt/stack/keystone/keystone/common/rbac_enforcer/enforcer.py:409}}
Jul 20 20:34:54.038946 n-d-844243-3 devstack@keystone.service[87142]: ERROR keystone.server.flask.application [None req-a491c50d-78c5-4aec-8ccd-4097f537a16a None admin] Could not find role: anotherrole.: keystone.exception.RoleNotFound: Could not find role: anotherrole.
Jul 20 20:34:54.038946 n-d-844243-3 devstack@keystone.service[87142]: ERROR keystone.server.flask.application
Traceback (most recent call last):
Jul 20 20:34:54.038946 n-d-844243-3 devstack@keystone.service[87142]: ERROR keystone.server.flask.application
File "/usr/local/lib/python3.8/dist-packages/flask/app.py", line 1523, in full_dispatch_request
Jul 20 20:34:54.038946 n-d-844243-3 devstack@keystone.service[87142]: ERROR keystone.server.flask.application rv = self.dispatch_request()
Jul 20 20:34:54.038946 n-d-844243-3 devstack@keystone.service[87142]: ERROR keystone.server.flask.application
File "/usr/local/lib/python3.8/dist-packages/flask/app.py", line 1509, in dispatch_request
Jul 20 20:34:54.038946 n-d-844243-3 devstack@keystone.service[87142]: ERROR keystone.server.flask.application return self.ensure_sync(self.view_functions[rule.endpoint])(**req.view_args)
Jul 20 20:34:54.038946 n-d-844243-3 devstack@keystone.service[87142]: ERROR keystone.server.flask.application
File "/usr/local/lib/python3.8/dist-packages/flask_restful/__init__.py", line 467, in wrapper
Jul 20 20:34:54.038946 n-d-844243-3 devstack@keystone.service[87142]: ERROR keystone.server.flask.application resp = resource(*args, **kwargs)
Jul 20 20:34:54.038946 n-d-844243-3 devstack@keystone.service[87142]: ERROR keystone.server.flask.application
File "/usr/local/lib/python3.8/dist-packages/flask/views.py", line 84, in view
Jul 20 20:34:54.038946 n-d-844243-3 devstack@keystone.service[87142]: ERROR keystone.server.flask.application return current_app.ensure_sync(self.dispatch_request)(*args, **kwargs)
Jul 20 20:34:54.038946 n-d-844243-3 devstack@keystone.service[87142]: ERROR keystone.server.flask.application
File "/usr/local/lib/python3.8/dist-packages/flask_restful/__init__.py", line 582, in dispatch_request
Jul 20 20:34:54.038946 n-d-844243-3 devstack@keystone.service[87142]: ERROR keystone.server.flask.application resp = meth(*args, **kwargs)
Jul 20 20:34:54.038946 n-d-844243-3 devstack@keystone.service[87142]: ERROR keystone.server.flask.application
File "/opt/stack/keystone/keystone/api/roles.py", line 50, in get
Jul 20 20:34:54.038946 n-d-844243-3 devstack@keystone.service[87142]: ERROR keystone.server.flask.application return self._get_role(role_id)
Jul 20 20:34:54.038946 n-d-844243-3 devstack@keystone.service[87142]: ERROR keystone.server.flask.application
File "/opt/stack/keystone/keystone/api/roles.py", line 70, in _get_role
Jul 20 20:34:54.038946 n-d-844243-3 devstack@keystone.service[87142]: ERROR keystone.server.flask.application ENFORCER.enforce_call(action='identity:get_role')
Jul 20 20:34:54.039810 n-d-844243-3 devstack@keystone.service[87142]: ERROR keystone.server.flask.application
File "/opt/stack/keystone/keystone/common/rbac_enforcer/enforcer.py", line 402, in enforce_call
Jul 20 20:34:54.039810 n-d-844243-3 devstack@keystone.service[87142]: ERROR keystone.server.flask.application policy_dict.update(cls._extract_member_target_data(
Jul 20 20:34:54.039810 n-d-844243-3 devstack@keystone.service[87142]: ERROR keystone.server.flask.application
File "/opt/stack/keystone/keystone/common/rbac_enforcer/enforcer.py", line 234, in _extract_member_target_data
Jul 20 20:34:54.039810 n-d-844243-3 devstack@keystone.service[87142]: ERROR keystone.server.flask.application member_name: func(flask.request.view_args[key])
Jul 20 20:34:54.039810 n-d-844243-3 devstack@keystone.service[87142]: ERROR keystone.server.flask.application
File "/opt/stack/keystone/keystone/common/manager.py", line 115, in wrapped
Jul 20 20:34:54.039810 n-d-844243-3 devstack@keystone.service[87142]: ERROR keystone.server.flask.application __ret_val = __f(*args, **kwargs)
Jul 20 20:34:54.039810 n-d-844243-3 devstack@keystone.service[87142]: ERROR keystone.server.flask.application
File "/usr/local/lib/python3.8/dist-packages/decorator.py", line 232, in fun
Jul 20 20:34:54.039810 n-d-844243-3 devstack@keystone.service[87142]: ERROR keystone.server.flask.application return caller(func, *(extras + args), **kw)
Jul 20 20:34:54.039810 n-d-844243-3 devstack@keystone.service[87142]: ERROR keystone.server.flask.application
File "/usr/local/lib/python3.8/dist-packages/dogpile/cache/region.py", line 1577, in get_or_create_for_user_func
Jul 20 20:34:54.039810 n-d-844243-3 devstack@keystone.service[87142]: ERROR keystone.server.flask.application return self.get_or_create(
Jul 20 20:34:54.039810 n-d-844243-3 devstack@keystone.service[87142]: ERROR keystone.server.flask.application
File "/usr/local/lib/python3.8/dist-packages/dogpile/cache/region.py", line 1042, in get_or_create
Jul 20 20:34:54.039810 n-d-844243-3 devstack@keystone.service[87142]: ERROR keystone.server.flask.application with Lock(
Jul 20 20:34:54.039810 n-d-844243-3 devstack@keystone.service[87142]: ERROR keystone.server.flask.application
File "/usr/local/lib/python3.8/dist-packages/dogpile/lock.py", line 185, in __enter__
Jul 20 20:34:54.039810 n-d-844243-3 devstack@keystone.service[87142]: ERROR keystone.server.flask.application return self._enter()
Jul 20 20:34:54.039810 n-d-844243-3 devstack@keystone.service[87142]: ERROR keystone.server.flask.application
File "/usr/local/lib/python3.8/dist-packages/dogpile/lock.py", line 94, in _enter
Jul 20 20:34:54.039810 n-d-844243-3 devstack@keystone.service[87142]: ERROR keystone.server.flask.application generated = self._enter_create(value, createdtime)
Jul 20 20:34:54.040613 n-d-844243-3 devstack@keystone.service[87142]: ERROR keystone.server.flask.application
File "/usr/local/lib/python3.8/dist-packages/dogpile/lock.py", line 178, in _enter_create
Jul 20 20:34:54.040613 n-d-844243-3 devstack@keystone.service[87142]: ERROR keystone.server.flask.application return self.creator()
Jul 20 20:34:54.040613 n-d-844243-3 devstack@keystone.service[87142]: ERROR keystone.server.flask.application
File "/usr/local/lib/python3.8/dist-packages/dogpile/cache/region.py", line 995, in gen_value
Jul 20 20:34:54.040613 n-d-844243-3 devstack@keystone.service[87142]: ERROR keystone.server.flask.application created_value = creator(
Jul 20 20:34:54.040613 n-d-844243-3 devstack@keystone.service[87142]: ERROR keystone.server.flask.application
File "/opt/stack/keystone/keystone/assignment/core.py", line 1276, in get_role
Jul 20 20:34:54.040613 n-d-844243-3 devstack@keystone.service[87142]: ERROR keystone.server.flask.application return self.driver.get_role(role_id)
Jul 20 20:34:54.040613 n-d-844243-3 devstack@keystone.service[87142]: ERROR keystone.server.flask.application
File "/opt/stack/keystone/keystone/assignment/role_backends/sql.py", line 70, in get_role
Jul 20 20:34:54.040613 n-d-844243-3 devstack@keystone.service[87142]: ERROR keystone.server.flask.application return self._get_role(session, role_id).to_dict()
Jul 20 20:34:54.040613 n-d-844243-3 devstack@keystone.service[87142]: ERROR keystone.server.flask.application
File "/opt/stack/keystone/keystone/assignment/role_backends/sql.py", line 65, in _get_role
Jul 20 20:34:54.040613 n-d-844243-3 devstack@keystone.service[87142]: ERROR keystone.server.flask.application raise exception.RoleNotFound(role_id=role_id)
Jul 20 20:34:54.040613 n-d-844243-3 devstack@keystone.service[87142]: ERROR keystone.server.flask.application keystone.exception.RoleNotFound: Could not find role: anotherrole.
Jul 20 20:34:54.040613 n-d-844243-3 devstack@keystone.service[87142]: ERROR keystone.server.flask.application
Jul 20 20:34:54.044268 n-d-844243-3 devstack@keystone.service[87142]: [pid: 87142|app: 0|req: 211/422] 10.222.0.18 () {56 vars in 1114 bytes} [Wed Jul 20 20:34:53 2022] GET /identity/v3/roles/anotherrole => generated 89 bytes in 221 msecs (HTTP/1.1 404) 5 headers in 183 bytes (2 switches on core 0)
Jul 20 20:34:54.050060 n-d-844243-3 devstack@keystone.service[87142]: DEBUG keystone.server.flask.request_processing.middleware.auth_context [None req-a491c50d-78c5-4aec-8ccd-4097f537a16a None admin] Authenticating user token {{(pid=87142) process_request /usr/local/lib/python3.8/dist-packages/keystonemiddleware/auth_token/__init__.py:407}}
Jul 20 20:34:54.051573 n-d-844243-3 devstack@keystone.service[87143]: [pid: 87143|app: 0|req: 212/423] 10.222.0.18 () {58 vars in 1282 bytes} [Wed Jul 20 20:34:53 2022] GET /identity/v3/auth/tokens => generated 799 bytes in 534 msecs (HTTP/1.1 200) 6 headers in 358 bytes (1 switches on core 0)
Jul 20 20:34:54.056963 n-d-844243-3 devstack@keystone.service[87143]: DEBUG keystone.server.flask.request_processing.middleware.auth_context [None req-bf62c811-358b-4fea-9d2e-e0e148478a05 None admin] Authenticating user token {{(pid=87143) process_request /usr/local/lib/python3.8/dist-packages/keystonemiddleware/auth_token/__init__.py:407}}
Jul 20 20:34:54.103334 n-d-844243-3 devstack@keystone.service[87142]: DEBUG dbcounter [-] [87142] Writing DB stats keystone:SELECT=100 {{(pid=87142) stat_writer /usr/local/lib/python3.8/dist-packages/dbcounter.py:114}}
Jul 20 20:34:54.247553 n-d-844243-3 devstack@keystone.service[87143]: DEBUG keystone.server.flask.request_processing.middleware.auth_context [None req-bf62c811-358b-4fea-9d2e-e0e148478a05 None admin] Validating token access rules against request {{(pid=87143) validate_allowed_request /usr/local/lib/python3.8/dist-packages/keystonemiddleware/auth_token/__init__.py:545}}
Jul 20 20:34:54.250574 n-d-844243-3 devstack@keystone.service[87142]: DEBUG keystone.server.flask.request_processing.middleware.auth_context [None req-a491c50d-78c5-4aec-8ccd-4097f537a16a None admin] Validating token access rules against request {{(pid=87142) validate_allowed_request /usr/local/lib/python3.8/dist-packages/keystonemiddleware/auth_token/__init__.py:545}}
Jul 20 20:34:54.298238 n-d-844243-3 devstack@keystone.service[87143]: DEBUG keystone.server.flask.request_processing.middleware.auth_context [None req-06a1a7ad-782f-4fcd-9731-1b7fbab19c1a None admin] RBAC: auth_context: {'token': , 'domain_id': None, 'trust_id': None, 'trustor_id': None, 'trustee_id': None, 'domain_name': None, 'group_ids': [], 'user_id': '9d2023a562c84f27bd5bb155f113c7cc', 'user_domain_id': 'default', 'system_scope': 'all', 'project_id': None, 'project_domain_id': None, 'roles': ['admin', 'member', 'reader'], 'is_admin_project': True, 'service_user_id': None, 'service_user_domain_id': None, 'service_project_id': None, 'service_project_domain_id': None, 'service_roles': []} {{(pid=87143) fill_context /opt/stack/keystone/keystone/server/flask/request_processing/middleware/auth_context.py:478}}
Jul 20 20:34:54.299027 n-d-844243-3 devstack@keystone.service[87143]: DEBUG keystone.server.flask.request_processing.req_logging [None req-06a1a7ad-782f-4fcd-9731-1b7fbab19c1a None admin] REQUEST_METHOD: `GET` {{(pid=87143) log_request_info /opt/stack/keystone/keystone/server/flask/request_processing/req_logging.py:27}}
Jul 20 20:34:54.299311 n-d-844243-3 devstack@keystone.service[87143]: DEBUG keystone.server.flask.request_processing.req_logging [None req-06a1a7ad-782f-4fcd-9731-1b7fbab19c1a None admin] SCRIPT_NAME: `/identity` {{(pid=87143) log_request_info /opt/stack/keystone/keystone/server/flask/request_processing/req_logging.py:28}}
Jul 20 20:34:54.299584 n-d-844243-3 devstack@keystone.service[87143]: DEBUG keystone.server.flask.request_processing.req_logging [None req-06a1a7ad-782f-4fcd-9731-1b7fbab19c1a None admin] PATH_INFO: `/v3/projects/919f0563c9be4d17be2a5feac8228545` {{(pid=87143) log_request_info /opt/stack/keystone/keystone/server/flask/request_processing/req_logging.py:29}}
Jul 20 20:34:54.302651 n-d-844243-3 devstack@keystone.service[87143]: DEBUG keystone.common.rbac_enforcer.enforcer [None req-06a1a7ad-782f-4fcd-9731-1b7fbab19c1a None admin] RBAC: Authorizing `identity:get_project(project_id=919f0563c9be4d17be2a5feac8228545)` {{(pid=87143) enforce_call /opt/stack/keystone/keystone/common/rbac_enforcer/enforcer.py:449}}
Jul 20 20:34:54.305439 n-d-844243-3 devstack@keystone.service[87143]: DEBUG keystone.common.rbac_enforcer.enforcer [None req-06a1a7ad-782f-4fcd-9731-1b7fbab19c1a None admin] RBAC: Authorization granted {{(pid=87143) enforce_call /opt/stack/keystone/keystone/common/rbac_enforcer/enforcer.py:457}}
Jul 20 20:34:54.307141 n-d-844243-3 devstack@keystone.service[87143]: [pid: 87143|app: 0|req: 213/424] 10.222.0.18 () {56 vars in 1186 bytes} [Wed Jul 20 20:34:54 2022] GET /identity/v3/projects/919f0563c9be4d17be2a5feac8228545 => generated 298 bytes in 251 msecs (HTTP/1.1 200) 5 headers in 177 bytes (1 switches on core 0)
Jul 20 20:34:54.313653 n-d-844243-3 devstack@keystone.service[87143]: DEBUG keystone.server.flask.request_processing.middleware.auth_context [None req-06a1a7ad-782f-4fcd-9731-1b7fbab19c1a None admin] Authenticating user token {{(pid=87143) process_request /usr/local/lib/python3.8/dist-packages/keystonemiddleware/auth_token/__init__.py:407}}
Jul 20 20:34:54.321880 n-d-844243-3 devstack@keystone.service[87142]: DEBUG keystone.server.flask.request_processing.middleware.auth_context [None req-e19a739f-1227-4b84-992e-5e8d191efb86 None admin] RBAC: auth_context: {'token': , 'domain_id': None, 'trust_id': None, 'trustor_id': None, 'trustee_id': None, 'domain_name': None, 'group_ids': [], 'user_id': '9d2023a562c84f27bd5bb155f113c7cc', 'user_domain_id': 'default', 'system_scope': 'all', 'project_id': None, 'project_domain_id': None, 'roles': ['admin', 'member', 'reader'], 'is_admin_project': True, 'service_user_id': None, 'service_user_domain_id': None, 'service_project_id': None, 'service_project_domain_id': None, 'service_roles': []} {{(pid=87142) fill_context /opt/stack/keystone/keystone/server/flask/request_processing/middleware/auth_context.py:478}}
Jul 20 20:34:54.326652 n-d-844243-3 devstack@keystone.service[87142]: DEBUG keystone.server.flask.request_processing.req_logging [None req-e19a739f-1227-4b84-992e-5e8d191efb86 None admin] REQUEST_METHOD: `GET` {{(pid=87142) log_request_info /opt/stack/keystone/keystone/server/flask/request_processing/req_logging.py:27}}
Jul 20 20:34:54.326996 n-d-844243-3 devstack@keystone.service[87142]: DEBUG keystone.server.flask.request_processing.req_logging [None req-e19a739f-1227-4b84-992e-5e8d191efb86 None admin] SCRIPT_NAME: `/identity` {{(pid=87142) log_request_info /opt/stack/keystone/keystone/server/flask/request_processing/req_logging.py:28}}
Jul 20 20:34:54.327282 n-d-844243-3 devstack@keystone.service[87142]: DEBUG keystone.server.flask.request_processing.req_logging [None req-e19a739f-1227-4b84-992e-5e8d191efb86 None admin] PATH_INFO: `/v3/roles` {{(pid=87142) log_request_info /opt/stack/keystone/keystone/server/flask/request_processing/req_logging.py:29}}
Jul 20 20:34:54.328044 n-d-844243-3 devstack@keystone.service[87142]: DEBUG keystone.common.rbac_enforcer.enforcer [None req-e19a739f-1227-4b84-992e-5e8d191efb86 None admin] RBAC: Adding query filter params (name=anotherrole) {{(pid=87142) _extract_filter_values /opt/stack/keystone/keystone/common/rbac_enforcer/enforcer.py:167}}
Jul 20 20:34:54.328358 n-d-844243-3 devstack@keystone.service[87142]: DEBUG keystone.common.rbac_enforcer.enforcer [None req-e19a739f-1227-4b84-992e-5e8d191efb86 None admin] RBAC: Authorizing `identity:list_roles()` {{(pid=87142) enforce_call /opt/stack/keystone/keystone/common/rbac_enforcer/enforcer.py:449}}
Jul 20 20:34:54.329766 n-d-844243-3 devstack@keystone.service[87142]: DEBUG keystone.common.rbac_enforcer.enforcer [None req-e19a739f-1227-4b84-992e-5e8d191efb86 None admin] RBAC: Authorization granted {{(pid=87142) enforce_call /opt/stack/keystone/keystone/common/rbac_enforcer/enforcer.py:457}}
Jul 20 20:34:54.345875 n-d-844243-3 devstack@keystone.service[87142]: [pid: 87142|app: 0|req: 212/425] 10.222.0.18 () {56 vars in 1111 bytes} [Wed Jul 20 20:34:54 2022] GET /identity/v3/roles?name=anotherrole => generated 334 bytes in 296 msecs (HTTP/1.1 200) 5 headers in 177 bytes (1 switches on core 0)
Jul 20 20:34:54.351835 n-d-844243-3 devstack@keystone.service[87142]: DEBUG keystone.server.flask.request_processing.middleware.auth_context [None req-e19a739f-1227-4b84-992e-5e8d191efb86 None admin] Authenticating user token {{(pid=87142) process_request /usr/local/lib/python3.8/dist-packages/keystonemiddleware/auth_token/__init__.py:407}}
Jul 20 20:34:54.377190 n-d-844243-3 devstack@keystone.service[87143]: DEBUG dbcounter [-] [87143] Writing DB stats keystone:SELECT=100 {{(pid=87143) stat_writer /usr/local/lib/python3.8/dist-packages/dbcounter.py:114}}
Jul 20 20:34:54.480466 n-d-844243-3 devstack@keystone.service[87143]: DEBUG keystone.server.flask.request_processing.middleware.auth_context [None req-06a1a7ad-782f-4fcd-9731-1b7fbab19c1a None admin] Validating token access rules against request {{(pid=87143) validate_allowed_request /usr/local/lib/python3.8/dist-packages/keystonemiddleware/auth_token/__init__.py:545}}
Jul 20 20:34:54.518344 n-d-844243-3 devstack@keystone.service[87142]: DEBUG dbcounter [-] [87142] Writing DB stats keystone:SELECT=100 {{(pid=87142) stat_writer /usr/local/lib/python3.8/dist-packages/dbcounter.py:114}}
Jul 20 20:34:54.522459 n-d-844243-3 devstack@keystone.service[87143]: DEBUG keystone.server.flask.request_processing.middleware.auth_context [None req-71b6854d-1c56-4e6a-a282-32460530e7fe None admin] RBAC: auth_context: {'token': , 'domain_id': None, 'trust_id': None, 'trustor_id': None, 'trustee_id': None, 'domain_name': None, 'group_ids': [], 'user_id': '9d2023a562c84f27bd5bb155f113c7cc', 'user_domain_id': 'default', 'system_scope': 'all', 'project_id': None, 'project_domain_id': None, 'roles': ['admin', 'member', 'reader'], 'is_admin_project': True, 'service_user_id': None, 'service_user_domain_id': None, 'service_project_id': None, 'service_project_domain_id': None, 'service_roles': []} {{(pid=87143) fill_context /opt/stack/keystone/keystone/server/flask/request_processing/middleware/auth_context.py:478}}
Jul 20 20:34:54.523933 n-d-844243-3 devstack@keystone.service[87143]: DEBUG keystone.server.flask.request_processing.req_logging [None req-71b6854d-1c56-4e6a-a282-32460530e7fe None admin] REQUEST_METHOD: `GET` {{(pid=87143) log_request_info /opt/stack/keystone/keystone/server/flask/request_processing/req_logging.py:27}}
Jul 20 20:34:54.524425 n-d-844243-3 devstack@keystone.service[87143]: DEBUG keystone.server.flask.request_processing.req_logging [None req-71b6854d-1c56-4e6a-a282-32460530e7fe None admin] SCRIPT_NAME: `/identity` {{(pid=87143) log_request_info /opt/stack/keystone/keystone/server/flask/request_processing/req_logging.py:28}}
Jul 20 20:34:54.524863 n-d-844243-3 devstack@keystone.service[87143]: DEBUG keystone.server.flask.request_processing.req_logging [None req-71b6854d-1c56-4e6a-a282-32460530e7fe None admin] PATH_INFO: `/v3/groups/49bd99d1c7d743d98c0b79fc98f39998` {{(pid=87143) log_request_info /opt/stack/keystone/keystone/server/flask/request_processing/req_logging.py:29}}
Jul 20 20:34:54.527129 n-d-844243-3 devstack@keystone.service[87143]: DEBUG keystone.common.rbac_enforcer.enforcer [None req-71b6854d-1c56-4e6a-a282-32460530e7fe None admin] RBAC: Authorizing `identity:get_group(group_id=49bd99d1c7d743d98c0b79fc98f39998)` {{(pid=87143) enforce_call /opt/stack/keystone/keystone/common/rbac_enforcer/enforcer.py:449}}
Jul 20 20:34:54.530493 n-d-844243-3 devstack@keystone.service[87143]: DEBUG keystone.common.rbac_enforcer.enforcer [None req-71b6854d-1c56-4e6a-a282-32460530e7fe None admin] RBAC: Authorization granted {{(pid=87143) enforce_call /opt/stack/keystone/keystone/common/rbac_enforcer/enforcer.py:457}}
Jul 20 20:34:54.532849 n-d-844243-3 devstack@keystone.service[87143]: [pid: 87143|app: 0|req: 214/426] 10.222.0.18 () {56 vars in 1180 bytes} [Wed Jul 20 20:34:54 2022] GET /identity/v3/groups/49bd99d1c7d743d98c0b79fc98f39998 => generated 226 bytes in 219 msecs (HTTP/1.1 200) 5 headers in 177 bytes (1 switches on core 0)
Jul 20 20:34:54.540958 n-d-844243-3 devstack@keystone.service[87142]: DEBUG keystone.server.flask.request_processing.middleware.auth_context [None req-e19a739f-1227-4b84-992e-5e8d191efb86 None admin] Validating token access rules against request {{(pid=87142) validate_allowed_request /usr/local/lib/python3.8/dist-packages/keystonemiddleware/auth_token/__init__.py:545}}
Jul 20 20:34:54.542014 n-d-844243-3 devstack@keystone.service[87143]: DEBUG keystone.server.flask.request_processing.middleware.auth_context [None req-71b6854d-1c56-4e6a-a282-32460530e7fe None admin] Authenticating user token {{(pid=87143) process_request /usr/local/lib/python3.8/dist-packages/keystonemiddleware/auth_token/__init__.py:407}}
Jul 20 20:34:54.602007 n-d-844243-3 devstack@keystone.service[87142]: DEBUG keystone.server.flask.request_processing.middleware.auth_context [None req-f911f138-0ccb-406b-814a-a436601cf324 None admin] RBAC: auth_context: {'token': , 'domain_id': None, 'trust_id': None, 'trustor_id': None, 'trustee_id': None, 'domain_name': None, 'group_ids': [], 'user_id': '9d2023a562c84f27bd5bb155f113c7cc', 'user_domain_id': 'default', 'system_scope': 'all', 'project_id': None, 'project_domain_id': None, 'roles': ['admin', 'member', 'reader'], 'is_admin_project': True, 'service_user_id': None, 'service_user_domain_id': None, 'service_project_id': None, 'service_project_domain_id': None, 'service_roles': []} {{(pid=87142) fill_context /opt/stack/keystone/keystone/server/flask/request_processing/middleware/auth_context.py:478}}
Jul 20 20:34:54.604701 n-d-844243-3 devstack@keystone.service[87142]: DEBUG keystone.server.flask.request_processing.req_logging [None req-f911f138-0ccb-406b-814a-a436601cf324 None admin] REQUEST_METHOD: `GET` {{(pid=87142) log_request_info /opt/stack/keystone/keystone/server/flask/request_processing/req_logging.py:27}}
Jul 20 20:34:54.605159 n-d-844243-3 devstack@keystone.service[87142]: DEBUG keystone.server.flask.request_processing.req_logging [None req-f911f138-0ccb-406b-814a-a436601cf324 None admin] SCRIPT_NAME: `/identity` {{(pid=87142) log_request_info /opt/stack/keystone/keystone/server/flask/request_processing/req_logging.py:28}}
Jul 20 20:34:54.605609 n-d-844243-3 devstack@keystone.service[87142]: DEBUG keystone.server.flask.request_processing.req_logging [None req-f911f138-0ccb-406b-814a-a436601cf324 None admin] PATH_INFO: `/v3/auth/tokens` {{(pid=87142) log_request_info /opt/stack/keystone/keystone/server/flask/request_processing/req_logging.py:29}}
Jul 20 20:34:54.722860 n-d-844243-3 devstack@keystone.service[87143]: DEBUG dbcounter [-] [87143] Writing DB stats keystone:SELECT=100 {{(pid=87143) stat_writer /usr/local/lib/python3.8/dist-packages/dbcounter.py:114}}
Jul 20 20:34:54.731710 n-d-844243-3 devstack@keystone.service[87143]: DEBUG keystone.server.flask.request_processing.middleware.auth_context [None req-71b6854d-1c56-4e6a-a282-32460530e7fe None admin] Validating token access rules against request {{(pid=87143) validate_allowed_request /usr/local/lib/python3.8/dist-packages/keystonemiddleware/auth_token/__init__.py:545}}
Jul 20 20:34:54.737664 n-d-844243-3 devstack@keystone.service[87142]: DEBUG keystone.common.rbac_enforcer.enforcer [None req-f911f138-0ccb-406b-814a-a436601cf324 None admin] RBAC: Authorizing `identity:validate_token()` {{(pid=87142) enforce_call /opt/stack/keystone/keystone/common/rbac_enforcer/enforcer.py:449}}
Jul 20 20:34:54.739331 n-d-844243-3 devstack@keystone.service[87142]: DEBUG keystone.common.rbac_enforcer.enforcer [None req-f911f138-0ccb-406b-814a-a436601cf324 None admin] RBAC: Authorization granted {{(pid=87142) enforce_call /opt/stack/keystone/keystone/common/rbac_enforcer/enforcer.py:457}}
Jul 20 20:34:54.832150 n-d-844243-3 devstack@keystone.service[87143]: DEBUG keystone.server.flask.request_processing.middleware.auth_context [None req-ce7a669a-4565-46fe-bb35-8c1c0847778e None admin] RBAC: auth_context: {'token': , 'domain_id': None, 'trust_id': None, 'trustor_id': None, 'trustee_id': None, 'domain_name': None, 'group_ids': [], 'user_id': '9d2023a562c84f27bd5bb155f113c7cc', 'user_domain_id': 'default', 'system_scope': 'all', 'project_id': None, 'project_domain_id': None, 'roles': ['admin', 'member', 'reader'], 'is_admin_project': True, 'service_user_id': None, 'service_user_domain_id': None, 'service_project_id': None, 'service_project_domain_id': None, 'service_roles': []} {{(pid=87143) fill_context /opt/stack/keystone/keystone/server/flask/request_processing/middleware/auth_context.py:478}}
Jul 20 20:34:54.832557 n-d-844243-3 devstack@keystone.service[87143]: DEBUG keystone.server.flask.request_processing.req_logging [None req-ce7a669a-4565-46fe-bb35-8c1c0847778e None admin] REQUEST_METHOD: `GET` {{(pid=87143) log_request_info /opt/stack/keystone/keystone/server/flask/request_processing/req_logging.py:27}}
Jul 20 20:34:54.832842 n-d-844243-3 devstack@keystone.service[87143]: DEBUG keystone.server.flask.request_processing.req_logging [None req-ce7a669a-4565-46fe-bb35-8c1c0847778e None admin] SCRIPT_NAME: `/identity` {{(pid=87143) log_request_info /opt/stack/keystone/keystone/server/flask/request_processing/req_logging.py:28}}
Jul 20 20:34:54.833151 n-d-844243-3 devstack@keystone.service[87143]: DEBUG keystone.server.flask.request_processing.req_logging [None req-ce7a669a-4565-46fe-bb35-8c1c0847778e None admin] PATH_INFO: `/v3/role_assignments` {{(pid=87143) log_request_info /opt/stack/keystone/keystone/server/flask/request_processing/req_logging.py:29}}
Jul 20 20:34:54.833982 n-d-844243-3 devstack@keystone.service[87143]: DEBUG keystone.common.rbac_enforcer.enforcer [None req-ce7a669a-4565-46fe-bb35-8c1c0847778e None admin] RBAC: Adding query filter params (group.id=49bd99d1c7d743d98c0b79fc98f39998, role.id=d2ad147ee03b4916be8dff45963bdba1, scope.project.id=919f0563c9be4d17be2a5feac8228545) {{(pid=87143) _extract_filter_values /opt/stack/keystone/keystone/common/rbac_enforcer/enforcer.py:167}}
Jul 20 20:34:54.834291 n-d-844243-3 devstack@keystone.service[87143]: DEBUG keystone.common.rbac_enforcer.enforcer [None req-ce7a669a-4565-46fe-bb35-8c1c0847778e None admin] RBAC: Authorizing `identity:list_role_assignments()` {{(pid=87143) enforce_call /opt/stack/keystone/keystone/common/rbac_enforcer/enforcer.py:449}}
Jul 20 20:34:54.835734 n-d-844243-3 devstack@keystone.service[87143]: DEBUG keystone.common.rbac_enforcer.enforcer [None req-ce7a669a-4565-46fe-bb35-8c1c0847778e None admin] RBAC: Authorization granted {{(pid=87143) enforce_call /opt/stack/keystone/keystone/common/rbac_enforcer/enforcer.py:457}}
Jul 20 20:34:54.849381 n-d-844243-3 devstack@keystone.service[87142]: DEBUG dbcounter [-] [87142] Writing DB stats keystone:SELECT=100 {{(pid=87142) stat_writer /usr/local/lib/python3.8/dist-packages/dbcounter.py:114}}
Jul 20 20:34:54.853512 n-d-844243-3 devstack@keystone.service[87142]: [pid: 87142|app: 0|req: 213/427] 10.222.0.18 () {58 vars in 1282 bytes} [Wed Jul 20 20:34:54 2022] GET /identity/v3/auth/tokens => generated 799 bytes in 502 msecs (HTTP/1.1 200) 6 headers in 358 bytes (1 switches on core 0)
Jul 20 20:34:54.854109 n-d-844243-3 devstack@keystone.service[87143]: [pid: 87143|app: 0|req: 215/428] 10.222.0.18 () {56 vars in 1376 bytes} [Wed Jul 20 20:34:54 2022] GET /identity/v3/role_assignments?group.id=49bd99d1c7d743d98c0b79fc98f39998&scope.project.id=919f0563c9be4d17be2a5feac8228545&role.id=d2ad147ee03b4916be8dff45963bdba1 => generated 611 bytes in 312 msecs (HTTP/1.1 200) 5 headers in 177 bytes (1 switches on core 0)
Jul 20 20:34:54.860831 n-d-844243-3 devstack@keystone.service[87142]: DEBUG keystone.server.flask.request_processing.middleware.auth_context [None req-f911f138-0ccb-406b-814a-a436601cf324 None admin] Authenticating user token {{(pid=87142) process_request /usr/local/lib/python3.8/dist-packages/keystonemiddleware/auth_token/__init__.py:407}}
Jul 20 20:34:54.973356 n-d-844243-3 devstack@keystone.service[87142]: DEBUG keystone.server.flask.request_processing.middleware.auth_context [None req-f911f138-0ccb-406b-814a-a436601cf324 None admin] Validating token access rules against request {{(pid=87142) validate_allowed_request /usr/local/lib/python3.8/dist-packages/keystonemiddleware/auth_token/__init__.py:545}}
Jul 20 20:34:55.012630 n-d-844243-3 devstack@keystone.service[87142]: DEBUG keystone.server.flask.request_processing.middleware.auth_context [None req-7af3141a-f686-4f5a-ab39-f3b158a0cc11 None admin] RBAC: auth_context: {'token': , 'domain_id': None, 'trust_id': None, 'trustor_id': None, 'trustee_id': None, 'domain_name': None, 'group_ids': [], 'user_id': '9d2023a562c84f27bd5bb155f113c7cc', 'user_domain_id': 'default', 'system_scope': 'all', 'project_id': None, 'project_domain_id': None, 'roles': ['admin', 'member', 'reader'], 'is_admin_project': True, 'service_user_id': None, 'service_user_domain_id': None, 'service_project_id': None, 'service_project_domain_id': None, 'service_roles': []} {{(pid=87142) fill_context /opt/stack/keystone/keystone/server/flask/request_processing/middleware/auth_context.py:478}}
Jul 20 20:34:55.014193 n-d-844243-3 devstack@keystone.service[87142]: DEBUG keystone.server.flask.request_processing.req_logging [None req-7af3141a-f686-4f5a-ab39-f3b158a0cc11 None admin] REQUEST_METHOD: `GET` {{(pid=87142) log_request_info /opt/stack/keystone/keystone/server/flask/request_processing/req_logging.py:27}}
Jul 20 20:34:55.014685 n-d-844243-3 devstack@keystone.service[87142]: DEBUG keystone.server.flask.request_processing.req_logging [None req-7af3141a-f686-4f5a-ab39-f3b158a0cc11 None admin] SCRIPT_NAME: `/identity` {{(pid=87142) log_request_info /opt/stack/keystone/keystone/server/flask/request_processing/req_logging.py:28}}
Jul 20 20:34:55.015185 n-d-844243-3 devstack@keystone.service[87142]: DEBUG keystone.server.flask.request_processing.req_logging [None req-7af3141a-f686-4f5a-ab39-f3b158a0cc11 None admin] PATH_INFO: `/v3/projects/919f0563c9be4d17be2a5feac8228545` {{(pid=87142) log_request_info /opt/stack/keystone/keystone/server/flask/request_processing/req_logging.py:29}}
Jul 20 20:34:55.016692 n-d-844243-3 devstack@keystone.service[87142]: DEBUG keystone.common.rbac_enforcer.enforcer [None req-7af3141a-f686-4f5a-ab39-f3b158a0cc11 None admin] RBAC: Authorizing `identity:get_project(project_id=919f0563c9be4d17be2a5feac8228545)` {{(pid=87142) enforce_call /opt/stack/keystone/keystone/common/rbac_enforcer/enforcer.py:449}}
Jul 20 20:34:55.018413 n-d-844243-3 devstack@keystone.service[87142]: DEBUG keystone.common.rbac_enforcer.enforcer [None req-7af3141a-f686-4f5a-ab39-f3b158a0cc11 None admin] RBAC: Authorization granted {{(pid=87142) enforce_call /opt/stack/keystone/keystone/common/rbac_enforcer/enforcer.py:457}}
Jul 20 20:34:55.020754 n-d-844243-3 devstack@keystone.service[87142]: [pid: 87142|app: 0|req: 214/429] 10.222.0.18 () {56 vars in 1186 bytes} [Wed Jul 20 20:34:54 2022] GET /identity/v3/projects/919f0563c9be4d17be2a5feac8228545 => generated 298 bytes in 160 msecs (HTTP/1.1 200) 5 headers in 177 bytes (1 switches on core 0)
Jul 20 20:34:55.030078 n-d-844243-3 devstack@keystone.service[87143]: DEBUG keystone.server.flask.request_processing.middleware.auth_context [None req-ce7a669a-4565-46fe-bb35-8c1c0847778e None admin] Authenticating user token {{(pid=87143) process_request /usr/local/lib/python3.8/dist-packages/keystonemiddleware/auth_token/__init__.py:407}}
Jul 20 20:34:55.143471 n-d-844243-3 devstack@keystone.service[87143]: DEBUG keystone.server.flask.request_processing.middleware.auth_context [None req-ce7a669a-4565-46fe-bb35-8c1c0847778e None admin] Validating token access rules against request {{(pid=87143) validate_allowed_request /usr/local/lib/python3.8/dist-packages/keystonemiddleware/auth_token/__init__.py:545}}
Jul 20 20:34:55.167303 n-d-844243-3 devstack@keystone.service[87142]: DEBUG keystone.server.flask.request_processing.req_logging [None req-ada2a0da-31c2-4413-af11-e005de7a3c4f None None] REQUEST_METHOD: `GET` {{(pid=87142) log_request_info /opt/stack/keystone/keystone/server/flask/request_processing/req_logging.py:27}}
Jul 20 20:34:55.167938 n-d-844243-3 devstack@keystone.service[87142]: DEBUG keystone.server.flask.request_processing.req_logging [None req-ada2a0da-31c2-4413-af11-e005de7a3c4f None None] SCRIPT_NAME: `/identity` {{(pid=87142) log_request_info /opt/stack/keystone/keystone/server/flask/request_processing/req_logging.py:28}}
Jul 20 20:34:55.169023 n-d-844243-3 devstack@keystone.service[87142]: DEBUG keystone.server.flask.request_processing.req_logging [None req-ada2a0da-31c2-4413-af11-e005de7a3c4f None None] PATH_INFO: `/` {{(pid=87142) log_request_info /opt/stack/keystone/keystone/server/flask/request_processing/req_logging.py:29}}
Jul 20 20:34:55.175941 n-d-844243-3 devstack@keystone.service[87142]: [pid: 87142|app: 0|req: 215/430] 10.222.0.18 () {54 vars in 926 bytes} [Wed Jul 20 20:34:55 2022] GET /identity => generated 270 bytes in 9 msecs (HTTP/1.1 300) 6 headers in 234 bytes (1 switches on core 0)
Jul 20 20:34:55.178783 n-d-844243-3 devstack@keystone.service[87143]: DEBUG keystone.server.flask.request_processing.middleware.auth_context [None req-a275ca9c-a99d-490d-970a-da734dea5c13 None admin] RBAC: auth_context: {'token': , 'domain_id': None, 'trust_id': None, 'trustor_id': None, 'trustee_id': None, 'domain_name': None, 'group_ids': [], 'user_id': '9d2023a562c84f27bd5bb155f113c7cc', 'user_domain_id': 'default', 'system_scope': 'all', 'project_id': None, 'project_domain_id': None, 'roles': ['admin', 'member', 'reader'], 'is_admin_project': True, 'service_user_id': None, 'service_user_domain_id': None, 'service_project_id': None, 'service_project_domain_id': None, 'service_roles': []} {{(pid=87143) fill_context /opt/stack/keystone/keystone/server/flask/request_processing/middleware/auth_context.py:478}}
Jul 20 20:34:55.179707 n-d-844243-3 devstack@keystone.service[87143]: DEBUG keystone.server.flask.request_processing.req_logging [None req-a275ca9c-a99d-490d-970a-da734dea5c13 None admin] REQUEST_METHOD: `GET` {{(pid=87143) log_request_info /opt/stack/keystone/keystone/server/flask/request_processing/req_logging.py:27}}
Jul 20 20:34:55.179993 n-d-844243-3 devstack@keystone.service[87143]: DEBUG keystone.server.flask.request_processing.req_logging [None req-a275ca9c-a99d-490d-970a-da734dea5c13 None admin] SCRIPT_NAME: `/identity` {{(pid=87143) log_request_info /opt/stack/keystone/keystone/server/flask/request_processing/req_logging.py:28}}
Jul 20 20:34:55.180267 n-d-844243-3 devstack@keystone.service[87143]: DEBUG keystone.server.flask.request_processing.req_logging [None req-a275ca9c-a99d-490d-970a-da734dea5c13 None admin] PATH_INFO: `/v3/groups/49bd99d1c7d743d98c0b79fc98f39998` {{(pid=87143) log_request_info /opt/stack/keystone/keystone/server/flask/request_processing/req_logging.py:29}}
Jul 20 20:34:55.181467 n-d-844243-3 devstack@keystone.service[87143]: DEBUG keystone.common.rbac_enforcer.enforcer [None req-a275ca9c-a99d-490d-970a-da734dea5c13 None admin] RBAC: Authorizing `identity:get_group(group_id=49bd99d1c7d743d98c0b79fc98f39998)` {{(pid=87143) enforce_call /opt/stack/keystone/keystone/common/rbac_enforcer/enforcer.py:449}}
Jul 20 20:34:55.181840 n-d-844243-3 devstack@keystone.service[87142]: DEBUG keystone.server.flask.request_processing.req_logging [None req-4cf939ce-fd65-4240-b57b-d8419bb0733c None None] REQUEST_METHOD: `POST` {{(pid=87142) log_request_info /opt/stack/keystone/keystone/server/flask/request_processing/req_logging.py:27}}
Jul 20 20:34:55.182388 n-d-844243-3 devstack@keystone.service[87142]: DEBUG keystone.server.flask.request_processing.req_logging [None req-4cf939ce-fd65-4240-b57b-d8419bb0733c None None] SCRIPT_NAME: `/identity` {{(pid=87142) log_request_info /opt/stack/keystone/keystone/server/flask/request_processing/req_logging.py:28}}
Jul 20 20:34:55.182865 n-d-844243-3 devstack@keystone.service[87142]: DEBUG keystone.server.flask.request_processing.req_logging [None req-4cf939ce-fd65-4240-b57b-d8419bb0733c None None] PATH_INFO: `/v3/auth/tokens` {{(pid=87142) log_request_info /opt/stack/keystone/keystone/server/flask/request_processing/req_logging.py:29}}
Jul 20 20:34:55.182968 n-d-844243-3 devstack@keystone.service[87143]: DEBUG keystone.common.rbac_enforcer.enforcer [None req-a275ca9c-a99d-490d-970a-da734dea5c13 None admin] RBAC: Authorization granted {{(pid=87143) enforce_call /opt/stack/keystone/keystone/common/rbac_enforcer/enforcer.py:457}}
Jul 20 20:34:55.189013 n-d-844243-3 devstack@keystone.service[87143]: [pid: 87143|app: 0|req: 216/431] 10.222.0.18 () {56 vars in 1180 bytes} [Wed Jul 20 20:34:55 2022] GET /identity/v3/groups/49bd99d1c7d743d98c0b79fc98f39998 => generated 226 bytes in 155 msecs (HTTP/1.1 200) 5 headers in 177 bytes (1 switches on core 0)
