Jun 01 09:33:32.706204 n-d-844243-1 devstack@placement-api.service[105665]: DEBUG placement.handlers.allocation [req-d77d55eb-31b3-48d0-95e3-b2e761f6938b req-6ba76b7d-00c4-4215-8b73-0d9170d65e73 service placement] Successfully wrote allocations [, , , , , ] {{(pid=105665) _update_consumers_and_create_allocations /opt/stack/placement/placement/handlers/allocation.py:572}}
Jun 01 09:33:32.830483 n-d-844243-1 devstack@placement-api.service[105665]: INFO placement.requestlog [req-d77d55eb-31b3-48d0-95e3-b2e761f6938b req-6ba76b7d-00c4-4215-8b73-0d9170d65e73 service placement] 10.222.0.13 "POST /placement/allocations" status: 204 len: 0 microversion: 1.28
Jun 01 09:33:32.830901 n-d-844243-1 devstack@placement-api.service[105665]: [pid: 105665|app: 0|req: 108/213] 10.222.0.13 () {64 vars in 1323 bytes} [Wed Jun 1 09:33:32 2022] POST /placement/allocations => generated 0 bytes in 372 msecs (HTTP/1.1 204) 5 headers in 199 bytes (2 switches on core 0)
Jun 01 09:33:32.949171 n-d-844243-1 devstack@placement-api.service[105666]: DEBUG placement.requestlog [req-d77d55eb-31b3-48d0-95e3-b2e761f6938b req-a987035d-6a64-4225-b025-c26bed051e11 None None] Starting request: 10.222.0.13 "GET /placement/allocations/f6aefd39-0f55-4ddb-bde5-3973e6460bb4" {{(pid=105666) __call__ /opt/stack/placement/placement/requestlog.py:55}}
Jun 01 09:33:32.964148 n-d-844243-1 devstack@placement-api.service[105666]: INFO placement.requestlog [req-d77d55eb-31b3-48d0-95e3-b2e761f6938b req-a987035d-6a64-4225-b025-c26bed051e11 service placement] 10.222.0.13 "GET /placement/allocations/f6aefd39-0f55-4ddb-bde5-3973e6460bb4" status: 200 len: 19 microversion: 1.28
Jun 01 09:33:32.971358 n-d-844243-1 devstack@placement-api.service[105666]: [pid: 105666|app: 0|req: 106/214] 10.222.0.13 () {60 vars in 1380 bytes} [Wed Jun 1 09:33:32 2022] GET /placement/allocations/f6aefd39-0f55-4ddb-bde5-3973e6460bb4 => generated 19 bytes in 22 msecs (HTTP/1.1 200) 8 headers in 295 bytes (1 switches on core 0)
Jun 01 09:33:32.974025 n-d-844243-1 devstack@placement-api.service[105665]: DEBUG placement.requestlog [req-d77d55eb-31b3-48d0-95e3-b2e761f6938b req-3bd90db9-5dfe-4251-bc04-277d0750d801 None None] Starting request: 10.222.0.13 "PUT /placement/allocations/f6aefd39-0f55-4ddb-bde5-3973e6460bb4" {{(pid=105665) __call__ /opt/stack/placement/placement/requestlog.py:55}}
Jun 01 09:33:33.146727 n-d-844243-1 devstack@placement-api.service[105666]: DEBUG placement.requestlog [req-2d41ff8b-be81-4b60-84ad-2eafda2a3470 req-e41ee7b1-8ca7-49ef-9821-f55daba30f65 None None] Starting request: 10.222.0.42 "DELETE /placement/allocations/aa64e39b-5c88-4176-b80d-30bc1b7abee5" {{(pid=105666) __call__ /opt/stack/placement/placement/requestlog.py:55}}
Jun 01 09:33:33.207202 n-d-844243-1 devstack@placement-api.service[105665]: DEBUG placement.handlers.allocation [req-d77d55eb-31b3-48d0-95e3-b2e761f6938b req-3bd90db9-5dfe-4251-bc04-277d0750d801 service placement] Successfully wrote allocations [, , ] {{(pid=105665) _update_consumers_and_create_allocations /opt/stack/placement/placement/handlers/allocation.py:462}}
Jun 01 09:33:33.356617 n-d-844243-1 devstack@placement-api.service[105665]: INFO placement.requestlog [req-d77d55eb-31b3-48d0-95e3-b2e761f6938b req-3bd90db9-5dfe-4251-bc04-277d0750d801 service placement] 10.222.0.13 "PUT /placement/allocations/f6aefd39-0f55-4ddb-bde5-3973e6460bb4" status: 204 len: 0 microversion: 1.28
Jun 01 09:33:33.357414 n-d-844243-1 devstack@placement-api.service[105665]: [pid: 105665|app: 0|req: 109/215] 10.222.0.13 () {64 vars in 1433 bytes} [Wed Jun 1 09:33:32 2022] PUT /placement/allocations/f6aefd39-0f55-4ddb-bde5-3973e6460bb4 => generated 0 bytes in 383 msecs (HTTP/1.1 204) 5 headers in 199 bytes (1 switches on core 0)
Jun 01 09:33:33.396538 n-d-844243-1 devstack@placement-api.service[105666]: DEBUG placement.handlers.allocation [req-2d41ff8b-be81-4b60-84ad-2eafda2a3470 req-e41ee7b1-8ca7-49ef-9821-f55daba30f65 service placement] Successfully deleted allocations [, , ] {{(pid=105666) delete_allocations /opt/stack/placement/placement/handlers/allocation.py:627}}
Jun 01 09:33:33.397136 n-d-844243-1 devstack@placement-api.service[105666]: INFO placement.requestlog [req-2d41ff8b-be81-4b60-84ad-2eafda2a3470 req-e41ee7b1-8ca7-49ef-9821-f55daba30f65 service placement] 10.222.0.42 "DELETE /placement/allocations/aa64e39b-5c88-4176-b80d-30bc1b7abee5" status: 204 len: 0 microversion: 1.0
Jun 01 09:33:33.398419 n-d-844243-1 devstack@placement-api.service[105666]: [pid: 105666|app: 0|req: 107/216] 10.222.0.42 () {60 vars in 1355 bytes} [Wed Jun 1 09:33:33 2022] DELETE /placement/allocations/aa64e39b-5c88-4176-b80d-30bc1b7abee5 => generated 0 bytes in 252 msecs (HTTP/1.1 204) 5 headers in 198 bytes (2 switches on core 0)
Jun 01 09:33:33.909709 n-d-844243-1 devstack@placement-api.service[105665]: DEBUG placement.requestlog [req-c5a82ed7-1ab6-4376-bef5-e748b15582c6 req-cf147b8a-eab7-4f8e-8744-5c5d25df0d8d None None] Starting request: 10.222.0.24 "DELETE /placement/allocations/644173e6-d84c-4395-b6cd-330a46dc9754" {{(pid=105665) __call__ /opt/stack/placement/placement/requestlog.py:55}}
Jun 01 09:33:33.959783 n-d-844243-1 devstack@placement-api.service[105666]: DEBUG placement.requestlog [req-d77d55eb-31b3-48d0-95e3-b2e761f6938b req-9a77df6b-78b4-40bd-91f5-132fa4fcee3f None None] Starting request: 10.222.0.42 "GET /placement/allocations/f6aefd39-0f55-4ddb-bde5-3973e6460bb4" {{(pid=105666) __call__ /opt/stack/placement/placement/requestlog.py:55}}
Jun 01 09:33:33.982787 n-d-844243-1 devstack@placement-api.service[105666]: INFO placement.requestlog [req-d77d55eb-31b3-48d0-95e3-b2e761f6938b req-9a77df6b-78b4-40bd-91f5-132fa4fcee3f service placement] 10.222.0.42 "GET /placement/allocations/f6aefd39-0f55-4ddb-bde5-3973e6460bb4" status: 200 len: 259 microversion: 1.28
Jun 01 09:33:33.984873 n-d-844243-1 devstack@placement-api.service[105666]: [pid: 105666|app: 0|req: 108/217] 10.222.0.42 () {60 vars in 1377 bytes} [Wed Jun 1 09:33:33 2022] GET /placement/allocations/f6aefd39-0f55-4ddb-bde5-3973e6460bb4 => generated 259 bytes in 25 msecs (HTTP/1.1 200) 8 headers in 296 bytes (2 switches on core 0)
Jun 01 09:33:34.230597 n-d-844243-1 devstack@placement-api.service[105665]: DEBUG placement.handlers.allocation [req-c5a82ed7-1ab6-4376-bef5-e748b15582c6 req-cf147b8a-eab7-4f8e-8744-5c5d25df0d8d service placement] Successfully deleted allocations [, , ] {{(pid=105665) delete_allocations /opt/stack/placement/placement/handlers/allocation.py:627}}
Jun 01 09:33:34.231223 n-d-844243-1 devstack@placement-api.service[105665]: INFO placement.requestlog [req-c5a82ed7-1ab6-4376-bef5-e748b15582c6 req-cf147b8a-eab7-4f8e-8744-5c5d25df0d8d service placement] 10.222.0.24 "DELETE /placement/allocations/644173e6-d84c-4395-b6cd-330a46dc9754" status: 204 len: 0 microversion: 1.0
Jun 01 09:33:34.231508 n-d-844243-1 devstack@placement-api.service[105665]: [pid: 105665|app: 0|req: 110/218] 10.222.0.24 () {60 vars in 1355 bytes} [Wed Jun 1 09:33:33 2022] DELETE /placement/allocations/644173e6-d84c-4395-b6cd-330a46dc9754 => generated 0 bytes in 323 msecs (HTTP/1.1 204) 5 headers in 198 bytes (1 switches on core 0)
Jun 01 09:33:38.024684 n-d-844243-1 devstack@placement-api.service[105666]: DEBUG placement.requestlog [req-3617901a-752a-4868-9b75-5384ea9f26a6 req-5998fae2-3c9e-41d7-9155-81c6cc902dc0 None None] Starting request: 10.222.0.42 "GET /placement/allocations/b050f075-c94e-4e05-9608-2967805b0bc8" {{(pid=105666) __call__ /opt/stack/placement/placement/requestlog.py:55}}
Jun 01 09:33:38.051132 n-d-844243-1 devstack@placement-api.service[105666]: DEBUG dbcounter [-] [105666] Writing DB stats placement:UPDATE=3,placement:SELECT=88,placement:DELETE=5,placement:INSERT=4 {{(pid=105666) stat_writer /usr/local/lib/python3.8/dist-packages/dbcounter.py:114}}
Jun 01 09:33:38.057362 n-d-844243-1 devstack@placement-api.service[105666]: INFO placement.requestlog [req-3617901a-752a-4868-9b75-5384ea9f26a6 req-5998fae2-3c9e-41d7-9155-81c6cc902dc0 service placement] 10.222.0.42 "GET /placement/allocations/b050f075-c94e-4e05-9608-2967805b0bc8" status: 200 len: 259 microversion: 1.28
Jun 01 09:33:38.058248 n-d-844243-1 devstack@placement-api.service[105666]: [pid: 105666|app: 0|req: 109/219] 10.222.0.42 () {60 vars in 1377 bytes} [Wed Jun 1 09:33:38 2022] GET /placement/allocations/b050f075-c94e-4e05-9608-2967805b0bc8 => generated 259 bytes in 34 msecs (HTTP/1.1 200) 8 headers in 296 bytes (2 switches on core 0)
Jun 01 09:33:38.838805 n-d-844243-1 devstack@placement-api.service[105665]: DEBUG placement.requestlog [req-f7de73ba-99a0-4618-9592-6347ab7f62cf req-a55c2ee2-6880-4ea3-8bd1-e08684a43ca5 None None] Starting request: 10.222.0.42 "GET /placement/allocations/7a10a5ed-cc90-49ce-8425-d9253ee752d4" {{(pid=105665) __call__ /opt/stack/placement/placement/requestlog.py:55}}
Jun 01 09:33:38.863313 n-d-844243-1 devstack@placement-api.service[105665]: INFO placement.requestlog [req-f7de73ba-99a0-4618-9592-6347ab7f62cf req-a55c2ee2-6880-4ea3-8bd1-e08684a43ca5 service placement] 10.222.0.42 "GET /placement/allocations/7a10a5ed-cc90-49ce-8425-d9253ee752d4" status: 200 len: 259 microversion: 1.28
Jun 01 09:33:38.863858 n-d-844243-1 devstack@placement-api.service[105665]: [pid: 105665|app: 0|req: 111/220] 10.222.0.42 () {60 vars in 1377 bytes} [Wed Jun 1 09:33:38 2022] GET /placement/allocations/7a10a5ed-cc90-49ce-8425-d9253ee752d4 => generated 259 bytes in 26 msecs (HTTP/1.1 200) 8 headers in 296 bytes (1 switches on core 0)
Jun 01 09:33:39.918025 n-d-844243-1 devstack@placement-api.service[105666]: DEBUG placement.requestlog [req-7e2316a5-9da5-417d-a36b-d046ce64fe64 req-cef7ca21-b371-43a0-b7a6-66a5de728820 None None] Starting request: 10.222.0.24 "GET /placement/resource_providers/d8553d2e-d9d4-45b1-ac6a-4d0318ecee21/allocations" {{(pid=105666) __call__ /opt/stack/placement/placement/requestlog.py:55}}
Jun 01 09:33:39.946435 n-d-844243-1 devstack@placement-api.service[105666]: INFO placement.requestlog [req-7e2316a5-9da5-417d-a36b-d046ce64fe64 req-cef7ca21-b371-43a0-b7a6-66a5de728820 service placement] 10.222.0.24 "GET /placement/resource_providers/d8553d2e-d9d4-45b1-ac6a-4d0318ecee21/allocations" status: 200 len: 356 microversion: 1.0
Jun 01 09:33:39.946959 n-d-844243-1 devstack@placement-api.service[105666]: [pid: 105666|app: 0|req: 110/221] 10.222.0.24 () {58 vars in 1390 bytes} [Wed Jun 1 09:33:39 2022] GET /placement/resource_providers/d8553d2e-d9d4-45b1-ac6a-4d0318ecee21/allocations => generated 356 bytes in 29 msecs (HTTP/1.1 200) 6 headers in 224 bytes (1 switches on core 0)
Jun 01 09:33:40.459583 n-d-844243-1 devstack@placement-api.service[105665]: DEBUG placement.requestlog [req-7e2316a5-9da5-417d-a36b-d046ce64fe64 req-1f88a636-a961-48a5-a35a-9eb9b08baa71 None None] Starting request: 10.222.0.24 "GET /placement/allocations/f2d078ed-0e84-41a2-b32d-b28b822847a7" {{(pid=105665) __call__ /opt/stack/placement/placement/requestlog.py:55}}
Jun 01 09:33:40.507893 n-d-844243-1 devstack@placement-api.service[105665]: INFO placement.requestlog [req-7e2316a5-9da5-417d-a36b-d046ce64fe64 req-1f88a636-a961-48a5-a35a-9eb9b08baa71 service placement] 10.222.0.24 "GET /placement/allocations/f2d078ed-0e84-41a2-b32d-b28b822847a7" status: 200 len: 259 microversion: 1.28
Jun 01 09:33:40.510964 n-d-844243-1 devstack@placement-api.service[105665]: [pid: 105665|app: 0|req: 112/222] 10.222.0.24 () {60 vars in 1377 bytes} [Wed Jun 1 09:33:40 2022] GET /placement/allocations/f2d078ed-0e84-41a2-b32d-b28b822847a7 => generated 259 bytes in 52 msecs (HTTP/1.1 200) 8 headers in 296 bytes (1 switches on core 0)
Jun 01 09:33:40.521619 n-d-844243-1 devstack@placement-api.service[105666]: DEBUG placement.requestlog [req-7e2316a5-9da5-417d-a36b-d046ce64fe64 req-b5a1d079-9a01-4599-a3b5-a6c85af87eb1 None None] Starting request: 10.222.0.24 "PUT /placement/allocations/f2d078ed-0e84-41a2-b32d-b28b822847a7" {{(pid=105666) __call__ /opt/stack/placement/placement/requestlog.py:55}}
Jun 01 09:33:40.607790 n-d-844243-1 devstack@placement-api.service[105666]: DEBUG placement.handlers.allocation [req-7e2316a5-9da5-417d-a36b-d046ce64fe64 req-b5a1d079-9a01-4599-a3b5-a6c85af87eb1 service placement] Successfully wrote allocations [, , ] {{(pid=105666) _update_consumers_and_create_allocations /opt/stack/placement/placement/handlers/allocation.py:462}}
Jun 01 09:33:40.728400 n-d-844243-1 devstack@placement-api.service[105666]: INFO placement.requestlog [req-7e2316a5-9da5-417d-a36b-d046ce64fe64 req-b5a1d079-9a01-4599-a3b5-a6c85af87eb1 service placement] 10.222.0.24 "PUT /placement/allocations/f2d078ed-0e84-41a2-b32d-b28b822847a7" status: 204 len: 0 microversion: 1.28
Jun 01 09:33:40.737646 n-d-844243-1 devstack@placement-api.service[105666]: [pid: 105666|app: 0|req: 111/223] 10.222.0.24 () {64 vars in 1430 bytes} [Wed Jun 1 09:33:40 2022] PUT /placement/allocations/f2d078ed-0e84-41a2-b32d-b28b822847a7 => generated 0 bytes in 208 msecs (HTTP/1.1 204) 5 headers in 199 bytes (2 switches on core 0)
Jun 01 09:33:41.701785 n-d-844243-1 devstack@placement-api.service[105665]: DEBUG placement.requestlog [req-330d5b13-8826-4dc7-a3e1-4c1400f0432e req-af786cb1-dd0b-48ab-85c2-650a5db52621 None None] Starting request: 10.222.0.13 "GET /placement/allocation_candidates?limit=1000&resources=DISK_GB%3A1%2CMEMORY_MB%3A1024%2CVCPU%3A1&root_required=%21COMPUTE_STATUS_DISABLED" {{(pid=105665) __call__ /opt/stack/placement/placement/requestlog.py:55}}
Jun 01 09:33:41.749943 n-d-844243-1 devstack@placement-api.service[105665]: DEBUG placement.objects.research_context [req-330d5b13-8826-4dc7-a3e1-4c1400f0432e req-af786cb1-dd0b-48ab-85c2-650a5db52621 service placement] getting providers with 1 DISK_GB {{(pid=105665) __init__ /opt/stack/placement/placement/objects/research_context.py:136}}
Jun 01 09:33:41.767004 n-d-844243-1 devstack@placement-api.service[105665]: DEBUG placement.objects.research_context [req-330d5b13-8826-4dc7-a3e1-4c1400f0432e req-af786cb1-dd0b-48ab-85c2-650a5db52621 service placement] getting providers with 1024 MEMORY_MB {{(pid=105665) __init__ /opt/stack/placement/placement/objects/research_context.py:136}}
Jun 01 09:33:41.776497 n-d-844243-1 devstack@placement-api.service[105665]: DEBUG placement.objects.research_context [req-330d5b13-8826-4dc7-a3e1-4c1400f0432e req-af786cb1-dd0b-48ab-85c2-650a5db52621 service placement] getting providers with 1 VCPU {{(pid=105665) __init__ /opt/stack/placement/placement/objects/research_context.py:136}}
Jun 01 09:33:41.793590 n-d-844243-1 devstack@placement-api.service[105665]: DEBUG placement.objects.research_context [req-330d5b13-8826-4dc7-a3e1-4c1400f0432e req-af786cb1-dd0b-48ab-85c2-650a5db52621 service placement] found 2 providers with available 1 DISK_GB {{(pid=105665) get_provider_ids_matching /opt/stack/placement/placement/objects/research_context.py:563}}
Jun 01 09:33:41.793880 n-d-844243-1 devstack@placement-api.service[105665]: DEBUG placement.objects.research_context [req-330d5b13-8826-4dc7-a3e1-4c1400f0432e req-af786cb1-dd0b-48ab-85c2-650a5db52621 service placement] found 2 providers with available 1024 MEMORY_MB {{(pid=105665) get_provider_ids_matching /opt/stack/placement/placement/objects/research_context.py:563}}
Jun 01 09:33:41.795516 n-d-844243-1 devstack@placement-api.service[105665]: DEBUG placement.objects.research_context [req-330d5b13-8826-4dc7-a3e1-4c1400f0432e req-af786cb1-dd0b-48ab-85c2-650a5db52621 service placement] found 2 providers after filtering by previous result {{(pid=105665) get_provider_ids_matching /opt/stack/placement/placement/objects/research_context.py:594}}
Jun 01 09:33:41.795777 n-d-844243-1 devstack@placement-api.service[105665]: DEBUG placement.objects.research_context [req-330d5b13-8826-4dc7-a3e1-4c1400f0432e req-af786cb1-dd0b-48ab-85c2-650a5db52621 service placement] found 2 providers with available 1 VCPU {{(pid=105665) get_provider_ids_matching /opt/stack/placement/placement/objects/research_context.py:563}}
Jun 01 09:33:41.801001 n-d-844243-1 devstack@placement-api.service[105665]: DEBUG placement.objects.research_context [req-330d5b13-8826-4dc7-a3e1-4c1400f0432e req-af786cb1-dd0b-48ab-85c2-650a5db52621 service placement] found 2 providers after filtering by previous result {{(pid=105665) get_provider_ids_matching /opt/stack/placement/placement/objects/research_context.py:594}}
Jun 01 09:33:41.825034 n-d-844243-1 devstack@placement-api.service[105665]: DEBUG placement.objects.allocation_candidate [req-330d5b13-8826-4dc7-a3e1-4c1400f0432e req-af786cb1-dd0b-48ab-85c2-650a5db52621 service placement] RequestGroup(use_same_provider=False, resources={DISK_GB:1, MEMORY_MB:1024, VCPU:1}, traits=(), aggregates=[]) (suffix '') returned 2 matches {{(pid=105665) _get_by_requests /opt/stack/placement/placement/objects/allocation_candidate.py:156}}
Jun 01 09:33:41.825034 n-d-844243-1 devstack@placement-api.service[105665]: DEBUG placement.objects.allocation_candidate [req-330d5b13-8826-4dc7-a3e1-4c1400f0432e req-af786cb1-dd0b-48ab-85c2-650a5db52621 service placement] Merging candidates yields 2 allocation requests and 2 provider summaries {{(pid=105665) _merge_candidates /opt/stack/placement/placement/objects/allocation_candidate.py:809}}
Jun 01 09:33:41.826599 n-d-844243-1 devstack@placement-api.service[105665]: INFO placement.requestlog [req-330d5b13-8826-4dc7-a3e1-4c1400f0432e req-af786cb1-dd0b-48ab-85c2-650a5db52621 service placement] 10.222.0.13 "GET /placement/allocation_candidates?limit=1000&resources=DISK_GB%3A1%2CMEMORY_MB%3A1024%2CVCPU%3A1&root_required=%21COMPUTE_STATUS_DISABLED" status: 200 len: 1311 microversion: 1.36
Jun 01 09:33:41.828179 n-d-844243-1 devstack@placement-api.service[105665]: [pid: 105665|app: 0|req: 113/224] 10.222.0.13 () {60 vars in 1506 bytes} [Wed Jun 1 09:33:41 2022] GET /placement/allocation_candidates?limit=1000&resources=DISK_GB%3A1%2CMEMORY_MB%3A1024%2CVCPU%3A1&root_required=%21COMPUTE_STATUS_DISABLED => generated 1311 bytes in 127 msecs (HTTP/1.1 200) 8 headers in 297 bytes (1 switches on core 0)
Jun 01 09:33:41.917594 n-d-844243-1 devstack@placement-api.service[105666]: DEBUG placement.requestlog [req-330d5b13-8826-4dc7-a3e1-4c1400f0432e req-86a3337b-dc93-42ff-9f02-73b0f710f016 None None] Starting request: 10.222.0.13 "GET /placement/allocations/b965a1e9-6a74-41c8-829d-94ef47f0a11f" {{(pid=105666) __call__ /opt/stack/placement/placement/requestlog.py:55}}
Jun 01 09:33:41.945910 n-d-844243-1 devstack@placement-api.service[105666]: INFO placement.requestlog [req-330d5b13-8826-4dc7-a3e1-4c1400f0432e req-86a3337b-dc93-42ff-9f02-73b0f710f016 service placement] 10.222.0.13 "GET /placement/allocations/b965a1e9-6a74-41c8-829d-94ef47f0a11f" status: 200 len: 19 microversion: 1.28
Jun 01 09:33:41.953325 n-d-844243-1 devstack@placement-api.service[105666]: [pid: 105666|app: 0|req: 112/225] 10.222.0.13 () {60 vars in 1380 bytes} [Wed Jun 1 09:33:41 2022] GET /placement/allocations/b965a1e9-6a74-41c8-829d-94ef47f0a11f => generated 19 bytes in 37 msecs (HTTP/1.1 200) 8 headers in 295 bytes (1 switches on core 0)
Jun 01 09:33:41.967374 n-d-844243-1 devstack@placement-api.service[105665]: DEBUG placement.requestlog [req-330d5b13-8826-4dc7-a3e1-4c1400f0432e req-2304b2cd-111e-4033-9243-4bd6cb5df594 None None] Starting request: 10.222.0.13 "PUT /placement/allocations/b965a1e9-6a74-41c8-829d-94ef47f0a11f" {{(pid=105665) __call__ /opt/stack/placement/placement/requestlog.py:55}}
Jun 01 09:33:42.115424 n-d-844243-1 devstack@placement-api.service[105665]: DEBUG dbcounter [-] [105665] Writing DB stats placement:SELECT=78,placement:INSERT=9,placement:DELETE=8,placement:UPDATE=5 {{(pid=105665) stat_writer /usr/local/lib/python3.8/dist-packages/dbcounter.py:114}}
Jun 01 09:33:42.156763 n-d-844243-1 devstack@placement-api.service[105665]: DEBUG placement.handlers.allocation [req-330d5b13-8826-4dc7-a3e1-4c1400f0432e req-2304b2cd-111e-4033-9243-4bd6cb5df594 service placement] Successfully wrote allocations [, , ] {{(pid=105665) _update_consumers_and_create_allocations /opt/stack/placement/placement/handlers/allocation.py:462}}
Jun 01 09:33:42.249376 n-d-844243-1 devstack@placement-api.service[105665]: INFO placement.requestlog [req-330d5b13-8826-4dc7-a3e1-4c1400f0432e req-2304b2cd-111e-4033-9243-4bd6cb5df594 service placement] 10.222.0.13 "PUT /placement/allocations/b965a1e9-6a74-41c8-829d-94ef47f0a11f" status: 204 len: 0 microversion: 1.36
Jun 01 09:33:42.276347 n-d-844243-1 devstack@placement-api.service[105665]: [pid: 105665|app: 0|req: 114/226] 10.222.0.13 () {64 vars in 1433 bytes} [Wed Jun 1 09:33:41 2022] PUT /placement/allocations/b965a1e9-6a74-41c8-829d-94ef47f0a11f => generated 0 bytes in 285 msecs (HTTP/1.1 204) 5 headers in 199 bytes (2 switches on core 0)
Jun 01 09:33:43.034779 n-d-844243-1 devstack@placement-api.service[105666]: DEBUG placement.requestlog [None req-f2008d49-1193-47e8-85d1-32f7f185b05b None None] Starting request: 10.222.0.13 "GET /placement/resource_providers/88e79475-22b7-402a-8eae-2633cb226b4c/aggregates" {{(pid=105666) __call__ /opt/stack/placement/placement/requestlog.py:55}}
Jun 01 09:33:43.175617 n-d-844243-1 devstack@placement-api.service[105666]: INFO placement.requestlog [None req-f2008d49-1193-47e8-85d1-32f7f185b05b service placement] 10.222.0.13 "GET /placement/resource_providers/88e79475-22b7-402a-8eae-2633cb226b4c/aggregates" status: 404 len: 235 microversion: 1.1
Jun 01 09:33:43.176786 n-d-844243-1 devstack@placement-api.service[105666]: [pid: 105666|app: 0|req: 113/227] 10.222.0.13 () {58 vars in 1362 bytes} [Wed Jun 1 09:33:43 2022] GET /placement/resource_providers/88e79475-22b7-402a-8eae-2633cb226b4c/aggregates => generated 235 bytes in 142 msecs (HTTP/1.1 404) 5 headers in 202 bytes (1 switches on core 0)
Jun 01 09:33:43.187760 n-d-844243-1 devstack@placement-api.service[105665]: DEBUG placement.requestlog [None req-b1ee8d14-d1ac-4521-b260-a81a2555bb17 None None] Starting request: 10.222.0.13 "DELETE /placement/resource_providers/88e79475-22b7-402a-8eae-2633cb226b4c" {{(pid=105665) __call__ /opt/stack/placement/placement/requestlog.py:55}}
Jun 01 09:33:43.216197 n-d-844243-1 devstack@placement-api.service[105665]: DEBUG placement.wsgi_wrapper [None req-b1ee8d14-d1ac-4521-b260-a81a2555bb17 service placement] Placement API returning an error response: No resource provider with uuid 88e79475-22b7-402a-8eae-2633cb226b4c found for delete {{(pid=105665) call_func /opt/stack/placement/placement/wsgi_wrapper.py:31}}
Jun 01 09:33:43.217310 n-d-844243-1 devstack@placement-api.service[105665]: INFO placement.requestlog [None req-b1ee8d14-d1ac-4521-b260-a81a2555bb17 service placement] 10.222.0.13 "DELETE /placement/resource_providers/88e79475-22b7-402a-8eae-2633cb226b4c" status: 404 len: 246 microversion: 1.1
Jun 01 09:33:43.221469 n-d-844243-1 devstack@placement-api.service[105665]: [pid: 105665|app: 0|req: 115/228] 10.222.0.13 () {60 vars in 1351 bytes} [Wed Jun 1 09:33:43 2022] DELETE /placement/resource_providers/88e79475-22b7-402a-8eae-2633cb226b4c => generated 246 bytes in 34 msecs (HTTP/1.1 404) 6 headers in 231 bytes (1 switches on core 0)
Jun 01 09:33:43.486411 n-d-844243-1 devstack@placement-api.service[105666]: DEBUG placement.requestlog [req-16ea13bb-93ee-4e7b-ae44-5ea077793ede req-3e46912c-94a7-4455-a515-2065e3ee1a17 None None] Starting request: 10.222.0.13 "GET /placement/allocation_candidates?limit=1000&resources=DISK_GB%3A1%2CMEMORY_MB%3A1024%2CVCPU%3A1&root_required=%21COMPUTE_STATUS_DISABLED" {{(pid=105666) __call__ /opt/stack/placement/placement/requestlog.py:55}}
Jun 01 09:33:43.621369 n-d-844243-1 devstack@placement-api.service[105666]: DEBUG placement.objects.research_context [req-16ea13bb-93ee-4e7b-ae44-5ea077793ede req-3e46912c-94a7-4455-a515-2065e3ee1a17 service placement] getting providers with 1 DISK_GB {{(pid=105666) __init__ /opt/stack/placement/placement/objects/research_context.py:136}}
Jun 01 09:33:43.632985 n-d-844243-1 devstack@placement-api.service[105666]: DEBUG placement.objects.research_context [req-16ea13bb-93ee-4e7b-ae44-5ea077793ede req-3e46912c-94a7-4455-a515-2065e3ee1a17 service placement] getting providers with 1024 MEMORY_MB {{(pid=105666) __init__ /opt/stack/placement/placement/objects/research_context.py:136}}
Jun 01 09:33:43.639508 n-d-844243-1 devstack@placement-api.service[105666]: DEBUG placement.objects.research_context [req-16ea13bb-93ee-4e7b-ae44-5ea077793ede req-3e46912c-94a7-4455-a515-2065e3ee1a17 service placement] getting providers with 1 VCPU {{(pid=105666) __init__ /opt/stack/placement/placement/objects/research_context.py:136}}
Jun 01 09:33:43.646574 n-d-844243-1 devstack@placement-api.service[105666]: DEBUG placement.objects.research_context [req-16ea13bb-93ee-4e7b-ae44-5ea077793ede req-3e46912c-94a7-4455-a515-2065e3ee1a17 service placement] found 2 providers with available 1 DISK_GB {{(pid=105666) get_provider_ids_matching /opt/stack/placement/placement/objects/research_context.py:563}}
Jun 01 09:33:43.646854 n-d-844243-1 devstack@placement-api.service[105666]: DEBUG placement.objects.research_context [req-16ea13bb-93ee-4e7b-ae44-5ea077793ede req-3e46912c-94a7-4455-a515-2065e3ee1a17 service placement] found 2 providers with available 1024 MEMORY_MB {{(pid=105666) get_provider_ids_matching /opt/stack/placement/placement/objects/research_context.py:563}}
Jun 01 09:33:43.647132 n-d-844243-1 devstack@placement-api.service[105666]: DEBUG placement.objects.research_context [req-16ea13bb-93ee-4e7b-ae44-5ea077793ede req-3e46912c-94a7-4455-a515-2065e3ee1a17 service placement] found 2 providers after filtering by previous result {{(pid=105666) get_provider_ids_matching /opt/stack/placement/placement/objects/research_context.py:594}}
Jun 01 09:33:43.647932 n-d-844243-1 devstack@placement-api.service[105666]: DEBUG placement.objects.research_context [req-16ea13bb-93ee-4e7b-ae44-5ea077793ede req-3e46912c-94a7-4455-a515-2065e3ee1a17 service placement] found 2 providers with available 1 VCPU {{(pid=105666) get_provider_ids_matching /opt/stack/placement/placement/objects/research_context.py:563}}
Jun 01 09:33:43.648198 n-d-844243-1 devstack@placement-api.service[105666]: DEBUG placement.objects.research_context [req-16ea13bb-93ee-4e7b-ae44-5ea077793ede req-3e46912c-94a7-4455-a515-2065e3ee1a17 service placement] found 2 providers after filtering by previous result {{(pid=105666) get_provider_ids_matching /opt/stack/placement/placement/objects/research_context.py:594}}
Jun 01 09:33:43.665649 n-d-844243-1 devstack@placement-api.service[105666]: DEBUG placement.objects.allocation_candidate [req-16ea13bb-93ee-4e7b-ae44-5ea077793ede req-3e46912c-94a7-4455-a515-2065e3ee1a17 service placement] RequestGroup(use_same_provider=False, resources={DISK_GB:1, MEMORY_MB:1024, VCPU:1}, traits=(), aggregates=[]) (suffix '') returned 2 matches {{(pid=105666) _get_by_requests /opt/stack/placement/placement/objects/allocation_candidate.py:156}}
Jun 01 09:33:43.667142 n-d-844243-1 devstack@placement-api.service[105666]: DEBUG placement.objects.allocation_candidate [req-16ea13bb-93ee-4e7b-ae44-5ea077793ede req-3e46912c-94a7-4455-a515-2065e3ee1a17 service placement] Merging candidates yields 2 allocation requests and 2 provider summaries {{(pid=105666) _merge_candidates /opt/stack/placement/placement/objects/allocation_candidate.py:809}}
Jun 01 09:33:43.667957 n-d-844243-1 devstack@placement-api.service[105666]: INFO placement.requestlog [req-16ea13bb-93ee-4e7b-ae44-5ea077793ede req-3e46912c-94a7-4455-a515-2065e3ee1a17 service placement] 10.222.0.13 "GET /placement/allocation_candidates?limit=1000&resources=DISK_GB%3A1%2CMEMORY_MB%3A1024%2CVCPU%3A1&root_required=%21COMPUTE_STATUS_DISABLED" status: 200 len: 1311 microversion: 1.36
Jun 01 09:33:43.668710 n-d-844243-1 devstack@placement-api.service[105666]: [pid: 105666|app: 0|req: 114/229] 10.222.0.13 () {60 vars in 1506 bytes} [Wed Jun 1 09:33:43 2022] GET /placement/allocation_candidates?limit=1000&resources=DISK_GB%3A1%2CMEMORY_MB%3A1024%2CVCPU%3A1&root_required=%21COMPUTE_STATUS_DISABLED => generated 1311 bytes in 183 msecs (HTTP/1.1 200) 8 headers in 297 bytes (1 switches on core 0)
Jun 01 09:33:43.694091 n-d-844243-1 devstack@placement-api.service[105665]: DEBUG placement.requestlog [req-330d5b13-8826-4dc7-a3e1-4c1400f0432e req-24db3092-c5e9-48c8-afe9-27228774c2eb None None] Starting request: 10.222.0.24 "GET /placement/allocations/b965a1e9-6a74-41c8-829d-94ef47f0a11f" {{(pid=105665) __call__ /opt/stack/placement/placement/requestlog.py:55}}
Jun 01 09:33:43.748163 n-d-844243-1 devstack@placement-api.service[105665]: INFO placement.requestlog [req-330d5b13-8826-4dc7-a3e1-4c1400f0432e req-24db3092-c5e9-48c8-afe9-27228774c2eb service placement] 10.222.0.24 "GET /placement/allocations/b965a1e9-6a74-41c8-829d-94ef47f0a11f" status: 200 len: 259 microversion: 1.28
Jun 01 09:33:43.748163 n-d-844243-1 devstack@placement-api.service[105665]: [pid: 105665|app: 0|req: 116/230] 10.222.0.24 () {60 vars in 1377 bytes} [Wed Jun 1 09:33:43 2022] GET /placement/allocations/b965a1e9-6a74-41c8-829d-94ef47f0a11f => generated 259 bytes in 53 msecs (HTTP/1.1 200) 8 headers in 296 bytes (1 switches on core 0)
Jun 01 09:33:43.783227 n-d-844243-1 devstack@placement-api.service[105666]: DEBUG placement.requestlog [req-16ea13bb-93ee-4e7b-ae44-5ea077793ede req-8a336105-01ec-4c54-92da-682cb4ae2613 None None] Starting request: 10.222.0.13 "GET /placement/allocations/55845a8e-30ba-4979-9824-23bc1bef7904" {{(pid=105666) __call__ /opt/stack/placement/placement/requestlog.py:55}}
Jun 01 09:33:43.805199 n-d-844243-1 devstack@placement-api.service[105666]: INFO placement.requestlog [req-16ea13bb-93ee-4e7b-ae44-5ea077793ede req-8a336105-01ec-4c54-92da-682cb4ae2613 service placement] 10.222.0.13 "GET /placement/allocations/55845a8e-30ba-4979-9824-23bc1bef7904" status: 200 len: 19 microversion: 1.28
Jun 01 09:33:43.810622 n-d-844243-1 devstack@placement-api.service[105666]: [pid: 105666|app: 0|req: 115/231] 10.222.0.13 () {60 vars in 1380 bytes} [Wed Jun 1 09:33:43 2022] GET /placement/allocations/55845a8e-30ba-4979-9824-23bc1bef7904 => generated 19 bytes in 28 msecs (HTTP/1.1 200) 8 headers in 295 bytes (2 switches on core 0)
Jun 01 09:33:43.817178 n-d-844243-1 devstack@placement-api.service[105665]: DEBUG placement.requestlog [req-16ea13bb-93ee-4e7b-ae44-5ea077793ede req-d019cf01-4ae6-4811-bc9c-fa39b730ad22 None None] Starting request: 10.222.0.13 "PUT /placement/allocations/55845a8e-30ba-4979-9824-23bc1bef7904" {{(pid=105665) __call__ /opt/stack/placement/placement/requestlog.py:55}}
Jun 01 09:33:43.993046 n-d-844243-1 devstack@placement-api.service[105665]: DEBUG placement.handlers.allocation [req-16ea13bb-93ee-4e7b-ae44-5ea077793ede req-d019cf01-4ae6-4811-bc9c-fa39b730ad22 service placement] Successfully wrote allocations [, , ] {{(pid=105665) _update_consumers_and_create_allocations /opt/stack/placement/placement/handlers/allocation.py:462}}
Jun 01 09:33:44.097046 n-d-844243-1 devstack@placement-api.service[105665]: INFO placement.requestlog [req-16ea13bb-93ee-4e7b-ae44-5ea077793ede req-d019cf01-4ae6-4811-bc9c-fa39b730ad22 service placement] 10.222.0.13 "PUT /placement/allocations/55845a8e-30ba-4979-9824-23bc1bef7904" status: 204 len: 0 microversion: 1.36
Jun 01 09:33:44.099383 n-d-844243-1 devstack@placement-api.service[105665]: [pid: 105665|app: 0|req: 117/232] 10.222.0.13 () {64 vars in 1433 bytes} [Wed Jun 1 09:33:43 2022] PUT /placement/allocations/55845a8e-30ba-4979-9824-23bc1bef7904 => generated 0 bytes in 282 msecs (HTTP/1.1 204) 5 headers in 199 bytes (1 switches on core 0)
Jun 01 09:33:45.451293 n-d-844243-1 devstack@placement-api.service[105666]: DEBUG placement.requestlog [req-16ea13bb-93ee-4e7b-ae44-5ea077793ede req-b9ad4f8e-fccb-49eb-9db8-66a4002b9774 None None] Starting request: 10.222.0.24 "GET /placement/allocations/55845a8e-30ba-4979-9824-23bc1bef7904" {{(pid=105666) __call__ /opt/stack/placement/placement/requestlog.py:55}}
Jun 01 09:33:45.473989 n-d-844243-1 devstack@placement-api.service[105666]: INFO placement.requestlog [req-16ea13bb-93ee-4e7b-ae44-5ea077793ede req-b9ad4f8e-fccb-49eb-9db8-66a4002b9774 service placement] 10.222.0.24 "GET /placement/allocations/55845a8e-30ba-4979-9824-23bc1bef7904" status: 200 len: 259 microversion: 1.28
Jun 01 09:33:45.474392 n-d-844243-1 devstack@placement-api.service[105666]: [pid: 105666|app: 0|req: 116/233] 10.222.0.24 () {60 vars in 1377 bytes} [Wed Jun 1 09:33:45 2022] GET /placement/allocations/55845a8e-30ba-4979-9824-23bc1bef7904 => generated 259 bytes in 23 msecs (HTTP/1.1 200) 8 headers in 296 bytes (1 switches on core 0)
Jun 01 09:33:51.604336 n-d-844243-1 devstack@placement-api.service[105665]: DEBUG placement.requestlog [None req-33a6ba90-7c33-49d6-a2d9-0c4a1d55ad44 None None] Starting request: 10.222.0.13 "GET /placement/resource_providers/26fa8a8d-61aa-4eb0-bec1-fea59feb388b/aggregates" {{(pid=105665) __call__ /opt/stack/placement/placement/requestlog.py:55}}
Jun 01 09:33:51.754358 n-d-844243-1 devstack@placement-api.service[105665]: INFO placement.requestlog [None req-33a6ba90-7c33-49d6-a2d9-0c4a1d55ad44 service placement] 10.222.0.13 "GET /placement/resource_providers/26fa8a8d-61aa-4eb0-bec1-fea59feb388b/aggregates" status: 404 len: 235 microversion: 1.1
Jun 01 09:33:51.754358 n-d-844243-1 devstack@placement-api.service[105665]: [pid: 105665|app: 0|req: 118/234] 10.222.0.13 () {58 vars in 1362 bytes} [Wed Jun 1 09:33:51 2022] GET /placement/resource_providers/26fa8a8d-61aa-4eb0-bec1-fea59feb388b/aggregates => generated 235 bytes in 147 msecs (HTTP/1.1 404) 5 headers in 202 bytes (1 switches on core 0)
Jun 01 09:33:51.778920 n-d-844243-1 devstack@placement-api.service[105666]: DEBUG placement.requestlog [None req-7e953bad-2e13-49e1-911d-a3120b123392 None None] Starting request: 10.222.0.13 "DELETE /placement/resource_providers/26fa8a8d-61aa-4eb0-bec1-fea59feb388b" {{(pid=105666) __call__ /opt/stack/placement/placement/requestlog.py:55}}
Jun 01 09:33:51.799364 n-d-844243-1 devstack@placement-api.service[105666]: DEBUG placement.wsgi_wrapper [None req-7e953bad-2e13-49e1-911d-a3120b123392 service placement] Placement API returning an error response: No resource provider with uuid 26fa8a8d-61aa-4eb0-bec1-fea59feb388b found for delete {{(pid=105666) call_func /opt/stack/placement/placement/wsgi_wrapper.py:31}}
Jun 01 09:33:51.800818 n-d-844243-1 devstack@placement-api.service[105666]: INFO placement.requestlog [None req-7e953bad-2e13-49e1-911d-a3120b123392 service placement] 10.222.0.13 "DELETE /placement/resource_providers/26fa8a8d-61aa-4eb0-bec1-fea59feb388b" status: 404 len: 246 microversion: 1.1
Jun 01 09:33:51.801440 n-d-844243-1 devstack@placement-api.service[105666]: [pid: 105666|app: 0|req: 117/235] 10.222.0.13 () {60 vars in 1351 bytes} [Wed Jun 1 09:33:51 2022] DELETE /placement/resource_providers/26fa8a8d-61aa-4eb0-bec1-fea59feb388b => generated 246 bytes in 23 msecs (HTTP/1.1 404) 6 headers in 231 bytes (1 switches on core 0)
Jun 01 09:34:00.028748 n-d-844243-1 devstack@placement-api.service[105665]: DEBUG placement.requestlog [req-d77d55eb-31b3-48d0-95e3-b2e761f6938b req-76b805b4-e457-470f-8afb-6f25400b5018 None None] Starting request: 10.222.0.24 "GET /placement/resource_providers/d8553d2e-d9d4-45b1-ac6a-4d0318ecee21/allocations" {{(pid=105665) __call__ /opt/stack/placement/placement/requestlog.py:55}}
Jun 01 09:34:00.078176 n-d-844243-1 devstack@placement-api.service[105665]: INFO placement.requestlog [req-d77d55eb-31b3-48d0-95e3-b2e761f6938b req-76b805b4-e457-470f-8afb-6f25400b5018 service placement] 10.222.0.24 "GET /placement/resource_providers/d8553d2e-d9d4-45b1-ac6a-4d0318ecee21/allocations" status: 200 len: 457 microversion: 1.0
Jun 01 09:34:00.079054 n-d-844243-1 devstack@placement-api.service[105665]: [pid: 105665|app: 0|req: 119/236] 10.222.0.24 () {58 vars in 1390 bytes} [Wed Jun 1 09:34:00 2022] GET /placement/resource_providers/d8553d2e-d9d4-45b1-ac6a-4d0318ecee21/allocations => generated 457 bytes in 51 msecs (HTTP/1.1 200) 6 headers in 224 bytes (1 switches on core 0)
Jun 01 09:34:00.687583 n-d-844243-1 devstack@placement-api.service[105666]: DEBUG placement.requestlog [req-d77d55eb-31b3-48d0-95e3-b2e761f6938b req-96499b70-cf1f-461b-98f8-963f64b33b7c None None] Starting request: 10.222.0.24 "GET /placement/allocations/094aa2d4-e563-42c5-9472-d190d5a6528c" {{(pid=105666) __call__ /opt/stack/placement/placement/requestlog.py:55}}
Jun 01 09:34:00.727868 n-d-844243-1 devstack@placement-api.service[105666]: INFO placement.requestlog [req-d77d55eb-31b3-48d0-95e3-b2e761f6938b req-96499b70-cf1f-461b-98f8-963f64b33b7c service placement] 10.222.0.24 "GET /placement/allocations/094aa2d4-e563-42c5-9472-d190d5a6528c" status: 200 len: 259 microversion: 1.28
Jun 01 09:34:00.729070 n-d-844243-1 devstack@placement-api.service[105666]: [pid: 105666|app: 0|req: 118/237] 10.222.0.24 () {60 vars in 1377 bytes} [Wed Jun 1 09:34:00 2022] GET /placement/allocations/094aa2d4-e563-42c5-9472-d190d5a6528c => generated 259 bytes in 42 msecs (HTTP/1.1 200) 8 headers in 296 bytes (1 switches on core 0)
Jun 01 09:34:00.736808 n-d-844243-1 devstack@placement-api.service[105665]: DEBUG placement.requestlog [req-d77d55eb-31b3-48d0-95e3-b2e761f6938b req-f199a7d4-d858-4058-9e64-b1031a75121b None None] Starting request: 10.222.0.24 "PUT /placement/allocations/094aa2d4-e563-42c5-9472-d190d5a6528c" {{(pid=105665) __call__ /opt/stack/placement/placement/requestlog.py:55}}
Jun 01 09:34:00.829099 n-d-844243-1 devstack@placement-api.service[105665]: DEBUG placement.handlers.allocation [req-d77d55eb-31b3-48d0-95e3-b2e761f6938b req-f199a7d4-d858-4058-9e64-b1031a75121b service placement] Successfully wrote allocations [, , ] {{(pid=105665) _update_consumers_and_create_allocations /opt/stack/placement/placement/handlers/allocation.py:462}}
Jun 01 09:34:00.966952 n-d-844243-1 devstack@placement-api.service[105665]: INFO placement.requestlog [req-d77d55eb-31b3-48d0-95e3-b2e761f6938b req-f199a7d4-d858-4058-9e64-b1031a75121b service placement] 10.222.0.24 "PUT /placement/allocations/094aa2d4-e563-42c5-9472-d190d5a6528c" status: 204 len: 0 microversion: 1.28
Jun 01 09:34:00.967553 n-d-844243-1 devstack@placement-api.service[105665]: [pid: 105665|app: 0|req: 120/238] 10.222.0.24 () {64 vars in 1430 bytes} [Wed Jun 1 09:34:00 2022] PUT /placement/allocations/094aa2d4-e563-42c5-9472-d190d5a6528c => generated 0 bytes in 231 msecs (HTTP/1.1 204) 5 headers in 199 bytes (1 switches on core 0)
Jun 01 09:34:03.231509 n-d-844243-1 devstack@placement-api.service[105666]: DEBUG placement.requestlog [None req-7b8c50d6-e05a-403e-83b7-c7a5c1d8d9c9 None None] Starting request: 10.222.0.13 "GET /placement/resource_providers/17acbd47-fea2-46c0-94a1-c3b6d8e2cc6f/aggregates" {{(pid=105666) __call__ /opt/stack/placement/placement/requestlog.py:55}}
Jun 01 09:34:03.266831 n-d-844243-1 devstack@placement-api.service[105666]: INFO placement.requestlog [None req-7b8c50d6-e05a-403e-83b7-c7a5c1d8d9c9 service placement] 10.222.0.13 "GET /placement/resource_providers/17acbd47-fea2-46c0-94a1-c3b6d8e2cc6f/aggregates" status: 404 len: 235 microversion: 1.1
Jun 01 09:34:03.267207 n-d-844243-1 devstack@placement-api.service[105666]: [pid: 105666|app: 0|req: 119/239] 10.222.0.13 () {58 vars in 1362 bytes} [Wed Jun 1 09:34:03 2022] GET /placement/resource_providers/17acbd47-fea2-46c0-94a1-c3b6d8e2cc6f/aggregates => generated 235 bytes in 36 msecs (HTTP/1.1 404) 5 headers in 202 bytes (1 switches on core 0)
Jun 01 09:34:03.285669 n-d-844243-1 devstack@placement-api.service[105665]: DEBUG placement.requestlog [None req-58a5c64b-0797-47d2-ac28-418290136f56 None None] Starting request: 10.222.0.13 "DELETE /placement/resource_providers/17acbd47-fea2-46c0-94a1-c3b6d8e2cc6f" {{(pid=105665) __call__ /opt/stack/placement/placement/requestlog.py:55}}
Jun 01 09:34:03.300775 n-d-844243-1 devstack@placement-api.service[105665]: DEBUG placement.wsgi_wrapper [None req-58a5c64b-0797-47d2-ac28-418290136f56 service placement] Placement API returning an error response: No resource provider with uuid 17acbd47-fea2-46c0-94a1-c3b6d8e2cc6f found for delete {{(pid=105665) call_func /opt/stack/placement/placement/wsgi_wrapper.py:31}}
Jun 01 09:34:03.301824 n-d-844243-1 devstack@placement-api.service[105665]: INFO placement.requestlog [None req-58a5c64b-0797-47d2-ac28-418290136f56 service placement] 10.222.0.13 "DELETE /placement/resource_providers/17acbd47-fea2-46c0-94a1-c3b6d8e2cc6f" status: 404 len: 246 microversion: 1.1
Jun 01 09:34:03.302676 n-d-844243-1 devstack@placement-api.service[105665]: [pid: 105665|app: 0|req: 121/240] 10.222.0.13 () {60 vars in 1351 bytes} [Wed Jun 1 09:34:03 2022] DELETE /placement/resource_providers/17acbd47-fea2-46c0-94a1-c3b6d8e2cc6f => generated 246 bytes in 17 msecs (HTTP/1.1 404) 6 headers in 231 bytes (1 switches on core 0)
Jun 01 09:34:03.964042 n-d-844243-1 devstack@placement-api.service[105666]: DEBUG placement.requestlog [req-78cd0aa4-3694-45db-9fa5-fb39a35d5ff5 req-67f19125-1a13-4230-aa2f-616769698d68 None None] Starting request: 10.222.0.13 "GET /placement/allocation_candidates?limit=1000&resources=DISK_GB%3A1%2CMEMORY_MB%3A1024%2CVCPU%3A1&root_required=%21COMPUTE_STATUS_DISABLED" {{(pid=105666) __call__ /opt/stack/placement/placement/requestlog.py:55}}
Jun 01 09:34:04.010986 n-d-844243-1 devstack@placement-api.service[105666]: DEBUG placement.objects.research_context [req-78cd0aa4-3694-45db-9fa5-fb39a35d5ff5 req-67f19125-1a13-4230-aa2f-616769698d68 service placement] getting providers with 1 DISK_GB {{(pid=105666) __init__ /opt/stack/placement/placement/objects/research_context.py:136}}
Jun 01 09:34:04.028377 n-d-844243-1 devstack@placement-api.service[105666]: DEBUG placement.objects.research_context [req-78cd0aa4-3694-45db-9fa5-fb39a35d5ff5 req-67f19125-1a13-4230-aa2f-616769698d68 service placement] getting providers with 1024 MEMORY_MB {{(pid=105666) __init__ /opt/stack/placement/placement/objects/research_context.py:136}}
Jun 01 09:34:04.049214 n-d-844243-1 devstack@placement-api.service[105666]: DEBUG placement.objects.research_context [req-78cd0aa4-3694-45db-9fa5-fb39a35d5ff5 req-67f19125-1a13-4230-aa2f-616769698d68 service placement] getting providers with 1 VCPU {{(pid=105666) __init__ /opt/stack/placement/placement/objects/research_context.py:136}}
Jun 01 09:34:04.060011 n-d-844243-1 devstack@placement-api.service[105666]: DEBUG placement.objects.research_context [req-78cd0aa4-3694-45db-9fa5-fb39a35d5ff5 req-67f19125-1a13-4230-aa2f-616769698d68 service placement] found 2 providers with available 1 DISK_GB {{(pid=105666) get_provider_ids_matching /opt/stack/placement/placement/objects/research_context.py:563}}
Jun 01 09:34:04.060594 n-d-844243-1 devstack@placement-api.service[105666]: DEBUG placement.objects.research_context [req-78cd0aa4-3694-45db-9fa5-fb39a35d5ff5 req-67f19125-1a13-4230-aa2f-616769698d68 service placement] found 2 providers with available 1024 MEMORY_MB {{(pid=105666) get_provider_ids_matching /opt/stack/placement/placement/objects/research_context.py:563}}
Jun 01 09:34:04.061027 n-d-844243-1 devstack@placement-api.service[105666]: DEBUG placement.objects.research_context [req-78cd0aa4-3694-45db-9fa5-fb39a35d5ff5 req-67f19125-1a13-4230-aa2f-616769698d68 service placement] found 2 providers after filtering by previous result {{(pid=105666) get_provider_ids_matching /opt/stack/placement/placement/objects/research_context.py:594}}
Jun 01 09:34:04.061435 n-d-844243-1 devstack@placement-api.service[105666]: DEBUG placement.objects.research_context [req-78cd0aa4-3694-45db-9fa5-fb39a35d5ff5 req-67f19125-1a13-4230-aa2f-616769698d68 service placement] found 2 providers with available 1 VCPU {{(pid=105666) get_provider_ids_matching /opt/stack/placement/placement/objects/research_context.py:563}}
Jun 01 09:34:04.061869 n-d-844243-1 devstack@placement-api.service[105666]: DEBUG placement.objects.research_context [req-78cd0aa4-3694-45db-9fa5-fb39a35d5ff5 req-67f19125-1a13-4230-aa2f-616769698d68 service placement] found 2 providers after filtering by previous result {{(pid=105666) get_provider_ids_matching /opt/stack/placement/placement/objects/research_context.py:594}}
Jun 01 09:34:04.083157 n-d-844243-1 devstack@placement-api.service[105666]: DEBUG placement.objects.allocation_candidate [req-78cd0aa4-3694-45db-9fa5-fb39a35d5ff5 req-67f19125-1a13-4230-aa2f-616769698d68 service placement] RequestGroup(use_same_provider=False, resources={DISK_GB:1, MEMORY_MB:1024, VCPU:1}, traits=(), aggregates=[]) (suffix '') returned 2 matches {{(pid=105666) _get_by_requests /opt/stack/placement/placement/objects/allocation_candidate.py:156}}
Jun 01 09:34:04.085839 n-d-844243-1 devstack@placement-api.service[105666]: DEBUG placement.objects.allocation_candidate [req-78cd0aa4-3694-45db-9fa5-fb39a35d5ff5 req-67f19125-1a13-4230-aa2f-616769698d68 service placement] Merging candidates yields 2 allocation requests and 2 provider summaries {{(pid=105666) _merge_candidates /opt/stack/placement/placement/objects/allocation_candidate.py:809}}
Jun 01 09:34:04.085839 n-d-844243-1 devstack@placement-api.service[105666]: INFO placement.requestlog [req-78cd0aa4-3694-45db-9fa5-fb39a35d5ff5 req-67f19125-1a13-4230-aa2f-616769698d68 service placement] 10.222.0.13 "GET /placement/allocation_candidates?limit=1000&resources=DISK_GB%3A1%2CMEMORY_MB%3A1024%2CVCPU%3A1&root_required=%21COMPUTE_STATUS_DISABLED" status: 200 len: 1311 microversion: 1.36
Jun 01 09:34:04.086302 n-d-844243-1 devstack@placement-api.service[105666]: [pid: 105666|app: 0|req: 120/241] 10.222.0.13 () {60 vars in 1506 bytes} [Wed Jun 1 09:34:03 2022] GET /placement/allocation_candidates?limit=1000&resources=DISK_GB%3A1%2CMEMORY_MB%3A1024%2CVCPU%3A1&root_required=%21COMPUTE_STATUS_DISABLED => generated 1311 bytes in 122 msecs (HTTP/1.1 200) 8 headers in 297 bytes (1 switches on core 0)
Jun 01 09:34:04.164380 n-d-844243-1 devstack@placement-api.service[105665]: DEBUG placement.requestlog [req-78cd0aa4-3694-45db-9fa5-fb39a35d5ff5 req-0d471686-3364-4547-a378-f6c9b31d6e35 None None] Starting request: 10.222.0.13 "GET /placement/allocations/d3a020f7-d702-4b7f-a50b-65469a49a1f9" {{(pid=105665) __call__ /opt/stack/placement/placement/requestlog.py:55}}
Jun 01 09:34:04.176086 n-d-844243-1 devstack@placement-api.service[105665]: INFO placement.requestlog [req-78cd0aa4-3694-45db-9fa5-fb39a35d5ff5 req-0d471686-3364-4547-a378-f6c9b31d6e35 service placement] 10.222.0.13 "GET /placement/allocations/d3a020f7-d702-4b7f-a50b-65469a49a1f9" status: 200 len: 19 microversion: 1.28
Jun 01 09:34:04.176549 n-d-844243-1 devstack@placement-api.service[105665]: [pid: 105665|app: 0|req: 122/242] 10.222.0.13 () {60 vars in 1380 bytes} [Wed Jun 1 09:34:04 2022] GET /placement/allocations/d3a020f7-d702-4b7f-a50b-65469a49a1f9 => generated 19 bytes in 13 msecs (HTTP/1.1 200) 8 headers in 295 bytes (1 switches on core 0)
Jun 01 09:34:04.184542 n-d-844243-1 devstack@placement-api.service[105666]: DEBUG placement.requestlog [req-78cd0aa4-3694-45db-9fa5-fb39a35d5ff5 req-2864923c-a344-4225-ba48-a4da6dac75d1 None None] Starting request: 10.222.0.13 "PUT /placement/allocations/d3a020f7-d702-4b7f-a50b-65469a49a1f9" {{(pid=105666) __call__ /opt/stack/placement/placement/requestlog.py:55}}
Jun 01 09:34:04.335655 n-d-844243-1 devstack@placement-api.service[105666]: DEBUG placement.handlers.allocation [req-78cd0aa4-3694-45db-9fa5-fb39a35d5ff5 req-2864923c-a344-4225-ba48-a4da6dac75d1 service placement] Successfully wrote allocations [, , ] {{(pid=105666) _update_consumers_and_create_allocations /opt/stack/placement/placement/handlers/allocation.py:462}}
Jun 01 09:34:04.408838 n-d-844243-1 devstack@placement-api.service[105666]: INFO placement.requestlog [req-78cd0aa4-3694-45db-9fa5-fb39a35d5ff5 req-2864923c-a344-4225-ba48-a4da6dac75d1 service placement] 10.222.0.13 "PUT /placement/allocations/d3a020f7-d702-4b7f-a50b-65469a49a1f9" status: 204 len: 0 microversion: 1.36
Jun 01 09:34:04.411143 n-d-844243-1 devstack@placement-api.service[105666]: [pid: 105666|app: 0|req: 121/243] 10.222.0.13 () {64 vars in 1433 bytes} [Wed Jun 1 09:34:04 2022] PUT /placement/allocations/d3a020f7-d702-4b7f-a50b-65469a49a1f9 => generated 0 bytes in 227 msecs (HTTP/1.1 204) 5 headers in 199 bytes (1 switches on core 0)
Jun 01 09:34:05.796020 n-d-844243-1 devstack@placement-api.service[105665]: DEBUG placement.requestlog [req-78cd0aa4-3694-45db-9fa5-fb39a35d5ff5 req-b8933e7a-fea7-4aae-9474-50fdc51552e4 None None] Starting request: 10.222.0.24 "GET /placement/allocations/d3a020f7-d702-4b7f-a50b-65469a49a1f9" {{(pid=105665) __call__ /opt/stack/placement/placement/requestlog.py:55}}
Jun 01 09:34:05.816886 n-d-844243-1 devstack@placement-api.service[105665]: INFO placement.requestlog [req-78cd0aa4-3694-45db-9fa5-fb39a35d5ff5 req-b8933e7a-fea7-4aae-9474-50fdc51552e4 service placement] 10.222.0.24 "GET /placement/allocations/d3a020f7-d702-4b7f-a50b-65469a49a1f9" status: 200 len: 259 microversion: 1.28
Jun 01 09:34:05.818234 n-d-844243-1 devstack@placement-api.service[105665]: [pid: 105665|app: 0|req: 123/244] 10.222.0.24 () {60 vars in 1377 bytes} [Wed Jun 1 09:34:05 2022] GET /placement/allocations/d3a020f7-d702-4b7f-a50b-65469a49a1f9 => generated 259 bytes in 22 msecs (HTTP/1.1 200) 8 headers in 296 bytes (2 switches on core 0)
Jun 01 09:34:07.611590 n-d-844243-1 devstack@placement-api.service[105666]: DEBUG placement.requestlog [None req-87e1626d-b326-4ab4-9f2e-95ec33e71738 None None] Starting request: 10.222.0.13 "GET /placement/" {{(pid=105666) __call__ /opt/stack/placement/placement/requestlog.py:55}}
Jun 01 09:34:07.613255 n-d-844243-1 devstack@placement-api.service[105666]: INFO placement.requestlog [None req-87e1626d-b326-4ab4-9f2e-95ec33e71738 None None] 10.222.0.13 "GET /placement/" status: 200 len: 136 microversion: 1.0
Jun 01 09:34:07.613762 n-d-844243-1 devstack@placement-api.service[105666]: [pid: 105666|app: 0|req: 122/245] 10.222.0.13 () {54 vars in 916 bytes} [Wed Jun 1 09:34:07 2022] GET /placement => generated 136 bytes in 2 msecs (HTTP/1.1 200) 6 headers in 224 bytes (1 switches on core 0)
