Jun 01 09:08:52.145593 n-d-844243-1 devstack@keystone.service[80868]: DEBUG keystone.server.flask.request_processing.middleware.auth_context [None req-7688e0e0-5a88-42ff-b43e-6a8d07ce4cc0 admin admin] RBAC: auth_context: {'token': , 'domain_id': None, 'trust_id': None, 'trustor_id': None, 'trustee_id': None, 'domain_name': None, 'group_ids': [], 'user_id': 'bd8e3707d62343d89a9be8175ee63f83', 'user_domain_id': 'default', 'system_scope': None, 'project_id': '353e648cb5784ccb89d941629bcec3cb', 'project_domain_id': 'default', 'roles': ['member', 'admin', 'reader'], 'is_admin_project': True, 'service_user_id': None, 'service_user_domain_id': None, 'service_project_id': None, 'service_project_domain_id': None, 'service_roles': []} {{(pid=80868) fill_context /opt/stack/keystone/keystone/server/flask/request_processing/middleware/auth_context.py:478}}
Jun 01 09:08:52.146265 n-d-844243-1 devstack@keystone.service[80868]: DEBUG keystone.server.flask.request_processing.req_logging [None req-7688e0e0-5a88-42ff-b43e-6a8d07ce4cc0 admin admin] REQUEST_METHOD: `GET` {{(pid=80868) log_request_info /opt/stack/keystone/keystone/server/flask/request_processing/req_logging.py:27}}
Jun 01 09:08:52.146547 n-d-844243-1 devstack@keystone.service[80868]: DEBUG keystone.server.flask.request_processing.req_logging [None req-7688e0e0-5a88-42ff-b43e-6a8d07ce4cc0 admin admin] SCRIPT_NAME: `/identity` {{(pid=80868) log_request_info /opt/stack/keystone/keystone/server/flask/request_processing/req_logging.py:28}}
Jun 01 09:08:52.146819 n-d-844243-1 devstack@keystone.service[80868]: DEBUG keystone.server.flask.request_processing.req_logging [None req-7688e0e0-5a88-42ff-b43e-6a8d07ce4cc0 admin admin] PATH_INFO: `/v3/auth/tokens` {{(pid=80868) log_request_info /opt/stack/keystone/keystone/server/flask/request_processing/req_logging.py:29}}
Jun 01 09:08:52.154752 n-d-844243-1 devstack@keystone.service[80868]: DEBUG keystone.common.rbac_enforcer.enforcer [None req-7688e0e0-5a88-42ff-b43e-6a8d07ce4cc0 admin admin] RBAC: Authorizing `identity:validate_token()` {{(pid=80868) enforce_call /opt/stack/keystone/keystone/common/rbac_enforcer/enforcer.py:449}}
Jun 01 09:08:52.205882 n-d-844243-1 devstack@keystone.service[80868]: WARNING keystone.common.rbac_enforcer.enforcer [None req-7688e0e0-5a88-42ff-b43e-6a8d07ce4cc0 admin admin] Deprecated policy rules found. Use oslopolicy-policy-generator and oslopolicy-policy-upgrade to detect and resolve deprecated policies in your configuration.
Jun 01 09:08:52.206240 n-d-844243-1 devstack@keystone.service[80868]: DEBUG keystone.common.rbac_enforcer.enforcer [None req-7688e0e0-5a88-42ff-b43e-6a8d07ce4cc0 admin admin] RBAC: Authorization granted {{(pid=80868) enforce_call /opt/stack/keystone/keystone/common/rbac_enforcer/enforcer.py:457}}
Jun 01 09:08:52.215513 n-d-844243-1 devstack@keystone.service[80868]: [pid: 80868|app: 0|req: 2/4] 10.222.0.13 () {58 vars in 1324 bytes} [Wed Jun 1 09:08:51 2022] GET /identity/v3/auth/tokens => generated 914 bytes in 391 msecs (HTTP/1.1 200) 6 headers in 379 bytes (1 switches on core 0)
Jun 01 09:08:52.221545 n-d-844243-1 devstack@keystone.service[80869]: DEBUG keystone.server.flask.request_processing.middleware.auth_context [None req-4096e2fd-a2c1-453e-966d-ae0bd765aa43 None None] Authenticating user token {{(pid=80869) process_request /usr/local/lib/python3.8/dist-packages/keystonemiddleware/auth_token/__init__.py:407}}
Jun 01 09:08:52.236273 n-d-844243-1 devstack@keystone.service[80869]: DEBUG keystone.server.flask.request_processing.middleware.auth_context [None req-4096e2fd-a2c1-453e-966d-ae0bd765aa43 None None] Validating token access rules against request {{(pid=80869) validate_allowed_request /usr/local/lib/python3.8/dist-packages/keystonemiddleware/auth_token/__init__.py:545}}
Jun 01 09:08:52.240656 n-d-844243-1 devstack@keystone.service[80869]: DEBUG keystone.server.flask.request_processing.middleware.auth_context [None req-23382b87-ebfa-48fa-b249-74b8280c5b78 admin admin] RBAC: auth_context: {'token': , 'domain_id': None, 'trust_id': None, 'trustor_id': None, 'trustee_id': None, 'domain_name': None, 'group_ids': [], 'user_id': 'bd8e3707d62343d89a9be8175ee63f83', 'user_domain_id': 'default', 'system_scope': None, 'project_id': '353e648cb5784ccb89d941629bcec3cb', 'project_domain_id': 'default', 'roles': ['member', 'admin', 'reader'], 'is_admin_project': True, 'service_user_id': None, 'service_user_domain_id': None, 'service_project_id': None, 'service_project_domain_id': None, 'service_roles': []} {{(pid=80869) fill_context /opt/stack/keystone/keystone/server/flask/request_processing/middleware/auth_context.py:478}}
Jun 01 09:08:52.241764 n-d-844243-1 devstack@keystone.service[80869]: DEBUG keystone.server.flask.request_processing.req_logging [None req-23382b87-ebfa-48fa-b249-74b8280c5b78 admin admin] REQUEST_METHOD: `GET` {{(pid=80869) log_request_info /opt/stack/keystone/keystone/server/flask/request_processing/req_logging.py:27}}
Jun 01 09:08:52.242078 n-d-844243-1 devstack@keystone.service[80869]: DEBUG keystone.server.flask.request_processing.req_logging [None req-23382b87-ebfa-48fa-b249-74b8280c5b78 admin admin] SCRIPT_NAME: `/identity` {{(pid=80869) log_request_info /opt/stack/keystone/keystone/server/flask/request_processing/req_logging.py:28}}
Jun 01 09:08:52.242356 n-d-844243-1 devstack@keystone.service[80869]: DEBUG keystone.server.flask.request_processing.req_logging [None req-23382b87-ebfa-48fa-b249-74b8280c5b78 admin admin] PATH_INFO: `/v3/projects/353e648cb5784ccb89d941629bcec3cb` {{(pid=80869) log_request_info /opt/stack/keystone/keystone/server/flask/request_processing/req_logging.py:29}}
Jun 01 09:08:52.243905 n-d-844243-1 devstack@keystone.service[80869]: DEBUG keystone.common.rbac_enforcer.enforcer [None req-23382b87-ebfa-48fa-b249-74b8280c5b78 admin admin] RBAC: Authorizing `identity:get_project(project_id=353e648cb5784ccb89d941629bcec3cb)` {{(pid=80869) enforce_call /opt/stack/keystone/keystone/common/rbac_enforcer/enforcer.py:449}}
Jun 01 09:08:52.295594 n-d-844243-1 devstack@keystone.service[80869]: WARNING keystone.common.rbac_enforcer.enforcer [None req-23382b87-ebfa-48fa-b249-74b8280c5b78 admin admin] Deprecated policy rules found. Use oslopolicy-policy-generator and oslopolicy-policy-upgrade to detect and resolve deprecated policies in your configuration.
Jun 01 09:08:52.296458 n-d-844243-1 devstack@keystone.service[80869]: DEBUG keystone.common.rbac_enforcer.enforcer [None req-23382b87-ebfa-48fa-b249-74b8280c5b78 admin admin] RBAC: Authorization granted {{(pid=80869) enforce_call /opt/stack/keystone/keystone/common/rbac_enforcer/enforcer.py:457}}
Jun 01 09:08:52.301226 n-d-844243-1 devstack@keystone.service[80869]: [pid: 80869|app: 0|req: 3/5] 10.222.0.13 () {56 vars in 1207 bytes} [Wed Jun 1 09:08:52 2022] GET /identity/v3/projects/353e648cb5784ccb89d941629bcec3cb => generated 344 bytes in 80 msecs (HTTP/1.1 200) 5 headers in 177 bytes (1 switches on core 0)
Jun 01 09:08:54.507856 n-d-844243-1 devstack@keystone.service[80868]: DEBUG keystone.server.flask.request_processing.req_logging [None req-a3031dd7-13a2-459f-9f50-488f9a7e733c None None] REQUEST_METHOD: `GET` {{(pid=80868) log_request_info /opt/stack/keystone/keystone/server/flask/request_processing/req_logging.py:27}}
Jun 01 09:08:54.508365 n-d-844243-1 devstack@keystone.service[80868]: DEBUG keystone.server.flask.request_processing.req_logging [None req-a3031dd7-13a2-459f-9f50-488f9a7e733c None None] SCRIPT_NAME: `/identity` {{(pid=80868) log_request_info /opt/stack/keystone/keystone/server/flask/request_processing/req_logging.py:28}}
Jun 01 09:08:54.508365 n-d-844243-1 devstack@keystone.service[80868]: DEBUG keystone.server.flask.request_processing.req_logging [None req-a3031dd7-13a2-459f-9f50-488f9a7e733c None None] PATH_INFO: `/` {{(pid=80868) log_request_info /opt/stack/keystone/keystone/server/flask/request_processing/req_logging.py:29}}
Jun 01 09:08:54.512463 n-d-844243-1 devstack@keystone.service[80868]: [pid: 80868|app: 0|req: 3/6] 10.222.0.13 () {54 vars in 926 bytes} [Wed Jun 1 09:08:54 2022] GET /identity => generated 270 bytes in 6 msecs (HTTP/1.1 300) 6 headers in 234 bytes (1 switches on core 0)
Jun 01 09:08:54.517994 n-d-844243-1 devstack@keystone.service[80869]: DEBUG keystone.server.flask.request_processing.req_logging [None req-2d68c68b-2381-437e-8d07-1d2e06e47c9a None None] REQUEST_METHOD: `POST` {{(pid=80869) log_request_info /opt/stack/keystone/keystone/server/flask/request_processing/req_logging.py:27}}
Jun 01 09:08:54.518454 n-d-844243-1 devstack@keystone.service[80869]: DEBUG keystone.server.flask.request_processing.req_logging [None req-2d68c68b-2381-437e-8d07-1d2e06e47c9a None None] SCRIPT_NAME: `/identity` {{(pid=80869) log_request_info /opt/stack/keystone/keystone/server/flask/request_processing/req_logging.py:28}}
Jun 01 09:08:54.518556 n-d-844243-1 devstack@keystone.service[80869]: DEBUG keystone.server.flask.request_processing.req_logging [None req-2d68c68b-2381-437e-8d07-1d2e06e47c9a None None] PATH_INFO: `/v3/auth/tokens` {{(pid=80869) log_request_info /opt/stack/keystone/keystone/server/flask/request_processing/req_logging.py:29}}
Jun 01 09:08:54.536905 n-d-844243-1 devstack@keystone.service[80869]: DEBUG keystone.auth.core [None req-2d68c68b-2381-437e-8d07-1d2e06e47c9a None None] MFA Rules not processed for user `bd8e3707d62343d89a9be8175ee63f83`. Rule list: `[]` (Enabled: `True`). {{(pid=80869) check_auth_methods_against_rules /opt/stack/keystone/keystone/auth/core.py:438}}
Jun 01 09:08:54.538466 n-d-844243-1 devstack@keystone.service[80869]: DEBUG keystone.common.fernet_utils [None req-2d68c68b-2381-437e-8d07-1d2e06e47c9a None None] Loaded 2 Fernet keys from /etc/keystone/fernet-keys/, but `[fernet_tokens] max_active_keys = 3`; perhaps there have not been enough key rotations to reach `max_active_keys` yet? {{(pid=80869) load_keys /opt/stack/keystone/keystone/common/fernet_utils.py:286}}
Jun 01 09:08:54.546738 n-d-844243-1 devstack@keystone.service[80869]: [pid: 80869|app: 0|req: 4/7] 10.222.0.13 () {58 vars in 1023 bytes} [Wed Jun 1 09:08:54 2022] POST /identity/v3/auth/tokens => generated 914 bytes in 30 msecs (HTTP/1.1 201) 6 headers in 384 bytes (1 switches on core 0)
Jun 01 09:08:54.569897 n-d-844243-1 devstack@keystone.service[80868]: DEBUG keystone.server.flask.request_processing.middleware.auth_context [None req-a3031dd7-13a2-459f-9f50-488f9a7e733c None None] Authenticating user token {{(pid=80868) process_request /usr/local/lib/python3.8/dist-packages/keystonemiddleware/auth_token/__init__.py:407}}
Jun 01 09:08:54.581976 n-d-844243-1 devstack@keystone.service[80868]: DEBUG keystone.server.flask.request_processing.middleware.auth_context [None req-a3031dd7-13a2-459f-9f50-488f9a7e733c None None] Validating token access rules against request {{(pid=80868) validate_allowed_request /usr/local/lib/python3.8/dist-packages/keystonemiddleware/auth_token/__init__.py:545}}
Jun 01 09:08:54.586174 n-d-844243-1 devstack@keystone.service[80868]: DEBUG keystone.server.flask.request_processing.middleware.auth_context [None req-491e4b03-14a8-41c5-be25-649c1bccbba9 admin admin] RBAC: auth_context: {'token': , 'domain_id': None, 'trust_id': None, 'trustor_id': None, 'trustee_id': None, 'domain_name': None, 'group_ids': [], 'user_id': 'bd8e3707d62343d89a9be8175ee63f83', 'user_domain_id': 'default', 'system_scope': None, 'project_id': '353e648cb5784ccb89d941629bcec3cb', 'project_domain_id': 'default', 'roles': ['member', 'admin', 'reader'], 'is_admin_project': True, 'service_user_id': None, 'service_user_domain_id': None, 'service_project_id': None, 'service_project_domain_id': None, 'service_roles': []} {{(pid=80868) fill_context /opt/stack/keystone/keystone/server/flask/request_processing/middleware/auth_context.py:478}}
Jun 01 09:08:54.586802 n-d-844243-1 devstack@keystone.service[80868]: DEBUG keystone.server.flask.request_processing.req_logging [None req-491e4b03-14a8-41c5-be25-649c1bccbba9 admin admin] REQUEST_METHOD: `GET` {{(pid=80868) log_request_info /opt/stack/keystone/keystone/server/flask/request_processing/req_logging.py:27}}
Jun 01 09:08:54.587082 n-d-844243-1 devstack@keystone.service[80868]: DEBUG keystone.server.flask.request_processing.req_logging [None req-491e4b03-14a8-41c5-be25-649c1bccbba9 admin admin] SCRIPT_NAME: `/identity` {{(pid=80868) log_request_info /opt/stack/keystone/keystone/server/flask/request_processing/req_logging.py:28}}
Jun 01 09:08:54.587355 n-d-844243-1 devstack@keystone.service[80868]: DEBUG keystone.server.flask.request_processing.req_logging [None req-491e4b03-14a8-41c5-be25-649c1bccbba9 admin admin] PATH_INFO: `/v3/auth/tokens` {{(pid=80868) log_request_info /opt/stack/keystone/keystone/server/flask/request_processing/req_logging.py:29}}
Jun 01 09:08:54.594878 n-d-844243-1 devstack@keystone.service[80868]: DEBUG keystone.common.rbac_enforcer.enforcer [None req-491e4b03-14a8-41c5-be25-649c1bccbba9 admin admin] RBAC: Authorizing `identity:validate_token()` {{(pid=80868) enforce_call /opt/stack/keystone/keystone/common/rbac_enforcer/enforcer.py:449}}
Jun 01 09:08:54.596621 n-d-844243-1 devstack@keystone.service[80868]: DEBUG keystone.common.rbac_enforcer.enforcer [None req-491e4b03-14a8-41c5-be25-649c1bccbba9 admin admin] RBAC: Authorization granted {{(pid=80868) enforce_call /opt/stack/keystone/keystone/common/rbac_enforcer/enforcer.py:457}}
Jun 01 09:08:54.605114 n-d-844243-1 devstack@keystone.service[80868]: [pid: 80868|app: 0|req: 4/8] 10.222.0.13 () {58 vars in 1324 bytes} [Wed Jun 1 09:08:54 2022] GET /identity/v3/auth/tokens => generated 914 bytes in 36 msecs (HTTP/1.1 200) 6 headers in 379 bytes (1 switches on core 0)
Jun 01 09:08:54.611290 n-d-844243-1 devstack@keystone.service[80869]: DEBUG keystone.server.flask.request_processing.middleware.auth_context [None req-2d68c68b-2381-437e-8d07-1d2e06e47c9a None None] Authenticating user token {{(pid=80869) process_request /usr/local/lib/python3.8/dist-packages/keystonemiddleware/auth_token/__init__.py:407}}
Jun 01 09:08:54.620245 n-d-844243-1 devstack@keystone.service[80869]: DEBUG keystone.server.flask.request_processing.middleware.auth_context [None req-2d68c68b-2381-437e-8d07-1d2e06e47c9a None None] Validating token access rules against request {{(pid=80869) validate_allowed_request /usr/local/lib/python3.8/dist-packages/keystonemiddleware/auth_token/__init__.py:545}}
Jun 01 09:08:54.625178 n-d-844243-1 devstack@keystone.service[80869]: DEBUG keystone.server.flask.request_processing.middleware.auth_context [None req-4e21d3aa-ffcb-470f-a600-179de4aa17d7 admin admin] RBAC: auth_context: {'token': , 'domain_id': None, 'trust_id': None, 'trustor_id': None, 'trustee_id': None, 'domain_name': None, 'group_ids': [], 'user_id': 'bd8e3707d62343d89a9be8175ee63f83', 'user_domain_id': 'default', 'system_scope': None, 'project_id': '353e648cb5784ccb89d941629bcec3cb', 'project_domain_id': 'default', 'roles': ['member', 'admin', 'reader'], 'is_admin_project': True, 'service_user_id': None, 'service_user_domain_id': None, 'service_project_id': None, 'service_project_domain_id': None, 'service_roles': []} {{(pid=80869) fill_context /opt/stack/keystone/keystone/server/flask/request_processing/middleware/auth_context.py:478}}
Jun 01 09:08:54.626333 n-d-844243-1 devstack@keystone.service[80869]: DEBUG keystone.server.flask.request_processing.req_logging [None req-4e21d3aa-ffcb-470f-a600-179de4aa17d7 admin admin] REQUEST_METHOD: `GET` {{(pid=80869) log_request_info /opt/stack/keystone/keystone/server/flask/request_processing/req_logging.py:27}}
Jun 01 09:08:54.626617 n-d-844243-1 devstack@keystone.service[80869]: DEBUG keystone.server.flask.request_processing.req_logging [None req-4e21d3aa-ffcb-470f-a600-179de4aa17d7 admin admin] SCRIPT_NAME: `/identity` {{(pid=80869) log_request_info /opt/stack/keystone/keystone/server/flask/request_processing/req_logging.py:28}}
Jun 01 09:08:54.626894 n-d-844243-1 devstack@keystone.service[80869]: DEBUG keystone.server.flask.request_processing.req_logging [None req-4e21d3aa-ffcb-470f-a600-179de4aa17d7 admin admin] PATH_INFO: `/v3/users/bd8e3707d62343d89a9be8175ee63f83` {{(pid=80869) log_request_info /opt/stack/keystone/keystone/server/flask/request_processing/req_logging.py:29}}
Jun 01 09:08:54.628282 n-d-844243-1 devstack@keystone.service[80869]: DEBUG keystone.common.rbac_enforcer.enforcer [None req-4e21d3aa-ffcb-470f-a600-179de4aa17d7 admin admin] RBAC: Authorizing `identity:get_user(user_id=bd8e3707d62343d89a9be8175ee63f83)` {{(pid=80869) enforce_call /opt/stack/keystone/keystone/common/rbac_enforcer/enforcer.py:449}}
Jun 01 09:08:54.630174 n-d-844243-1 devstack@keystone.service[80869]: DEBUG keystone.common.rbac_enforcer.enforcer [None req-4e21d3aa-ffcb-470f-a600-179de4aa17d7 admin admin] RBAC: Authorization granted {{(pid=80869) enforce_call /opt/stack/keystone/keystone/common/rbac_enforcer/enforcer.py:457}}
Jun 01 09:08:54.631742 n-d-844243-1 devstack@keystone.service[80869]: [pid: 80869|app: 0|req: 5/9] 10.222.0.13 () {56 vars in 1198 bytes} [Wed Jun 1 09:08:54 2022] GET /identity/v3/users/bd8e3707d62343d89a9be8175ee63f83 => generated 247 bytes in 21 msecs (HTTP/1.1 200) 5 headers in 177 bytes (1 switches on core 0)
Jun 01 09:08:56.946213 n-d-844243-1 devstack@keystone.service[80869]: DEBUG keystone.server.flask.request_processing.req_logging [None req-7e68d016-b6c1-4dcf-b80c-ba20687492c4 None None] REQUEST_METHOD: `GET` {{(pid=80869) log_request_info /opt/stack/keystone/keystone/server/flask/request_processing/req_logging.py:27}}
Jun 01 09:08:56.946852 n-d-844243-1 devstack@keystone.service[80868]: DEBUG keystone.server.flask.request_processing.req_logging [None req-17047c5d-d737-41bf-a653-480c30a47399 None None] REQUEST_METHOD: `GET` {{(pid=80868) log_request_info /opt/stack/keystone/keystone/server/flask/request_processing/req_logging.py:27}}
Jun 01 09:08:56.946852 n-d-844243-1 devstack@keystone.service[80868]: DEBUG keystone.server.flask.request_processing.req_logging [None req-17047c5d-d737-41bf-a653-480c30a47399 None None] SCRIPT_NAME: `/identity` {{(pid=80868) log_request_info /opt/stack/keystone/keystone/server/flask/request_processing/req_logging.py:28}}
Jun 01 09:08:56.947278 n-d-844243-1 devstack@keystone.service[80869]: DEBUG keystone.server.flask.request_processing.req_logging [None req-7e68d016-b6c1-4dcf-b80c-ba20687492c4 None None] SCRIPT_NAME: `/identity` {{(pid=80869) log_request_info /opt/stack/keystone/keystone/server/flask/request_processing/req_logging.py:28}}
Jun 01 09:08:56.947367 n-d-844243-1 devstack@keystone.service[80868]: DEBUG keystone.server.flask.request_processing.req_logging [None req-17047c5d-d737-41bf-a653-480c30a47399 None None] PATH_INFO: `/` {{(pid=80868) log_request_info /opt/stack/keystone/keystone/server/flask/request_processing/req_logging.py:29}}
Jun 01 09:08:56.947453 n-d-844243-1 devstack@keystone.service[80869]: DEBUG keystone.server.flask.request_processing.req_logging [None req-7e68d016-b6c1-4dcf-b80c-ba20687492c4 None None] PATH_INFO: `/` {{(pid=80869) log_request_info /opt/stack/keystone/keystone/server/flask/request_processing/req_logging.py:29}}
Jun 01 09:08:56.948104 n-d-844243-1 devstack@keystone.service[80869]: [pid: 80869|app: 0|req: 6/11] 10.222.0.13 () {54 vars in 926 bytes} [Wed Jun 1 09:08:56 2022] GET /identity => generated 270 bytes in 3 msecs (HTTP/1.1 300) 6 headers in 234 bytes (2 switches on core 0)
Jun 01 09:08:56.948243 n-d-844243-1 devstack@keystone.service[80868]: [pid: 80868|app: 0|req: 5/11] 10.222.0.13 () {54 vars in 926 bytes} [Wed Jun 1 09:08:56 2022] GET /identity => generated 270 bytes in 3 msecs (HTTP/1.1 300) 6 headers in 234 bytes (1 switches on core 0)
Jun 01 09:08:56.953114 n-d-844243-1 devstack@keystone.service[80868]: DEBUG keystone.server.flask.request_processing.req_logging [None req-5ca95b8c-2906-4c77-8a61-6686b220d437 None None] REQUEST_METHOD: `POST` {{(pid=80868) log_request_info /opt/stack/keystone/keystone/server/flask/request_processing/req_logging.py:27}}
Jun 01 09:08:56.953338 n-d-844243-1 devstack@keystone.service[80869]: DEBUG keystone.server.flask.request_processing.req_logging [None req-987fcb4f-f413-485a-9453-ca79d5e59f2a None None] REQUEST_METHOD: `POST` {{(pid=80869) log_request_info /opt/stack/keystone/keystone/server/flask/request_processing/req_logging.py:27}}
Jun 01 09:08:56.953449 n-d-844243-1 devstack@keystone.service[80868]: DEBUG keystone.server.flask.request_processing.req_logging [None req-5ca95b8c-2906-4c77-8a61-6686b220d437 None None] SCRIPT_NAME: `/identity` {{(pid=80868) log_request_info /opt/stack/keystone/keystone/server/flask/request_processing/req_logging.py:28}}
Jun 01 09:08:56.953627 n-d-844243-1 devstack@keystone.service[80869]: DEBUG keystone.server.flask.request_processing.req_logging [None req-987fcb4f-f413-485a-9453-ca79d5e59f2a None None] SCRIPT_NAME: `/identity` {{(pid=80869) log_request_info /opt/stack/keystone/keystone/server/flask/request_processing/req_logging.py:28}}
Jun 01 09:08:56.953727 n-d-844243-1 devstack@keystone.service[80868]: DEBUG keystone.server.flask.request_processing.req_logging [None req-5ca95b8c-2906-4c77-8a61-6686b220d437 None None] PATH_INFO: `/v3/auth/tokens` {{(pid=80868) log_request_info /opt/stack/keystone/keystone/server/flask/request_processing/req_logging.py:29}}
Jun 01 09:08:56.953905 n-d-844243-1 devstack@keystone.service[80869]: DEBUG keystone.server.flask.request_processing.req_logging [None req-987fcb4f-f413-485a-9453-ca79d5e59f2a None None] PATH_INFO: `/v3/auth/tokens` {{(pid=80869) log_request_info /opt/stack/keystone/keystone/server/flask/request_processing/req_logging.py:29}}
Jun 01 09:08:56.970707 n-d-844243-1 devstack@keystone.service[80869]: DEBUG keystone.auth.core [None req-987fcb4f-f413-485a-9453-ca79d5e59f2a None None] MFA Rules not processed for user `bd8e3707d62343d89a9be8175ee63f83`. Rule list: `[]` (Enabled: `True`). {{(pid=80869) check_auth_methods_against_rules /opt/stack/keystone/keystone/auth/core.py:438}}
Jun 01 09:08:56.971882 n-d-844243-1 devstack@keystone.service[80869]: DEBUG keystone.common.fernet_utils [None req-987fcb4f-f413-485a-9453-ca79d5e59f2a None None] Loaded 2 Fernet keys from /etc/keystone/fernet-keys/, but `[fernet_tokens] max_active_keys = 3`; perhaps there have not been enough key rotations to reach `max_active_keys` yet? {{(pid=80869) load_keys /opt/stack/keystone/keystone/common/fernet_utils.py:286}}
Jun 01 09:08:56.994688 n-d-844243-1 devstack@keystone.service[80868]: DEBUG passlib.handlers.bcrypt [None req-5ca95b8c-2906-4c77-8a61-6686b220d437 None None] detected 'bcrypt' backend, version '3.2.2' {{(pid=80868) _load_backend_mixin /usr/local/lib/python3.8/dist-packages/passlib/handlers/bcrypt.py:625}}
Jun 01 09:08:56.995109 n-d-844243-1 devstack@keystone.service[80868]: DEBUG passlib.handlers.bcrypt [None req-5ca95b8c-2906-4c77-8a61-6686b220d437 None None] 'bcrypt' backend lacks $2$ support, enabling workaround {{(pid=80868) _finalize_backend_mixin /usr/local/lib/python3.8/dist-packages/passlib/handlers/bcrypt.py:406}}
Jun 01 09:08:57.041723 n-d-844243-1 devstack@keystone.service[80868]: DEBUG keystone.auth.core [None req-5ca95b8c-2906-4c77-8a61-6686b220d437 None None] MFA Rules not processed for user `bd8e3707d62343d89a9be8175ee63f83`. Rule list: `[]` (Enabled: `True`). {{(pid=80868) check_auth_methods_against_rules /opt/stack/keystone/keystone/auth/core.py:438}}
Jun 01 09:08:57.043369 n-d-844243-1 devstack@keystone.service[80868]: DEBUG keystone.common.fernet_utils [None req-5ca95b8c-2906-4c77-8a61-6686b220d437 None None] Loaded 2 Fernet keys from /etc/keystone/fernet-keys/, but `[fernet_tokens] max_active_keys = 3`; perhaps there have not been enough key rotations to reach `max_active_keys` yet? {{(pid=80868) load_keys /opt/stack/keystone/keystone/common/fernet_utils.py:286}}
Jun 01 09:08:57.050944 n-d-844243-1 devstack@keystone.service[80869]: [pid: 80869|app: 0|req: 7/12] 10.222.0.13 () {58 vars in 1023 bytes} [Wed Jun 1 09:08:56 2022] POST /identity/v3/auth/tokens => generated 799 bytes in 98 msecs (HTTP/1.1 201) 6 headers in 363 bytes (2 switches on core 0)
Jun 01 09:08:57.073902 n-d-844243-1 devstack@keystone.service[80869]: DEBUG keystone.server.flask.request_processing.middleware.auth_context [None req-987fcb4f-f413-485a-9453-ca79d5e59f2a None None] Authenticating user token {{(pid=80869) process_request /usr/local/lib/python3.8/dist-packages/keystonemiddleware/auth_token/__init__.py:407}}
Jun 01 09:08:57.097030 n-d-844243-1 devstack@keystone.service[80869]: DEBUG dbcounter [-] [80869] Writing DB stats keystone:SELECT=100 {{(pid=80869) stat_writer /usr/local/lib/python3.8/dist-packages/dbcounter.py:114}}
Jun 01 09:08:57.142831 n-d-844243-1 devstack@keystone.service[80868]: [pid: 80868|app: 0|req: 6/13] 10.222.0.13 () {58 vars in 1023 bytes} [Wed Jun 1 09:08:56 2022] POST /identity/v3/auth/tokens => generated 799 bytes in 190 msecs (HTTP/1.1 201) 6 headers in 363 bytes (1 switches on core 0)
Jun 01 09:08:57.165408 n-d-844243-1 devstack@keystone.service[80868]: DEBUG keystone.server.flask.request_processing.middleware.auth_context [None req-5ca95b8c-2906-4c77-8a61-6686b220d437 None None] Authenticating user token {{(pid=80868) process_request /usr/local/lib/python3.8/dist-packages/keystonemiddleware/auth_token/__init__.py:407}}
Jun 01 09:08:57.177278 n-d-844243-1 devstack@keystone.service[80869]: DEBUG keystone.server.flask.request_processing.middleware.auth_context [None req-987fcb4f-f413-485a-9453-ca79d5e59f2a None None] Validating token access rules against request {{(pid=80869) validate_allowed_request /usr/local/lib/python3.8/dist-packages/keystonemiddleware/auth_token/__init__.py:545}}
Jun 01 09:08:57.217174 n-d-844243-1 devstack@keystone.service[80869]: DEBUG keystone.server.flask.request_processing.middleware.auth_context [None req-d5a1d7d0-0226-4dfe-8cf6-48e75a81368e None admin] RBAC: auth_context: {'token': , 'domain_id': None, 'trust_id': None, 'trustor_id': None, 'trustee_id': None, 'domain_name': None, 'group_ids': [], 'user_id': 'bd8e3707d62343d89a9be8175ee63f83', 'user_domain_id': 'default', 'system_scope': 'all', 'project_id': None, 'project_domain_id': None, 'roles': ['admin', 'member', 'reader'], 'is_admin_project': True, 'service_user_id': None, 'service_user_domain_id': None, 'service_project_id': None, 'service_project_domain_id': None, 'service_roles': []} {{(pid=80869) fill_context /opt/stack/keystone/keystone/server/flask/request_processing/middleware/auth_context.py:478}}
Jun 01 09:08:57.218463 n-d-844243-1 devstack@keystone.service[80869]: DEBUG keystone.server.flask.request_processing.req_logging [None req-d5a1d7d0-0226-4dfe-8cf6-48e75a81368e None admin] REQUEST_METHOD: `GET` {{(pid=80869) log_request_info /opt/stack/keystone/keystone/server/flask/request_processing/req_logging.py:27}}
Jun 01 09:08:57.218738 n-d-844243-1 devstack@keystone.service[80869]: DEBUG keystone.server.flask.request_processing.req_logging [None req-d5a1d7d0-0226-4dfe-8cf6-48e75a81368e None admin] SCRIPT_NAME: `/identity` {{(pid=80869) log_request_info /opt/stack/keystone/keystone/server/flask/request_processing/req_logging.py:28}}
Jun 01 09:08:57.219009 n-d-844243-1 devstack@keystone.service[80869]: DEBUG keystone.server.flask.request_processing.req_logging [None req-d5a1d7d0-0226-4dfe-8cf6-48e75a81368e None admin] PATH_INFO: `/v3/roles/admin` {{(pid=80869) log_request_info /opt/stack/keystone/keystone/server/flask/request_processing/req_logging.py:29}}
Jun 01 09:08:57.230103 n-d-844243-1 devstack@keystone.service[80869]: DEBUG keystone.common.rbac_enforcer.enforcer [None req-d5a1d7d0-0226-4dfe-8cf6-48e75a81368e None admin] Extracting inferred target data resulted in "NOT FOUND (404)". {{(pid=80869) enforce_call /opt/stack/keystone/keystone/common/rbac_enforcer/enforcer.py:409}}
Jun 01 09:08:57.241683 n-d-844243-1 devstack@keystone.service[80869]: ERROR keystone.server.flask.application [None req-d5a1d7d0-0226-4dfe-8cf6-48e75a81368e None admin] Could not find role: admin.: keystone.exception.RoleNotFound: Could not find role: admin.
Jun 01 09:08:57.241683 n-d-844243-1 devstack@keystone.service[80869]: ERROR keystone.server.flask.application
Traceback (most recent call last):
Jun 01 09:08:57.241683 n-d-844243-1 devstack@keystone.service[80869]: ERROR keystone.server.flask.application
File "/usr/local/lib/python3.8/dist-packages/flask/app.py", line 1523, in full_dispatch_request
Jun 01 09:08:57.241683 n-d-844243-1 devstack@keystone.service[80869]: ERROR keystone.server.flask.application rv = self.dispatch_request()
Jun 01 09:08:57.241683 n-d-844243-1 devstack@keystone.service[80869]: ERROR keystone.server.flask.application
File "/usr/local/lib/python3.8/dist-packages/flask/app.py", line 1509, in dispatch_request
Jun 01 09:08:57.241683 n-d-844243-1 devstack@keystone.service[80869]: ERROR keystone.server.flask.application return self.ensure_sync(self.view_functions[rule.endpoint])(**req.view_args)
Jun 01 09:08:57.241683 n-d-844243-1 devstack@keystone.service[80869]: ERROR keystone.server.flask.application
File "/usr/local/lib/python3.8/dist-packages/flask_restful/__init__.py", line 467, in wrapper
Jun 01 09:08:57.241683 n-d-844243-1 devstack@keystone.service[80869]: ERROR keystone.server.flask.application resp = resource(*args, **kwargs)
Jun 01 09:08:57.241683 n-d-844243-1 devstack@keystone.service[80869]: ERROR keystone.server.flask.application
File "/usr/local/lib/python3.8/dist-packages/flask/views.py", line 84, in view
Jun 01 09:08:57.241683 n-d-844243-1 devstack@keystone.service[80869]: ERROR keystone.server.flask.application return current_app.ensure_sync(self.dispatch_request)(*args, **kwargs)
Jun 01 09:08:57.241683 n-d-844243-1 devstack@keystone.service[80869]: ERROR keystone.server.flask.application
File "/usr/local/lib/python3.8/dist-packages/flask_restful/__init__.py", line 582, in dispatch_request
Jun 01 09:08:57.241683 n-d-844243-1 devstack@keystone.service[80869]: ERROR keystone.server.flask.application resp = meth(*args, **kwargs)
Jun 01 09:08:57.241683 n-d-844243-1 devstack@keystone.service[80869]: ERROR keystone.server.flask.application
File "/opt/stack/keystone/keystone/api/roles.py", line 50, in get
Jun 01 09:08:57.241683 n-d-844243-1 devstack@keystone.service[80869]: ERROR keystone.server.flask.application return self._get_role(role_id)
Jun 01 09:08:57.241683 n-d-844243-1 devstack@keystone.service[80869]: ERROR keystone.server.flask.application
File "/opt/stack/keystone/keystone/api/roles.py", line 70, in _get_role
Jun 01 09:08:57.241683 n-d-844243-1 devstack@keystone.service[80869]: ERROR keystone.server.flask.application ENFORCER.enforce_call(action='identity:get_role')
Jun 01 09:08:57.242763 n-d-844243-1 devstack@keystone.service[80869]: ERROR keystone.server.flask.application
File "/opt/stack/keystone/keystone/common/rbac_enforcer/enforcer.py", line 402, in enforce_call
Jun 01 09:08:57.242763 n-d-844243-1 devstack@keystone.service[80869]: ERROR keystone.server.flask.application policy_dict.update(cls._extract_member_target_data(
Jun 01 09:08:57.242763 n-d-844243-1 devstack@keystone.service[80869]: ERROR keystone.server.flask.application
File "/opt/stack/keystone/keystone/common/rbac_enforcer/enforcer.py", line 234, in _extract_member_target_data
Jun 01 09:08:57.242763 n-d-844243-1 devstack@keystone.service[80869]: ERROR keystone.server.flask.application member_name: func(flask.request.view_args[key])
Jun 01 09:08:57.242763 n-d-844243-1 devstack@keystone.service[80869]: ERROR keystone.server.flask.application
File "/opt/stack/keystone/keystone/common/manager.py", line 115, in wrapped
Jun 01 09:08:57.242763 n-d-844243-1 devstack@keystone.service[80869]: ERROR keystone.server.flask.application __ret_val = __f(*args, **kwargs)
Jun 01 09:08:57.242763 n-d-844243-1 devstack@keystone.service[80869]: ERROR keystone.server.flask.application
File "/usr/local/lib/python3.8/dist-packages/decorator.py", line 232, in fun
Jun 01 09:08:57.242763 n-d-844243-1 devstack@keystone.service[80869]: ERROR keystone.server.flask.application return caller(func, *(extras + args), **kw)
Jun 01 09:08:57.242763 n-d-844243-1 devstack@keystone.service[80869]: ERROR keystone.server.flask.application
File "/usr/local/lib/python3.8/dist-packages/dogpile/cache/region.py", line 1577, in get_or_create_for_user_func
Jun 01 09:08:57.242763 n-d-844243-1 devstack@keystone.service[80869]: ERROR keystone.server.flask.application return self.get_or_create(
Jun 01 09:08:57.242763 n-d-844243-1 devstack@keystone.service[80869]: ERROR keystone.server.flask.application
File "/usr/local/lib/python3.8/dist-packages/dogpile/cache/region.py", line 1042, in get_or_create
Jun 01 09:08:57.242763 n-d-844243-1 devstack@keystone.service[80869]: ERROR keystone.server.flask.application with Lock(
Jun 01 09:08:57.242763 n-d-844243-1 devstack@keystone.service[80869]: ERROR keystone.server.flask.application
File "/usr/local/lib/python3.8/dist-packages/dogpile/lock.py", line 185, in __enter__
Jun 01 09:08:57.242763 n-d-844243-1 devstack@keystone.service[80869]: ERROR keystone.server.flask.application return self._enter()
Jun 01 09:08:57.242763 n-d-844243-1 devstack@keystone.service[80869]: ERROR keystone.server.flask.application
File "/usr/local/lib/python3.8/dist-packages/dogpile/lock.py", line 94, in _enter
Jun 01 09:08:57.242763 n-d-844243-1 devstack@keystone.service[80869]: ERROR keystone.server.flask.application generated = self._enter_create(value, createdtime)
Jun 01 09:08:57.243674 n-d-844243-1 devstack@keystone.service[80869]: ERROR keystone.server.flask.application
File "/usr/local/lib/python3.8/dist-packages/dogpile/lock.py", line 178, in _enter_create
Jun 01 09:08:57.243674 n-d-844243-1 devstack@keystone.service[80869]: ERROR keystone.server.flask.application return self.creator()
Jun 01 09:08:57.243674 n-d-844243-1 devstack@keystone.service[80869]: ERROR keystone.server.flask.application
File "/usr/local/lib/python3.8/dist-packages/dogpile/cache/region.py", line 995, in gen_value
Jun 01 09:08:57.243674 n-d-844243-1 devstack@keystone.service[80869]: ERROR keystone.server.flask.application created_value = creator(
Jun 01 09:08:57.243674 n-d-844243-1 devstack@keystone.service[80869]: ERROR keystone.server.flask.application
File "/opt/stack/keystone/keystone/assignment/core.py", line 1276, in get_role
Jun 01 09:08:57.243674 n-d-844243-1 devstack@keystone.service[80869]: ERROR keystone.server.flask.application return self.driver.get_role(role_id)
Jun 01 09:08:57.243674 n-d-844243-1 devstack@keystone.service[80869]: ERROR keystone.server.flask.application
File "/opt/stack/keystone/keystone/assignment/role_backends/sql.py", line 70, in get_role
Jun 01 09:08:57.243674 n-d-844243-1 devstack@keystone.service[80869]: ERROR keystone.server.flask.application return self._get_role(session, role_id).to_dict()
Jun 01 09:08:57.243674 n-d-844243-1 devstack@keystone.service[80869]: ERROR keystone.server.flask.application
File "/opt/stack/keystone/keystone/assignment/role_backends/sql.py", line 65, in _get_role
Jun 01 09:08:57.243674 n-d-844243-1 devstack@keystone.service[80869]: ERROR keystone.server.flask.application raise exception.RoleNotFound(role_id=role_id)
Jun 01 09:08:57.243674 n-d-844243-1 devstack@keystone.service[80869]: ERROR keystone.server.flask.application keystone.exception.RoleNotFound: Could not find role: admin.
Jun 01 09:08:57.243674 n-d-844243-1 devstack@keystone.service[80869]: ERROR keystone.server.flask.application
Jun 01 09:08:57.243674 n-d-844243-1 devstack@keystone.service[80869]: [pid: 80869|app: 0|req: 8/14] 10.222.0.13 () {56 vars in 1096 bytes} [Wed Jun 1 09:08:57 2022] GET /identity/v3/roles/admin => generated 83 bytes in 170 msecs (HTTP/1.1 404) 5 headers in 183 bytes (2 switches on core 0)
Jun 01 09:08:57.248867 n-d-844243-1 devstack@keystone.service[80869]: DEBUG keystone.server.flask.request_processing.middleware.auth_context [None req-d5a1d7d0-0226-4dfe-8cf6-48e75a81368e None admin] Authenticating user token {{(pid=80869) process_request /usr/local/lib/python3.8/dist-packages/keystonemiddleware/auth_token/__init__.py:407}}
Jun 01 09:08:57.266983 n-d-844243-1 devstack@keystone.service[80868]: DEBUG keystone.server.flask.request_processing.middleware.auth_context [None req-5ca95b8c-2906-4c77-8a61-6686b220d437 None None] Validating token access rules against request {{(pid=80868) validate_allowed_request /usr/local/lib/python3.8/dist-packages/keystonemiddleware/auth_token/__init__.py:545}}
Jun 01 09:08:57.269339 n-d-844243-1 devstack@keystone.service[80868]: DEBUG dbcounter [-] [80868] Writing DB stats keystone:SELECT=100 {{(pid=80868) stat_writer /usr/local/lib/python3.8/dist-packages/dbcounter.py:114}}
Jun 01 09:08:57.304896 n-d-844243-1 devstack@keystone.service[80868]: DEBUG keystone.server.flask.request_processing.middleware.auth_context [None req-b111a010-ec77-44de-8c57-148a0d91a2f7 None admin] RBAC: auth_context: {'token': , 'domain_id': None, 'trust_id': None, 'trustor_id': None, 'trustee_id': None, 'domain_name': None, 'group_ids': [], 'user_id': 'bd8e3707d62343d89a9be8175ee63f83', 'user_domain_id': 'default', 'system_scope': 'all', 'project_id': None, 'project_domain_id': None, 'roles': ['admin', 'member', 'reader'], 'is_admin_project': True, 'service_user_id': None, 'service_user_domain_id': None, 'service_project_id': None, 'service_project_domain_id': None, 'service_roles': []} {{(pid=80868) fill_context /opt/stack/keystone/keystone/server/flask/request_processing/middleware/auth_context.py:478}}
Jun 01 09:08:57.305798 n-d-844243-1 devstack@keystone.service[80868]: DEBUG keystone.server.flask.request_processing.req_logging [None req-b111a010-ec77-44de-8c57-148a0d91a2f7 None admin] REQUEST_METHOD: `GET` {{(pid=80868) log_request_info /opt/stack/keystone/keystone/server/flask/request_processing/req_logging.py:27}}
Jun 01 09:08:57.306114 n-d-844243-1 devstack@keystone.service[80868]: DEBUG keystone.server.flask.request_processing.req_logging [None req-b111a010-ec77-44de-8c57-148a0d91a2f7 None admin] SCRIPT_NAME: `/identity` {{(pid=80868) log_request_info /opt/stack/keystone/keystone/server/flask/request_processing/req_logging.py:28}}
Jun 01 09:08:57.306395 n-d-844243-1 devstack@keystone.service[80868]: DEBUG keystone.server.flask.request_processing.req_logging [None req-b111a010-ec77-44de-8c57-148a0d91a2f7 None admin] PATH_INFO: `/v3/auth/tokens` {{(pid=80868) log_request_info /opt/stack/keystone/keystone/server/flask/request_processing/req_logging.py:29}}
Jun 01 09:08:57.330243 n-d-844243-1 devstack@keystone.service[80869]: DEBUG dbcounter [-] [80869] Writing DB stats keystone:SELECT=100 {{(pid=80869) stat_writer /usr/local/lib/python3.8/dist-packages/dbcounter.py:114}}
Jun 01 09:08:57.347963 n-d-844243-1 devstack@keystone.service[80869]: DEBUG keystone.server.flask.request_processing.middleware.auth_context [None req-d5a1d7d0-0226-4dfe-8cf6-48e75a81368e None admin] Validating token access rules against request {{(pid=80869) validate_allowed_request /usr/local/lib/python3.8/dist-packages/keystonemiddleware/auth_token/__init__.py:545}}
Jun 01 09:08:57.372872 n-d-844243-1 devstack@keystone.service[80868]: DEBUG keystone.common.rbac_enforcer.enforcer [None req-b111a010-ec77-44de-8c57-148a0d91a2f7 None admin] RBAC: Authorizing `identity:validate_token()` {{(pid=80868) enforce_call /opt/stack/keystone/keystone/common/rbac_enforcer/enforcer.py:449}}
Jun 01 09:08:57.374435 n-d-844243-1 devstack@keystone.service[80868]: DEBUG keystone.common.rbac_enforcer.enforcer [None req-b111a010-ec77-44de-8c57-148a0d91a2f7 None admin] RBAC: Authorization granted {{(pid=80868) enforce_call /opt/stack/keystone/keystone/common/rbac_enforcer/enforcer.py:457}}
Jun 01 09:08:57.382105 n-d-844243-1 devstack@keystone.service[80869]: DEBUG keystone.server.flask.request_processing.middleware.auth_context [None req-05d52256-3425-413b-a971-f2617fea070e None admin] RBAC: auth_context: {'token': , 'domain_id': None, 'trust_id': None, 'trustor_id': None, 'trustee_id': None, 'domain_name': None, 'group_ids': [], 'user_id': 'bd8e3707d62343d89a9be8175ee63f83', 'user_domain_id': 'default', 'system_scope': 'all', 'project_id': None, 'project_domain_id': None, 'roles': ['admin', 'member', 'reader'], 'is_admin_project': True, 'service_user_id': None, 'service_user_domain_id': None, 'service_project_id': None, 'service_project_domain_id': None, 'service_roles': []} {{(pid=80869) fill_context /opt/stack/keystone/keystone/server/flask/request_processing/middleware/auth_context.py:478}}
Jun 01 09:08:57.382776 n-d-844243-1 devstack@keystone.service[80869]: DEBUG keystone.server.flask.request_processing.req_logging [None req-05d52256-3425-413b-a971-f2617fea070e None admin] REQUEST_METHOD: `GET` {{(pid=80869) log_request_info /opt/stack/keystone/keystone/server/flask/request_processing/req_logging.py:27}}
Jun 01 09:08:57.383059 n-d-844243-1 devstack@keystone.service[80869]: DEBUG keystone.server.flask.request_processing.req_logging [None req-05d52256-3425-413b-a971-f2617fea070e None admin] SCRIPT_NAME: `/identity` {{(pid=80869) log_request_info /opt/stack/keystone/keystone/server/flask/request_processing/req_logging.py:28}}
Jun 01 09:08:57.383336 n-d-844243-1 devstack@keystone.service[80869]: DEBUG keystone.server.flask.request_processing.req_logging [None req-05d52256-3425-413b-a971-f2617fea070e None admin] PATH_INFO: `/v3/roles` {{(pid=80869) log_request_info /opt/stack/keystone/keystone/server/flask/request_processing/req_logging.py:29}}
Jun 01 09:08:57.384085 n-d-844243-1 devstack@keystone.service[80869]: DEBUG keystone.common.rbac_enforcer.enforcer [None req-05d52256-3425-413b-a971-f2617fea070e None admin] RBAC: Adding query filter params (name=admin) {{(pid=80869) _extract_filter_values /opt/stack/keystone/keystone/common/rbac_enforcer/enforcer.py:167}}
Jun 01 09:08:57.384393 n-d-844243-1 devstack@keystone.service[80869]: DEBUG keystone.common.rbac_enforcer.enforcer [None req-05d52256-3425-413b-a971-f2617fea070e None admin] RBAC: Authorizing `identity:list_roles()` {{(pid=80869) enforce_call /opt/stack/keystone/keystone/common/rbac_enforcer/enforcer.py:449}}
Jun 01 09:08:57.385778 n-d-844243-1 devstack@keystone.service[80869]: DEBUG keystone.common.rbac_enforcer.enforcer [None req-05d52256-3425-413b-a971-f2617fea070e None admin] RBAC: Authorization granted {{(pid=80869) enforce_call /opt/stack/keystone/keystone/common/rbac_enforcer/enforcer.py:457}}
Jun 01 09:08:57.399127 n-d-844243-1 devstack@keystone.service[80869]: [pid: 80869|app: 0|req: 9/15] 10.222.0.13 () {56 vars in 1099 bytes} [Wed Jun 1 09:08:57 2022] GET /identity/v3/roles?name=admin => generated 339 bytes in 151 msecs (HTTP/1.1 200) 5 headers in 177 bytes (2 switches on core 0)
Jun 01 09:08:57.404585 n-d-844243-1 devstack@keystone.service[80869]: DEBUG keystone.server.flask.request_processing.middleware.auth_context [None req-05d52256-3425-413b-a971-f2617fea070e None admin] Authenticating user token {{(pid=80869) process_request /usr/local/lib/python3.8/dist-packages/keystonemiddleware/auth_token/__init__.py:407}}
Jun 01 09:08:57.473018 n-d-844243-1 devstack@keystone.service[80868]: [pid: 80868|app: 0|req: 7/16] 10.222.0.13 () {58 vars in 1282 bytes} [Wed Jun 1 09:08:57 2022] GET /identity/v3/auth/tokens => generated 799 bytes in 308 msecs (HTTP/1.1 200) 6 headers in 358 bytes (2 switches on core 0)
Jun 01 09:08:57.478840 n-d-844243-1 devstack@keystone.service[80868]: DEBUG keystone.server.flask.request_processing.middleware.auth_context [None req-b111a010-ec77-44de-8c57-148a0d91a2f7 None admin] Authenticating user token {{(pid=80868) process_request /usr/local/lib/python3.8/dist-packages/keystonemiddleware/auth_token/__init__.py:407}}
Jun 01 09:08:57.481799 n-d-844243-1 devstack@keystone.service[80868]: DEBUG dbcounter [-] [80868] Writing DB stats keystone:SELECT=100 {{(pid=80868) stat_writer /usr/local/lib/python3.8/dist-packages/dbcounter.py:114}}
Jun 01 09:08:57.501610 n-d-844243-1 devstack@keystone.service[80869]: DEBUG keystone.server.flask.request_processing.middleware.auth_context [None req-05d52256-3425-413b-a971-f2617fea070e None admin] Validating token access rules against request {{(pid=80869) validate_allowed_request /usr/local/lib/python3.8/dist-packages/keystonemiddleware/auth_token/__init__.py:545}}
Jun 01 09:08:57.536001 n-d-844243-1 devstack@keystone.service[80869]: DEBUG keystone.server.flask.request_processing.middleware.auth_context [None req-14e7babe-0324-42e1-a1a8-2f182f1427a8 None admin] RBAC: auth_context: {'token': , 'domain_id': None, 'trust_id': None, 'trustor_id': None, 'trustee_id': None, 'domain_name': None, 'group_ids': [], 'user_id': 'bd8e3707d62343d89a9be8175ee63f83', 'user_domain_id': 'default', 'system_scope': 'all', 'project_id': None, 'project_domain_id': None, 'roles': ['admin', 'member', 'reader'], 'is_admin_project': True, 'service_user_id': None, 'service_user_domain_id': None, 'service_project_id': None, 'service_project_domain_id': None, 'service_roles': []} {{(pid=80869) fill_context /opt/stack/keystone/keystone/server/flask/request_processing/middleware/auth_context.py:478}}
Jun 01 09:08:57.536873 n-d-844243-1 devstack@keystone.service[80869]: DEBUG keystone.server.flask.request_processing.req_logging [None req-14e7babe-0324-42e1-a1a8-2f182f1427a8 None admin] REQUEST_METHOD: `GET` {{(pid=80869) log_request_info /opt/stack/keystone/keystone/server/flask/request_processing/req_logging.py:27}}
Jun 01 09:08:57.537165 n-d-844243-1 devstack@keystone.service[80869]: DEBUG keystone.server.flask.request_processing.req_logging [None req-14e7babe-0324-42e1-a1a8-2f182f1427a8 None admin] SCRIPT_NAME: `/identity` {{(pid=80869) log_request_info /opt/stack/keystone/keystone/server/flask/request_processing/req_logging.py:28}}
Jun 01 09:08:57.537433 n-d-844243-1 devstack@keystone.service[80869]: DEBUG keystone.server.flask.request_processing.req_logging [None req-14e7babe-0324-42e1-a1a8-2f182f1427a8 None admin] PATH_INFO: `/v3/users/bd8e3707d62343d89a9be8175ee63f83` {{(pid=80869) log_request_info /opt/stack/keystone/keystone/server/flask/request_processing/req_logging.py:29}}
Jun 01 09:08:57.538655 n-d-844243-1 devstack@keystone.service[80869]: DEBUG keystone.common.rbac_enforcer.enforcer [None req-14e7babe-0324-42e1-a1a8-2f182f1427a8 None admin] RBAC: Authorizing `identity:get_user(user_id=bd8e3707d62343d89a9be8175ee63f83)` {{(pid=80869) enforce_call /opt/stack/keystone/keystone/common/rbac_enforcer/enforcer.py:449}}
Jun 01 09:08:57.540119 n-d-844243-1 devstack@keystone.service[80869]: DEBUG keystone.common.rbac_enforcer.enforcer [None req-14e7babe-0324-42e1-a1a8-2f182f1427a8 None admin] RBAC: Authorization granted {{(pid=80869) enforce_call /opt/stack/keystone/keystone/common/rbac_enforcer/enforcer.py:457}}
Jun 01 09:08:57.541721 n-d-844243-1 devstack@keystone.service[80869]: [pid: 80869|app: 0|req: 10/17] 10.222.0.13 () {56 vars in 1177 bytes} [Wed Jun 1 09:08:57 2022] GET /identity/v3/users/bd8e3707d62343d89a9be8175ee63f83 => generated 247 bytes in 137 msecs (HTTP/1.1 200) 5 headers in 177 bytes (2 switches on core 0)
Jun 01 09:08:57.547052 n-d-844243-1 devstack@keystone.service[80869]: DEBUG keystone.server.flask.request_processing.middleware.auth_context [None req-14e7babe-0324-42e1-a1a8-2f182f1427a8 None admin] Authenticating user token {{(pid=80869) process_request /usr/local/lib/python3.8/dist-packages/keystonemiddleware/auth_token/__init__.py:407}}
Jun 01 09:08:57.561517 n-d-844243-1 devstack@keystone.service[80869]: DEBUG dbcounter [-] [80869] Writing DB stats keystone:SELECT=100 {{(pid=80869) stat_writer /usr/local/lib/python3.8/dist-packages/dbcounter.py:114}}
Jun 01 09:08:57.575473 n-d-844243-1 devstack@keystone.service[80868]: DEBUG keystone.server.flask.request_processing.middleware.auth_context [None req-b111a010-ec77-44de-8c57-148a0d91a2f7 None admin] Validating token access rules against request {{(pid=80868) validate_allowed_request /usr/local/lib/python3.8/dist-packages/keystonemiddleware/auth_token/__init__.py:545}}
Jun 01 09:08:57.610015 n-d-844243-1 devstack@keystone.service[80868]: DEBUG keystone.server.flask.request_processing.middleware.auth_context [None req-a8f5bfed-616e-448f-a0e7-28a61257d861 None admin] RBAC: auth_context: {'token': , 'domain_id': None, 'trust_id': None, 'trustor_id': None, 'trustee_id': None, 'domain_name': None, 'group_ids': [], 'user_id': 'bd8e3707d62343d89a9be8175ee63f83', 'user_domain_id': 'default', 'system_scope': 'all', 'project_id': None, 'project_domain_id': None, 'roles': ['admin', 'member', 'reader'], 'is_admin_project': True, 'service_user_id': None, 'service_user_domain_id': None, 'service_project_id': None, 'service_project_domain_id': None, 'service_roles': []} {{(pid=80868) fill_context /opt/stack/keystone/keystone/server/flask/request_processing/middleware/auth_context.py:478}}
Jun 01 09:08:57.610819 n-d-844243-1 devstack@keystone.service[80868]: DEBUG keystone.server.flask.request_processing.req_logging [None req-a8f5bfed-616e-448f-a0e7-28a61257d861 None admin] REQUEST_METHOD: `GET` {{(pid=80868) log_request_info /opt/stack/keystone/keystone/server/flask/request_processing/req_logging.py:27}}
Jun 01 09:08:57.611099 n-d-844243-1 devstack@keystone.service[80868]: DEBUG keystone.server.flask.request_processing.req_logging [None req-a8f5bfed-616e-448f-a0e7-28a61257d861 None admin] SCRIPT_NAME: `/identity` {{(pid=80868) log_request_info /opt/stack/keystone/keystone/server/flask/request_processing/req_logging.py:28}}
Jun 01 09:08:57.611375 n-d-844243-1 devstack@keystone.service[80868]: DEBUG keystone.server.flask.request_processing.req_logging [None req-a8f5bfed-616e-448f-a0e7-28a61257d861 None admin] PATH_INFO: `/v3/domains/Default` {{(pid=80868) log_request_info /opt/stack/keystone/keystone/server/flask/request_processing/req_logging.py:29}}
