May 30 18:12:44.491672 n-d-843938-1 devstack@placement-api.service[104147]: DEBUG placement.requestlog [req-8775ee42-87a1-442b-aa66-3576838550c3 req-e1ee1006-e0a3-4cc6-834c-09efb68ed02c None None] Starting request: 10.222.0.40 "GET /placement/allocations/7ee01968-5793-46d9-8fb8-37eceb89b893" {{(pid=104147) __call__ /opt/stack/placement/placement/requestlog.py:55}}
May 30 18:12:44.507230 n-d-843938-1 devstack@placement-api.service[104147]: INFO placement.requestlog [req-8775ee42-87a1-442b-aa66-3576838550c3 req-e1ee1006-e0a3-4cc6-834c-09efb68ed02c service placement] 10.222.0.40 "GET /placement/allocations/7ee01968-5793-46d9-8fb8-37eceb89b893" status: 200 len: 259 microversion: 1.28
May 30 18:12:44.507741 n-d-843938-1 devstack@placement-api.service[104147]: [pid: 104147|app: 0|req: 148/291] 10.222.0.40 () {60 vars in 1377 bytes} [Mon May 30 18:12:44 2022] GET /placement/allocations/7ee01968-5793-46d9-8fb8-37eceb89b893 => generated 259 bytes in 16 msecs (HTTP/1.1 200) 8 headers in 296 bytes (2 switches on core 0)
May 30 18:12:51.943250 n-d-843938-1 devstack@placement-api.service[104148]: DEBUG placement.requestlog [req-b623537c-7e07-4710-bdf0-6344e2c8db87 req-48a71e2b-cf37-4603-bd62-724408b72d62 None None] Starting request: 10.222.0.41 "GET /placement/allocation_candidates?limit=1000&resources=DISK_GB%3A1%2CMEMORY_MB%3A1024%2CVCPU%3A1&root_required=%21COMPUTE_STATUS_DISABLED" {{(pid=104148) __call__ /opt/stack/placement/placement/requestlog.py:55}}
May 30 18:12:51.988482 n-d-843938-1 devstack@placement-api.service[104148]: DEBUG placement.objects.research_context [req-b623537c-7e07-4710-bdf0-6344e2c8db87 req-48a71e2b-cf37-4603-bd62-724408b72d62 service placement] getting providers with 1 DISK_GB {{(pid=104148) __init__ /opt/stack/placement/placement/objects/research_context.py:126}}
May 30 18:12:52.010186 n-d-843938-1 devstack@placement-api.service[104148]: DEBUG placement.objects.research_context [req-b623537c-7e07-4710-bdf0-6344e2c8db87 req-48a71e2b-cf37-4603-bd62-724408b72d62 service placement] getting providers with 1024 MEMORY_MB {{(pid=104148) __init__ /opt/stack/placement/placement/objects/research_context.py:126}}
May 30 18:12:52.031906 n-d-843938-1 devstack@placement-api.service[104148]: DEBUG placement.objects.research_context [req-b623537c-7e07-4710-bdf0-6344e2c8db87 req-48a71e2b-cf37-4603-bd62-724408b72d62 service placement] getting providers with 1 VCPU {{(pid=104148) __init__ /opt/stack/placement/placement/objects/research_context.py:126}}
May 30 18:12:52.047697 n-d-843938-1 devstack@placement-api.service[104148]: DEBUG placement.objects.research_context [req-b623537c-7e07-4710-bdf0-6344e2c8db87 req-48a71e2b-cf37-4603-bd62-724408b72d62 service placement] found 2 providers with available 1 DISK_GB {{(pid=104148) get_provider_ids_matching /opt/stack/placement/placement/objects/research_context.py:549}}
May 30 18:12:52.047980 n-d-843938-1 devstack@placement-api.service[104148]: DEBUG placement.objects.research_context [req-b623537c-7e07-4710-bdf0-6344e2c8db87 req-48a71e2b-cf37-4603-bd62-724408b72d62 service placement] found 2 providers with available 1024 MEMORY_MB {{(pid=104148) get_provider_ids_matching /opt/stack/placement/placement/objects/research_context.py:549}}
May 30 18:12:52.048255 n-d-843938-1 devstack@placement-api.service[104148]: DEBUG placement.objects.research_context [req-b623537c-7e07-4710-bdf0-6344e2c8db87 req-48a71e2b-cf37-4603-bd62-724408b72d62 service placement] found 2 providers after filtering by previous result {{(pid=104148) get_provider_ids_matching /opt/stack/placement/placement/objects/research_context.py:580}}
May 30 18:12:52.048651 n-d-843938-1 devstack@placement-api.service[104148]: DEBUG placement.objects.research_context [req-b623537c-7e07-4710-bdf0-6344e2c8db87 req-48a71e2b-cf37-4603-bd62-724408b72d62 service placement] found 2 providers with available 1 VCPU {{(pid=104148) get_provider_ids_matching /opt/stack/placement/placement/objects/research_context.py:549}}
May 30 18:12:52.048924 n-d-843938-1 devstack@placement-api.service[104148]: DEBUG placement.objects.research_context [req-b623537c-7e07-4710-bdf0-6344e2c8db87 req-48a71e2b-cf37-4603-bd62-724408b72d62 service placement] found 2 providers after filtering by previous result {{(pid=104148) get_provider_ids_matching /opt/stack/placement/placement/objects/research_context.py:580}}
May 30 18:12:52.065333 n-d-843938-1 devstack@placement-api.service[104148]: DEBUG placement.objects.allocation_candidate [req-b623537c-7e07-4710-bdf0-6344e2c8db87 req-48a71e2b-cf37-4603-bd62-724408b72d62 service placement] RequestGroup(use_same_provider=False, resources={DISK_GB:1, MEMORY_MB:1024, VCPU:1}, traits=[], aggregates=[]) (suffix '') returned 2 matches {{(pid=104148) _get_by_requests /opt/stack/placement/placement/objects/allocation_candidate.py:145}}
May 30 18:12:52.065709 n-d-843938-1 devstack@placement-api.service[104148]: DEBUG placement.objects.allocation_candidate [req-b623537c-7e07-4710-bdf0-6344e2c8db87 req-48a71e2b-cf37-4603-bd62-724408b72d62 service placement] Merging candidates yields 2 allocation requests and 2 provider summaries {{(pid=104148) _merge_candidates /opt/stack/placement/placement/objects/allocation_candidate.py:783}}
May 30 18:12:52.072346 n-d-843938-1 devstack@placement-api.service[104148]: INFO placement.requestlog [req-b623537c-7e07-4710-bdf0-6344e2c8db87 req-48a71e2b-cf37-4603-bd62-724408b72d62 service placement] 10.222.0.41 "GET /placement/allocation_candidates?limit=1000&resources=DISK_GB%3A1%2CMEMORY_MB%3A1024%2CVCPU%3A1&root_required=%21COMPUTE_STATUS_DISABLED" status: 200 len: 1311 microversion: 1.36
May 30 18:12:52.076020 n-d-843938-1 devstack@placement-api.service[104148]: [pid: 104148|app: 0|req: 144/292] 10.222.0.41 () {60 vars in 1506 bytes} [Mon May 30 18:12:51 2022] GET /placement/allocation_candidates?limit=1000&resources=DISK_GB%3A1%2CMEMORY_MB%3A1024%2CVCPU%3A1&root_required=%21COMPUTE_STATUS_DISABLED => generated 1311 bytes in 131 msecs (HTTP/1.1 200) 8 headers in 297 bytes (1 switches on core 0)
May 30 18:12:52.132666 n-d-843938-1 devstack@placement-api.service[104147]: DEBUG placement.requestlog [req-b623537c-7e07-4710-bdf0-6344e2c8db87 req-7c46e60f-2d6c-42c8-ab57-e264f052ecac None None] Starting request: 10.222.0.41 "GET /placement/allocations/c4fdef4a-2eb3-4c55-b007-3e5258b6ddd4" {{(pid=104147) __call__ /opt/stack/placement/placement/requestlog.py:55}}
May 30 18:12:52.145170 n-d-843938-1 devstack@placement-api.service[104147]: INFO placement.requestlog [req-b623537c-7e07-4710-bdf0-6344e2c8db87 req-7c46e60f-2d6c-42c8-ab57-e264f052ecac service placement] 10.222.0.41 "GET /placement/allocations/c4fdef4a-2eb3-4c55-b007-3e5258b6ddd4" status: 200 len: 19 microversion: 1.28
May 30 18:12:52.145864 n-d-843938-1 devstack@placement-api.service[104147]: [pid: 104147|app: 0|req: 149/293] 10.222.0.41 () {60 vars in 1380 bytes} [Mon May 30 18:12:52 2022] GET /placement/allocations/c4fdef4a-2eb3-4c55-b007-3e5258b6ddd4 => generated 19 bytes in 13 msecs (HTTP/1.1 200) 8 headers in 295 bytes (1 switches on core 0)
May 30 18:12:52.152418 n-d-843938-1 devstack@placement-api.service[104148]: DEBUG placement.requestlog [req-b623537c-7e07-4710-bdf0-6344e2c8db87 req-d4c25da2-481c-467e-b860-ed5e5b72ee9f None None] Starting request: 10.222.0.41 "PUT /placement/allocations/c4fdef4a-2eb3-4c55-b007-3e5258b6ddd4" {{(pid=104148) __call__ /opt/stack/placement/placement/requestlog.py:55}}
May 30 18:12:52.329437 n-d-843938-1 devstack@placement-api.service[104148]: DEBUG placement.handlers.allocation [req-b623537c-7e07-4710-bdf0-6344e2c8db87 req-d4c25da2-481c-467e-b860-ed5e5b72ee9f service placement] Successfully wrote allocations [, , ] {{(pid=104148) _update_consumers_and_create_allocations /opt/stack/placement/placement/handlers/allocation.py:462}}
May 30 18:12:52.459997 n-d-843938-1 devstack@placement-api.service[104148]: INFO placement.requestlog [req-b623537c-7e07-4710-bdf0-6344e2c8db87 req-d4c25da2-481c-467e-b860-ed5e5b72ee9f service placement] 10.222.0.41 "PUT /placement/allocations/c4fdef4a-2eb3-4c55-b007-3e5258b6ddd4" status: 204 len: 0 microversion: 1.36
May 30 18:12:52.460309 n-d-843938-1 devstack@placement-api.service[104148]: [pid: 104148|app: 0|req: 145/294] 10.222.0.41 () {64 vars in 1433 bytes} [Mon May 30 18:12:52 2022] PUT /placement/allocations/c4fdef4a-2eb3-4c55-b007-3e5258b6ddd4 => generated 0 bytes in 308 msecs (HTTP/1.1 204) 5 headers in 199 bytes (1 switches on core 0)
May 30 18:12:53.675086 n-d-843938-1 devstack@placement-api.service[104147]: DEBUG placement.requestlog [req-b623537c-7e07-4710-bdf0-6344e2c8db87 req-37ccec61-f7bc-4816-a0d8-bda6170e6463 None None] Starting request: 10.222.0.39 "GET /placement/allocations/c4fdef4a-2eb3-4c55-b007-3e5258b6ddd4" {{(pid=104147) __call__ /opt/stack/placement/placement/requestlog.py:55}}
May 30 18:12:53.703367 n-d-843938-1 devstack@placement-api.service[104147]: INFO placement.requestlog [req-b623537c-7e07-4710-bdf0-6344e2c8db87 req-37ccec61-f7bc-4816-a0d8-bda6170e6463 service placement] 10.222.0.39 "GET /placement/allocations/c4fdef4a-2eb3-4c55-b007-3e5258b6ddd4" status: 200 len: 259 microversion: 1.28
May 30 18:12:53.704470 n-d-843938-1 devstack@placement-api.service[104147]: [pid: 104147|app: 0|req: 150/295] 10.222.0.39 () {60 vars in 1377 bytes} [Mon May 30 18:12:53 2022] GET /placement/allocations/c4fdef4a-2eb3-4c55-b007-3e5258b6ddd4 => generated 259 bytes in 28 msecs (HTTP/1.1 200) 8 headers in 296 bytes (1 switches on core 0)
May 30 18:12:53.980554 n-d-843938-1 devstack@placement-api.service[104148]: DEBUG placement.requestlog [req-c33f1c05-4be2-48a3-b7e1-9b524e2ec6a8 req-eddb8ae7-3a54-4b7d-8701-6d42ec240bd3 None None] Starting request: 10.222.0.40 "GET /placement/resource_providers/725d99e8-2e6a-48cb-8864-22b39ee91b57/allocations" {{(pid=104148) __call__ /opt/stack/placement/placement/requestlog.py:55}}
May 30 18:12:54.027985 n-d-843938-1 devstack@placement-api.service[104148]: INFO placement.requestlog [req-c33f1c05-4be2-48a3-b7e1-9b524e2ec6a8 req-eddb8ae7-3a54-4b7d-8701-6d42ec240bd3 service placement] 10.222.0.40 "GET /placement/resource_providers/725d99e8-2e6a-48cb-8864-22b39ee91b57/allocations" status: 200 len: 962 microversion: 1.0
May 30 18:12:54.028761 n-d-843938-1 devstack@placement-api.service[104148]: [pid: 104148|app: 0|req: 146/296] 10.222.0.40 () {58 vars in 1390 bytes} [Mon May 30 18:12:53 2022] GET /placement/resource_providers/725d99e8-2e6a-48cb-8864-22b39ee91b57/allocations => generated 962 bytes in 48 msecs (HTTP/1.1 200) 6 headers in 224 bytes (1 switches on core 0)
May 30 18:12:54.856295 n-d-843938-1 devstack@placement-api.service[104147]: DEBUG placement.requestlog [req-c33f1c05-4be2-48a3-b7e1-9b524e2ec6a8 req-421345b5-f12e-43c1-8ed9-2757da5352f0 None None] Starting request: 10.222.0.40 "GET /placement/allocations/fa970d46-ede5-4e5d-bf7b-2d25e0707642" {{(pid=104147) __call__ /opt/stack/placement/placement/requestlog.py:55}}
May 30 18:12:54.878638 n-d-843938-1 devstack@placement-api.service[104147]: INFO placement.requestlog [req-c33f1c05-4be2-48a3-b7e1-9b524e2ec6a8 req-421345b5-f12e-43c1-8ed9-2757da5352f0 service placement] 10.222.0.40 "GET /placement/allocations/fa970d46-ede5-4e5d-bf7b-2d25e0707642" status: 200 len: 259 microversion: 1.28
May 30 18:12:54.879034 n-d-843938-1 devstack@placement-api.service[104147]: [pid: 104147|app: 0|req: 151/297] 10.222.0.40 () {60 vars in 1377 bytes} [Mon May 30 18:12:54 2022] GET /placement/allocations/fa970d46-ede5-4e5d-bf7b-2d25e0707642 => generated 259 bytes in 23 msecs (HTTP/1.1 200) 8 headers in 296 bytes (1 switches on core 0)
May 30 18:12:54.887809 n-d-843938-1 devstack@placement-api.service[104148]: DEBUG placement.requestlog [req-c33f1c05-4be2-48a3-b7e1-9b524e2ec6a8 req-b0b7dc29-dccf-4c15-a92c-c3f6ea7a7aad None None] Starting request: 10.222.0.40 "PUT /placement/allocations/fa970d46-ede5-4e5d-bf7b-2d25e0707642" {{(pid=104148) __call__ /opt/stack/placement/placement/requestlog.py:55}}
May 30 18:12:55.042782 n-d-843938-1 devstack@placement-api.service[104148]: DEBUG placement.handlers.allocation [req-c33f1c05-4be2-48a3-b7e1-9b524e2ec6a8 req-b0b7dc29-dccf-4c15-a92c-c3f6ea7a7aad service placement] Successfully wrote allocations [, , ] {{(pid=104148) _update_consumers_and_create_allocations /opt/stack/placement/placement/handlers/allocation.py:462}}
May 30 18:12:55.105680 n-d-843938-1 devstack@placement-api.service[104148]: INFO placement.requestlog [req-c33f1c05-4be2-48a3-b7e1-9b524e2ec6a8 req-b0b7dc29-dccf-4c15-a92c-c3f6ea7a7aad service placement] 10.222.0.40 "PUT /placement/allocations/fa970d46-ede5-4e5d-bf7b-2d25e0707642" status: 204 len: 0 microversion: 1.28
May 30 18:12:55.106614 n-d-843938-1 devstack@placement-api.service[104148]: [pid: 104148|app: 0|req: 147/298] 10.222.0.40 () {64 vars in 1430 bytes} [Mon May 30 18:12:54 2022] PUT /placement/allocations/fa970d46-ede5-4e5d-bf7b-2d25e0707642 => generated 0 bytes in 219 msecs (HTTP/1.1 204) 5 headers in 199 bytes (2 switches on core 0)
May 30 18:12:58.223488 n-d-843938-1 devstack@placement-api.service[104147]: DEBUG placement.requestlog [req-f8ca6705-b281-482f-a218-e1172f6bd249 req-9c0b90aa-5ae6-41d0-82b8-71a5cc71b0de None None] Starting request: 10.222.0.39 "DELETE /placement/allocations/bf6cf83e-fea2-4597-87d9-26ad59933a36" {{(pid=104147) __call__ /opt/stack/placement/placement/requestlog.py:55}}
May 30 18:12:58.477360 n-d-843938-1 devstack@placement-api.service[104147]: DEBUG placement.handlers.allocation [req-f8ca6705-b281-482f-a218-e1172f6bd249 req-9c0b90aa-5ae6-41d0-82b8-71a5cc71b0de service placement] Successfully deleted allocations [, , ] {{(pid=104147) delete_allocations /opt/stack/placement/placement/handlers/allocation.py:627}}
May 30 18:12:58.477999 n-d-843938-1 devstack@placement-api.service[104147]: INFO placement.requestlog [req-f8ca6705-b281-482f-a218-e1172f6bd249 req-9c0b90aa-5ae6-41d0-82b8-71a5cc71b0de service placement] 10.222.0.39 "DELETE /placement/allocations/bf6cf83e-fea2-4597-87d9-26ad59933a36" status: 204 len: 0 microversion: 1.0
May 30 18:12:58.478619 n-d-843938-1 devstack@placement-api.service[104147]: [pid: 104147|app: 0|req: 152/299] 10.222.0.39 () {60 vars in 1355 bytes} [Mon May 30 18:12:58 2022] DELETE /placement/allocations/bf6cf83e-fea2-4597-87d9-26ad59933a36 => generated 0 bytes in 255 msecs (HTTP/1.1 204) 5 headers in 198 bytes (1 switches on core 0)
May 30 18:12:59.655534 n-d-843938-1 devstack@placement-api.service[104148]: DEBUG placement.requestlog [req-5af5744f-936f-4fb5-95a1-ba976b1789f9 req-8e8bc78f-e6de-4018-a2fd-767d2d2b4ae7 None None] Starting request: 10.222.0.40 "GET /placement/resource_providers/725d99e8-2e6a-48cb-8864-22b39ee91b57/allocations" {{(pid=104148) __call__ /opt/stack/placement/placement/requestlog.py:55}}
May 30 18:12:59.695902 n-d-843938-1 devstack@placement-api.service[104148]: INFO placement.requestlog [req-5af5744f-936f-4fb5-95a1-ba976b1789f9 req-8e8bc78f-e6de-4018-a2fd-767d2d2b4ae7 service placement] 10.222.0.40 "GET /placement/resource_providers/725d99e8-2e6a-48cb-8864-22b39ee91b57/allocations" status: 200 len: 861 microversion: 1.0
May 30 18:12:59.697907 n-d-843938-1 devstack@placement-api.service[104148]: [pid: 104148|app: 0|req: 148/300] 10.222.0.40 () {58 vars in 1390 bytes} [Mon May 30 18:12:59 2022] GET /placement/resource_providers/725d99e8-2e6a-48cb-8864-22b39ee91b57/allocations => generated 861 bytes in 43 msecs (HTTP/1.1 200) 6 headers in 224 bytes (1 switches on core 0)
May 30 18:13:04.182655 n-d-843938-1 devstack@placement-api.service[104147]: DEBUG placement.requestlog [None req-08dcc92d-92d2-42f2-9664-ef087bfdde8e None None] Starting request: 10.222.0.41 "GET /placement/resource_providers/a5f94c1c-4e9a-4251-b8c4-48b89558261d/aggregates" {{(pid=104147) __call__ /opt/stack/placement/placement/requestlog.py:55}}
May 30 18:13:04.205747 n-d-843938-1 devstack@placement-api.service[104147]: INFO placement.requestlog [None req-08dcc92d-92d2-42f2-9664-ef087bfdde8e service placement] 10.222.0.41 "GET /placement/resource_providers/a5f94c1c-4e9a-4251-b8c4-48b89558261d/aggregates" status: 404 len: 235 microversion: 1.1
May 30 18:13:04.212578 n-d-843938-1 devstack@placement-api.service[104148]: DEBUG placement.requestlog [None req-9115fedd-b273-4742-90a5-19b2735d4fcc None None] Starting request: 10.222.0.41 "DELETE /placement/resource_providers/a5f94c1c-4e9a-4251-b8c4-48b89558261d" {{(pid=104148) __call__ /opt/stack/placement/placement/requestlog.py:55}}
May 30 18:13:04.221530 n-d-843938-1 devstack@placement-api.service[104147]: [pid: 104147|app: 0|req: 153/301] 10.222.0.41 () {58 vars in 1362 bytes} [Mon May 30 18:13:04 2022] GET /placement/resource_providers/a5f94c1c-4e9a-4251-b8c4-48b89558261d/aggregates => generated 235 bytes in 38 msecs (HTTP/1.1 404) 5 headers in 202 bytes (1 switches on core 0)
May 30 18:13:04.225059 n-d-843938-1 devstack@placement-api.service[104148]: DEBUG placement.wsgi_wrapper [None req-9115fedd-b273-4742-90a5-19b2735d4fcc service placement] Placement API returning an error response: No resource provider with uuid a5f94c1c-4e9a-4251-b8c4-48b89558261d found for delete {{(pid=104148) call_func /opt/stack/placement/placement/wsgi_wrapper.py:31}}
May 30 18:13:04.226648 n-d-843938-1 devstack@placement-api.service[104148]: INFO placement.requestlog [None req-9115fedd-b273-4742-90a5-19b2735d4fcc service placement] 10.222.0.41 "DELETE /placement/resource_providers/a5f94c1c-4e9a-4251-b8c4-48b89558261d" status: 404 len: 246 microversion: 1.1
May 30 18:13:04.227835 n-d-843938-1 devstack@placement-api.service[104148]: [pid: 104148|app: 0|req: 149/302] 10.222.0.41 () {60 vars in 1351 bytes} [Mon May 30 18:13:04 2022] DELETE /placement/resource_providers/a5f94c1c-4e9a-4251-b8c4-48b89558261d => generated 246 bytes in 15 msecs (HTTP/1.1 404) 6 headers in 231 bytes (2 switches on core 0)
May 30 18:13:04.742807 n-d-843938-1 devstack@placement-api.service[104147]: DEBUG placement.requestlog [req-472b0673-90a1-403c-b29f-a91d83833385 req-6ba9d5ad-37b8-43dd-a4d8-bd9e2ff0678b None None] Starting request: 10.222.0.39 "GET /placement/resource_providers/7f91be85-b5eb-4b02-a8ea-9ef8b8966467/allocations" {{(pid=104147) __call__ /opt/stack/placement/placement/requestlog.py:55}}
May 30 18:13:04.792812 n-d-843938-1 devstack@placement-api.service[104147]: INFO placement.requestlog [req-472b0673-90a1-403c-b29f-a91d83833385 req-6ba9d5ad-37b8-43dd-a4d8-bd9e2ff0678b service placement] 10.222.0.39 "GET /placement/resource_providers/7f91be85-b5eb-4b02-a8ea-9ef8b8966467/allocations" status: 200 len: 1062 microversion: 1.0
May 30 18:13:04.795375 n-d-843938-1 devstack@placement-api.service[104147]: [pid: 104147|app: 0|req: 154/303] 10.222.0.39 () {58 vars in 1390 bytes} [Mon May 30 18:13:04 2022] GET /placement/resource_providers/7f91be85-b5eb-4b02-a8ea-9ef8b8966467/allocations => generated 1062 bytes in 53 msecs (HTTP/1.1 200) 6 headers in 225 bytes (1 switches on core 0)
May 30 18:13:06.324363 n-d-843938-1 devstack@placement-api.service[104148]: DEBUG placement.requestlog [req-167ee2d3-8813-4823-91e7-3e7b23a9215e req-b4ab77a8-af57-45b7-b657-a401de229f0f None None] Starting request: 10.222.0.41 "GET /placement/allocation_candidates?resources=DISK_GB%3A1%2CMEMORY_MB%3A1024%2CVCPU%3A1&root_required=%21COMPUTE_STATUS_DISABLED" {{(pid=104148) __call__ /opt/stack/placement/placement/requestlog.py:55}}
May 30 18:13:06.439002 n-d-843938-1 devstack@placement-api.service[104148]: DEBUG placement.objects.research_context [req-167ee2d3-8813-4823-91e7-3e7b23a9215e req-b4ab77a8-af57-45b7-b657-a401de229f0f service placement] getting providers with 1 DISK_GB {{(pid=104148) __init__ /opt/stack/placement/placement/objects/research_context.py:126}}
May 30 18:13:06.489355 n-d-843938-1 devstack@placement-api.service[104148]: DEBUG placement.objects.research_context [req-167ee2d3-8813-4823-91e7-3e7b23a9215e req-b4ab77a8-af57-45b7-b657-a401de229f0f service placement] getting providers with 1024 MEMORY_MB {{(pid=104148) __init__ /opt/stack/placement/placement/objects/research_context.py:126}}
May 30 18:13:06.501834 n-d-843938-1 devstack@placement-api.service[104148]: DEBUG placement.objects.research_context [req-167ee2d3-8813-4823-91e7-3e7b23a9215e req-b4ab77a8-af57-45b7-b657-a401de229f0f service placement] getting providers with 1 VCPU {{(pid=104148) __init__ /opt/stack/placement/placement/objects/research_context.py:126}}
May 30 18:13:06.508584 n-d-843938-1 devstack@placement-api.service[104148]: DEBUG placement.objects.research_context [req-167ee2d3-8813-4823-91e7-3e7b23a9215e req-b4ab77a8-af57-45b7-b657-a401de229f0f service placement] found 2 providers with available 1 DISK_GB {{(pid=104148) get_provider_ids_matching /opt/stack/placement/placement/objects/research_context.py:549}}
May 30 18:13:06.508866 n-d-843938-1 devstack@placement-api.service[104148]: DEBUG placement.objects.research_context [req-167ee2d3-8813-4823-91e7-3e7b23a9215e req-b4ab77a8-af57-45b7-b657-a401de229f0f service placement] found 2 providers with available 1024 MEMORY_MB {{(pid=104148) get_provider_ids_matching /opt/stack/placement/placement/objects/research_context.py:549}}
May 30 18:13:06.509146 n-d-843938-1 devstack@placement-api.service[104148]: DEBUG placement.objects.research_context [req-167ee2d3-8813-4823-91e7-3e7b23a9215e req-b4ab77a8-af57-45b7-b657-a401de229f0f service placement] found 2 providers after filtering by previous result {{(pid=104148) get_provider_ids_matching /opt/stack/placement/placement/objects/research_context.py:580}}
May 30 18:13:06.509432 n-d-843938-1 devstack@placement-api.service[104148]: DEBUG placement.objects.research_context [req-167ee2d3-8813-4823-91e7-3e7b23a9215e req-b4ab77a8-af57-45b7-b657-a401de229f0f service placement] found 2 providers with available 1 VCPU {{(pid=104148) get_provider_ids_matching /opt/stack/placement/placement/objects/research_context.py:549}}
May 30 18:13:06.509695 n-d-843938-1 devstack@placement-api.service[104148]: DEBUG placement.objects.research_context [req-167ee2d3-8813-4823-91e7-3e7b23a9215e req-b4ab77a8-af57-45b7-b657-a401de229f0f service placement] found 2 providers after filtering by previous result {{(pid=104148) get_provider_ids_matching /opt/stack/placement/placement/objects/research_context.py:580}}
May 30 18:13:06.536189 n-d-843938-1 devstack@placement-api.service[104148]: DEBUG placement.objects.allocation_candidate [req-167ee2d3-8813-4823-91e7-3e7b23a9215e req-b4ab77a8-af57-45b7-b657-a401de229f0f service placement] RequestGroup(use_same_provider=False, resources={DISK_GB:1, MEMORY_MB:1024, VCPU:1}, traits=[], aggregates=[]) (suffix '') returned 2 matches {{(pid=104148) _get_by_requests /opt/stack/placement/placement/objects/allocation_candidate.py:145}}
May 30 18:13:06.538384 n-d-843938-1 devstack@placement-api.service[104148]: DEBUG placement.objects.allocation_candidate [req-167ee2d3-8813-4823-91e7-3e7b23a9215e req-b4ab77a8-af57-45b7-b657-a401de229f0f service placement] Merging candidates yields 2 allocation requests and 2 provider summaries {{(pid=104148) _merge_candidates /opt/stack/placement/placement/objects/allocation_candidate.py:783}}
May 30 18:13:06.542816 n-d-843938-1 devstack@placement-api.service[104148]: INFO placement.requestlog [req-167ee2d3-8813-4823-91e7-3e7b23a9215e req-b4ab77a8-af57-45b7-b657-a401de229f0f service placement] 10.222.0.41 "GET /placement/allocation_candidates?resources=DISK_GB%3A1%2CMEMORY_MB%3A1024%2CVCPU%3A1&root_required=%21COMPUTE_STATUS_DISABLED" status: 200 len: 1311 microversion: 1.36
May 30 18:13:06.544006 n-d-843938-1 devstack@placement-api.service[104148]: [pid: 104148|app: 0|req: 150/304] 10.222.0.41 () {60 vars in 1484 bytes} [Mon May 30 18:13:06 2022] GET /placement/allocation_candidates?resources=DISK_GB%3A1%2CMEMORY_MB%3A1024%2CVCPU%3A1&root_required=%21COMPUTE_STATUS_DISABLED => generated 1311 bytes in 219 msecs (HTTP/1.1 200) 8 headers in 297 bytes (1 switches on core 0)
May 30 18:13:06.613095 n-d-843938-1 devstack@placement-api.service[104147]: DEBUG placement.requestlog [req-167ee2d3-8813-4823-91e7-3e7b23a9215e req-7c756d7e-9c7a-4e42-a629-eca13cf4738f None None] Starting request: 10.222.0.41 "GET /placement/allocations/3462c7f5-acec-412b-bfe0-a8dbc9450adb" {{(pid=104147) __call__ /opt/stack/placement/placement/requestlog.py:55}}
May 30 18:13:06.637667 n-d-843938-1 devstack@placement-api.service[104147]: INFO placement.requestlog [req-167ee2d3-8813-4823-91e7-3e7b23a9215e req-7c756d7e-9c7a-4e42-a629-eca13cf4738f service placement] 10.222.0.41 "GET /placement/allocations/3462c7f5-acec-412b-bfe0-a8dbc9450adb" status: 200 len: 19 microversion: 1.28
May 30 18:13:06.642722 n-d-843938-1 devstack@placement-api.service[104147]: [pid: 104147|app: 0|req: 155/305] 10.222.0.41 () {60 vars in 1380 bytes} [Mon May 30 18:13:06 2022] GET /placement/allocations/3462c7f5-acec-412b-bfe0-a8dbc9450adb => generated 19 bytes in 25 msecs (HTTP/1.1 200) 8 headers in 295 bytes (1 switches on core 0)
May 30 18:13:06.645330 n-d-843938-1 devstack@placement-api.service[104148]: DEBUG placement.requestlog [req-167ee2d3-8813-4823-91e7-3e7b23a9215e req-dcb3e739-4d24-4160-ba79-e375d95fd901 None None] Starting request: 10.222.0.41 "PUT /placement/allocations/3462c7f5-acec-412b-bfe0-a8dbc9450adb" {{(pid=104148) __call__ /opt/stack/placement/placement/requestlog.py:55}}
May 30 18:13:06.830327 n-d-843938-1 devstack@placement-api.service[104148]: DEBUG placement.handlers.allocation [req-167ee2d3-8813-4823-91e7-3e7b23a9215e req-dcb3e739-4d24-4160-ba79-e375d95fd901 service placement] Successfully wrote allocations [, , ] {{(pid=104148) _update_consumers_and_create_allocations /opt/stack/placement/placement/handlers/allocation.py:462}}
May 30 18:13:06.901075 n-d-843938-1 devstack@placement-api.service[104148]: INFO placement.requestlog [req-167ee2d3-8813-4823-91e7-3e7b23a9215e req-dcb3e739-4d24-4160-ba79-e375d95fd901 service placement] 10.222.0.41 "PUT /placement/allocations/3462c7f5-acec-412b-bfe0-a8dbc9450adb" status: 204 len: 0 microversion: 1.36
May 30 18:13:06.901621 n-d-843938-1 devstack@placement-api.service[104148]: [pid: 104148|app: 0|req: 151/306] 10.222.0.41 () {64 vars in 1433 bytes} [Mon May 30 18:13:06 2022] PUT /placement/allocations/3462c7f5-acec-412b-bfe0-a8dbc9450adb => generated 0 bytes in 257 msecs (HTTP/1.1 204) 5 headers in 199 bytes (1 switches on core 0)
May 30 18:13:07.119968 n-d-843938-1 devstack@placement-api.service[104147]: DEBUG placement.requestlog [req-c23caeb6-99cc-4ade-bed7-56ed7ab63c85 req-09786b51-0c65-4681-bf89-fc2fea4e6257 None None] Starting request: 10.222.0.39 "DELETE /placement/allocations/c5296824-0870-4c18-b1ee-3da335303f0a" {{(pid=104147) __call__ /opt/stack/placement/placement/requestlog.py:55}}
May 30 18:13:07.252255 n-d-843938-1 devstack@placement-api.service[104148]: DEBUG placement.requestlog [req-2a42373e-5ea3-4b35-80df-5a9a4b1d3696 req-e3d66bbb-c339-4138-9abf-6e4bbc4d2802 None None] Starting request: 10.222.0.41 "GET /placement/allocation_candidates?limit=1000&resources=DISK_GB%3A1%2CMEMORY_MB%3A1024%2CVCPU%3A1&root_required=%21COMPUTE_STATUS_DISABLED" {{(pid=104148) __call__ /opt/stack/placement/placement/requestlog.py:55}}
May 30 18:13:07.300600 n-d-843938-1 devstack@placement-api.service[104148]: DEBUG placement.objects.research_context [req-2a42373e-5ea3-4b35-80df-5a9a4b1d3696 req-e3d66bbb-c339-4138-9abf-6e4bbc4d2802 service placement] getting providers with 1 DISK_GB {{(pid=104148) __init__ /opt/stack/placement/placement/objects/research_context.py:126}}
May 30 18:13:07.307455 n-d-843938-1 devstack@placement-api.service[104148]: DEBUG placement.objects.research_context [req-2a42373e-5ea3-4b35-80df-5a9a4b1d3696 req-e3d66bbb-c339-4138-9abf-6e4bbc4d2802 service placement] getting providers with 1024 MEMORY_MB {{(pid=104148) __init__ /opt/stack/placement/placement/objects/research_context.py:126}}
May 30 18:13:07.324381 n-d-843938-1 devstack@placement-api.service[104148]: DEBUG placement.objects.research_context [req-2a42373e-5ea3-4b35-80df-5a9a4b1d3696 req-e3d66bbb-c339-4138-9abf-6e4bbc4d2802 service placement] getting providers with 1 VCPU {{(pid=104148) __init__ /opt/stack/placement/placement/objects/research_context.py:126}}
May 30 18:13:07.334154 n-d-843938-1 devstack@placement-api.service[104147]: DEBUG placement.handlers.allocation [req-c23caeb6-99cc-4ade-bed7-56ed7ab63c85 req-09786b51-0c65-4681-bf89-fc2fea4e6257 service placement] Successfully deleted allocations [, , ] {{(pid=104147) delete_allocations /opt/stack/placement/placement/handlers/allocation.py:627}}
May 30 18:13:07.334660 n-d-843938-1 devstack@placement-api.service[104147]: INFO placement.requestlog [req-c23caeb6-99cc-4ade-bed7-56ed7ab63c85 req-09786b51-0c65-4681-bf89-fc2fea4e6257 service placement] 10.222.0.39 "DELETE /placement/allocations/c5296824-0870-4c18-b1ee-3da335303f0a" status: 204 len: 0 microversion: 1.0
May 30 18:13:07.335265 n-d-843938-1 devstack@placement-api.service[104147]: [pid: 104147|app: 0|req: 156/307] 10.222.0.39 () {60 vars in 1355 bytes} [Mon May 30 18:13:07 2022] DELETE /placement/allocations/c5296824-0870-4c18-b1ee-3da335303f0a => generated 0 bytes in 215 msecs (HTTP/1.1 204) 5 headers in 198 bytes (1 switches on core 0)
May 30 18:13:07.340356 n-d-843938-1 devstack@placement-api.service[104148]: DEBUG placement.objects.research_context [req-2a42373e-5ea3-4b35-80df-5a9a4b1d3696 req-e3d66bbb-c339-4138-9abf-6e4bbc4d2802 service placement] found 2 providers with available 1 DISK_GB {{(pid=104148) get_provider_ids_matching /opt/stack/placement/placement/objects/research_context.py:549}}
May 30 18:13:07.343319 n-d-843938-1 devstack@placement-api.service[104148]: DEBUG placement.objects.research_context [req-2a42373e-5ea3-4b35-80df-5a9a4b1d3696 req-e3d66bbb-c339-4138-9abf-6e4bbc4d2802 service placement] found 2 providers with available 1024 MEMORY_MB {{(pid=104148) get_provider_ids_matching /opt/stack/placement/placement/objects/research_context.py:549}}
May 30 18:13:07.343742 n-d-843938-1 devstack@placement-api.service[104148]: DEBUG placement.objects.research_context [req-2a42373e-5ea3-4b35-80df-5a9a4b1d3696 req-e3d66bbb-c339-4138-9abf-6e4bbc4d2802 service placement] found 2 providers after filtering by previous result {{(pid=104148) get_provider_ids_matching /opt/stack/placement/placement/objects/research_context.py:580}}
May 30 18:13:07.344188 n-d-843938-1 devstack@placement-api.service[104148]: DEBUG placement.objects.research_context [req-2a42373e-5ea3-4b35-80df-5a9a4b1d3696 req-e3d66bbb-c339-4138-9abf-6e4bbc4d2802 service placement] found 2 providers with available 1 VCPU {{(pid=104148) get_provider_ids_matching /opt/stack/placement/placement/objects/research_context.py:549}}
May 30 18:13:07.344686 n-d-843938-1 devstack@placement-api.service[104148]: DEBUG placement.objects.research_context [req-2a42373e-5ea3-4b35-80df-5a9a4b1d3696 req-e3d66bbb-c339-4138-9abf-6e4bbc4d2802 service placement] found 2 providers after filtering by previous result {{(pid=104148) get_provider_ids_matching /opt/stack/placement/placement/objects/research_context.py:580}}
May 30 18:13:07.384446 n-d-843938-1 devstack@placement-api.service[104148]: DEBUG placement.objects.allocation_candidate [req-2a42373e-5ea3-4b35-80df-5a9a4b1d3696 req-e3d66bbb-c339-4138-9abf-6e4bbc4d2802 service placement] RequestGroup(use_same_provider=False, resources={DISK_GB:1, MEMORY_MB:1024, VCPU:1}, traits=[], aggregates=[]) (suffix '') returned 2 matches {{(pid=104148) _get_by_requests /opt/stack/placement/placement/objects/allocation_candidate.py:145}}
May 30 18:13:07.385024 n-d-843938-1 devstack@placement-api.service[104148]: DEBUG placement.objects.allocation_candidate [req-2a42373e-5ea3-4b35-80df-5a9a4b1d3696 req-e3d66bbb-c339-4138-9abf-6e4bbc4d2802 service placement] Merging candidates yields 2 allocation requests and 2 provider summaries {{(pid=104148) _merge_candidates /opt/stack/placement/placement/objects/allocation_candidate.py:783}}
May 30 18:13:07.386878 n-d-843938-1 devstack@placement-api.service[104148]: INFO placement.requestlog [req-2a42373e-5ea3-4b35-80df-5a9a4b1d3696 req-e3d66bbb-c339-4138-9abf-6e4bbc4d2802 service placement] 10.222.0.41 "GET /placement/allocation_candidates?limit=1000&resources=DISK_GB%3A1%2CMEMORY_MB%3A1024%2CVCPU%3A1&root_required=%21COMPUTE_STATUS_DISABLED" status: 200 len: 1309 microversion: 1.36
May 30 18:13:07.387569 n-d-843938-1 devstack@placement-api.service[104148]: [pid: 104148|app: 0|req: 152/308] 10.222.0.41 () {60 vars in 1506 bytes} [Mon May 30 18:13:07 2022] GET /placement/allocation_candidates?limit=1000&resources=DISK_GB%3A1%2CMEMORY_MB%3A1024%2CVCPU%3A1&root_required=%21COMPUTE_STATUS_DISABLED => generated 1309 bytes in 135 msecs (HTTP/1.1 200) 8 headers in 297 bytes (1 switches on core 0)
May 30 18:13:07.511790 n-d-843938-1 devstack@placement-api.service[104147]: DEBUG placement.requestlog [req-2a42373e-5ea3-4b35-80df-5a9a4b1d3696 req-5de96096-e152-4785-b564-67a2ad8574b8 None None] Starting request: 10.222.0.41 "GET /placement/allocations/ad134563-ec04-41e5-bcea-adca1114b0c2" {{(pid=104147) __call__ /opt/stack/placement/placement/requestlog.py:55}}
May 30 18:13:07.534396 n-d-843938-1 devstack@placement-api.service[104147]: INFO placement.requestlog [req-2a42373e-5ea3-4b35-80df-5a9a4b1d3696 req-5de96096-e152-4785-b564-67a2ad8574b8 service placement] 10.222.0.41 "GET /placement/allocations/ad134563-ec04-41e5-bcea-adca1114b0c2" status: 200 len: 19 microversion: 1.28
May 30 18:13:07.536037 n-d-843938-1 devstack@placement-api.service[104147]: [pid: 104147|app: 0|req: 157/309] 10.222.0.41 () {60 vars in 1380 bytes} [Mon May 30 18:13:07 2022] GET /placement/allocations/ad134563-ec04-41e5-bcea-adca1114b0c2 => generated 19 bytes in 24 msecs (HTTP/1.1 200) 8 headers in 295 bytes (1 switches on core 0)
May 30 18:13:07.541747 n-d-843938-1 devstack@placement-api.service[104148]: DEBUG placement.requestlog [req-2a42373e-5ea3-4b35-80df-5a9a4b1d3696 req-9f398cc4-d7e0-4d30-8fb4-ea46ac1120f7 None None] Starting request: 10.222.0.41 "PUT /placement/allocations/ad134563-ec04-41e5-bcea-adca1114b0c2" {{(pid=104148) __call__ /opt/stack/placement/placement/requestlog.py:55}}
May 30 18:13:07.928019 n-d-843938-1 devstack@placement-api.service[104148]: DEBUG placement.handlers.allocation [req-2a42373e-5ea3-4b35-80df-5a9a4b1d3696 req-9f398cc4-d7e0-4d30-8fb4-ea46ac1120f7 service placement] Successfully wrote allocations [, , ] {{(pid=104148) _update_consumers_and_create_allocations /opt/stack/placement/placement/handlers/allocation.py:462}}
May 30 18:13:08.023467 n-d-843938-1 devstack@placement-api.service[104148]: INFO placement.requestlog [req-2a42373e-5ea3-4b35-80df-5a9a4b1d3696 req-9f398cc4-d7e0-4d30-8fb4-ea46ac1120f7 service placement] 10.222.0.41 "PUT /placement/allocations/ad134563-ec04-41e5-bcea-adca1114b0c2" status: 204 len: 0 microversion: 1.36
May 30 18:13:08.024260 n-d-843938-1 devstack@placement-api.service[104148]: [pid: 104148|app: 0|req: 153/310] 10.222.0.41 () {64 vars in 1433 bytes} [Mon May 30 18:13:07 2022] PUT /placement/allocations/ad134563-ec04-41e5-bcea-adca1114b0c2 => generated 0 bytes in 483 msecs (HTTP/1.1 204) 5 headers in 199 bytes (1 switches on core 0)
May 30 18:13:08.146739 n-d-843938-1 devstack@placement-api.service[104147]: DEBUG placement.requestlog [req-167ee2d3-8813-4823-91e7-3e7b23a9215e req-4ea71d12-43ed-4ce4-85d2-4a0a3d34f243 None None] Starting request: 10.222.0.40 "GET /placement/allocations/3462c7f5-acec-412b-bfe0-a8dbc9450adb" {{(pid=104147) __call__ /opt/stack/placement/placement/requestlog.py:55}}
May 30 18:13:08.163158 n-d-843938-1 devstack@placement-api.service[104147]: INFO placement.requestlog [req-167ee2d3-8813-4823-91e7-3e7b23a9215e req-4ea71d12-43ed-4ce4-85d2-4a0a3d34f243 service placement] 10.222.0.40 "GET /placement/allocations/3462c7f5-acec-412b-bfe0-a8dbc9450adb" status: 200 len: 259 microversion: 1.28
May 30 18:13:08.165971 n-d-843938-1 devstack@placement-api.service[104147]: [pid: 104147|app: 0|req: 158/311] 10.222.0.40 () {60 vars in 1377 bytes} [Mon May 30 18:13:08 2022] GET /placement/allocations/3462c7f5-acec-412b-bfe0-a8dbc9450adb => generated 259 bytes in 17 msecs (HTTP/1.1 200) 8 headers in 296 bytes (1 switches on core 0)
May 30 18:13:08.335547 n-d-843938-1 devstack@placement-api.service[104148]: DEBUG placement.requestlog [req-f0c84586-863b-4807-afd0-7e1f0c31317f req-2c2ba1d2-dd64-45ca-997c-3da3903751f5 None None] Starting request: 10.222.0.41 "GET /placement/allocation_candidates?limit=1000&resources=DISK_GB%3A1%2CMEMORY_MB%3A1024%2CVCPU%3A1&root_required=%21COMPUTE_STATUS_DISABLED" {{(pid=104148) __call__ /opt/stack/placement/placement/requestlog.py:55}}
May 30 18:13:08.418813 n-d-843938-1 devstack@placement-api.service[104148]: DEBUG placement.objects.research_context [req-f0c84586-863b-4807-afd0-7e1f0c31317f req-2c2ba1d2-dd64-45ca-997c-3da3903751f5 service placement] getting providers with 1 DISK_GB {{(pid=104148) __init__ /opt/stack/placement/placement/objects/research_context.py:126}}
May 30 18:13:08.434327 n-d-843938-1 devstack@placement-api.service[104148]: DEBUG placement.objects.research_context [req-f0c84586-863b-4807-afd0-7e1f0c31317f req-2c2ba1d2-dd64-45ca-997c-3da3903751f5 service placement] getting providers with 1024 MEMORY_MB {{(pid=104148) __init__ /opt/stack/placement/placement/objects/research_context.py:126}}
May 30 18:13:08.448077 n-d-843938-1 devstack@placement-api.service[104148]: DEBUG placement.objects.research_context [req-f0c84586-863b-4807-afd0-7e1f0c31317f req-2c2ba1d2-dd64-45ca-997c-3da3903751f5 service placement] getting providers with 1 VCPU {{(pid=104148) __init__ /opt/stack/placement/placement/objects/research_context.py:126}}
May 30 18:13:08.461146 n-d-843938-1 devstack@placement-api.service[104148]: DEBUG placement.objects.research_context [req-f0c84586-863b-4807-afd0-7e1f0c31317f req-2c2ba1d2-dd64-45ca-997c-3da3903751f5 service placement] found 2 providers with available 1 DISK_GB {{(pid=104148) get_provider_ids_matching /opt/stack/placement/placement/objects/research_context.py:549}}
May 30 18:13:08.461687 n-d-843938-1 devstack@placement-api.service[104148]: DEBUG placement.objects.research_context [req-f0c84586-863b-4807-afd0-7e1f0c31317f req-2c2ba1d2-dd64-45ca-997c-3da3903751f5 service placement] found 2 providers with available 1024 MEMORY_MB {{(pid=104148) get_provider_ids_matching /opt/stack/placement/placement/objects/research_context.py:549}}
May 30 18:13:08.462157 n-d-843938-1 devstack@placement-api.service[104148]: DEBUG placement.objects.research_context [req-f0c84586-863b-4807-afd0-7e1f0c31317f req-2c2ba1d2-dd64-45ca-997c-3da3903751f5 service placement] found 2 providers after filtering by previous result {{(pid=104148) get_provider_ids_matching /opt/stack/placement/placement/objects/research_context.py:580}}
May 30 18:13:08.462582 n-d-843938-1 devstack@placement-api.service[104148]: DEBUG placement.objects.research_context [req-f0c84586-863b-4807-afd0-7e1f0c31317f req-2c2ba1d2-dd64-45ca-997c-3da3903751f5 service placement] found 2 providers with available 1 VCPU {{(pid=104148) get_provider_ids_matching /opt/stack/placement/placement/objects/research_context.py:549}}
May 30 18:13:08.463024 n-d-843938-1 devstack@placement-api.service[104148]: DEBUG placement.objects.research_context [req-f0c84586-863b-4807-afd0-7e1f0c31317f req-2c2ba1d2-dd64-45ca-997c-3da3903751f5 service placement] found 2 providers after filtering by previous result {{(pid=104148) get_provider_ids_matching /opt/stack/placement/placement/objects/research_context.py:580}}
May 30 18:13:08.504638 n-d-843938-1 devstack@placement-api.service[104148]: DEBUG placement.objects.allocation_candidate [req-f0c84586-863b-4807-afd0-7e1f0c31317f req-2c2ba1d2-dd64-45ca-997c-3da3903751f5 service placement] RequestGroup(use_same_provider=False, resources={DISK_GB:1, MEMORY_MB:1024, VCPU:1}, traits=[], aggregates=[]) (suffix '') returned 2 matches {{(pid=104148) _get_by_requests /opt/stack/placement/placement/objects/allocation_candidate.py:145}}
May 30 18:13:08.505364 n-d-843938-1 devstack@placement-api.service[104148]: DEBUG placement.objects.allocation_candidate [req-f0c84586-863b-4807-afd0-7e1f0c31317f req-2c2ba1d2-dd64-45ca-997c-3da3903751f5 service placement] Merging candidates yields 2 allocation requests and 2 provider summaries {{(pid=104148) _merge_candidates /opt/stack/placement/placement/objects/allocation_candidate.py:783}}
May 30 18:13:08.509459 n-d-843938-1 devstack@placement-api.service[104148]: INFO placement.requestlog [req-f0c84586-863b-4807-afd0-7e1f0c31317f req-2c2ba1d2-dd64-45ca-997c-3da3903751f5 service placement] 10.222.0.41 "GET /placement/allocation_candidates?limit=1000&resources=DISK_GB%3A1%2CMEMORY_MB%3A1024%2CVCPU%3A1&root_required=%21COMPUTE_STATUS_DISABLED" status: 200 len: 1312 microversion: 1.36
May 30 18:13:08.515137 n-d-843938-1 devstack@placement-api.service[104148]: [pid: 104148|app: 0|req: 154/312] 10.222.0.41 () {60 vars in 1506 bytes} [Mon May 30 18:13:08 2022] GET /placement/allocation_candidates?limit=1000&resources=DISK_GB%3A1%2CMEMORY_MB%3A1024%2CVCPU%3A1&root_required=%21COMPUTE_STATUS_DISABLED => generated 1312 bytes in 182 msecs (HTTP/1.1 200) 8 headers in 297 bytes (1 switches on core 0)
May 30 18:13:08.641577 n-d-843938-1 devstack@placement-api.service[104147]: DEBUG placement.requestlog [req-f0c84586-863b-4807-afd0-7e1f0c31317f req-c6b1d4e1-5e57-4ee4-8695-4a3049983336 None None] Starting request: 10.222.0.41 "GET /placement/allocations/6364897f-56ff-446a-8514-d904a218fdb1" {{(pid=104147) __call__ /opt/stack/placement/placement/requestlog.py:55}}
May 30 18:13:08.654330 n-d-843938-1 devstack@placement-api.service[104147]: INFO placement.requestlog [req-f0c84586-863b-4807-afd0-7e1f0c31317f req-c6b1d4e1-5e57-4ee4-8695-4a3049983336 service placement] 10.222.0.41 "GET /placement/allocations/6364897f-56ff-446a-8514-d904a218fdb1" status: 200 len: 19 microversion: 1.28
May 30 18:13:08.660814 n-d-843938-1 devstack@placement-api.service[104148]: DEBUG placement.requestlog [req-f0c84586-863b-4807-afd0-7e1f0c31317f req-cc0761a0-88d3-4b28-ae98-8dd856ff13ea None None] Starting request: 10.222.0.41 "PUT /placement/allocations/6364897f-56ff-446a-8514-d904a218fdb1" {{(pid=104148) __call__ /opt/stack/placement/placement/requestlog.py:55}}
May 30 18:13:08.677212 n-d-843938-1 devstack@placement-api.service[104147]: [pid: 104147|app: 0|req: 159/313] 10.222.0.41 () {60 vars in 1380 bytes} [Mon May 30 18:13:08 2022] GET /placement/allocations/6364897f-56ff-446a-8514-d904a218fdb1 => generated 19 bytes in 35 msecs (HTTP/1.1 200) 8 headers in 295 bytes (1 switches on core 0)
May 30 18:13:08.913314 n-d-843938-1 devstack@placement-api.service[104148]: DEBUG placement.handlers.allocation [req-f0c84586-863b-4807-afd0-7e1f0c31317f req-cc0761a0-88d3-4b28-ae98-8dd856ff13ea service placement] Successfully wrote allocations [, , ] {{(pid=104148) _update_consumers_and_create_allocations /opt/stack/placement/placement/handlers/allocation.py:462}}
May 30 18:13:09.010893 n-d-843938-1 devstack@placement-api.service[104148]: INFO placement.requestlog [req-f0c84586-863b-4807-afd0-7e1f0c31317f req-cc0761a0-88d3-4b28-ae98-8dd856ff13ea service placement] 10.222.0.41 "PUT /placement/allocations/6364897f-56ff-446a-8514-d904a218fdb1" status: 204 len: 0 microversion: 1.36
May 30 18:13:09.012182 n-d-843938-1 devstack@placement-api.service[104148]: [pid: 104148|app: 0|req: 155/314] 10.222.0.41 () {64 vars in 1433 bytes} [Mon May 30 18:13:08 2022] PUT /placement/allocations/6364897f-56ff-446a-8514-d904a218fdb1 => generated 0 bytes in 351 msecs (HTTP/1.1 204) 5 headers in 199 bytes (2 switches on core 0)
May 30 18:13:09.692928 n-d-843938-1 devstack@placement-api.service[104147]: DEBUG placement.requestlog [req-2a42373e-5ea3-4b35-80df-5a9a4b1d3696 req-c5a9fc4a-3a4c-4196-8d6a-82588679c775 None None] Starting request: 10.222.0.40 "GET /placement/allocations/ad134563-ec04-41e5-bcea-adca1114b0c2" {{(pid=104147) __call__ /opt/stack/placement/placement/requestlog.py:55}}
May 30 18:13:09.721868 n-d-843938-1 devstack@placement-api.service[104147]: INFO placement.requestlog [req-2a42373e-5ea3-4b35-80df-5a9a4b1d3696 req-c5a9fc4a-3a4c-4196-8d6a-82588679c775 service placement] 10.222.0.40 "GET /placement/allocations/ad134563-ec04-41e5-bcea-adca1114b0c2" status: 200 len: 259 microversion: 1.28
May 30 18:13:09.722440 n-d-843938-1 devstack@placement-api.service[104147]: [pid: 104147|app: 0|req: 160/315] 10.222.0.40 () {60 vars in 1377 bytes} [Mon May 30 18:13:09 2022] GET /placement/allocations/ad134563-ec04-41e5-bcea-adca1114b0c2 => generated 259 bytes in 30 msecs (HTTP/1.1 200) 8 headers in 296 bytes (1 switches on core 0)
May 30 18:13:10.534126 n-d-843938-1 devstack@placement-api.service[104148]: DEBUG placement.requestlog [req-f0c84586-863b-4807-afd0-7e1f0c31317f req-4880df21-7595-4f70-a80c-98358046ec8b None None] Starting request: 10.222.0.40 "GET /placement/allocations/6364897f-56ff-446a-8514-d904a218fdb1" {{(pid=104148) __call__ /opt/stack/placement/placement/requestlog.py:55}}
May 30 18:13:10.565331 n-d-843938-1 devstack@placement-api.service[104148]: INFO placement.requestlog [req-f0c84586-863b-4807-afd0-7e1f0c31317f req-4880df21-7595-4f70-a80c-98358046ec8b service placement] 10.222.0.40 "GET /placement/allocations/6364897f-56ff-446a-8514-d904a218fdb1" status: 200 len: 259 microversion: 1.28
May 30 18:13:10.565449 n-d-843938-1 devstack@placement-api.service[104148]: [pid: 104148|app: 0|req: 156/316] 10.222.0.40 () {60 vars in 1377 bytes} [Mon May 30 18:13:10 2022] GET /placement/allocations/6364897f-56ff-446a-8514-d904a218fdb1 => generated 259 bytes in 32 msecs (HTTP/1.1 200) 8 headers in 296 bytes (1 switches on core 0)
May 30 18:13:19.654602 n-d-843938-1 devstack@placement-api.service[104147]: DEBUG placement.requestlog [None req-7b7a16a7-10c5-4d5d-a53d-58b211f4292b None None] Starting request: 10.222.0.41 "GET /placement/" {{(pid=104147) __call__ /opt/stack/placement/placement/requestlog.py:55}}
May 30 18:13:19.656420 n-d-843938-1 devstack@placement-api.service[104147]: INFO placement.requestlog [None req-7b7a16a7-10c5-4d5d-a53d-58b211f4292b None None] 10.222.0.41 "GET /placement/" status: 200 len: 136 microversion: 1.0
May 30 18:13:19.656763 n-d-843938-1 devstack@placement-api.service[104147]: [pid: 104147|app: 0|req: 161/317] 10.222.0.41 () {54 vars in 916 bytes} [Mon May 30 18:13:19 2022] GET /placement => generated 136 bytes in 2 msecs (HTTP/1.1 200) 6 headers in 224 bytes (1 switches on core 0)
May 30 18:13:19.678181 n-d-843938-1 devstack@placement-api.service[104148]: DEBUG placement.requestlog [req-aed4b268-d066-4cda-b031-f6d3ddbbe1a5 req-83d65784-d897-4278-b8b8-a22f079f544e None None] Starting request: 10.222.0.41 "GET /placement/allocations/c4fdef4a-2eb3-4c55-b007-3e5258b6ddd4" {{(pid=104148) __call__ /opt/stack/placement/placement/requestlog.py:55}}
May 30 18:13:19.798178 n-d-843938-1 devstack@placement-api.service[104148]: INFO placement.requestlog [req-aed4b268-d066-4cda-b031-f6d3ddbbe1a5 req-83d65784-d897-4278-b8b8-a22f079f544e service placement] 10.222.0.41 "GET /placement/allocations/c4fdef4a-2eb3-4c55-b007-3e5258b6ddd4" status: 200 len: 259 microversion: 1.28
May 30 18:13:19.801490 n-d-843938-1 devstack@placement-api.service[104148]: [pid: 104148|app: 0|req: 157/318] 10.222.0.41 () {60 vars in 1380 bytes} [Mon May 30 18:13:19 2022] GET /placement/allocations/c4fdef4a-2eb3-4c55-b007-3e5258b6ddd4 => generated 259 bytes in 124 msecs (HTTP/1.1 200) 8 headers in 296 bytes (2 switches on core 0)
May 30 18:13:19.804796 n-d-843938-1 devstack@placement-api.service[104147]: DEBUG placement.requestlog [req-aed4b268-d066-4cda-b031-f6d3ddbbe1a5 req-15b89e0a-eaf5-4523-83e6-851a26b47745 None None] Starting request: 10.222.0.41 "GET /placement/allocations/c4fdef4a-2eb3-4c55-b007-3e5258b6ddd4" {{(pid=104147) __call__ /opt/stack/placement/placement/requestlog.py:55}}
May 30 18:13:19.830420 n-d-843938-1 devstack@placement-api.service[104147]: INFO placement.requestlog [req-aed4b268-d066-4cda-b031-f6d3ddbbe1a5 req-15b89e0a-eaf5-4523-83e6-851a26b47745 service placement] 10.222.0.41 "GET /placement/allocations/c4fdef4a-2eb3-4c55-b007-3e5258b6ddd4" status: 200 len: 259 microversion: 1.28
May 30 18:13:19.830602 n-d-843938-1 devstack@placement-api.service[104147]: [pid: 104147|app: 0|req: 162/319] 10.222.0.41 () {60 vars in 1380 bytes} [Mon May 30 18:13:19 2022] GET /placement/allocations/c4fdef4a-2eb3-4c55-b007-3e5258b6ddd4 => generated 259 bytes in 26 msecs (HTTP/1.1 200) 8 headers in 296 bytes (1 switches on core 0)
May 30 18:13:19.837058 n-d-843938-1 devstack@placement-api.service[104148]: DEBUG placement.requestlog [req-aed4b268-d066-4cda-b031-f6d3ddbbe1a5 req-57412f9f-d068-4ae0-a4b6-7d23de940ed6 None None] Starting request: 10.222.0.41 "GET /placement/allocations/1472053d-f92f-4576-89c0-f116034b91d4" {{(pid=104148) __call__ /opt/stack/placement/placement/requestlog.py:55}}
May 30 18:13:19.856754 n-d-843938-1 devstack@placement-api.service[104148]: INFO placement.requestlog [req-aed4b268-d066-4cda-b031-f6d3ddbbe1a5 req-57412f9f-d068-4ae0-a4b6-7d23de940ed6 service placement] 10.222.0.41 "GET /placement/allocations/1472053d-f92f-4576-89c0-f116034b91d4" status: 200 len: 19 microversion: 1.28
May 30 18:13:19.856996 n-d-843938-1 devstack@placement-api.service[104148]: [pid: 104148|app: 0|req: 158/320] 10.222.0.41 () {60 vars in 1380 bytes} [Mon May 30 18:13:19 2022] GET /placement/allocations/1472053d-f92f-4576-89c0-f116034b91d4 => generated 19 bytes in 20 msecs (HTTP/1.1 200) 8 headers in 295 bytes (2 switches on core 0)
May 30 18:13:19.863789 n-d-843938-1 devstack@placement-api.service[104147]: DEBUG placement.requestlog [req-aed4b268-d066-4cda-b031-f6d3ddbbe1a5 req-035a8e11-8f9a-4d1d-ad04-6e18eebaf11a None None] Starting request: 10.222.0.41 "POST /placement/allocations" {{(pid=104147) __call__ /opt/stack/placement/placement/requestlog.py:55}}
