May 30 18:13:20.076775 n-d-843938-1 devstack@placement-api.service[104147]: DEBUG placement.handlers.allocation [req-aed4b268-d066-4cda-b031-f6d3ddbbe1a5 req-035a8e11-8f9a-4d1d-ad04-6e18eebaf11a service placement] Successfully wrote allocations [, , , , , ] {{(pid=104147) _update_consumers_and_create_allocations /opt/stack/placement/placement/handlers/allocation.py:572}}
May 30 18:13:20.212789 n-d-843938-1 devstack@placement-api.service[104147]: INFO placement.requestlog [req-aed4b268-d066-4cda-b031-f6d3ddbbe1a5 req-035a8e11-8f9a-4d1d-ad04-6e18eebaf11a service placement] 10.222.0.41 "POST /placement/allocations" status: 204 len: 0 microversion: 1.28
May 30 18:13:20.213034 n-d-843938-1 devstack@placement-api.service[104147]: [pid: 104147|app: 0|req: 163/321] 10.222.0.41 () {64 vars in 1323 bytes} [Mon May 30 18:13:19 2022] POST /placement/allocations => generated 0 bytes in 349 msecs (HTTP/1.1 204) 5 headers in 199 bytes (1 switches on core 0)
May 30 18:13:20.236575 n-d-843938-1 devstack@placement-api.service[104148]: DEBUG placement.requestlog [req-aed4b268-d066-4cda-b031-f6d3ddbbe1a5 req-734fe9bd-94c6-442d-8252-4f4434d896a7 None None] Starting request: 10.222.0.41 "GET /placement/allocation_candidates?limit=1000&resources=DISK_GB%3A1%2CMEMORY_MB%3A512%2CVCPU%3A1&root_required=%21COMPUTE_STATUS_DISABLED" {{(pid=104148) __call__ /opt/stack/placement/placement/requestlog.py:55}}
May 30 18:13:20.305978 n-d-843938-1 devstack@placement-api.service[104148]: DEBUG placement.objects.research_context [req-aed4b268-d066-4cda-b031-f6d3ddbbe1a5 req-734fe9bd-94c6-442d-8252-4f4434d896a7 service placement] getting providers with 1 DISK_GB {{(pid=104148) __init__ /opt/stack/placement/placement/objects/research_context.py:126}}
May 30 18:13:20.315794 n-d-843938-1 devstack@placement-api.service[104148]: DEBUG placement.objects.research_context [req-aed4b268-d066-4cda-b031-f6d3ddbbe1a5 req-734fe9bd-94c6-442d-8252-4f4434d896a7 service placement] getting providers with 512 MEMORY_MB {{(pid=104148) __init__ /opt/stack/placement/placement/objects/research_context.py:126}}
May 30 18:13:20.329908 n-d-843938-1 devstack@placement-api.service[104148]: DEBUG placement.objects.research_context [req-aed4b268-d066-4cda-b031-f6d3ddbbe1a5 req-734fe9bd-94c6-442d-8252-4f4434d896a7 service placement] getting providers with 1 VCPU {{(pid=104148) __init__ /opt/stack/placement/placement/objects/research_context.py:126}}
May 30 18:13:20.333959 n-d-843938-1 devstack@placement-api.service[104148]: DEBUG placement.objects.research_context [req-aed4b268-d066-4cda-b031-f6d3ddbbe1a5 req-734fe9bd-94c6-442d-8252-4f4434d896a7 service placement] found 2 providers with available 1 DISK_GB {{(pid=104148) get_provider_ids_matching /opt/stack/placement/placement/objects/research_context.py:549}}
May 30 18:13:20.334383 n-d-843938-1 devstack@placement-api.service[104148]: DEBUG placement.objects.research_context [req-aed4b268-d066-4cda-b031-f6d3ddbbe1a5 req-734fe9bd-94c6-442d-8252-4f4434d896a7 service placement] found 2 providers with available 512 MEMORY_MB {{(pid=104148) get_provider_ids_matching /opt/stack/placement/placement/objects/research_context.py:549}}
May 30 18:13:20.334765 n-d-843938-1 devstack@placement-api.service[104148]: DEBUG placement.objects.research_context [req-aed4b268-d066-4cda-b031-f6d3ddbbe1a5 req-734fe9bd-94c6-442d-8252-4f4434d896a7 service placement] found 2 providers after filtering by previous result {{(pid=104148) get_provider_ids_matching /opt/stack/placement/placement/objects/research_context.py:580}}
May 30 18:13:20.335374 n-d-843938-1 devstack@placement-api.service[104148]: DEBUG placement.objects.research_context [req-aed4b268-d066-4cda-b031-f6d3ddbbe1a5 req-734fe9bd-94c6-442d-8252-4f4434d896a7 service placement] found 2 providers with available 1 VCPU {{(pid=104148) get_provider_ids_matching /opt/stack/placement/placement/objects/research_context.py:549}}
May 30 18:13:20.335745 n-d-843938-1 devstack@placement-api.service[104148]: DEBUG placement.objects.research_context [req-aed4b268-d066-4cda-b031-f6d3ddbbe1a5 req-734fe9bd-94c6-442d-8252-4f4434d896a7 service placement] found 2 providers after filtering by previous result {{(pid=104148) get_provider_ids_matching /opt/stack/placement/placement/objects/research_context.py:580}}
May 30 18:13:20.361665 n-d-843938-1 devstack@placement-api.service[104148]: DEBUG placement.objects.allocation_candidate [req-aed4b268-d066-4cda-b031-f6d3ddbbe1a5 req-734fe9bd-94c6-442d-8252-4f4434d896a7 service placement] RequestGroup(use_same_provider=False, resources={DISK_GB:1, MEMORY_MB:512, VCPU:1}, traits=[], aggregates=[]) (suffix '') returned 2 matches {{(pid=104148) _get_by_requests /opt/stack/placement/placement/objects/allocation_candidate.py:145}}
May 30 18:13:20.362214 n-d-843938-1 devstack@placement-api.service[104148]: DEBUG placement.objects.allocation_candidate [req-aed4b268-d066-4cda-b031-f6d3ddbbe1a5 req-734fe9bd-94c6-442d-8252-4f4434d896a7 service placement] Merging candidates yields 2 allocation requests and 2 provider summaries {{(pid=104148) _merge_candidates /opt/stack/placement/placement/objects/allocation_candidate.py:783}}
May 30 18:13:20.364485 n-d-843938-1 devstack@placement-api.service[104148]: INFO placement.requestlog [req-aed4b268-d066-4cda-b031-f6d3ddbbe1a5 req-734fe9bd-94c6-442d-8252-4f4434d896a7 service placement] 10.222.0.41 "GET /placement/allocation_candidates?limit=1000&resources=DISK_GB%3A1%2CMEMORY_MB%3A512%2CVCPU%3A1&root_required=%21COMPUTE_STATUS_DISABLED" status: 200 len: 1310 microversion: 1.36
May 30 18:13:20.364863 n-d-843938-1 devstack@placement-api.service[104148]: [pid: 104148|app: 0|req: 159/322] 10.222.0.41 () {60 vars in 1504 bytes} [Mon May 30 18:13:20 2022] GET /placement/allocation_candidates?limit=1000&resources=DISK_GB%3A1%2CMEMORY_MB%3A512%2CVCPU%3A1&root_required=%21COMPUTE_STATUS_DISABLED => generated 1310 bytes in 129 msecs (HTTP/1.1 200) 8 headers in 297 bytes (1 switches on core 0)
May 30 18:13:20.443371 n-d-843938-1 devstack@placement-api.service[104147]: DEBUG placement.requestlog [req-aed4b268-d066-4cda-b031-f6d3ddbbe1a5 req-aede1be1-f2c7-43b2-8825-25bb7f14967f None None] Starting request: 10.222.0.41 "GET /placement/allocations/c4fdef4a-2eb3-4c55-b007-3e5258b6ddd4" {{(pid=104147) __call__ /opt/stack/placement/placement/requestlog.py:55}}
May 30 18:13:20.465635 n-d-843938-1 devstack@placement-api.service[104147]: INFO placement.requestlog [req-aed4b268-d066-4cda-b031-f6d3ddbbe1a5 req-aede1be1-f2c7-43b2-8825-25bb7f14967f service placement] 10.222.0.41 "GET /placement/allocations/c4fdef4a-2eb3-4c55-b007-3e5258b6ddd4" status: 200 len: 19 microversion: 1.28
May 30 18:13:20.470022 n-d-843938-1 devstack@placement-api.service[104147]: [pid: 104147|app: 0|req: 164/323] 10.222.0.41 () {60 vars in 1380 bytes} [Mon May 30 18:13:20 2022] GET /placement/allocations/c4fdef4a-2eb3-4c55-b007-3e5258b6ddd4 => generated 19 bytes in 27 msecs (HTTP/1.1 200) 8 headers in 295 bytes (1 switches on core 0)
May 30 18:13:20.484370 n-d-843938-1 devstack@placement-api.service[104148]: DEBUG placement.requestlog [req-aed4b268-d066-4cda-b031-f6d3ddbbe1a5 req-c2f75922-b734-4173-829b-607c8b74eb29 None None] Starting request: 10.222.0.41 "PUT /placement/allocations/c4fdef4a-2eb3-4c55-b007-3e5258b6ddd4" {{(pid=104148) __call__ /opt/stack/placement/placement/requestlog.py:55}}
May 30 18:13:20.727997 n-d-843938-1 devstack@placement-api.service[104148]: DEBUG placement.handlers.allocation [req-aed4b268-d066-4cda-b031-f6d3ddbbe1a5 req-c2f75922-b734-4173-829b-607c8b74eb29 service placement] Successfully wrote allocations [, , ] {{(pid=104148) _update_consumers_and_create_allocations /opt/stack/placement/placement/handlers/allocation.py:462}}
May 30 18:13:20.828771 n-d-843938-1 devstack@placement-api.service[104148]: INFO placement.requestlog [req-aed4b268-d066-4cda-b031-f6d3ddbbe1a5 req-c2f75922-b734-4173-829b-607c8b74eb29 service placement] 10.222.0.41 "PUT /placement/allocations/c4fdef4a-2eb3-4c55-b007-3e5258b6ddd4" status: 204 len: 0 microversion: 1.36
May 30 18:13:20.829154 n-d-843938-1 devstack@placement-api.service[104148]: [pid: 104148|app: 0|req: 160/324] 10.222.0.41 () {64 vars in 1433 bytes} [Mon May 30 18:13:20 2022] PUT /placement/allocations/c4fdef4a-2eb3-4c55-b007-3e5258b6ddd4 => generated 0 bytes in 345 msecs (HTTP/1.1 204) 5 headers in 199 bytes (1 switches on core 0)
May 30 18:13:21.459417 n-d-843938-1 devstack@placement-api.service[104147]: DEBUG placement.requestlog [req-aed4b268-d066-4cda-b031-f6d3ddbbe1a5 req-daaa4d34-3d83-4dca-8808-b2ecd12300fe None None] Starting request: 10.222.0.39 "GET /placement/allocations/c4fdef4a-2eb3-4c55-b007-3e5258b6ddd4" {{(pid=104147) __call__ /opt/stack/placement/placement/requestlog.py:55}}
May 30 18:13:21.480103 n-d-843938-1 devstack@placement-api.service[104147]: INFO placement.requestlog [req-aed4b268-d066-4cda-b031-f6d3ddbbe1a5 req-daaa4d34-3d83-4dca-8808-b2ecd12300fe service placement] 10.222.0.39 "GET /placement/allocations/c4fdef4a-2eb3-4c55-b007-3e5258b6ddd4" status: 200 len: 258 microversion: 1.28
May 30 18:13:21.480566 n-d-843938-1 devstack@placement-api.service[104147]: [pid: 104147|app: 0|req: 165/325] 10.222.0.39 () {60 vars in 1377 bytes} [Mon May 30 18:13:21 2022] GET /placement/allocations/c4fdef4a-2eb3-4c55-b007-3e5258b6ddd4 => generated 258 bytes in 22 msecs (HTTP/1.1 200) 8 headers in 296 bytes (1 switches on core 0)
May 30 18:13:31.408927 n-d-843938-1 devstack@placement-api.service[104148]: DEBUG placement.requestlog [req-575cbcd0-e447-4328-afdd-3c152d4b14e6 req-3abfb4c6-87ca-471c-a8af-d18994115151 None None] Starting request: 10.222.0.41 "GET /placement/allocation_candidates?limit=1000&resources=MEMORY_MB%3A1024%2CVCPU%3A1&root_required=%21COMPUTE_STATUS_DISABLED" {{(pid=104148) __call__ /opt/stack/placement/placement/requestlog.py:55}}
May 30 18:13:31.518704 n-d-843938-1 devstack@placement-api.service[104148]: DEBUG placement.objects.research_context [req-575cbcd0-e447-4328-afdd-3c152d4b14e6 req-3abfb4c6-87ca-471c-a8af-d18994115151 service placement] getting providers with 1024 MEMORY_MB {{(pid=104148) __init__ /opt/stack/placement/placement/objects/research_context.py:126}}
May 30 18:13:31.540601 n-d-843938-1 devstack@placement-api.service[104148]: DEBUG placement.objects.research_context [req-575cbcd0-e447-4328-afdd-3c152d4b14e6 req-3abfb4c6-87ca-471c-a8af-d18994115151 service placement] getting providers with 1 VCPU {{(pid=104148) __init__ /opt/stack/placement/placement/objects/research_context.py:126}}
May 30 18:13:31.559942 n-d-843938-1 devstack@placement-api.service[104148]: DEBUG placement.objects.research_context [req-575cbcd0-e447-4328-afdd-3c152d4b14e6 req-3abfb4c6-87ca-471c-a8af-d18994115151 service placement] found 2 providers with available 1024 MEMORY_MB {{(pid=104148) get_provider_ids_matching /opt/stack/placement/placement/objects/research_context.py:549}}
May 30 18:13:31.561597 n-d-843938-1 devstack@placement-api.service[104148]: DEBUG placement.objects.research_context [req-575cbcd0-e447-4328-afdd-3c152d4b14e6 req-3abfb4c6-87ca-471c-a8af-d18994115151 service placement] found 2 providers with available 1 VCPU {{(pid=104148) get_provider_ids_matching /opt/stack/placement/placement/objects/research_context.py:549}}
May 30 18:13:31.567526 n-d-843938-1 devstack@placement-api.service[104148]: DEBUG placement.objects.research_context [req-575cbcd0-e447-4328-afdd-3c152d4b14e6 req-3abfb4c6-87ca-471c-a8af-d18994115151 service placement] found 2 providers after filtering by previous result {{(pid=104148) get_provider_ids_matching /opt/stack/placement/placement/objects/research_context.py:580}}
May 30 18:13:31.588159 n-d-843938-1 devstack@placement-api.service[104148]: DEBUG placement.objects.allocation_candidate [req-575cbcd0-e447-4328-afdd-3c152d4b14e6 req-3abfb4c6-87ca-471c-a8af-d18994115151 service placement] RequestGroup(use_same_provider=False, resources={MEMORY_MB:1024, VCPU:1}, traits=[], aggregates=[]) (suffix '') returned 2 matches {{(pid=104148) _get_by_requests /opt/stack/placement/placement/objects/allocation_candidate.py:145}}
May 30 18:13:31.588525 n-d-843938-1 devstack@placement-api.service[104148]: DEBUG placement.objects.allocation_candidate [req-575cbcd0-e447-4328-afdd-3c152d4b14e6 req-3abfb4c6-87ca-471c-a8af-d18994115151 service placement] Merging candidates yields 2 allocation requests and 2 provider summaries {{(pid=104148) _merge_candidates /opt/stack/placement/placement/objects/allocation_candidate.py:783}}
May 30 18:13:31.599073 n-d-843938-1 devstack@placement-api.service[104148]: INFO placement.requestlog [req-575cbcd0-e447-4328-afdd-3c152d4b14e6 req-3abfb4c6-87ca-471c-a8af-d18994115151 service placement] 10.222.0.41 "GET /placement/allocation_candidates?limit=1000&resources=MEMORY_MB%3A1024%2CVCPU%3A1&root_required=%21COMPUTE_STATUS_DISABLED" status: 200 len: 1286 microversion: 1.36
May 30 18:13:31.602479 n-d-843938-1 devstack@placement-api.service[104148]: [pid: 104148|app: 0|req: 161/326] 10.222.0.41 () {60 vars in 1478 bytes} [Mon May 30 18:13:31 2022] GET /placement/allocation_candidates?limit=1000&resources=MEMORY_MB%3A1024%2CVCPU%3A1&root_required=%21COMPUTE_STATUS_DISABLED => generated 1286 bytes in 194 msecs (HTTP/1.1 200) 8 headers in 297 bytes (1 switches on core 0)
May 30 18:13:31.722786 n-d-843938-1 devstack@placement-api.service[104147]: DEBUG placement.requestlog [req-575cbcd0-e447-4328-afdd-3c152d4b14e6 req-5878ef22-3c0c-482e-86ce-620a58626450 None None] Starting request: 10.222.0.41 "GET /placement/allocations/a9749813-b890-4364-8d37-91783edb6a92" {{(pid=104147) __call__ /opt/stack/placement/placement/requestlog.py:55}}
May 30 18:13:31.739658 n-d-843938-1 devstack@placement-api.service[104147]: INFO placement.requestlog [req-575cbcd0-e447-4328-afdd-3c152d4b14e6 req-5878ef22-3c0c-482e-86ce-620a58626450 service placement] 10.222.0.41 "GET /placement/allocations/a9749813-b890-4364-8d37-91783edb6a92" status: 200 len: 19 microversion: 1.28
May 30 18:13:31.740419 n-d-843938-1 devstack@placement-api.service[104147]: [pid: 104147|app: 0|req: 166/327] 10.222.0.41 () {60 vars in 1380 bytes} [Mon May 30 18:13:31 2022] GET /placement/allocations/a9749813-b890-4364-8d37-91783edb6a92 => generated 19 bytes in 19 msecs (HTTP/1.1 200) 8 headers in 295 bytes (1 switches on core 0)
May 30 18:13:31.762948 n-d-843938-1 devstack@placement-api.service[104148]: DEBUG placement.requestlog [req-575cbcd0-e447-4328-afdd-3c152d4b14e6 req-fdb8fb50-bd6a-4824-af24-4328eeff7329 None None] Starting request: 10.222.0.41 "PUT /placement/allocations/a9749813-b890-4364-8d37-91783edb6a92" {{(pid=104148) __call__ /opt/stack/placement/placement/requestlog.py:55}}
May 30 18:13:32.402625 n-d-843938-1 devstack@placement-api.service[104148]: DEBUG placement.handlers.allocation [req-575cbcd0-e447-4328-afdd-3c152d4b14e6 req-fdb8fb50-bd6a-4824-af24-4328eeff7329 service placement] Successfully wrote allocations [, ] {{(pid=104148) _update_consumers_and_create_allocations /opt/stack/placement/placement/handlers/allocation.py:462}}
May 30 18:13:32.491529 n-d-843938-1 devstack@placement-api.service[104148]: INFO placement.requestlog [req-575cbcd0-e447-4328-afdd-3c152d4b14e6 req-fdb8fb50-bd6a-4824-af24-4328eeff7329 service placement] 10.222.0.41 "PUT /placement/allocations/a9749813-b890-4364-8d37-91783edb6a92" status: 204 len: 0 microversion: 1.36
May 30 18:13:32.492273 n-d-843938-1 devstack@placement-api.service[104148]: [pid: 104148|app: 0|req: 162/328] 10.222.0.41 () {64 vars in 1433 bytes} [Mon May 30 18:13:31 2022] PUT /placement/allocations/a9749813-b890-4364-8d37-91783edb6a92 => generated 0 bytes in 730 msecs (HTTP/1.1 204) 5 headers in 199 bytes (2 switches on core 0)
May 30 18:13:33.814866 n-d-843938-1 devstack@placement-api.service[104147]: DEBUG placement.requestlog [req-8521d52c-1928-4cc6-85d0-7baf8042f26b req-645b8dd5-38ed-4fce-ad82-cf460cd0c7e1 None None] Starting request: 10.222.0.41 "GET /placement/allocation_candidates?resources=DISK_GB%3A1%2CMEMORY_MB%3A1024%2CVCPU%3A1&root_required=%21COMPUTE_STATUS_DISABLED" {{(pid=104147) __call__ /opt/stack/placement/placement/requestlog.py:55}}
May 30 18:13:33.901606 n-d-843938-1 devstack@placement-api.service[104147]: DEBUG placement.objects.research_context [req-8521d52c-1928-4cc6-85d0-7baf8042f26b req-645b8dd5-38ed-4fce-ad82-cf460cd0c7e1 service placement] getting providers with 1 DISK_GB {{(pid=104147) __init__ /opt/stack/placement/placement/objects/research_context.py:126}}
May 30 18:13:33.916340 n-d-843938-1 devstack@placement-api.service[104147]: DEBUG placement.objects.research_context [req-8521d52c-1928-4cc6-85d0-7baf8042f26b req-645b8dd5-38ed-4fce-ad82-cf460cd0c7e1 service placement] getting providers with 1024 MEMORY_MB {{(pid=104147) __init__ /opt/stack/placement/placement/objects/research_context.py:126}}
May 30 18:13:33.935432 n-d-843938-1 devstack@placement-api.service[104147]: DEBUG placement.objects.research_context [req-8521d52c-1928-4cc6-85d0-7baf8042f26b req-645b8dd5-38ed-4fce-ad82-cf460cd0c7e1 service placement] getting providers with 1 VCPU {{(pid=104147) __init__ /opt/stack/placement/placement/objects/research_context.py:126}}
May 30 18:13:33.943005 n-d-843938-1 devstack@placement-api.service[104147]: DEBUG placement.objects.research_context [req-8521d52c-1928-4cc6-85d0-7baf8042f26b req-645b8dd5-38ed-4fce-ad82-cf460cd0c7e1 service placement] found 2 providers with available 1 DISK_GB {{(pid=104147) get_provider_ids_matching /opt/stack/placement/placement/objects/research_context.py:549}}
May 30 18:13:33.943559 n-d-843938-1 devstack@placement-api.service[104147]: DEBUG placement.objects.research_context [req-8521d52c-1928-4cc6-85d0-7baf8042f26b req-645b8dd5-38ed-4fce-ad82-cf460cd0c7e1 service placement] found 2 providers with available 1024 MEMORY_MB {{(pid=104147) get_provider_ids_matching /opt/stack/placement/placement/objects/research_context.py:549}}
May 30 18:13:33.945844 n-d-843938-1 devstack@placement-api.service[104147]: DEBUG placement.objects.research_context [req-8521d52c-1928-4cc6-85d0-7baf8042f26b req-645b8dd5-38ed-4fce-ad82-cf460cd0c7e1 service placement] found 2 providers after filtering by previous result {{(pid=104147) get_provider_ids_matching /opt/stack/placement/placement/objects/research_context.py:580}}
May 30 18:13:33.950434 n-d-843938-1 devstack@placement-api.service[104147]: DEBUG placement.objects.research_context [req-8521d52c-1928-4cc6-85d0-7baf8042f26b req-645b8dd5-38ed-4fce-ad82-cf460cd0c7e1 service placement] found 2 providers with available 1 VCPU {{(pid=104147) get_provider_ids_matching /opt/stack/placement/placement/objects/research_context.py:549}}
May 30 18:13:33.950434 n-d-843938-1 devstack@placement-api.service[104147]: DEBUG placement.objects.research_context [req-8521d52c-1928-4cc6-85d0-7baf8042f26b req-645b8dd5-38ed-4fce-ad82-cf460cd0c7e1 service placement] found 2 providers after filtering by previous result {{(pid=104147) get_provider_ids_matching /opt/stack/placement/placement/objects/research_context.py:580}}
May 30 18:13:33.955151 n-d-843938-1 devstack@placement-api.service[104148]: DEBUG placement.requestlog [req-575cbcd0-e447-4328-afdd-3c152d4b14e6 req-84a440c9-9669-4966-afdf-51ad90626bf6 None None] Starting request: 10.222.0.39 "GET /placement/allocations/a9749813-b890-4364-8d37-91783edb6a92" {{(pid=104148) __call__ /opt/stack/placement/placement/requestlog.py:55}}
May 30 18:13:33.991083 n-d-843938-1 devstack@placement-api.service[104147]: DEBUG placement.objects.allocation_candidate [req-8521d52c-1928-4cc6-85d0-7baf8042f26b req-645b8dd5-38ed-4fce-ad82-cf460cd0c7e1 service placement] RequestGroup(use_same_provider=False, resources={DISK_GB:1, MEMORY_MB:1024, VCPU:1}, traits=[], aggregates=[]) (suffix '') returned 2 matches {{(pid=104147) _get_by_requests /opt/stack/placement/placement/objects/allocation_candidate.py:145}}
May 30 18:13:33.994498 n-d-843938-1 devstack@placement-api.service[104147]: DEBUG placement.objects.allocation_candidate [req-8521d52c-1928-4cc6-85d0-7baf8042f26b req-645b8dd5-38ed-4fce-ad82-cf460cd0c7e1 service placement] Merging candidates yields 2 allocation requests and 2 provider summaries {{(pid=104147) _merge_candidates /opt/stack/placement/placement/objects/allocation_candidate.py:783}}
May 30 18:13:33.996366 n-d-843938-1 devstack@placement-api.service[104147]: INFO placement.requestlog [req-8521d52c-1928-4cc6-85d0-7baf8042f26b req-645b8dd5-38ed-4fce-ad82-cf460cd0c7e1 service placement] 10.222.0.41 "GET /placement/allocation_candidates?resources=DISK_GB%3A1%2CMEMORY_MB%3A1024%2CVCPU%3A1&root_required=%21COMPUTE_STATUS_DISABLED" status: 200 len: 1315 microversion: 1.36
May 30 18:13:33.998898 n-d-843938-1 devstack@placement-api.service[104147]: [pid: 104147|app: 0|req: 167/329] 10.222.0.41 () {60 vars in 1484 bytes} [Mon May 30 18:13:33 2022] GET /placement/allocation_candidates?resources=DISK_GB%3A1%2CMEMORY_MB%3A1024%2CVCPU%3A1&root_required=%21COMPUTE_STATUS_DISABLED => generated 1315 bytes in 184 msecs (HTTP/1.1 200) 8 headers in 297 bytes (1 switches on core 0)
May 30 18:13:34.002514 n-d-843938-1 devstack@placement-api.service[104148]: INFO placement.requestlog [req-575cbcd0-e447-4328-afdd-3c152d4b14e6 req-84a440c9-9669-4966-afdf-51ad90626bf6 service placement] 10.222.0.39 "GET /placement/allocations/a9749813-b890-4364-8d37-91783edb6a92" status: 200 len: 245 microversion: 1.28
May 30 18:13:34.006610 n-d-843938-1 devstack@placement-api.service[104148]: [pid: 104148|app: 0|req: 163/330] 10.222.0.39 () {60 vars in 1377 bytes} [Mon May 30 18:13:33 2022] GET /placement/allocations/a9749813-b890-4364-8d37-91783edb6a92 => generated 245 bytes in 51 msecs (HTTP/1.1 200) 8 headers in 296 bytes (2 switches on core 0)
May 30 18:13:34.155324 n-d-843938-1 devstack@placement-api.service[104147]: DEBUG placement.requestlog [req-8521d52c-1928-4cc6-85d0-7baf8042f26b req-9f43cbea-faf3-4f0c-8ab5-9dfbc9d06e8a None None] Starting request: 10.222.0.41 "GET /placement/allocations/c2e078aa-bafe-43de-af56-5912b25b6556" {{(pid=104147) __call__ /opt/stack/placement/placement/requestlog.py:55}}
May 30 18:13:34.171187 n-d-843938-1 devstack@placement-api.service[104147]: INFO placement.requestlog [req-8521d52c-1928-4cc6-85d0-7baf8042f26b req-9f43cbea-faf3-4f0c-8ab5-9dfbc9d06e8a service placement] 10.222.0.41 "GET /placement/allocations/c2e078aa-bafe-43de-af56-5912b25b6556" status: 200 len: 19 microversion: 1.28
May 30 18:13:34.171745 n-d-843938-1 devstack@placement-api.service[104147]: [pid: 104147|app: 0|req: 168/331] 10.222.0.41 () {60 vars in 1380 bytes} [Mon May 30 18:13:34 2022] GET /placement/allocations/c2e078aa-bafe-43de-af56-5912b25b6556 => generated 19 bytes in 17 msecs (HTTP/1.1 200) 8 headers in 295 bytes (1 switches on core 0)
May 30 18:13:34.185668 n-d-843938-1 devstack@placement-api.service[104148]: DEBUG placement.requestlog [req-8521d52c-1928-4cc6-85d0-7baf8042f26b req-4ddf2de8-121f-4ca1-8fa0-b9e85371b3d9 None None] Starting request: 10.222.0.41 "PUT /placement/allocations/c2e078aa-bafe-43de-af56-5912b25b6556" {{(pid=104148) __call__ /opt/stack/placement/placement/requestlog.py:55}}
May 30 18:13:34.415578 n-d-843938-1 devstack@placement-api.service[104148]: DEBUG placement.handlers.allocation [req-8521d52c-1928-4cc6-85d0-7baf8042f26b req-4ddf2de8-121f-4ca1-8fa0-b9e85371b3d9 service placement] Successfully wrote allocations [, , ] {{(pid=104148) _update_consumers_and_create_allocations /opt/stack/placement/placement/handlers/allocation.py:462}}
May 30 18:13:34.511291 n-d-843938-1 devstack@placement-api.service[104148]: INFO placement.requestlog [req-8521d52c-1928-4cc6-85d0-7baf8042f26b req-4ddf2de8-121f-4ca1-8fa0-b9e85371b3d9 service placement] 10.222.0.41 "PUT /placement/allocations/c2e078aa-bafe-43de-af56-5912b25b6556" status: 204 len: 0 microversion: 1.36
May 30 18:13:34.513849 n-d-843938-1 devstack@placement-api.service[104148]: [pid: 104148|app: 0|req: 164/332] 10.222.0.41 () {64 vars in 1433 bytes} [Mon May 30 18:13:34 2022] PUT /placement/allocations/c2e078aa-bafe-43de-af56-5912b25b6556 => generated 0 bytes in 327 msecs (HTTP/1.1 204) 5 headers in 199 bytes (3 switches on core 0)
May 30 18:13:35.952966 n-d-843938-1 devstack@placement-api.service[104147]: DEBUG placement.requestlog [req-8521d52c-1928-4cc6-85d0-7baf8042f26b req-46732a7a-7008-48b3-8540-fee99d0152e0 None None] Starting request: 10.222.0.39 "GET /placement/allocations/c2e078aa-bafe-43de-af56-5912b25b6556" {{(pid=104147) __call__ /opt/stack/placement/placement/requestlog.py:55}}
May 30 18:13:35.993750 n-d-843938-1 devstack@placement-api.service[104147]: INFO placement.requestlog [req-8521d52c-1928-4cc6-85d0-7baf8042f26b req-46732a7a-7008-48b3-8540-fee99d0152e0 service placement] 10.222.0.39 "GET /placement/allocations/c2e078aa-bafe-43de-af56-5912b25b6556" status: 200 len: 259 microversion: 1.28
May 30 18:13:35.994194 n-d-843938-1 devstack@placement-api.service[104147]: [pid: 104147|app: 0|req: 169/333] 10.222.0.39 () {60 vars in 1377 bytes} [Mon May 30 18:13:35 2022] GET /placement/allocations/c2e078aa-bafe-43de-af56-5912b25b6556 => generated 259 bytes in 41 msecs (HTTP/1.1 200) 8 headers in 296 bytes (1 switches on core 0)
May 30 18:13:36.706168 n-d-843938-1 devstack@placement-api.service[104148]: DEBUG placement.requestlog [req-210b6b41-9502-40ce-9cc9-b7050d8013ed req-ff5d8eb2-3368-4914-ada2-e86dbf0de892 None None] Starting request: 10.222.0.41 "GET /placement/allocation_candidates?resources=DISK_GB%3A1%2CMEMORY_MB%3A1024%2CVCPU%3A1&root_required=%21COMPUTE_STATUS_DISABLED" {{(pid=104148) __call__ /opt/stack/placement/placement/requestlog.py:55}}
May 30 18:13:36.770107 n-d-843938-1 devstack@placement-api.service[104148]: DEBUG placement.objects.research_context [req-210b6b41-9502-40ce-9cc9-b7050d8013ed req-ff5d8eb2-3368-4914-ada2-e86dbf0de892 service placement] getting providers with 1 DISK_GB {{(pid=104148) __init__ /opt/stack/placement/placement/objects/research_context.py:126}}
May 30 18:13:36.789383 n-d-843938-1 devstack@placement-api.service[104148]: DEBUG placement.objects.research_context [req-210b6b41-9502-40ce-9cc9-b7050d8013ed req-ff5d8eb2-3368-4914-ada2-e86dbf0de892 service placement] getting providers with 1024 MEMORY_MB {{(pid=104148) __init__ /opt/stack/placement/placement/objects/research_context.py:126}}
May 30 18:13:36.820592 n-d-843938-1 devstack@placement-api.service[104148]: DEBUG placement.objects.research_context [req-210b6b41-9502-40ce-9cc9-b7050d8013ed req-ff5d8eb2-3368-4914-ada2-e86dbf0de892 service placement] getting providers with 1 VCPU {{(pid=104148) __init__ /opt/stack/placement/placement/objects/research_context.py:126}}
May 30 18:13:36.869172 n-d-843938-1 devstack@placement-api.service[104148]: DEBUG placement.objects.research_context [req-210b6b41-9502-40ce-9cc9-b7050d8013ed req-ff5d8eb2-3368-4914-ada2-e86dbf0de892 service placement] found 2 providers with available 1 DISK_GB {{(pid=104148) get_provider_ids_matching /opt/stack/placement/placement/objects/research_context.py:549}}
May 30 18:13:36.872345 n-d-843938-1 devstack@placement-api.service[104148]: DEBUG placement.objects.research_context [req-210b6b41-9502-40ce-9cc9-b7050d8013ed req-ff5d8eb2-3368-4914-ada2-e86dbf0de892 service placement] found 2 providers with available 1024 MEMORY_MB {{(pid=104148) get_provider_ids_matching /opt/stack/placement/placement/objects/research_context.py:549}}
May 30 18:13:36.873361 n-d-843938-1 devstack@placement-api.service[104148]: DEBUG placement.objects.research_context [req-210b6b41-9502-40ce-9cc9-b7050d8013ed req-ff5d8eb2-3368-4914-ada2-e86dbf0de892 service placement] found 2 providers after filtering by previous result {{(pid=104148) get_provider_ids_matching /opt/stack/placement/placement/objects/research_context.py:580}}
May 30 18:13:36.874127 n-d-843938-1 devstack@placement-api.service[104148]: DEBUG placement.objects.research_context [req-210b6b41-9502-40ce-9cc9-b7050d8013ed req-ff5d8eb2-3368-4914-ada2-e86dbf0de892 service placement] found 2 providers with available 1 VCPU {{(pid=104148) get_provider_ids_matching /opt/stack/placement/placement/objects/research_context.py:549}}
May 30 18:13:36.877331 n-d-843938-1 devstack@placement-api.service[104148]: DEBUG placement.objects.research_context [req-210b6b41-9502-40ce-9cc9-b7050d8013ed req-ff5d8eb2-3368-4914-ada2-e86dbf0de892 service placement] found 2 providers after filtering by previous result {{(pid=104148) get_provider_ids_matching /opt/stack/placement/placement/objects/research_context.py:580}}
May 30 18:13:36.931663 n-d-843938-1 devstack@placement-api.service[104148]: DEBUG placement.objects.allocation_candidate [req-210b6b41-9502-40ce-9cc9-b7050d8013ed req-ff5d8eb2-3368-4914-ada2-e86dbf0de892 service placement] RequestGroup(use_same_provider=False, resources={DISK_GB:1, MEMORY_MB:1024, VCPU:1}, traits=[], aggregates=[]) (suffix '') returned 2 matches {{(pid=104148) _get_by_requests /opt/stack/placement/placement/objects/allocation_candidate.py:145}}
May 30 18:13:36.932721 n-d-843938-1 devstack@placement-api.service[104148]: DEBUG placement.objects.allocation_candidate [req-210b6b41-9502-40ce-9cc9-b7050d8013ed req-ff5d8eb2-3368-4914-ada2-e86dbf0de892 service placement] Merging candidates yields 2 allocation requests and 2 provider summaries {{(pid=104148) _merge_candidates /opt/stack/placement/placement/objects/allocation_candidate.py:783}}
May 30 18:13:36.940067 n-d-843938-1 devstack@placement-api.service[104148]: INFO placement.requestlog [req-210b6b41-9502-40ce-9cc9-b7050d8013ed req-ff5d8eb2-3368-4914-ada2-e86dbf0de892 service placement] 10.222.0.41 "GET /placement/allocation_candidates?resources=DISK_GB%3A1%2CMEMORY_MB%3A1024%2CVCPU%3A1&root_required=%21COMPUTE_STATUS_DISABLED" status: 200 len: 1315 microversion: 1.36
May 30 18:13:36.945031 n-d-843938-1 devstack@placement-api.service[104148]: [pid: 104148|app: 0|req: 165/334] 10.222.0.41 () {60 vars in 1484 bytes} [Mon May 30 18:13:36 2022] GET /placement/allocation_candidates?resources=DISK_GB%3A1%2CMEMORY_MB%3A1024%2CVCPU%3A1&root_required=%21COMPUTE_STATUS_DISABLED => generated 1315 bytes in 239 msecs (HTTP/1.1 200) 8 headers in 297 bytes (1 switches on core 0)
May 30 18:13:37.091620 n-d-843938-1 devstack@placement-api.service[104147]: DEBUG placement.requestlog [req-210b6b41-9502-40ce-9cc9-b7050d8013ed req-7388bfe1-c4e1-48c8-83f4-744acdfca18f None None] Starting request: 10.222.0.41 "GET /placement/allocations/99223e6e-f613-43f5-9477-e54a5a5e8e4c" {{(pid=104147) __call__ /opt/stack/placement/placement/requestlog.py:55}}
May 30 18:13:37.126042 n-d-843938-1 devstack@placement-api.service[104147]: INFO placement.requestlog [req-210b6b41-9502-40ce-9cc9-b7050d8013ed req-7388bfe1-c4e1-48c8-83f4-744acdfca18f service placement] 10.222.0.41 "GET /placement/allocations/99223e6e-f613-43f5-9477-e54a5a5e8e4c" status: 200 len: 19 microversion: 1.28
May 30 18:13:37.135058 n-d-843938-1 devstack@placement-api.service[104147]: [pid: 104147|app: 0|req: 170/335] 10.222.0.41 () {60 vars in 1380 bytes} [Mon May 30 18:13:37 2022] GET /placement/allocations/99223e6e-f613-43f5-9477-e54a5a5e8e4c => generated 19 bytes in 44 msecs (HTTP/1.1 200) 8 headers in 295 bytes (1 switches on core 0)
May 30 18:13:37.142319 n-d-843938-1 devstack@placement-api.service[104148]: DEBUG placement.requestlog [req-210b6b41-9502-40ce-9cc9-b7050d8013ed req-507f9873-7f77-47b2-b50a-925806cdcf08 None None] Starting request: 10.222.0.41 "PUT /placement/allocations/99223e6e-f613-43f5-9477-e54a5a5e8e4c" {{(pid=104148) __call__ /opt/stack/placement/placement/requestlog.py:55}}
May 30 18:13:37.355616 n-d-843938-1 devstack@placement-api.service[104148]: DEBUG placement.handlers.allocation [req-210b6b41-9502-40ce-9cc9-b7050d8013ed req-507f9873-7f77-47b2-b50a-925806cdcf08 service placement] Successfully wrote allocations [, , ] {{(pid=104148) _update_consumers_and_create_allocations /opt/stack/placement/placement/handlers/allocation.py:462}}
May 30 18:13:37.459151 n-d-843938-1 devstack@placement-api.service[104148]: INFO placement.requestlog [req-210b6b41-9502-40ce-9cc9-b7050d8013ed req-507f9873-7f77-47b2-b50a-925806cdcf08 service placement] 10.222.0.41 "PUT /placement/allocations/99223e6e-f613-43f5-9477-e54a5a5e8e4c" status: 204 len: 0 microversion: 1.36
May 30 18:13:37.459730 n-d-843938-1 devstack@placement-api.service[104148]: [pid: 104148|app: 0|req: 166/336] 10.222.0.41 () {64 vars in 1433 bytes} [Mon May 30 18:13:37 2022] PUT /placement/allocations/99223e6e-f613-43f5-9477-e54a5a5e8e4c => generated 0 bytes in 317 msecs (HTTP/1.1 204) 5 headers in 199 bytes (2 switches on core 0)
May 30 18:13:38.669407 n-d-843938-1 devstack@placement-api.service[104147]: DEBUG placement.requestlog [req-210b6b41-9502-40ce-9cc9-b7050d8013ed req-10cfd843-1901-4c93-b4e8-a9ca74aa07c8 None None] Starting request: 10.222.0.40 "GET /placement/allocations/99223e6e-f613-43f5-9477-e54a5a5e8e4c" {{(pid=104147) __call__ /opt/stack/placement/placement/requestlog.py:55}}
May 30 18:13:38.705676 n-d-843938-1 devstack@placement-api.service[104147]: INFO placement.requestlog [req-210b6b41-9502-40ce-9cc9-b7050d8013ed req-10cfd843-1901-4c93-b4e8-a9ca74aa07c8 service placement] 10.222.0.40 "GET /placement/allocations/99223e6e-f613-43f5-9477-e54a5a5e8e4c" status: 200 len: 259 microversion: 1.28
May 30 18:13:38.706888 n-d-843938-1 devstack@placement-api.service[104147]: [pid: 104147|app: 0|req: 171/337] 10.222.0.40 () {60 vars in 1377 bytes} [Mon May 30 18:13:38 2022] GET /placement/allocations/99223e6e-f613-43f5-9477-e54a5a5e8e4c => generated 259 bytes in 38 msecs (HTTP/1.1 200) 8 headers in 296 bytes (1 switches on core 0)
May 30 18:13:57.233716 n-d-843938-1 devstack@placement-api.service[104148]: DEBUG placement.requestlog [req-90a8e534-a179-4750-abed-38cee7ac1eee req-4f219b9b-d6c5-4958-95c6-76a47817c363 None None] Starting request: 10.222.0.41 "GET /placement/allocation_candidates?limit=1000&resources=MEMORY_MB%3A1024%2CVCPU%3A1&root_required=%21COMPUTE_STATUS_DISABLED" {{(pid=104148) __call__ /opt/stack/placement/placement/requestlog.py:55}}
May 30 18:13:57.295947 n-d-843938-1 devstack@placement-api.service[104148]: DEBUG placement.objects.research_context [req-90a8e534-a179-4750-abed-38cee7ac1eee req-4f219b9b-d6c5-4958-95c6-76a47817c363 service placement] getting providers with 1024 MEMORY_MB {{(pid=104148) __init__ /opt/stack/placement/placement/objects/research_context.py:126}}
May 30 18:13:57.302628 n-d-843938-1 devstack@placement-api.service[104148]: DEBUG placement.objects.research_context [req-90a8e534-a179-4750-abed-38cee7ac1eee req-4f219b9b-d6c5-4958-95c6-76a47817c363 service placement] getting providers with 1 VCPU {{(pid=104148) __init__ /opt/stack/placement/placement/objects/research_context.py:126}}
May 30 18:13:57.310767 n-d-843938-1 devstack@placement-api.service[104148]: DEBUG placement.objects.research_context [req-90a8e534-a179-4750-abed-38cee7ac1eee req-4f219b9b-d6c5-4958-95c6-76a47817c363 service placement] found 2 providers with available 1024 MEMORY_MB {{(pid=104148) get_provider_ids_matching /opt/stack/placement/placement/objects/research_context.py:549}}
May 30 18:13:57.311790 n-d-843938-1 devstack@placement-api.service[104148]: DEBUG placement.objects.research_context [req-90a8e534-a179-4750-abed-38cee7ac1eee req-4f219b9b-d6c5-4958-95c6-76a47817c363 service placement] found 2 providers with available 1 VCPU {{(pid=104148) get_provider_ids_matching /opt/stack/placement/placement/objects/research_context.py:549}}
May 30 18:13:57.312296 n-d-843938-1 devstack@placement-api.service[104148]: DEBUG placement.objects.research_context [req-90a8e534-a179-4750-abed-38cee7ac1eee req-4f219b9b-d6c5-4958-95c6-76a47817c363 service placement] found 2 providers after filtering by previous result {{(pid=104148) get_provider_ids_matching /opt/stack/placement/placement/objects/research_context.py:580}}
May 30 18:13:57.347911 n-d-843938-1 devstack@placement-api.service[104148]: DEBUG placement.objects.allocation_candidate [req-90a8e534-a179-4750-abed-38cee7ac1eee req-4f219b9b-d6c5-4958-95c6-76a47817c363 service placement] RequestGroup(use_same_provider=False, resources={MEMORY_MB:1024, VCPU:1}, traits=[], aggregates=[]) (suffix '') returned 2 matches {{(pid=104148) _get_by_requests /opt/stack/placement/placement/objects/allocation_candidate.py:145}}
May 30 18:13:57.349028 n-d-843938-1 devstack@placement-api.service[104148]: DEBUG placement.objects.allocation_candidate [req-90a8e534-a179-4750-abed-38cee7ac1eee req-4f219b9b-d6c5-4958-95c6-76a47817c363 service placement] Merging candidates yields 2 allocation requests and 2 provider summaries {{(pid=104148) _merge_candidates /opt/stack/placement/placement/objects/allocation_candidate.py:783}}
May 30 18:13:57.352421 n-d-843938-1 devstack@placement-api.service[104148]: INFO placement.requestlog [req-90a8e534-a179-4750-abed-38cee7ac1eee req-4f219b9b-d6c5-4958-95c6-76a47817c363 service placement] 10.222.0.41 "GET /placement/allocation_candidates?limit=1000&resources=MEMORY_MB%3A1024%2CVCPU%3A1&root_required=%21COMPUTE_STATUS_DISABLED" status: 200 len: 1287 microversion: 1.36
May 30 18:13:57.359612 n-d-843938-1 devstack@placement-api.service[104148]: [pid: 104148|app: 0|req: 167/338] 10.222.0.41 () {60 vars in 1478 bytes} [Mon May 30 18:13:57 2022] GET /placement/allocation_candidates?limit=1000&resources=MEMORY_MB%3A1024%2CVCPU%3A1&root_required=%21COMPUTE_STATUS_DISABLED => generated 1287 bytes in 119 msecs (HTTP/1.1 200) 8 headers in 297 bytes (1 switches on core 0)
May 30 18:13:57.441210 n-d-843938-1 devstack@placement-api.service[104147]: DEBUG placement.requestlog [req-90a8e534-a179-4750-abed-38cee7ac1eee req-8f981ce2-6506-4ef1-a907-693f8dbf69eb None None] Starting request: 10.222.0.41 "GET /placement/allocations/13410979-bbb2-4623-bf3f-bdb4fc540fde" {{(pid=104147) __call__ /opt/stack/placement/placement/requestlog.py:55}}
May 30 18:13:57.454680 n-d-843938-1 devstack@placement-api.service[104147]: INFO placement.requestlog [req-90a8e534-a179-4750-abed-38cee7ac1eee req-8f981ce2-6506-4ef1-a907-693f8dbf69eb service placement] 10.222.0.41 "GET /placement/allocations/13410979-bbb2-4623-bf3f-bdb4fc540fde" status: 200 len: 19 microversion: 1.28
May 30 18:13:57.456517 n-d-843938-1 devstack@placement-api.service[104147]: [pid: 104147|app: 0|req: 172/339] 10.222.0.41 () {60 vars in 1380 bytes} [Mon May 30 18:13:57 2022] GET /placement/allocations/13410979-bbb2-4623-bf3f-bdb4fc540fde => generated 19 bytes in 16 msecs (HTTP/1.1 200) 8 headers in 295 bytes (1 switches on core 0)
May 30 18:13:57.464482 n-d-843938-1 devstack@placement-api.service[104148]: DEBUG placement.requestlog [req-90a8e534-a179-4750-abed-38cee7ac1eee req-d4b77c30-5a01-4f29-8a21-f1e230f9ea1c None None] Starting request: 10.222.0.41 "PUT /placement/allocations/13410979-bbb2-4623-bf3f-bdb4fc540fde" {{(pid=104148) __call__ /opt/stack/placement/placement/requestlog.py:55}}
May 30 18:13:57.592027 n-d-843938-1 devstack@placement-api.service[104148]: DEBUG placement.handlers.allocation [req-90a8e534-a179-4750-abed-38cee7ac1eee req-d4b77c30-5a01-4f29-8a21-f1e230f9ea1c service placement] Successfully wrote allocations [, ] {{(pid=104148) _update_consumers_and_create_allocations /opt/stack/placement/placement/handlers/allocation.py:462}}
May 30 18:13:57.691876 n-d-843938-1 devstack@placement-api.service[104148]: INFO placement.requestlog [req-90a8e534-a179-4750-abed-38cee7ac1eee req-d4b77c30-5a01-4f29-8a21-f1e230f9ea1c service placement] 10.222.0.41 "PUT /placement/allocations/13410979-bbb2-4623-bf3f-bdb4fc540fde" status: 204 len: 0 microversion: 1.36
May 30 18:13:57.692232 n-d-843938-1 devstack@placement-api.service[104148]: [pid: 104148|app: 0|req: 168/340] 10.222.0.41 () {64 vars in 1433 bytes} [Mon May 30 18:13:57 2022] PUT /placement/allocations/13410979-bbb2-4623-bf3f-bdb4fc540fde => generated 0 bytes in 229 msecs (HTTP/1.1 204) 5 headers in 199 bytes (2 switches on core 0)
May 30 18:13:58.818610 n-d-843938-1 devstack@placement-api.service[104147]: DEBUG placement.requestlog [req-90a8e534-a179-4750-abed-38cee7ac1eee req-ed648d9a-57de-4241-be98-87587de95091 None None] Starting request: 10.222.0.39 "GET /placement/allocations/13410979-bbb2-4623-bf3f-bdb4fc540fde" {{(pid=104147) __call__ /opt/stack/placement/placement/requestlog.py:55}}
May 30 18:13:58.847788 n-d-843938-1 devstack@placement-api.service[104147]: INFO placement.requestlog [req-90a8e534-a179-4750-abed-38cee7ac1eee req-ed648d9a-57de-4241-be98-87587de95091 service placement] 10.222.0.39 "GET /placement/allocations/13410979-bbb2-4623-bf3f-bdb4fc540fde" status: 200 len: 245 microversion: 1.28
May 30 18:13:58.848732 n-d-843938-1 devstack@placement-api.service[104147]: [pid: 104147|app: 0|req: 173/341] 10.222.0.39 () {60 vars in 1377 bytes} [Mon May 30 18:13:58 2022] GET /placement/allocations/13410979-bbb2-4623-bf3f-bdb4fc540fde => generated 245 bytes in 30 msecs (HTTP/1.1 200) 8 headers in 296 bytes (1 switches on core 0)
May 30 18:13:59.670211 n-d-843938-1 devstack@placement-api.service[104148]: DEBUG placement.requestlog [req-13343094-3ed0-4bc2-bb11-3a042d8c8e19 req-a0e01d23-3a86-452b-b9d7-8e72c478e727 None None] Starting request: 10.222.0.40 "GET /placement/resource_providers/725d99e8-2e6a-48cb-8864-22b39ee91b57/allocations" {{(pid=104148) __call__ /opt/stack/placement/placement/requestlog.py:55}}
May 30 18:13:59.728152 n-d-843938-1 devstack@placement-api.service[104148]: INFO placement.requestlog [req-13343094-3ed0-4bc2-bb11-3a042d8c8e19 req-a0e01d23-3a86-452b-b9d7-8e72c478e727 service placement] 10.222.0.40 "GET /placement/resource_providers/725d99e8-2e6a-48cb-8864-22b39ee91b57/allocations" status: 200 len: 1265 microversion: 1.0
May 30 18:13:59.728938 n-d-843938-1 devstack@placement-api.service[104148]: [pid: 104148|app: 0|req: 169/342] 10.222.0.40 () {58 vars in 1390 bytes} [Mon May 30 18:13:59 2022] GET /placement/resource_providers/725d99e8-2e6a-48cb-8864-22b39ee91b57/allocations => generated 1265 bytes in 59 msecs (HTTP/1.1 200) 6 headers in 225 bytes (1 switches on core 0)
May 30 18:13:59.794862 n-d-843938-1 devstack@placement-api.service[104147]: DEBUG placement.requestlog [req-aed4b268-d066-4cda-b031-f6d3ddbbe1a5 req-f4ea4b0f-c776-462f-ac70-a8438fb0ddb2 None None] Starting request: 10.222.0.39 "GET /placement/allocations/c4fdef4a-2eb3-4c55-b007-3e5258b6ddd4" {{(pid=104147) __call__ /opt/stack/placement/placement/requestlog.py:55}}
May 30 18:13:59.827982 n-d-843938-1 devstack@placement-api.service[104147]: INFO placement.requestlog [req-aed4b268-d066-4cda-b031-f6d3ddbbe1a5 req-f4ea4b0f-c776-462f-ac70-a8438fb0ddb2 service placement] 10.222.0.39 "GET /placement/allocations/c4fdef4a-2eb3-4c55-b007-3e5258b6ddd4" status: 200 len: 258 microversion: 1.28
May 30 18:13:59.828712 n-d-843938-1 devstack@placement-api.service[104147]: [pid: 104147|app: 0|req: 174/343] 10.222.0.39 () {60 vars in 1377 bytes} [Mon May 30 18:13:59 2022] GET /placement/allocations/c4fdef4a-2eb3-4c55-b007-3e5258b6ddd4 => generated 258 bytes in 34 msecs (HTTP/1.1 200) 8 headers in 296 bytes (1 switches on core 0)
May 30 18:13:59.938377 n-d-843938-1 devstack@placement-api.service[104148]: DEBUG placement.requestlog [req-71a23c34-da29-4777-9395-1bcd769b079c req-10a7f220-7f56-4125-a891-39f933b78d69 None None] Starting request: 10.222.0.41 "GET /placement/allocation_candidates?limit=1000&resources=DISK_GB%3A1%2CMEMORY_MB%3A1024%2CVCPU%3A1&root_required=%21COMPUTE_STATUS_DISABLED" {{(pid=104148) __call__ /opt/stack/placement/placement/requestlog.py:55}}
May 30 18:13:59.991485 n-d-843938-1 devstack@placement-api.service[104148]: DEBUG placement.objects.research_context [req-71a23c34-da29-4777-9395-1bcd769b079c req-10a7f220-7f56-4125-a891-39f933b78d69 service placement] getting providers with 1 DISK_GB {{(pid=104148) __init__ /opt/stack/placement/placement/objects/research_context.py:126}}
May 30 18:13:59.999472 n-d-843938-1 devstack@placement-api.service[104148]: DEBUG placement.objects.research_context [req-71a23c34-da29-4777-9395-1bcd769b079c req-10a7f220-7f56-4125-a891-39f933b78d69 service placement] getting providers with 1024 MEMORY_MB {{(pid=104148) __init__ /opt/stack/placement/placement/objects/research_context.py:126}}
May 30 18:14:00.005835 n-d-843938-1 devstack@placement-api.service[104148]: DEBUG placement.objects.research_context [req-71a23c34-da29-4777-9395-1bcd769b079c req-10a7f220-7f56-4125-a891-39f933b78d69 service placement] getting providers with 1 VCPU {{(pid=104148) __init__ /opt/stack/placement/placement/objects/research_context.py:126}}
May 30 18:14:00.016009 n-d-843938-1 devstack@placement-api.service[104148]: DEBUG placement.objects.research_context [req-71a23c34-da29-4777-9395-1bcd769b079c req-10a7f220-7f56-4125-a891-39f933b78d69 service placement] found 2 providers with available 1 DISK_GB {{(pid=104148) get_provider_ids_matching /opt/stack/placement/placement/objects/research_context.py:549}}
May 30 18:14:00.021625 n-d-843938-1 devstack@placement-api.service[104148]: DEBUG placement.objects.research_context [req-71a23c34-da29-4777-9395-1bcd769b079c req-10a7f220-7f56-4125-a891-39f933b78d69 service placement] found 2 providers with available 1024 MEMORY_MB {{(pid=104148) get_provider_ids_matching /opt/stack/placement/placement/objects/research_context.py:549}}
May 30 18:14:00.026391 n-d-843938-1 devstack@placement-api.service[104148]: DEBUG placement.objects.research_context [req-71a23c34-da29-4777-9395-1bcd769b079c req-10a7f220-7f56-4125-a891-39f933b78d69 service placement] found 2 providers after filtering by previous result {{(pid=104148) get_provider_ids_matching /opt/stack/placement/placement/objects/research_context.py:580}}
May 30 18:14:00.028061 n-d-843938-1 devstack@placement-api.service[104148]: DEBUG placement.objects.research_context [req-71a23c34-da29-4777-9395-1bcd769b079c req-10a7f220-7f56-4125-a891-39f933b78d69 service placement] found 2 providers with available 1 VCPU {{(pid=104148) get_provider_ids_matching /opt/stack/placement/placement/objects/research_context.py:549}}
May 30 18:14:00.030107 n-d-843938-1 devstack@placement-api.service[104148]: DEBUG placement.objects.research_context [req-71a23c34-da29-4777-9395-1bcd769b079c req-10a7f220-7f56-4125-a891-39f933b78d69 service placement] found 2 providers after filtering by previous result {{(pid=104148) get_provider_ids_matching /opt/stack/placement/placement/objects/research_context.py:580}}
May 30 18:14:00.059328 n-d-843938-1 devstack@placement-api.service[104148]: DEBUG placement.objects.allocation_candidate [req-71a23c34-da29-4777-9395-1bcd769b079c req-10a7f220-7f56-4125-a891-39f933b78d69 service placement] RequestGroup(use_same_provider=False, resources={DISK_GB:1, MEMORY_MB:1024, VCPU:1}, traits=[], aggregates=[]) (suffix '') returned 2 matches {{(pid=104148) _get_by_requests /opt/stack/placement/placement/objects/allocation_candidate.py:145}}
May 30 18:14:00.059328 n-d-843938-1 devstack@placement-api.service[104148]: DEBUG placement.objects.allocation_candidate [req-71a23c34-da29-4777-9395-1bcd769b079c req-10a7f220-7f56-4125-a891-39f933b78d69 service placement] Merging candidates yields 2 allocation requests and 2 provider summaries {{(pid=104148) _merge_candidates /opt/stack/placement/placement/objects/allocation_candidate.py:783}}
May 30 18:14:00.059328 n-d-843938-1 devstack@placement-api.service[104148]: INFO placement.requestlog [req-71a23c34-da29-4777-9395-1bcd769b079c req-10a7f220-7f56-4125-a891-39f933b78d69 service placement] 10.222.0.41 "GET /placement/allocation_candidates?limit=1000&resources=DISK_GB%3A1%2CMEMORY_MB%3A1024%2CVCPU%3A1&root_required=%21COMPUTE_STATUS_DISABLED" status: 200 len: 1315 microversion: 1.36
May 30 18:14:00.059328 n-d-843938-1 devstack@placement-api.service[104148]: [pid: 104148|app: 0|req: 170/344] 10.222.0.41 () {60 vars in 1506 bytes} [Mon May 30 18:13:59 2022] GET /placement/allocation_candidates?limit=1000&resources=DISK_GB%3A1%2CMEMORY_MB%3A1024%2CVCPU%3A1&root_required=%21COMPUTE_STATUS_DISABLED => generated 1315 bytes in 120 msecs (HTTP/1.1 200) 8 headers in 297 bytes (1 switches on core 0)
May 30 18:14:00.169173 n-d-843938-1 devstack@placement-api.service[104147]: DEBUG placement.requestlog [req-71a23c34-da29-4777-9395-1bcd769b079c req-a88f17a6-72e7-44fc-a4ab-c8112ad13ad7 None None] Starting request: 10.222.0.41 "GET /placement/allocations/a8060da7-d159-4eb5-b966-0128943df6b4" {{(pid=104147) __call__ /opt/stack/placement/placement/requestlog.py:55}}
May 30 18:14:00.209580 n-d-843938-1 devstack@placement-api.service[104147]: INFO placement.requestlog [req-71a23c34-da29-4777-9395-1bcd769b079c req-a88f17a6-72e7-44fc-a4ab-c8112ad13ad7 service placement] 10.222.0.41 "GET /placement/allocations/a8060da7-d159-4eb5-b966-0128943df6b4" status: 200 len: 19 microversion: 1.28
May 30 18:14:00.209580 n-d-843938-1 devstack@placement-api.service[104147]: [pid: 104147|app: 0|req: 175/345] 10.222.0.41 () {60 vars in 1380 bytes} [Mon May 30 18:14:00 2022] GET /placement/allocations/a8060da7-d159-4eb5-b966-0128943df6b4 => generated 19 bytes in 33 msecs (HTTP/1.1 200) 8 headers in 295 bytes (1 switches on core 0)
May 30 18:14:00.209798 n-d-843938-1 devstack@placement-api.service[104148]: DEBUG placement.requestlog [req-71a23c34-da29-4777-9395-1bcd769b079c req-927bd8b1-19e1-4bd1-9654-3b9b3f9a0174 None None] Starting request: 10.222.0.41 "PUT /placement/allocations/a8060da7-d159-4eb5-b966-0128943df6b4" {{(pid=104148) __call__ /opt/stack/placement/placement/requestlog.py:55}}
May 30 18:14:00.584177 n-d-843938-1 devstack@placement-api.service[104148]: DEBUG placement.handlers.allocation [req-71a23c34-da29-4777-9395-1bcd769b079c req-927bd8b1-19e1-4bd1-9654-3b9b3f9a0174 service placement] Successfully wrote allocations [, , ] {{(pid=104148) _update_consumers_and_create_allocations /opt/stack/placement/placement/handlers/allocation.py:462}}
