File "/opt/stack/keystone/keystone/common/rbac_enforcer/enforcer.py", line 402, in enforce_call
Aug 03 14:14:38.684992 n-d-843862-7 devstack@keystone.service[80524]: ERROR keystone.server.flask.application policy_dict.update(cls._extract_member_target_data(
Aug 03 14:14:38.684992 n-d-843862-7 devstack@keystone.service[80524]: ERROR keystone.server.flask.application
File "/opt/stack/keystone/keystone/common/rbac_enforcer/enforcer.py", line 234, in _extract_member_target_data
Aug 03 14:14:38.684992 n-d-843862-7 devstack@keystone.service[80524]: ERROR keystone.server.flask.application member_name: func(flask.request.view_args[key])
Aug 03 14:14:38.684992 n-d-843862-7 devstack@keystone.service[80524]: ERROR keystone.server.flask.application
File "/opt/stack/keystone/keystone/common/manager.py", line 115, in wrapped
Aug 03 14:14:38.684992 n-d-843862-7 devstack@keystone.service[80524]: ERROR keystone.server.flask.application __ret_val = __f(*args, **kwargs)
Aug 03 14:14:38.684992 n-d-843862-7 devstack@keystone.service[80524]: ERROR keystone.server.flask.application
File "/usr/local/lib/python3.8/dist-packages/decorator.py", line 232, in fun
Aug 03 14:14:38.684992 n-d-843862-7 devstack@keystone.service[80524]: ERROR keystone.server.flask.application return caller(func, *(extras + args), **kw)
Aug 03 14:14:38.684992 n-d-843862-7 devstack@keystone.service[80524]: ERROR keystone.server.flask.application
File "/usr/local/lib/python3.8/dist-packages/dogpile/cache/region.py", line 1577, in get_or_create_for_user_func
Aug 03 14:14:38.684992 n-d-843862-7 devstack@keystone.service[80524]: ERROR keystone.server.flask.application return self.get_or_create(
Aug 03 14:14:38.684992 n-d-843862-7 devstack@keystone.service[80524]: ERROR keystone.server.flask.application
File "/usr/local/lib/python3.8/dist-packages/dogpile/cache/region.py", line 1042, in get_or_create
Aug 03 14:14:38.684992 n-d-843862-7 devstack@keystone.service[80524]: ERROR keystone.server.flask.application with Lock(
Aug 03 14:14:38.684992 n-d-843862-7 devstack@keystone.service[80524]: ERROR keystone.server.flask.application
File "/usr/local/lib/python3.8/dist-packages/dogpile/lock.py", line 185, in __enter__
Aug 03 14:14:38.684992 n-d-843862-7 devstack@keystone.service[80524]: ERROR keystone.server.flask.application return self._enter()
Aug 03 14:14:38.684992 n-d-843862-7 devstack@keystone.service[80524]: ERROR keystone.server.flask.application
File "/usr/local/lib/python3.8/dist-packages/dogpile/lock.py", line 94, in _enter
Aug 03 14:14:38.684992 n-d-843862-7 devstack@keystone.service[80524]: ERROR keystone.server.flask.application generated = self._enter_create(value, createdtime)
Aug 03 14:14:38.685795 n-d-843862-7 devstack@keystone.service[80524]: ERROR keystone.server.flask.application
File "/usr/local/lib/python3.8/dist-packages/dogpile/lock.py", line 178, in _enter_create
Aug 03 14:14:38.685795 n-d-843862-7 devstack@keystone.service[80524]: ERROR keystone.server.flask.application return self.creator()
Aug 03 14:14:38.685795 n-d-843862-7 devstack@keystone.service[80524]: ERROR keystone.server.flask.application
File "/usr/local/lib/python3.8/dist-packages/dogpile/cache/region.py", line 995, in gen_value
Aug 03 14:14:38.685795 n-d-843862-7 devstack@keystone.service[80524]: ERROR keystone.server.flask.application created_value = creator(
Aug 03 14:14:38.685795 n-d-843862-7 devstack@keystone.service[80524]: ERROR keystone.server.flask.application
File "/opt/stack/keystone/keystone/assignment/core.py", line 1276, in get_role
Aug 03 14:14:38.685795 n-d-843862-7 devstack@keystone.service[80524]: ERROR keystone.server.flask.application return self.driver.get_role(role_id)
Aug 03 14:14:38.685795 n-d-843862-7 devstack@keystone.service[80524]: ERROR keystone.server.flask.application
File "/opt/stack/keystone/keystone/assignment/role_backends/sql.py", line 70, in get_role
Aug 03 14:14:38.685795 n-d-843862-7 devstack@keystone.service[80524]: ERROR keystone.server.flask.application return self._get_role(session, role_id).to_dict()
Aug 03 14:14:38.685795 n-d-843862-7 devstack@keystone.service[80524]: ERROR keystone.server.flask.application
File "/opt/stack/keystone/keystone/assignment/role_backends/sql.py", line 65, in _get_role
Aug 03 14:14:38.685795 n-d-843862-7 devstack@keystone.service[80524]: ERROR keystone.server.flask.application raise exception.RoleNotFound(role_id=role_id)
Aug 03 14:14:38.685795 n-d-843862-7 devstack@keystone.service[80524]: ERROR keystone.server.flask.application keystone.exception.RoleNotFound: Could not find role: member.
Aug 03 14:14:38.685795 n-d-843862-7 devstack@keystone.service[80524]: ERROR keystone.server.flask.application
Aug 03 14:14:38.685795 n-d-843862-7 devstack@keystone.service[80524]: [pid: 80524|app: 0|req: 213/430] 10.222.0.91 () {56 vars in 1099 bytes} [Wed Aug 3 14:14:38 2022] GET /identity/v3/roles/member => generated 84 bytes in 220 msecs (HTTP/1.1 404) 5 headers in 183 bytes (2 switches on core 0)
Aug 03 14:14:38.694396 n-d-843862-7 devstack@keystone.service[80524]: DEBUG keystone.server.flask.request_processing.middleware.auth_context [None req-ba708b48-7e72-432c-878e-cc693de2ea4b None admin] Authenticating user token {{(pid=80524) process_request /usr/local/lib/python3.8/dist-packages/keystonemiddleware/auth_token/__init__.py:407}}
Aug 03 14:14:38.760803 n-d-843862-7 devstack@keystone.service[80523]: DEBUG keystone.common.rbac_enforcer.enforcer [None req-bfb5ba58-b039-424e-b21a-71360a5e69b2 None admin] RBAC: Authorizing `identity:validate_token()` {{(pid=80523) enforce_call /opt/stack/keystone/keystone/common/rbac_enforcer/enforcer.py:449}}
Aug 03 14:14:38.762534 n-d-843862-7 devstack@keystone.service[80523]: DEBUG keystone.common.rbac_enforcer.enforcer [None req-bfb5ba58-b039-424e-b21a-71360a5e69b2 None admin] RBAC: Authorization granted {{(pid=80523) enforce_call /opt/stack/keystone/keystone/common/rbac_enforcer/enforcer.py:457}}
Aug 03 14:14:38.820302 n-d-843862-7 devstack@keystone.service[80524]: DEBUG keystone.server.flask.request_processing.middleware.auth_context [None req-ba708b48-7e72-432c-878e-cc693de2ea4b None admin] Validating token access rules against request {{(pid=80524) validate_allowed_request /usr/local/lib/python3.8/dist-packages/keystonemiddleware/auth_token/__init__.py:545}}
Aug 03 14:14:38.858079 n-d-843862-7 devstack@keystone.service[80524]: DEBUG keystone.server.flask.request_processing.middleware.auth_context [None req-6e2f0d46-b849-4b69-8055-b9d60c648517 None admin] RBAC: auth_context: {'token': , 'domain_id': None, 'trust_id': None, 'trustor_id': None, 'trustee_id': None, 'domain_name': None, 'group_ids': [], 'user_id': '0a2b0e6ca487430388f67a117ba45e19', 'user_domain_id': 'default', 'system_scope': 'all', 'project_id': None, 'project_domain_id': None, 'roles': ['admin', 'member', 'reader'], 'is_admin_project': True, 'service_user_id': None, 'service_user_domain_id': None, 'service_project_id': None, 'service_project_domain_id': None, 'service_roles': []} {{(pid=80524) fill_context /opt/stack/keystone/keystone/server/flask/request_processing/middleware/auth_context.py:478}}
Aug 03 14:14:38.858614 n-d-843862-7 devstack@keystone.service[80524]: DEBUG keystone.server.flask.request_processing.req_logging [None req-6e2f0d46-b849-4b69-8055-b9d60c648517 None admin] REQUEST_METHOD: `GET` {{(pid=80524) log_request_info /opt/stack/keystone/keystone/server/flask/request_processing/req_logging.py:27}}
Aug 03 14:14:38.858892 n-d-843862-7 devstack@keystone.service[80524]: DEBUG keystone.server.flask.request_processing.req_logging [None req-6e2f0d46-b849-4b69-8055-b9d60c648517 None admin] SCRIPT_NAME: `/identity` {{(pid=80524) log_request_info /opt/stack/keystone/keystone/server/flask/request_processing/req_logging.py:28}}
Aug 03 14:14:38.859161 n-d-843862-7 devstack@keystone.service[80524]: DEBUG keystone.server.flask.request_processing.req_logging [None req-6e2f0d46-b849-4b69-8055-b9d60c648517 None admin] PATH_INFO: `/v3/roles` {{(pid=80524) log_request_info /opt/stack/keystone/keystone/server/flask/request_processing/req_logging.py:29}}
Aug 03 14:14:38.859876 n-d-843862-7 devstack@keystone.service[80524]: DEBUG keystone.common.rbac_enforcer.enforcer [None req-6e2f0d46-b849-4b69-8055-b9d60c648517 None admin] RBAC: Adding query filter params (name=member) {{(pid=80524) _extract_filter_values /opt/stack/keystone/keystone/common/rbac_enforcer/enforcer.py:167}}
Aug 03 14:14:38.860177 n-d-843862-7 devstack@keystone.service[80524]: DEBUG keystone.common.rbac_enforcer.enforcer [None req-6e2f0d46-b849-4b69-8055-b9d60c648517 None admin] RBAC: Authorizing `identity:list_roles()` {{(pid=80524) enforce_call /opt/stack/keystone/keystone/common/rbac_enforcer/enforcer.py:449}}
Aug 03 14:14:38.861552 n-d-843862-7 devstack@keystone.service[80524]: DEBUG keystone.common.rbac_enforcer.enforcer [None req-6e2f0d46-b849-4b69-8055-b9d60c648517 None admin] RBAC: Authorization granted {{(pid=80524) enforce_call /opt/stack/keystone/keystone/common/rbac_enforcer/enforcer.py:457}}
Aug 03 14:14:38.864702 n-d-843862-7 devstack@keystone.service[80524]: DEBUG dbcounter [-] [80524] Writing DB stats keystone:SELECT=100 {{(pid=80524) stat_writer /usr/local/lib/python3.8/dist-packages/dbcounter.py:114}}
Aug 03 14:14:38.871745 n-d-843862-7 devstack@keystone.service[80524]: [pid: 80524|app: 0|req: 214/431] 10.222.0.91 () {56 vars in 1101 bytes} [Wed Aug 3 14:14:38 2022] GET /identity/v3/roles?name=member => generated 341 bytes in 178 msecs (HTTP/1.1 200) 5 headers in 177 bytes (1 switches on core 0)
Aug 03 14:14:38.877598 n-d-843862-7 devstack@keystone.service[80524]: DEBUG keystone.server.flask.request_processing.middleware.auth_context [None req-6e2f0d46-b849-4b69-8055-b9d60c648517 None admin] Authenticating user token {{(pid=80524) process_request /usr/local/lib/python3.8/dist-packages/keystonemiddleware/auth_token/__init__.py:407}}
Aug 03 14:14:38.893439 n-d-843862-7 devstack@keystone.service[80523]: [pid: 80523|app: 0|req: 218/432] 10.222.0.91 () {58 vars in 1282 bytes} [Wed Aug 3 14:14:38 2022] GET /identity/v3/auth/tokens => generated 799 bytes in 460 msecs (HTTP/1.1 200) 6 headers in 358 bytes (1 switches on core 0)
Aug 03 14:14:38.909206 n-d-843862-7 devstack@keystone.service[80523]: DEBUG keystone.server.flask.request_processing.middleware.auth_context [None req-bfb5ba58-b039-424e-b21a-71360a5e69b2 None admin] Authenticating user token {{(pid=80523) process_request /usr/local/lib/python3.8/dist-packages/keystonemiddleware/auth_token/__init__.py:407}}
Aug 03 14:14:38.931628 n-d-843862-7 devstack@keystone.service[80523]: DEBUG dbcounter [-] [80523] Writing DB stats keystone:SELECT=100 {{(pid=80523) stat_writer /usr/local/lib/python3.8/dist-packages/dbcounter.py:114}}
Aug 03 14:14:39.014103 n-d-843862-7 devstack@keystone.service[80524]: DEBUG keystone.server.flask.request_processing.middleware.auth_context [None req-6e2f0d46-b849-4b69-8055-b9d60c648517 None admin] Validating token access rules against request {{(pid=80524) validate_allowed_request /usr/local/lib/python3.8/dist-packages/keystonemiddleware/auth_token/__init__.py:545}}
Aug 03 14:14:39.053705 n-d-843862-7 devstack@keystone.service[80524]: DEBUG keystone.server.flask.request_processing.middleware.auth_context [None req-d80b8158-1b74-441a-9ee5-ce5cdf94193b None admin] RBAC: auth_context: {'token': , 'domain_id': None, 'trust_id': None, 'trustor_id': None, 'trustee_id': None, 'domain_name': None, 'group_ids': [], 'user_id': '0a2b0e6ca487430388f67a117ba45e19', 'user_domain_id': 'default', 'system_scope': 'all', 'project_id': None, 'project_domain_id': None, 'roles': ['admin', 'member', 'reader'], 'is_admin_project': True, 'service_user_id': None, 'service_user_domain_id': None, 'service_project_id': None, 'service_project_domain_id': None, 'service_roles': []} {{(pid=80524) fill_context /opt/stack/keystone/keystone/server/flask/request_processing/middleware/auth_context.py:478}}
Aug 03 14:14:39.054552 n-d-843862-7 devstack@keystone.service[80524]: DEBUG keystone.server.flask.request_processing.req_logging [None req-d80b8158-1b74-441a-9ee5-ce5cdf94193b None admin] REQUEST_METHOD: `GET` {{(pid=80524) log_request_info /opt/stack/keystone/keystone/server/flask/request_processing/req_logging.py:27}}
Aug 03 14:14:39.054867 n-d-843862-7 devstack@keystone.service[80524]: DEBUG keystone.server.flask.request_processing.req_logging [None req-d80b8158-1b74-441a-9ee5-ce5cdf94193b None admin] SCRIPT_NAME: `/identity` {{(pid=80524) log_request_info /opt/stack/keystone/keystone/server/flask/request_processing/req_logging.py:28}}
Aug 03 14:14:39.055214 n-d-843862-7 devstack@keystone.service[80524]: DEBUG keystone.server.flask.request_processing.req_logging [None req-d80b8158-1b74-441a-9ee5-ce5cdf94193b None admin] PATH_INFO: `/v3/auth/tokens` {{(pid=80524) log_request_info /opt/stack/keystone/keystone/server/flask/request_processing/req_logging.py:29}}
Aug 03 14:14:39.060767 n-d-843862-7 devstack@keystone.service[80523]: DEBUG keystone.server.flask.request_processing.middleware.auth_context [None req-bfb5ba58-b039-424e-b21a-71360a5e69b2 None admin] Validating token access rules against request {{(pid=80523) validate_allowed_request /usr/local/lib/python3.8/dist-packages/keystonemiddleware/auth_token/__init__.py:545}}
Aug 03 14:14:39.099629 n-d-843862-7 devstack@keystone.service[80523]: DEBUG keystone.server.flask.request_processing.middleware.auth_context [None req-0fb0690f-cd8d-4ad2-84b1-d356c089e60d None admin] RBAC: auth_context: {'token': , 'domain_id': None, 'trust_id': None, 'trustor_id': None, 'trustee_id': None, 'domain_name': None, 'group_ids': [], 'user_id': '0a2b0e6ca487430388f67a117ba45e19', 'user_domain_id': 'default', 'system_scope': 'all', 'project_id': None, 'project_domain_id': None, 'roles': ['admin', 'member', 'reader'], 'is_admin_project': True, 'service_user_id': None, 'service_user_domain_id': None, 'service_project_id': None, 'service_project_domain_id': None, 'service_roles': []} {{(pid=80523) fill_context /opt/stack/keystone/keystone/server/flask/request_processing/middleware/auth_context.py:478}}
Aug 03 14:14:39.100275 n-d-843862-7 devstack@keystone.service[80523]: DEBUG keystone.server.flask.request_processing.req_logging [None req-0fb0690f-cd8d-4ad2-84b1-d356c089e60d None admin] REQUEST_METHOD: `GET` {{(pid=80523) log_request_info /opt/stack/keystone/keystone/server/flask/request_processing/req_logging.py:27}}
Aug 03 14:14:39.100553 n-d-843862-7 devstack@keystone.service[80523]: DEBUG keystone.server.flask.request_processing.req_logging [None req-0fb0690f-cd8d-4ad2-84b1-d356c089e60d None admin] SCRIPT_NAME: `/identity` {{(pid=80523) log_request_info /opt/stack/keystone/keystone/server/flask/request_processing/req_logging.py:28}}
Aug 03 14:14:39.100820 n-d-843862-7 devstack@keystone.service[80523]: DEBUG keystone.server.flask.request_processing.req_logging [None req-0fb0690f-cd8d-4ad2-84b1-d356c089e60d None admin] PATH_INFO: `/v3/projects/6fdbd2bc6ad64b7388f261532eede488` {{(pid=80523) log_request_info /opt/stack/keystone/keystone/server/flask/request_processing/req_logging.py:29}}
Aug 03 14:14:39.102075 n-d-843862-7 devstack@keystone.service[80523]: DEBUG keystone.common.rbac_enforcer.enforcer [None req-0fb0690f-cd8d-4ad2-84b1-d356c089e60d None admin] RBAC: Authorizing `identity:get_project(project_id=6fdbd2bc6ad64b7388f261532eede488)` {{(pid=80523) enforce_call /opt/stack/keystone/keystone/common/rbac_enforcer/enforcer.py:449}}
Aug 03 14:14:39.103788 n-d-843862-7 devstack@keystone.service[80523]: DEBUG keystone.common.rbac_enforcer.enforcer [None req-0fb0690f-cd8d-4ad2-84b1-d356c089e60d None admin] RBAC: Authorization granted {{(pid=80523) enforce_call /opt/stack/keystone/keystone/common/rbac_enforcer/enforcer.py:457}}
Aug 03 14:14:39.105469 n-d-843862-7 devstack@keystone.service[80523]: [pid: 80523|app: 0|req: 219/433] 10.222.0.91 () {56 vars in 1186 bytes} [Wed Aug 3 14:14:38 2022] GET /identity/v3/projects/6fdbd2bc6ad64b7388f261532eede488 => generated 298 bytes in 197 msecs (HTTP/1.1 200) 5 headers in 177 bytes (1 switches on core 0)
Aug 03 14:14:39.111769 n-d-843862-7 devstack@keystone.service[80523]: DEBUG keystone.server.flask.request_processing.middleware.auth_context [None req-0fb0690f-cd8d-4ad2-84b1-d356c089e60d None admin] Authenticating user token {{(pid=80523) process_request /usr/local/lib/python3.8/dist-packages/keystonemiddleware/auth_token/__init__.py:407}}
Aug 03 14:14:39.130895 n-d-843862-7 devstack@keystone.service[80524]: DEBUG dbcounter [-] [80524] Writing DB stats keystone:SELECT=100 {{(pid=80524) stat_writer /usr/local/lib/python3.8/dist-packages/dbcounter.py:114}}
Aug 03 14:14:39.135521 n-d-843862-7 devstack@keystone.service[80524]: DEBUG keystone.common.rbac_enforcer.enforcer [None req-d80b8158-1b74-441a-9ee5-ce5cdf94193b None admin] RBAC: Authorizing `identity:validate_token()` {{(pid=80524) enforce_call /opt/stack/keystone/keystone/common/rbac_enforcer/enforcer.py:449}}
Aug 03 14:14:39.137383 n-d-843862-7 devstack@keystone.service[80524]: DEBUG keystone.common.rbac_enforcer.enforcer [None req-d80b8158-1b74-441a-9ee5-ce5cdf94193b None admin] RBAC: Authorization granted {{(pid=80524) enforce_call /opt/stack/keystone/keystone/common/rbac_enforcer/enforcer.py:457}}
Aug 03 14:14:39.199689 n-d-843862-7 devstack@keystone.service[80523]: DEBUG dbcounter [-] [80523] Writing DB stats keystone:SELECT=100 {{(pid=80523) stat_writer /usr/local/lib/python3.8/dist-packages/dbcounter.py:114}}
Aug 03 14:14:39.226397 n-d-843862-7 devstack@keystone.service[80523]: DEBUG keystone.server.flask.request_processing.middleware.auth_context [None req-0fb0690f-cd8d-4ad2-84b1-d356c089e60d None admin] Validating token access rules against request {{(pid=80523) validate_allowed_request /usr/local/lib/python3.8/dist-packages/keystonemiddleware/auth_token/__init__.py:545}}
Aug 03 14:14:39.261960 n-d-843862-7 devstack@keystone.service[80524]: [pid: 80524|app: 0|req: 215/434] 10.222.0.91 () {58 vars in 1282 bytes} [Wed Aug 3 14:14:38 2022] GET /identity/v3/auth/tokens => generated 799 bytes in 380 msecs (HTTP/1.1 200) 6 headers in 358 bytes (1 switches on core 0)
Aug 03 14:14:39.263447 n-d-843862-7 devstack@keystone.service[80524]: DEBUG keystone.server.flask.request_processing.middleware.auth_context [None req-d80b8158-1b74-441a-9ee5-ce5cdf94193b None admin] Authenticating user token {{(pid=80524) process_request /usr/local/lib/python3.8/dist-packages/keystonemiddleware/auth_token/__init__.py:407}}
Aug 03 14:14:39.267138 n-d-843862-7 devstack@keystone.service[80523]: DEBUG keystone.server.flask.request_processing.middleware.auth_context [None req-6e6dff01-c68b-4dd9-8df9-f0f3da5c5aa7 None admin] RBAC: auth_context: {'token': , 'domain_id': None, 'trust_id': None, 'trustor_id': None, 'trustee_id': None, 'domain_name': None, 'group_ids': [], 'user_id': '0a2b0e6ca487430388f67a117ba45e19', 'user_domain_id': 'default', 'system_scope': 'all', 'project_id': None, 'project_domain_id': None, 'roles': ['admin', 'member', 'reader'], 'is_admin_project': True, 'service_user_id': None, 'service_user_domain_id': None, 'service_project_id': None, 'service_project_domain_id': None, 'service_roles': []} {{(pid=80523) fill_context /opt/stack/keystone/keystone/server/flask/request_processing/middleware/auth_context.py:478}}
Aug 03 14:14:39.267138 n-d-843862-7 devstack@keystone.service[80523]: DEBUG keystone.server.flask.request_processing.req_logging [None req-6e6dff01-c68b-4dd9-8df9-f0f3da5c5aa7 None admin] REQUEST_METHOD: `GET` {{(pid=80523) log_request_info /opt/stack/keystone/keystone/server/flask/request_processing/req_logging.py:27}}
Aug 03 14:14:39.267138 n-d-843862-7 devstack@keystone.service[80523]: DEBUG keystone.server.flask.request_processing.req_logging [None req-6e6dff01-c68b-4dd9-8df9-f0f3da5c5aa7 None admin] SCRIPT_NAME: `/identity` {{(pid=80523) log_request_info /opt/stack/keystone/keystone/server/flask/request_processing/req_logging.py:28}}
Aug 03 14:14:39.267138 n-d-843862-7 devstack@keystone.service[80523]: DEBUG keystone.server.flask.request_processing.req_logging [None req-6e6dff01-c68b-4dd9-8df9-f0f3da5c5aa7 None admin] PATH_INFO: `/v3/groups/f7b012a1af1c464890dd5699b7972338` {{(pid=80523) log_request_info /opt/stack/keystone/keystone/server/flask/request_processing/req_logging.py:29}}
Aug 03 14:14:39.270705 n-d-843862-7 devstack@keystone.service[80523]: DEBUG keystone.common.rbac_enforcer.enforcer [None req-6e6dff01-c68b-4dd9-8df9-f0f3da5c5aa7 None admin] RBAC: Authorizing `identity:get_group(group_id=f7b012a1af1c464890dd5699b7972338)` {{(pid=80523) enforce_call /opt/stack/keystone/keystone/common/rbac_enforcer/enforcer.py:449}}
Aug 03 14:14:39.272171 n-d-843862-7 devstack@keystone.service[80523]: DEBUG keystone.common.rbac_enforcer.enforcer [None req-6e6dff01-c68b-4dd9-8df9-f0f3da5c5aa7 None admin] RBAC: Authorization granted {{(pid=80523) enforce_call /opt/stack/keystone/keystone/common/rbac_enforcer/enforcer.py:457}}
Aug 03 14:14:39.273942 n-d-843862-7 devstack@keystone.service[80523]: [pid: 80523|app: 0|req: 220/435] 10.222.0.91 () {56 vars in 1180 bytes} [Wed Aug 3 14:14:39 2022] GET /identity/v3/groups/f7b012a1af1c464890dd5699b7972338 => generated 226 bytes in 163 msecs (HTTP/1.1 200) 5 headers in 177 bytes (1 switches on core 0)
Aug 03 14:14:39.281590 n-d-843862-7 devstack@keystone.service[80523]: DEBUG keystone.server.flask.request_processing.middleware.auth_context [None req-6e6dff01-c68b-4dd9-8df9-f0f3da5c5aa7 None admin] Authenticating user token {{(pid=80523) process_request /usr/local/lib/python3.8/dist-packages/keystonemiddleware/auth_token/__init__.py:407}}
Aug 03 14:14:39.372456 n-d-843862-7 devstack@keystone.service[80524]: DEBUG dbcounter [-] [80524] Writing DB stats keystone:SELECT=100 {{(pid=80524) stat_writer /usr/local/lib/python3.8/dist-packages/dbcounter.py:114}}
Aug 03 14:14:39.377297 n-d-843862-7 devstack@keystone.service[80524]: DEBUG keystone.server.flask.request_processing.middleware.auth_context [None req-d80b8158-1b74-441a-9ee5-ce5cdf94193b None admin] Validating token access rules against request {{(pid=80524) validate_allowed_request /usr/local/lib/python3.8/dist-packages/keystonemiddleware/auth_token/__init__.py:545}}
Aug 03 14:14:39.392415 n-d-843862-7 devstack@keystone.service[80523]: DEBUG keystone.server.flask.request_processing.middleware.auth_context [None req-6e6dff01-c68b-4dd9-8df9-f0f3da5c5aa7 None admin] Validating token access rules against request {{(pid=80523) validate_allowed_request /usr/local/lib/python3.8/dist-packages/keystonemiddleware/auth_token/__init__.py:545}}
Aug 03 14:14:39.416742 n-d-843862-7 devstack@keystone.service[80524]: DEBUG keystone.server.flask.request_processing.middleware.auth_context [None req-4d9fd166-b016-4112-939d-830cf591a01a None admin] RBAC: auth_context: {'token': , 'domain_id': None, 'trust_id': None, 'trustor_id': None, 'trustee_id': None, 'domain_name': None, 'group_ids': [], 'user_id': '0a2b0e6ca487430388f67a117ba45e19', 'user_domain_id': 'default', 'system_scope': 'all', 'project_id': None, 'project_domain_id': None, 'roles': ['admin', 'member', 'reader'], 'is_admin_project': True, 'service_user_id': None, 'service_user_domain_id': None, 'service_project_id': None, 'service_project_domain_id': None, 'service_roles': []} {{(pid=80524) fill_context /opt/stack/keystone/keystone/server/flask/request_processing/middleware/auth_context.py:478}}
Aug 03 14:14:39.417388 n-d-843862-7 devstack@keystone.service[80524]: DEBUG keystone.server.flask.request_processing.req_logging [None req-4d9fd166-b016-4112-939d-830cf591a01a None admin] REQUEST_METHOD: `GET` {{(pid=80524) log_request_info /opt/stack/keystone/keystone/server/flask/request_processing/req_logging.py:27}}
Aug 03 14:14:39.417672 n-d-843862-7 devstack@keystone.service[80524]: DEBUG keystone.server.flask.request_processing.req_logging [None req-4d9fd166-b016-4112-939d-830cf591a01a None admin] SCRIPT_NAME: `/identity` {{(pid=80524) log_request_info /opt/stack/keystone/keystone/server/flask/request_processing/req_logging.py:28}}
Aug 03 14:14:39.417976 n-d-843862-7 devstack@keystone.service[80524]: DEBUG keystone.server.flask.request_processing.req_logging [None req-4d9fd166-b016-4112-939d-830cf591a01a None admin] PATH_INFO: `/v3/projects/e8f01c67ef27484f9d04dc1270fab235` {{(pid=80524) log_request_info /opt/stack/keystone/keystone/server/flask/request_processing/req_logging.py:29}}
Aug 03 14:14:39.419345 n-d-843862-7 devstack@keystone.service[80524]: DEBUG keystone.common.rbac_enforcer.enforcer [None req-4d9fd166-b016-4112-939d-830cf591a01a None admin] RBAC: Authorizing `identity:get_project(project_id=e8f01c67ef27484f9d04dc1270fab235)` {{(pid=80524) enforce_call /opt/stack/keystone/keystone/common/rbac_enforcer/enforcer.py:449}}
Aug 03 14:14:39.420807 n-d-843862-7 devstack@keystone.service[80524]: DEBUG keystone.common.rbac_enforcer.enforcer [None req-4d9fd166-b016-4112-939d-830cf591a01a None admin] RBAC: Authorization granted {{(pid=80524) enforce_call /opt/stack/keystone/keystone/common/rbac_enforcer/enforcer.py:457}}
Aug 03 14:14:39.427901 n-d-843862-7 devstack@keystone.service[80524]: [pid: 80524|app: 0|req: 216/436] 10.222.0.91 () {56 vars in 1186 bytes} [Wed Aug 3 14:14:39 2022] GET /identity/v3/projects/e8f01c67ef27484f9d04dc1270fab235 => generated 302 bytes in 160 msecs (HTTP/1.1 200) 5 headers in 177 bytes (2 switches on core 0)
Aug 03 14:14:39.429536 n-d-843862-7 devstack@keystone.service[80524]: DEBUG keystone.server.flask.request_processing.middleware.auth_context [None req-4d9fd166-b016-4112-939d-830cf591a01a None admin] Authenticating user token {{(pid=80524) process_request /usr/local/lib/python3.8/dist-packages/keystonemiddleware/auth_token/__init__.py:407}}
Aug 03 14:14:39.431057 n-d-843862-7 devstack@keystone.service[80523]: DEBUG keystone.server.flask.request_processing.middleware.auth_context [None req-edd4f00a-e4ce-4852-a8c0-165d123b5404 None admin] RBAC: auth_context: {'token': , 'domain_id': None, 'trust_id': None, 'trustor_id': None, 'trustee_id': None, 'domain_name': None, 'group_ids': [], 'user_id': '0a2b0e6ca487430388f67a117ba45e19', 'user_domain_id': 'default', 'system_scope': 'all', 'project_id': None, 'project_domain_id': None, 'roles': ['admin', 'member', 'reader'], 'is_admin_project': True, 'service_user_id': None, 'service_user_domain_id': None, 'service_project_id': None, 'service_project_domain_id': None, 'service_roles': []} {{(pid=80523) fill_context /opt/stack/keystone/keystone/server/flask/request_processing/middleware/auth_context.py:478}}
Aug 03 14:14:39.431760 n-d-843862-7 devstack@keystone.service[80523]: DEBUG keystone.server.flask.request_processing.req_logging [None req-edd4f00a-e4ce-4852-a8c0-165d123b5404 None admin] REQUEST_METHOD: `GET` {{(pid=80523) log_request_info /opt/stack/keystone/keystone/server/flask/request_processing/req_logging.py:27}}
Aug 03 14:14:39.432108 n-d-843862-7 devstack@keystone.service[80523]: DEBUG keystone.server.flask.request_processing.req_logging [None req-edd4f00a-e4ce-4852-a8c0-165d123b5404 None admin] SCRIPT_NAME: `/identity` {{(pid=80523) log_request_info /opt/stack/keystone/keystone/server/flask/request_processing/req_logging.py:28}}
Aug 03 14:14:39.432446 n-d-843862-7 devstack@keystone.service[80523]: DEBUG keystone.server.flask.request_processing.req_logging [None req-edd4f00a-e4ce-4852-a8c0-165d123b5404 None admin] PATH_INFO: `/v3/role_assignments` {{(pid=80523) log_request_info /opt/stack/keystone/keystone/server/flask/request_processing/req_logging.py:29}}
Aug 03 14:14:39.433308 n-d-843862-7 devstack@keystone.service[80523]: DEBUG keystone.common.rbac_enforcer.enforcer [None req-edd4f00a-e4ce-4852-a8c0-165d123b5404 None admin] RBAC: Adding query filter params (group.id=f7b012a1af1c464890dd5699b7972338, role.id=7efc87ec8363434e9b2ede45e419851e, scope.project.id=6fdbd2bc6ad64b7388f261532eede488) {{(pid=80523) _extract_filter_values /opt/stack/keystone/keystone/common/rbac_enforcer/enforcer.py:167}}
Aug 03 14:14:39.433697 n-d-843862-7 devstack@keystone.service[80523]: DEBUG keystone.common.rbac_enforcer.enforcer [None req-edd4f00a-e4ce-4852-a8c0-165d123b5404 None admin] RBAC: Authorizing `identity:list_role_assignments()` {{(pid=80523) enforce_call /opt/stack/keystone/keystone/common/rbac_enforcer/enforcer.py:449}}
Aug 03 14:14:39.435286 n-d-843862-7 devstack@keystone.service[80523]: DEBUG keystone.common.rbac_enforcer.enforcer [None req-edd4f00a-e4ce-4852-a8c0-165d123b5404 None admin] RBAC: Authorization granted {{(pid=80523) enforce_call /opt/stack/keystone/keystone/common/rbac_enforcer/enforcer.py:457}}
Aug 03 14:14:39.443911 n-d-843862-7 devstack@keystone.service[80523]: [pid: 80523|app: 0|req: 221/437] 10.222.0.91 () {56 vars in 1376 bytes} [Wed Aug 3 14:14:39 2022] GET /identity/v3/role_assignments?group.id=f7b012a1af1c464890dd5699b7972338&scope.project.id=6fdbd2bc6ad64b7388f261532eede488&role.id=7efc87ec8363434e9b2ede45e419851e => generated 611 bytes in 163 msecs (HTTP/1.1 200) 5 headers in 177 bytes (1 switches on core 0)
Aug 03 14:14:39.549126 n-d-843862-7 devstack@keystone.service[80524]: DEBUG keystone.server.flask.request_processing.middleware.auth_context [None req-4d9fd166-b016-4112-939d-830cf591a01a None admin] Validating token access rules against request {{(pid=80524) validate_allowed_request /usr/local/lib/python3.8/dist-packages/keystonemiddleware/auth_token/__init__.py:545}}
Aug 03 14:14:39.553402 n-d-843862-7 devstack@keystone.service[80523]: DEBUG keystone.server.flask.request_processing.req_logging [None req-7875fe3a-5b8d-4b7c-8620-e3b72d032663 None None] REQUEST_METHOD: `GET` {{(pid=80523) log_request_info /opt/stack/keystone/keystone/server/flask/request_processing/req_logging.py:27}}
Aug 03 14:14:39.553690 n-d-843862-7 devstack@keystone.service[80523]: DEBUG keystone.server.flask.request_processing.req_logging [None req-7875fe3a-5b8d-4b7c-8620-e3b72d032663 None None] SCRIPT_NAME: `/identity` {{(pid=80523) log_request_info /opt/stack/keystone/keystone/server/flask/request_processing/req_logging.py:28}}
Aug 03 14:14:39.553968 n-d-843862-7 devstack@keystone.service[80523]: DEBUG keystone.server.flask.request_processing.req_logging [None req-7875fe3a-5b8d-4b7c-8620-e3b72d032663 None None] PATH_INFO: `/` {{(pid=80523) log_request_info /opt/stack/keystone/keystone/server/flask/request_processing/req_logging.py:29}}
Aug 03 14:14:39.555587 n-d-843862-7 devstack@keystone.service[80523]: [pid: 80523|app: 0|req: 222/438] 10.222.0.91 () {54 vars in 926 bytes} [Wed Aug 3 14:14:39 2022] GET /identity => generated 270 bytes in 3 msecs (HTTP/1.1 300) 6 headers in 234 bytes (1 switches on core 0)
Aug 03 14:14:39.562529 n-d-843862-7 devstack@keystone.service[80523]: DEBUG keystone.server.flask.request_processing.req_logging [None req-8809b499-cd38-4720-b857-dc52cf1f370e None None] REQUEST_METHOD: `POST` {{(pid=80523) log_request_info /opt/stack/keystone/keystone/server/flask/request_processing/req_logging.py:27}}
Aug 03 14:14:39.563131 n-d-843862-7 devstack@keystone.service[80523]: DEBUG keystone.server.flask.request_processing.req_logging [None req-8809b499-cd38-4720-b857-dc52cf1f370e None None] SCRIPT_NAME: `/identity` {{(pid=80523) log_request_info /opt/stack/keystone/keystone/server/flask/request_processing/req_logging.py:28}}
Aug 03 14:14:39.563596 n-d-843862-7 devstack@keystone.service[80523]: DEBUG keystone.server.flask.request_processing.req_logging [None req-8809b499-cd38-4720-b857-dc52cf1f370e None None] PATH_INFO: `/v3/auth/tokens` {{(pid=80523) log_request_info /opt/stack/keystone/keystone/server/flask/request_processing/req_logging.py:29}}
Aug 03 14:14:39.591595 n-d-843862-7 devstack@keystone.service[80523]: DEBUG keystone.auth.core [None req-8809b499-cd38-4720-b857-dc52cf1f370e None None] MFA Rules not processed for user `0a2b0e6ca487430388f67a117ba45e19`. Rule list: `[]` (Enabled: `True`). {{(pid=80523) check_auth_methods_against_rules /opt/stack/keystone/keystone/auth/core.py:438}}
Aug 03 14:14:39.592564 n-d-843862-7 devstack@keystone.service[80524]: DEBUG keystone.server.flask.request_processing.middleware.auth_context [None req-204aa439-c00e-466f-882e-1636d2fdbe3e None admin] RBAC: auth_context: {'token': , 'domain_id': None, 'trust_id': None, 'trustor_id': None, 'trustee_id': None, 'domain_name': None, 'group_ids': [], 'user_id': '0a2b0e6ca487430388f67a117ba45e19', 'user_domain_id': 'default', 'system_scope': 'all', 'project_id': None, 'project_domain_id': None, 'roles': ['admin', 'member', 'reader'], 'is_admin_project': True, 'service_user_id': None, 'service_user_domain_id': None, 'service_project_id': None, 'service_project_domain_id': None, 'service_roles': []} {{(pid=80524) fill_context /opt/stack/keystone/keystone/server/flask/request_processing/middleware/auth_context.py:478}}
Aug 03 14:14:39.593229 n-d-843862-7 devstack@keystone.service[80524]: DEBUG keystone.server.flask.request_processing.req_logging [None req-204aa439-c00e-466f-882e-1636d2fdbe3e None admin] REQUEST_METHOD: `GET` {{(pid=80524) log_request_info /opt/stack/keystone/keystone/server/flask/request_processing/req_logging.py:27}}
Aug 03 14:14:39.593517 n-d-843862-7 devstack@keystone.service[80524]: DEBUG keystone.server.flask.request_processing.req_logging [None req-204aa439-c00e-466f-882e-1636d2fdbe3e None admin] SCRIPT_NAME: `/identity` {{(pid=80524) log_request_info /opt/stack/keystone/keystone/server/flask/request_processing/req_logging.py:28}}
Aug 03 14:14:39.593907 n-d-843862-7 devstack@keystone.service[80524]: DEBUG keystone.server.flask.request_processing.req_logging [None req-204aa439-c00e-466f-882e-1636d2fdbe3e None admin] PATH_INFO: `/v3/groups/f7b012a1af1c464890dd5699b7972338` {{(pid=80524) log_request_info /opt/stack/keystone/keystone/server/flask/request_processing/req_logging.py:29}}
Aug 03 14:14:39.594679 n-d-843862-7 devstack@keystone.service[80523]: DEBUG keystone.common.fernet_utils [None req-8809b499-cd38-4720-b857-dc52cf1f370e None None] Loaded 2 Fernet keys from /etc/keystone/fernet-keys/, but `[fernet_tokens] max_active_keys = 3`; perhaps there have not been enough key rotations to reach `max_active_keys` yet? {{(pid=80523) load_keys /opt/stack/keystone/keystone/common/fernet_utils.py:286}}
Aug 03 14:14:39.595076 n-d-843862-7 devstack@keystone.service[80524]: DEBUG keystone.common.rbac_enforcer.enforcer [None req-204aa439-c00e-466f-882e-1636d2fdbe3e None admin] RBAC: Authorizing `identity:get_group(group_id=f7b012a1af1c464890dd5699b7972338)` {{(pid=80524) enforce_call /opt/stack/keystone/keystone/common/rbac_enforcer/enforcer.py:449}}
Aug 03 14:14:39.596567 n-d-843862-7 devstack@keystone.service[80524]: DEBUG keystone.common.rbac_enforcer.enforcer [None req-204aa439-c00e-466f-882e-1636d2fdbe3e None admin] RBAC: Authorization granted {{(pid=80524) enforce_call /opt/stack/keystone/keystone/common/rbac_enforcer/enforcer.py:457}}
Aug 03 14:14:39.604292 n-d-843862-7 devstack@keystone.service[80524]: [pid: 80524|app: 0|req: 217/439] 10.222.0.91 () {56 vars in 1180 bytes} [Wed Aug 3 14:14:39 2022] GET /identity/v3/groups/f7b012a1af1c464890dd5699b7972338 => generated 226 bytes in 170 msecs (HTTP/1.1 200) 5 headers in 177 bytes (2 switches on core 0)
Aug 03 14:14:39.605557 n-d-843862-7 devstack@keystone.service[80524]: DEBUG keystone.server.flask.request_processing.middleware.auth_context [None req-204aa439-c00e-466f-882e-1636d2fdbe3e None admin] Authenticating user token {{(pid=80524) process_request /usr/local/lib/python3.8/dist-packages/keystonemiddleware/auth_token/__init__.py:407}}
Aug 03 14:14:39.607166 n-d-843862-7 devstack@keystone.service[80523]: DEBUG dbcounter [-] [80523] Writing DB stats keystone:SELECT=100 {{(pid=80523) stat_writer /usr/local/lib/python3.8/dist-packages/dbcounter.py:114}}
Aug 03 14:14:39.649030 n-d-843862-7 devstack@keystone.service[80524]: DEBUG dbcounter [-] [80524] Writing DB stats keystone:SELECT=100 {{(pid=80524) stat_writer /usr/local/lib/python3.8/dist-packages/dbcounter.py:114}}
Aug 03 14:14:39.685299 n-d-843862-7 devstack@keystone.service[80523]: [pid: 80523|app: 0|req: 223/440] 10.222.0.91 () {58 vars in 1023 bytes} [Wed Aug 3 14:14:39 2022] POST /identity/v3/auth/tokens => generated 799 bytes in 124 msecs (HTTP/1.1 201) 6 headers in 363 bytes (1 switches on core 0)
Aug 03 14:14:39.686829 n-d-843862-7 devstack@keystone.service[80523]: DEBUG keystone.server.flask.request_processing.req_logging [None req-4dd4e771-73e8-4173-8276-92ec3fcd80ae None None] REQUEST_METHOD: `GET` {{(pid=80523) log_request_info /opt/stack/keystone/keystone/server/flask/request_processing/req_logging.py:27}}
Aug 03 14:14:39.687113 n-d-843862-7 devstack@keystone.service[80523]: DEBUG keystone.server.flask.request_processing.req_logging [None req-4dd4e771-73e8-4173-8276-92ec3fcd80ae None None] SCRIPT_NAME: `/identity` {{(pid=80523) log_request_info /opt/stack/keystone/keystone/server/flask/request_processing/req_logging.py:28}}
Aug 03 14:14:39.687386 n-d-843862-7 devstack@keystone.service[80523]: DEBUG keystone.server.flask.request_processing.req_logging [None req-4dd4e771-73e8-4173-8276-92ec3fcd80ae None None] PATH_INFO: `/` {{(pid=80523) log_request_info /opt/stack/keystone/keystone/server/flask/request_processing/req_logging.py:29}}
Aug 03 14:14:39.688624 n-d-843862-7 devstack@keystone.service[80523]: [pid: 80523|app: 0|req: 224/441] 10.222.0.91 () {54 vars in 926 bytes} [Wed Aug 3 14:14:39 2022] GET /identity => generated 270 bytes in 3 msecs (HTTP/1.1 300) 6 headers in 234 bytes (1 switches on core 0)
Aug 03 14:14:39.695029 n-d-843862-7 devstack@keystone.service[80523]: DEBUG keystone.server.flask.request_processing.req_logging [None req-98fa79fc-cc6a-4382-93f0-c83937fa692b None None] REQUEST_METHOD: `POST` {{(pid=80523) log_request_info /opt/stack/keystone/keystone/server/flask/request_processing/req_logging.py:27}}
Aug 03 14:14:39.695309 n-d-843862-7 devstack@keystone.service[80523]: DEBUG keystone.server.flask.request_processing.req_logging [None req-98fa79fc-cc6a-4382-93f0-c83937fa692b None None] SCRIPT_NAME: `/identity` {{(pid=80523) log_request_info /opt/stack/keystone/keystone/server/flask/request_processing/req_logging.py:28}}
Aug 03 14:14:39.695745 n-d-843862-7 devstack@keystone.service[80523]: DEBUG keystone.server.flask.request_processing.req_logging [None req-98fa79fc-cc6a-4382-93f0-c83937fa692b None None] PATH_INFO: `/v3/auth/tokens` {{(pid=80523) log_request_info /opt/stack/keystone/keystone/server/flask/request_processing/req_logging.py:29}}
Aug 03 14:14:39.715383 n-d-843862-7 devstack@keystone.service[80523]: DEBUG keystone.auth.core [None req-98fa79fc-cc6a-4382-93f0-c83937fa692b None None] MFA Rules not processed for user `0a2b0e6ca487430388f67a117ba45e19`. Rule list: `[]` (Enabled: `True`). {{(pid=80523) check_auth_methods_against_rules /opt/stack/keystone/keystone/auth/core.py:438}}
Aug 03 14:14:39.716840 n-d-843862-7 devstack@keystone.service[80523]: DEBUG keystone.common.fernet_utils [None req-98fa79fc-cc6a-4382-93f0-c83937fa692b None None] Loaded 2 Fernet keys from /etc/keystone/fernet-keys/, but `[fernet_tokens] max_active_keys = 3`; perhaps there have not been enough key rotations to reach `max_active_keys` yet? {{(pid=80523) load_keys /opt/stack/keystone/keystone/common/fernet_utils.py:286}}
Aug 03 14:14:39.733328 n-d-843862-7 devstack@keystone.service[80524]: DEBUG keystone.server.flask.request_processing.middleware.auth_context [None req-204aa439-c00e-466f-882e-1636d2fdbe3e None admin] Validating token access rules against request {{(pid=80524) validate_allowed_request /usr/local/lib/python3.8/dist-packages/keystonemiddleware/auth_token/__init__.py:545}}
Aug 03 14:14:39.777161 n-d-843862-7 devstack@keystone.service[80524]: DEBUG keystone.server.flask.request_processing.middleware.auth_context [None req-a0607e73-9cba-4ff3-8a35-ebd470cfa91d None admin] RBAC: auth_context: {'token': , 'domain_id': None, 'trust_id': None, 'trustor_id': None, 'trustee_id': None, 'domain_name': None, 'group_ids': [], 'user_id': '0a2b0e6ca487430388f67a117ba45e19', 'user_domain_id': 'default', 'system_scope': 'all', 'project_id': None, 'project_domain_id': None, 'roles': ['admin', 'member', 'reader'], 'is_admin_project': True, 'service_user_id': None, 'service_user_domain_id': None, 'service_project_id': None, 'service_project_domain_id': None, 'service_roles': []} {{(pid=80524) fill_context /opt/stack/keystone/keystone/server/flask/request_processing/middleware/auth_context.py:478}}
Aug 03 14:14:39.777780 n-d-843862-7 devstack@keystone.service[80524]: DEBUG keystone.server.flask.request_processing.req_logging [None req-a0607e73-9cba-4ff3-8a35-ebd470cfa91d None admin] REQUEST_METHOD: `GET` {{(pid=80524) log_request_info /opt/stack/keystone/keystone/server/flask/request_processing/req_logging.py:27}}
Aug 03 14:14:39.778084 n-d-843862-7 devstack@keystone.service[80524]: DEBUG keystone.server.flask.request_processing.req_logging [None req-a0607e73-9cba-4ff3-8a35-ebd470cfa91d None admin] SCRIPT_NAME: `/identity` {{(pid=80524) log_request_info /opt/stack/keystone/keystone/server/flask/request_processing/req_logging.py:28}}
Aug 03 14:14:39.778525 n-d-843862-7 devstack@keystone.service[80524]: DEBUG keystone.server.flask.request_processing.req_logging [None req-a0607e73-9cba-4ff3-8a35-ebd470cfa91d None admin] PATH_INFO: `/v3/role_assignments` {{(pid=80524) log_request_info /opt/stack/keystone/keystone/server/flask/request_processing/req_logging.py:29}}
Aug 03 14:14:39.779318 n-d-843862-7 devstack@keystone.service[80524]: DEBUG keystone.common.rbac_enforcer.enforcer [None req-a0607e73-9cba-4ff3-8a35-ebd470cfa91d None admin] RBAC: Adding query filter params (group.id=f7b012a1af1c464890dd5699b7972338, role.id=2165fba990104981ab0ec7e0c4ee0c4a, scope.project.id=e8f01c67ef27484f9d04dc1270fab235) {{(pid=80524) _extract_filter_values /opt/stack/keystone/keystone/common/rbac_enforcer/enforcer.py:167}}
Aug 03 14:14:39.779626 n-d-843862-7 devstack@keystone.service[80524]: DEBUG keystone.common.rbac_enforcer.enforcer [None req-a0607e73-9cba-4ff3-8a35-ebd470cfa91d None admin] RBAC: Authorizing `identity:list_role_assignments()` {{(pid=80524) enforce_call /opt/stack/keystone/keystone/common/rbac_enforcer/enforcer.py:449}}
Aug 03 14:14:39.781071 n-d-843862-7 devstack@keystone.service[80524]: DEBUG keystone.common.rbac_enforcer.enforcer [None req-a0607e73-9cba-4ff3-8a35-ebd470cfa91d None admin] RBAC: Authorization granted {{(pid=80524) enforce_call /opt/stack/keystone/keystone/common/rbac_enforcer/enforcer.py:457}}
Aug 03 14:14:39.789888 n-d-843862-7 devstack@keystone.service[80524]: [pid: 80524|app: 0|req: 218/442] 10.222.0.91 () {56 vars in 1376 bytes} [Wed Aug 3 14:14:39 2022] GET /identity/v3/role_assignments?group.id=f7b012a1af1c464890dd5699b7972338&scope.project.id=e8f01c67ef27484f9d04dc1270fab235&role.id=2165fba990104981ab0ec7e0c4ee0c4a => generated 611 bytes in 184 msecs (HTTP/1.1 200) 5 headers in 177 bytes (2 switches on core 0)
Aug 03 14:14:39.790306 n-d-843862-7 devstack@keystone.service[80524]: DEBUG keystone.server.flask.request_processing.middleware.auth_context [None req-a0607e73-9cba-4ff3-8a35-ebd470cfa91d None admin] Authenticating user token {{(pid=80524) process_request /usr/local/lib/python3.8/dist-packages/keystonemiddleware/auth_token/__init__.py:407}}
Aug 03 14:14:39.804236 n-d-843862-7 devstack@keystone.service[80523]: [pid: 80523|app: 0|req: 225/443] 10.222.0.91 () {58 vars in 1023 bytes} [Wed Aug 3 14:14:39 2022] POST /identity/v3/auth/tokens => generated 799 bytes in 110 msecs (HTTP/1.1 201) 6 headers in 363 bytes (1 switches on core 0)
Aug 03 14:14:39.828765 n-d-843862-7 devstack@keystone.service[80523]: DEBUG keystone.server.flask.request_processing.middleware.auth_context [None req-98fa79fc-cc6a-4382-93f0-c83937fa692b None None] Authenticating user token {{(pid=80523) process_request /usr/local/lib/python3.8/dist-packages/keystonemiddleware/auth_token/__init__.py:407}}
Aug 03 14:14:39.919771 n-d-843862-7 devstack@keystone.service[80524]: DEBUG dbcounter [-] [80524] Writing DB stats keystone:SELECT=100 {{(pid=80524) stat_writer /usr/local/lib/python3.8/dist-packages/dbcounter.py:114}}
Aug 03 14:14:39.924615 n-d-843862-7 devstack@keystone.service[80523]: DEBUG dbcounter [-] [80523] Writing DB stats keystone:SELECT=100 {{(pid=80523) stat_writer /usr/local/lib/python3.8/dist-packages/dbcounter.py:114}}
Aug 03 14:14:39.925582 n-d-843862-7 devstack@keystone.service[80524]: DEBUG keystone.server.flask.request_processing.middleware.auth_context [None req-a0607e73-9cba-4ff3-8a35-ebd470cfa91d None admin] Validating token access rules against request {{(pid=80524) validate_allowed_request /usr/local/lib/python3.8/dist-packages/keystonemiddleware/auth_token/__init__.py:545}}
Aug 03 14:14:39.963834 n-d-843862-7 devstack@keystone.service[80523]: DEBUG keystone.server.flask.request_processing.middleware.auth_context [None req-98fa79fc-cc6a-4382-93f0-c83937fa692b None None] Validating token access rules against request {{(pid=80523) validate_allowed_request /usr/local/lib/python3.8/dist-packages/keystonemiddleware/auth_token/__init__.py:545}}
Aug 03 14:14:39.968150 n-d-843862-7 devstack@keystone.service[80524]: DEBUG keystone.server.flask.request_processing.middleware.auth_context [None req-02a7790d-c576-42be-80ea-ff4e2b12cf2d None admin] RBAC: auth_context: {'token': , 'domain_id': None, 'trust_id': None, 'trustor_id': None, 'trustee_id': None, 'domain_name': None, 'group_ids': [], 'user_id': '0a2b0e6ca487430388f67a117ba45e19', 'user_domain_id': 'default', 'system_scope': 'all', 'project_id': None, 'project_domain_id': None, 'roles': ['admin', 'member', 'reader'], 'is_admin_project': True, 'service_user_id': None, 'service_user_domain_id': None, 'service_project_id': None, 'service_project_domain_id': None, 'service_roles': []} {{(pid=80524) fill_context /opt/stack/keystone/keystone/server/flask/request_processing/middleware/auth_context.py:478}}
Aug 03 14:14:39.968356 n-d-843862-7 devstack@keystone.service[80524]: DEBUG keystone.server.flask.request_processing.req_logging [None req-02a7790d-c576-42be-80ea-ff4e2b12cf2d None admin] REQUEST_METHOD: `GET` {{(pid=80524) log_request_info /opt/stack/keystone/keystone/server/flask/request_processing/req_logging.py:27}}
Aug 03 14:14:39.968639 n-d-843862-7 devstack@keystone.service[80524]: DEBUG keystone.server.flask.request_processing.req_logging [None req-02a7790d-c576-42be-80ea-ff4e2b12cf2d None admin] SCRIPT_NAME: `/identity` {{(pid=80524) log_request_info /opt/stack/keystone/keystone/server/flask/request_processing/req_logging.py:28}}
Aug 03 14:14:39.968907 n-d-843862-7 devstack@keystone.service[80524]: DEBUG keystone.server.flask.request_processing.req_logging [None req-02a7790d-c576-42be-80ea-ff4e2b12cf2d None admin] PATH_INFO: `/v3/roles/anotherrole` {{(pid=80524) log_request_info /opt/stack/keystone/keystone/server/flask/request_processing/req_logging.py:29}}
Aug 03 14:14:39.982702 n-d-843862-7 devstack@keystone.service[80524]: DEBUG keystone.common.rbac_enforcer.enforcer [None req-02a7790d-c576-42be-80ea-ff4e2b12cf2d None admin] Extracting inferred target data resulted in "NOT FOUND (404)". {{(pid=80524) enforce_call /opt/stack/keystone/keystone/common/rbac_enforcer/enforcer.py:409}}
Aug 03 14:14:39.989399 n-d-843862-7 devstack@keystone.service[80524]: ERROR keystone.server.flask.application [None req-02a7790d-c576-42be-80ea-ff4e2b12cf2d None admin] Could not find role: anotherrole.: keystone.exception.RoleNotFound: Could not find role: anotherrole.
Aug 03 14:14:39.989399 n-d-843862-7 devstack@keystone.service[80524]: ERROR keystone.server.flask.application
Traceback (most recent call last):
Aug 03 14:14:39.989399 n-d-843862-7 devstack@keystone.service[80524]: ERROR keystone.server.flask.application
File "/usr/local/lib/python3.8/dist-packages/flask/app.py", line 1517, in full_dispatch_request
Aug 03 14:14:39.989399 n-d-843862-7 devstack@keystone.service[80524]: ERROR keystone.server.flask.application rv = self.dispatch_request()
Aug 03 14:14:39.989399 n-d-843862-7 devstack@keystone.service[80524]: ERROR keystone.server.flask.application
File "/usr/local/lib/python3.8/dist-packages/flask/app.py", line 1503, in dispatch_request
Aug 03 14:14:39.989399 n-d-843862-7 devstack@keystone.service[80524]: ERROR keystone.server.flask.application return self.ensure_sync(self.view_functions[rule.endpoint])(**req.view_args)
Aug 03 14:14:39.989399 n-d-843862-7 devstack@keystone.service[80524]: ERROR keystone.server.flask.application
File "/usr/local/lib/python3.8/dist-packages/flask_restful/__init__.py", line 467, in wrapper
Aug 03 14:14:39.989399 n-d-843862-7 devstack@keystone.service[80524]: ERROR keystone.server.flask.application resp = resource(*args, **kwargs)
Aug 03 14:14:39.989399 n-d-843862-7 devstack@keystone.service[80524]: ERROR keystone.server.flask.application
File "/usr/local/lib/python3.8/dist-packages/flask/views.py", line 84, in view
Aug 03 14:14:39.989399 n-d-843862-7 devstack@keystone.service[80524]: ERROR keystone.server.flask.application return current_app.ensure_sync(self.dispatch_request)(*args, **kwargs)
Aug 03 14:14:39.989399 n-d-843862-7 devstack@keystone.service[80524]: ERROR keystone.server.flask.application
File "/usr/local/lib/python3.8/dist-packages/flask_restful/__init__.py", line 582, in dispatch_request
Aug 03 14:14:39.989399 n-d-843862-7 devstack@keystone.service[80524]: ERROR keystone.server.flask.application resp = meth(*args, **kwargs)
Aug 03 14:14:39.989399 n-d-843862-7 devstack@keystone.service[80524]: ERROR keystone.server.flask.application
File "/opt/stack/keystone/keystone/api/roles.py", line 50, in get
Aug 03 14:14:39.989399 n-d-843862-7 devstack@keystone.service[80524]: ERROR keystone.server.flask.application return self._get_role(role_id)
Aug 03 14:14:39.989399 n-d-843862-7 devstack@keystone.service[80524]: ERROR keystone.server.flask.application
File "/opt/stack/keystone/keystone/api/roles.py", line 70, in _get_role
