Jul 30 11:57:30.367620 n-d-843862-6 devstack@keystone.service[80646]: DEBUG keystone.common.rbac_enforcer.enforcer [None req-9fe5b95f-dbc1-4a15-8f48-5c5c2b5344d4 None admin] RBAC: Authorizing `identity:list_roles()` {{(pid=80646) enforce_call /opt/stack/keystone/keystone/common/rbac_enforcer/enforcer.py:449}}
Jul 30 11:57:30.369254 n-d-843862-6 devstack@keystone.service[80646]: DEBUG keystone.common.rbac_enforcer.enforcer [None req-9fe5b95f-dbc1-4a15-8f48-5c5c2b5344d4 None admin] RBAC: Authorization granted {{(pid=80646) enforce_call /opt/stack/keystone/keystone/common/rbac_enforcer/enforcer.py:457}}
Jul 30 11:57:30.378736 n-d-843862-6 devstack@keystone.service[80646]: [pid: 80646|app: 0|req: 64/124] 10.222.0.40 () {56 vars in 1101 bytes} [Sat Jul 30 11:57:30 2022] GET /identity/v3/roles?name=member => generated 341 bytes in 195 msecs (HTTP/1.1 200) 5 headers in 177 bytes (1 switches on core 0)
Jul 30 11:57:30.384091 n-d-843862-6 devstack@keystone.service[80646]: DEBUG keystone.server.flask.request_processing.middleware.auth_context [None req-9fe5b95f-dbc1-4a15-8f48-5c5c2b5344d4 None admin] Authenticating user token {{(pid=80646) process_request /usr/local/lib/python3.8/dist-packages/keystonemiddleware/auth_token/__init__.py:407}}
Jul 30 11:57:30.401374 n-d-843862-6 devstack@keystone.service[80647]: DEBUG keystone.server.flask.request_processing.middleware.auth_context [None req-4c1f1ce3-2ca7-4ba2-a894-ebab1cdead16 None admin] RBAC: auth_context: {'token': , 'domain_id': None, 'trust_id': None, 'trustor_id': None, 'trustee_id': None, 'domain_name': None, 'group_ids': [], 'user_id': 'edc54ad3da6d446890cb4ca3ebea0b0a', 'user_domain_id': 'default', 'system_scope': 'all', 'project_id': None, 'project_domain_id': None, 'roles': ['admin', 'member', 'reader'], 'is_admin_project': True, 'service_user_id': None, 'service_user_domain_id': None, 'service_project_id': None, 'service_project_domain_id': None, 'service_roles': []} {{(pid=80647) fill_context /opt/stack/keystone/keystone/server/flask/request_processing/middleware/auth_context.py:478}}
Jul 30 11:57:30.402536 n-d-843862-6 devstack@keystone.service[80647]: DEBUG keystone.server.flask.request_processing.req_logging [None req-4c1f1ce3-2ca7-4ba2-a894-ebab1cdead16 None admin] REQUEST_METHOD: `GET` {{(pid=80647) log_request_info /opt/stack/keystone/keystone/server/flask/request_processing/req_logging.py:27}}
Jul 30 11:57:30.402965 n-d-843862-6 devstack@keystone.service[80647]: DEBUG keystone.server.flask.request_processing.req_logging [None req-4c1f1ce3-2ca7-4ba2-a894-ebab1cdead16 None admin] SCRIPT_NAME: `/identity` {{(pid=80647) log_request_info /opt/stack/keystone/keystone/server/flask/request_processing/req_logging.py:28}}
Jul 30 11:57:30.403385 n-d-843862-6 devstack@keystone.service[80647]: DEBUG keystone.server.flask.request_processing.req_logging [None req-4c1f1ce3-2ca7-4ba2-a894-ebab1cdead16 None admin] PATH_INFO: `/v3/roles/anotherrole` {{(pid=80647) log_request_info /opt/stack/keystone/keystone/server/flask/request_processing/req_logging.py:29}}
Jul 30 11:57:30.419848 n-d-843862-6 devstack@keystone.service[80647]: DEBUG keystone.common.rbac_enforcer.enforcer [None req-4c1f1ce3-2ca7-4ba2-a894-ebab1cdead16 None admin] Extracting inferred target data resulted in "NOT FOUND (404)". {{(pid=80647) enforce_call /opt/stack/keystone/keystone/common/rbac_enforcer/enforcer.py:409}}
Jul 30 11:57:30.426815 n-d-843862-6 devstack@keystone.service[80647]: ERROR keystone.server.flask.application [None req-4c1f1ce3-2ca7-4ba2-a894-ebab1cdead16 None admin] Could not find role: anotherrole.: keystone.exception.RoleNotFound: Could not find role: anotherrole.
Jul 30 11:57:30.426815 n-d-843862-6 devstack@keystone.service[80647]: ERROR keystone.server.flask.application
Traceback (most recent call last):
Jul 30 11:57:30.426815 n-d-843862-6 devstack@keystone.service[80647]: ERROR keystone.server.flask.application
File "/usr/local/lib/python3.8/dist-packages/flask/app.py", line 1517, in full_dispatch_request
Jul 30 11:57:30.426815 n-d-843862-6 devstack@keystone.service[80647]: ERROR keystone.server.flask.application rv = self.dispatch_request()
Jul 30 11:57:30.426815 n-d-843862-6 devstack@keystone.service[80647]: ERROR keystone.server.flask.application
File "/usr/local/lib/python3.8/dist-packages/flask/app.py", line 1503, in dispatch_request
Jul 30 11:57:30.426815 n-d-843862-6 devstack@keystone.service[80647]: ERROR keystone.server.flask.application return self.ensure_sync(self.view_functions[rule.endpoint])(**req.view_args)
Jul 30 11:57:30.426815 n-d-843862-6 devstack@keystone.service[80647]: ERROR keystone.server.flask.application
File "/usr/local/lib/python3.8/dist-packages/flask_restful/__init__.py", line 467, in wrapper
Jul 30 11:57:30.426815 n-d-843862-6 devstack@keystone.service[80647]: ERROR keystone.server.flask.application resp = resource(*args, **kwargs)
Jul 30 11:57:30.426815 n-d-843862-6 devstack@keystone.service[80647]: ERROR keystone.server.flask.application
File "/usr/local/lib/python3.8/dist-packages/flask/views.py", line 84, in view
Jul 30 11:57:30.426815 n-d-843862-6 devstack@keystone.service[80647]: ERROR keystone.server.flask.application return current_app.ensure_sync(self.dispatch_request)(*args, **kwargs)
Jul 30 11:57:30.426815 n-d-843862-6 devstack@keystone.service[80647]: ERROR keystone.server.flask.application
File "/usr/local/lib/python3.8/dist-packages/flask_restful/__init__.py", line 582, in dispatch_request
Jul 30 11:57:30.426815 n-d-843862-6 devstack@keystone.service[80647]: ERROR keystone.server.flask.application resp = meth(*args, **kwargs)
Jul 30 11:57:30.426815 n-d-843862-6 devstack@keystone.service[80647]: ERROR keystone.server.flask.application
File "/opt/stack/keystone/keystone/api/roles.py", line 50, in get
Jul 30 11:57:30.426815 n-d-843862-6 devstack@keystone.service[80647]: ERROR keystone.server.flask.application return self._get_role(role_id)
Jul 30 11:57:30.426815 n-d-843862-6 devstack@keystone.service[80647]: ERROR keystone.server.flask.application
File "/opt/stack/keystone/keystone/api/roles.py", line 70, in _get_role
Jul 30 11:57:30.426815 n-d-843862-6 devstack@keystone.service[80647]: ERROR keystone.server.flask.application ENFORCER.enforce_call(action='identity:get_role')
Jul 30 11:57:30.427876 n-d-843862-6 devstack@keystone.service[80647]: ERROR keystone.server.flask.application
File "/opt/stack/keystone/keystone/common/rbac_enforcer/enforcer.py", line 402, in enforce_call
Jul 30 11:57:30.427876 n-d-843862-6 devstack@keystone.service[80647]: ERROR keystone.server.flask.application policy_dict.update(cls._extract_member_target_data(
Jul 30 11:57:30.427876 n-d-843862-6 devstack@keystone.service[80647]: ERROR keystone.server.flask.application
File "/opt/stack/keystone/keystone/common/rbac_enforcer/enforcer.py", line 234, in _extract_member_target_data
Jul 30 11:57:30.427876 n-d-843862-6 devstack@keystone.service[80647]: ERROR keystone.server.flask.application member_name: func(flask.request.view_args[key])
Jul 30 11:57:30.427876 n-d-843862-6 devstack@keystone.service[80647]: ERROR keystone.server.flask.application
File "/opt/stack/keystone/keystone/common/manager.py", line 115, in wrapped
Jul 30 11:57:30.427876 n-d-843862-6 devstack@keystone.service[80647]: ERROR keystone.server.flask.application __ret_val = __f(*args, **kwargs)
Jul 30 11:57:30.427876 n-d-843862-6 devstack@keystone.service[80647]: ERROR keystone.server.flask.application
File "/usr/local/lib/python3.8/dist-packages/decorator.py", line 232, in fun
Jul 30 11:57:30.427876 n-d-843862-6 devstack@keystone.service[80647]: ERROR keystone.server.flask.application return caller(func, *(extras + args), **kw)
Jul 30 11:57:30.427876 n-d-843862-6 devstack@keystone.service[80647]: ERROR keystone.server.flask.application
File "/usr/local/lib/python3.8/dist-packages/dogpile/cache/region.py", line 1577, in get_or_create_for_user_func
Jul 30 11:57:30.427876 n-d-843862-6 devstack@keystone.service[80647]: ERROR keystone.server.flask.application return self.get_or_create(
Jul 30 11:57:30.427876 n-d-843862-6 devstack@keystone.service[80647]: ERROR keystone.server.flask.application
File "/usr/local/lib/python3.8/dist-packages/dogpile/cache/region.py", line 1042, in get_or_create
Jul 30 11:57:30.427876 n-d-843862-6 devstack@keystone.service[80647]: ERROR keystone.server.flask.application with Lock(
Jul 30 11:57:30.427876 n-d-843862-6 devstack@keystone.service[80647]: ERROR keystone.server.flask.application
File "/usr/local/lib/python3.8/dist-packages/dogpile/lock.py", line 185, in __enter__
Jul 30 11:57:30.427876 n-d-843862-6 devstack@keystone.service[80647]: ERROR keystone.server.flask.application return self._enter()
Jul 30 11:57:30.427876 n-d-843862-6 devstack@keystone.service[80647]: ERROR keystone.server.flask.application
File "/usr/local/lib/python3.8/dist-packages/dogpile/lock.py", line 94, in _enter
Jul 30 11:57:30.427876 n-d-843862-6 devstack@keystone.service[80647]: ERROR keystone.server.flask.application generated = self._enter_create(value, createdtime)
Jul 30 11:57:30.428866 n-d-843862-6 devstack@keystone.service[80647]: ERROR keystone.server.flask.application
File "/usr/local/lib/python3.8/dist-packages/dogpile/lock.py", line 178, in _enter_create
Jul 30 11:57:30.428866 n-d-843862-6 devstack@keystone.service[80647]: ERROR keystone.server.flask.application return self.creator()
Jul 30 11:57:30.428866 n-d-843862-6 devstack@keystone.service[80647]: ERROR keystone.server.flask.application
File "/usr/local/lib/python3.8/dist-packages/dogpile/cache/region.py", line 995, in gen_value
Jul 30 11:57:30.428866 n-d-843862-6 devstack@keystone.service[80647]: ERROR keystone.server.flask.application created_value = creator(
Jul 30 11:57:30.428866 n-d-843862-6 devstack@keystone.service[80647]: ERROR keystone.server.flask.application
File "/opt/stack/keystone/keystone/assignment/core.py", line 1276, in get_role
Jul 30 11:57:30.428866 n-d-843862-6 devstack@keystone.service[80647]: ERROR keystone.server.flask.application return self.driver.get_role(role_id)
Jul 30 11:57:30.428866 n-d-843862-6 devstack@keystone.service[80647]: ERROR keystone.server.flask.application
File "/opt/stack/keystone/keystone/assignment/role_backends/sql.py", line 70, in get_role
Jul 30 11:57:30.428866 n-d-843862-6 devstack@keystone.service[80647]: ERROR keystone.server.flask.application return self._get_role(session, role_id).to_dict()
Jul 30 11:57:30.428866 n-d-843862-6 devstack@keystone.service[80647]: ERROR keystone.server.flask.application
File "/opt/stack/keystone/keystone/assignment/role_backends/sql.py", line 65, in _get_role
Jul 30 11:57:30.428866 n-d-843862-6 devstack@keystone.service[80647]: ERROR keystone.server.flask.application raise exception.RoleNotFound(role_id=role_id)
Jul 30 11:57:30.428866 n-d-843862-6 devstack@keystone.service[80647]: ERROR keystone.server.flask.application keystone.exception.RoleNotFound: Could not find role: anotherrole.
Jul 30 11:57:30.428866 n-d-843862-6 devstack@keystone.service[80647]: ERROR keystone.server.flask.application
Jul 30 11:57:30.430556 n-d-843862-6 devstack@keystone.service[80647]: [pid: 80647|app: 0|req: 61/125] 10.222.0.40 () {56 vars in 1114 bytes} [Sat Jul 30 11:57:30 2022] GET /identity/v3/roles/anotherrole => generated 89 bytes in 193 msecs (HTTP/1.1 404) 5 headers in 183 bytes (1 switches on core 0)
Jul 30 11:57:30.436016 n-d-843862-6 devstack@keystone.service[80647]: DEBUG keystone.server.flask.request_processing.middleware.auth_context [None req-4c1f1ce3-2ca7-4ba2-a894-ebab1cdead16 None admin] Authenticating user token {{(pid=80647) process_request /usr/local/lib/python3.8/dist-packages/keystonemiddleware/auth_token/__init__.py:407}}
Jul 30 11:57:30.501153 n-d-843862-6 devstack@keystone.service[80647]: DEBUG dbcounter [-] [80647] Writing DB stats keystone:SELECT=100 {{(pid=80647) stat_writer /usr/local/lib/python3.8/dist-packages/dbcounter.py:114}}
Jul 30 11:57:30.505864 n-d-843862-6 devstack@keystone.service[80646]: DEBUG keystone.server.flask.request_processing.middleware.auth_context [None req-9fe5b95f-dbc1-4a15-8f48-5c5c2b5344d4 None admin] Validating token access rules against request {{(pid=80646) validate_allowed_request /usr/local/lib/python3.8/dist-packages/keystonemiddleware/auth_token/__init__.py:545}}
Jul 30 11:57:30.541889 n-d-843862-6 devstack@keystone.service[80646]: DEBUG keystone.server.flask.request_processing.middleware.auth_context [None req-034a0f4e-442c-4ad8-9b3b-87d6f7c2a487 None admin] RBAC: auth_context: {'token': , 'domain_id': None, 'trust_id': None, 'trustor_id': None, 'trustee_id': None, 'domain_name': None, 'group_ids': [], 'user_id': 'edc54ad3da6d446890cb4ca3ebea0b0a', 'user_domain_id': 'default', 'system_scope': 'all', 'project_id': None, 'project_domain_id': None, 'roles': ['admin', 'member', 'reader'], 'is_admin_project': True, 'service_user_id': None, 'service_user_domain_id': None, 'service_project_id': None, 'service_project_domain_id': None, 'service_roles': []} {{(pid=80646) fill_context /opt/stack/keystone/keystone/server/flask/request_processing/middleware/auth_context.py:478}}
Jul 30 11:57:30.542883 n-d-843862-6 devstack@keystone.service[80646]: DEBUG keystone.server.flask.request_processing.req_logging [None req-034a0f4e-442c-4ad8-9b3b-87d6f7c2a487 None admin] REQUEST_METHOD: `GET` {{(pid=80646) log_request_info /opt/stack/keystone/keystone/server/flask/request_processing/req_logging.py:27}}
Jul 30 11:57:30.543152 n-d-843862-6 devstack@keystone.service[80647]: DEBUG keystone.server.flask.request_processing.middleware.auth_context [None req-4c1f1ce3-2ca7-4ba2-a894-ebab1cdead16 None admin] Validating token access rules against request {{(pid=80647) validate_allowed_request /usr/local/lib/python3.8/dist-packages/keystonemiddleware/auth_token/__init__.py:545}}
Jul 30 11:57:30.543598 n-d-843862-6 devstack@keystone.service[80646]: DEBUG keystone.server.flask.request_processing.req_logging [None req-034a0f4e-442c-4ad8-9b3b-87d6f7c2a487 None admin] SCRIPT_NAME: `/identity` {{(pid=80646) log_request_info /opt/stack/keystone/keystone/server/flask/request_processing/req_logging.py:28}}
Jul 30 11:57:30.544100 n-d-843862-6 devstack@keystone.service[80646]: DEBUG keystone.server.flask.request_processing.req_logging [None req-034a0f4e-442c-4ad8-9b3b-87d6f7c2a487 None admin] PATH_INFO: `/v3/auth/tokens` {{(pid=80646) log_request_info /opt/stack/keystone/keystone/server/flask/request_processing/req_logging.py:29}}
Jul 30 11:57:30.555672 n-d-843862-6 devstack@keystone.service[80646]: DEBUG dbcounter [-] [80646] Writing DB stats keystone:SELECT=100 {{(pid=80646) stat_writer /usr/local/lib/python3.8/dist-packages/dbcounter.py:114}}
Jul 30 11:57:30.581782 n-d-843862-6 devstack@keystone.service[80647]: DEBUG keystone.server.flask.request_processing.middleware.auth_context [None req-61dd9f30-9e36-4ed0-8d16-3572de1e5b59 None admin] RBAC: auth_context: {'token': , 'domain_id': None, 'trust_id': None, 'trustor_id': None, 'trustee_id': None, 'domain_name': None, 'group_ids': [], 'user_id': 'edc54ad3da6d446890cb4ca3ebea0b0a', 'user_domain_id': 'default', 'system_scope': 'all', 'project_id': None, 'project_domain_id': None, 'roles': ['admin', 'member', 'reader'], 'is_admin_project': True, 'service_user_id': None, 'service_user_domain_id': None, 'service_project_id': None, 'service_project_domain_id': None, 'service_roles': []} {{(pid=80647) fill_context /opt/stack/keystone/keystone/server/flask/request_processing/middleware/auth_context.py:478}}
Jul 30 11:57:30.582438 n-d-843862-6 devstack@keystone.service[80647]: DEBUG keystone.server.flask.request_processing.req_logging [None req-61dd9f30-9e36-4ed0-8d16-3572de1e5b59 None admin] REQUEST_METHOD: `GET` {{(pid=80647) log_request_info /opt/stack/keystone/keystone/server/flask/request_processing/req_logging.py:27}}
Jul 30 11:57:30.582734 n-d-843862-6 devstack@keystone.service[80647]: DEBUG keystone.server.flask.request_processing.req_logging [None req-61dd9f30-9e36-4ed0-8d16-3572de1e5b59 None admin] SCRIPT_NAME: `/identity` {{(pid=80647) log_request_info /opt/stack/keystone/keystone/server/flask/request_processing/req_logging.py:28}}
Jul 30 11:57:30.583009 n-d-843862-6 devstack@keystone.service[80647]: DEBUG keystone.server.flask.request_processing.req_logging [None req-61dd9f30-9e36-4ed0-8d16-3572de1e5b59 None admin] PATH_INFO: `/v3/projects/1fff4b7ccf6c4915b92c8bc2556e5464` {{(pid=80647) log_request_info /opt/stack/keystone/keystone/server/flask/request_processing/req_logging.py:29}}
Jul 30 11:57:30.584368 n-d-843862-6 devstack@keystone.service[80647]: DEBUG keystone.common.rbac_enforcer.enforcer [None req-61dd9f30-9e36-4ed0-8d16-3572de1e5b59 None admin] RBAC: Authorizing `identity:get_project(project_id=1fff4b7ccf6c4915b92c8bc2556e5464)` {{(pid=80647) enforce_call /opt/stack/keystone/keystone/common/rbac_enforcer/enforcer.py:449}}
Jul 30 11:57:30.585893 n-d-843862-6 devstack@keystone.service[80647]: DEBUG keystone.common.rbac_enforcer.enforcer [None req-61dd9f30-9e36-4ed0-8d16-3572de1e5b59 None admin] RBAC: Authorization granted {{(pid=80647) enforce_call /opt/stack/keystone/keystone/common/rbac_enforcer/enforcer.py:457}}
Jul 30 11:57:30.587692 n-d-843862-6 devstack@keystone.service[80647]: [pid: 80647|app: 0|req: 62/126] 10.222.0.40 () {56 vars in 1186 bytes} [Sat Jul 30 11:57:30 2022] GET /identity/v3/projects/1fff4b7ccf6c4915b92c8bc2556e5464 => generated 298 bytes in 157 msecs (HTTP/1.1 200) 5 headers in 177 bytes (1 switches on core 0)
Jul 30 11:57:30.588565 n-d-843862-6 devstack@keystone.service[80647]: DEBUG keystone.server.flask.request_processing.middleware.auth_context [None req-61dd9f30-9e36-4ed0-8d16-3572de1e5b59 None admin] Authenticating user token {{(pid=80647) process_request /usr/local/lib/python3.8/dist-packages/keystonemiddleware/auth_token/__init__.py:407}}
Jul 30 11:57:30.627165 n-d-843862-6 devstack@keystone.service[80646]: DEBUG keystone.common.rbac_enforcer.enforcer [None req-034a0f4e-442c-4ad8-9b3b-87d6f7c2a487 None admin] RBAC: Authorizing `identity:validate_token()` {{(pid=80646) enforce_call /opt/stack/keystone/keystone/common/rbac_enforcer/enforcer.py:449}}
Jul 30 11:57:30.629558 n-d-843862-6 devstack@keystone.service[80646]: DEBUG keystone.common.rbac_enforcer.enforcer [None req-034a0f4e-442c-4ad8-9b3b-87d6f7c2a487 None admin] RBAC: Authorization granted {{(pid=80646) enforce_call /opt/stack/keystone/keystone/common/rbac_enforcer/enforcer.py:457}}
Jul 30 11:57:30.696762 n-d-843862-6 devstack@keystone.service[80647]: DEBUG keystone.server.flask.request_processing.middleware.auth_context [None req-61dd9f30-9e36-4ed0-8d16-3572de1e5b59 None admin] Validating token access rules against request {{(pid=80647) validate_allowed_request /usr/local/lib/python3.8/dist-packages/keystonemiddleware/auth_token/__init__.py:545}}
Jul 30 11:57:30.727351 n-d-843862-6 devstack@keystone.service[80647]: DEBUG dbcounter [-] [80647] Writing DB stats keystone:SELECT=100 {{(pid=80647) stat_writer /usr/local/lib/python3.8/dist-packages/dbcounter.py:114}}
Jul 30 11:57:30.734550 n-d-843862-6 devstack@keystone.service[80647]: DEBUG keystone.server.flask.request_processing.middleware.auth_context [None req-471a950e-ae10-439f-8a98-75bee167ee9f None admin] RBAC: auth_context: {'token': , 'domain_id': None, 'trust_id': None, 'trustor_id': None, 'trustee_id': None, 'domain_name': None, 'group_ids': [], 'user_id': 'edc54ad3da6d446890cb4ca3ebea0b0a', 'user_domain_id': 'default', 'system_scope': 'all', 'project_id': None, 'project_domain_id': None, 'roles': ['admin', 'member', 'reader'], 'is_admin_project': True, 'service_user_id': None, 'service_user_domain_id': None, 'service_project_id': None, 'service_project_domain_id': None, 'service_roles': []} {{(pid=80647) fill_context /opt/stack/keystone/keystone/server/flask/request_processing/middleware/auth_context.py:478}}
Jul 30 11:57:30.736024 n-d-843862-6 devstack@keystone.service[80647]: DEBUG keystone.server.flask.request_processing.req_logging [None req-471a950e-ae10-439f-8a98-75bee167ee9f None admin] REQUEST_METHOD: `GET` {{(pid=80647) log_request_info /opt/stack/keystone/keystone/server/flask/request_processing/req_logging.py:27}}
Jul 30 11:57:30.736314 n-d-843862-6 devstack@keystone.service[80647]: DEBUG keystone.server.flask.request_processing.req_logging [None req-471a950e-ae10-439f-8a98-75bee167ee9f None admin] SCRIPT_NAME: `/identity` {{(pid=80647) log_request_info /opt/stack/keystone/keystone/server/flask/request_processing/req_logging.py:28}}
Jul 30 11:57:30.736592 n-d-843862-6 devstack@keystone.service[80647]: DEBUG keystone.server.flask.request_processing.req_logging [None req-471a950e-ae10-439f-8a98-75bee167ee9f None admin] PATH_INFO: `/v3/users/c2087ad991424df49bbcb247d2c8be80` {{(pid=80647) log_request_info /opt/stack/keystone/keystone/server/flask/request_processing/req_logging.py:29}}
Jul 30 11:57:30.738532 n-d-843862-6 devstack@keystone.service[80647]: DEBUG keystone.common.rbac_enforcer.enforcer [None req-471a950e-ae10-439f-8a98-75bee167ee9f None admin] RBAC: Authorizing `identity:get_user(user_id=c2087ad991424df49bbcb247d2c8be80)` {{(pid=80647) enforce_call /opt/stack/keystone/keystone/common/rbac_enforcer/enforcer.py:449}}
Jul 30 11:57:30.739797 n-d-843862-6 devstack@keystone.service[80647]: DEBUG keystone.common.rbac_enforcer.enforcer [None req-471a950e-ae10-439f-8a98-75bee167ee9f None admin] RBAC: Authorization granted {{(pid=80647) enforce_call /opt/stack/keystone/keystone/common/rbac_enforcer/enforcer.py:457}}
Jul 30 11:57:30.741432 n-d-843862-6 devstack@keystone.service[80647]: [pid: 80647|app: 0|req: 63/127] 10.222.0.40 () {56 vars in 1177 bytes} [Sat Jul 30 11:57:30 2022] GET /identity/v3/users/c2087ad991424df49bbcb247d2c8be80 => generated 275 bytes in 153 msecs (HTTP/1.1 200) 5 headers in 177 bytes (1 switches on core 0)
Jul 30 11:57:30.742194 n-d-843862-6 devstack@keystone.service[80647]: DEBUG keystone.server.flask.request_processing.middleware.auth_context [None req-471a950e-ae10-439f-8a98-75bee167ee9f None admin] Authenticating user token {{(pid=80647) process_request /usr/local/lib/python3.8/dist-packages/keystonemiddleware/auth_token/__init__.py:407}}
Jul 30 11:57:30.746663 n-d-843862-6 devstack@keystone.service[80646]: [pid: 80646|app: 0|req: 65/128] 10.222.0.40 () {58 vars in 1282 bytes} [Sat Jul 30 11:57:30 2022] GET /identity/v3/auth/tokens => generated 799 bytes in 364 msecs (HTTP/1.1 200) 6 headers in 358 bytes (1 switches on core 0)
Jul 30 11:57:30.747767 n-d-843862-6 devstack@keystone.service[80646]: DEBUG keystone.server.flask.request_processing.middleware.auth_context [None req-034a0f4e-442c-4ad8-9b3b-87d6f7c2a487 None admin] Authenticating user token {{(pid=80646) process_request /usr/local/lib/python3.8/dist-packages/keystonemiddleware/auth_token/__init__.py:407}}
Jul 30 11:57:30.791153 n-d-843862-6 devstack@keystone.service[80646]: DEBUG dbcounter [-] [80646] Writing DB stats keystone:SELECT=100 {{(pid=80646) stat_writer /usr/local/lib/python3.8/dist-packages/dbcounter.py:114}}
Jul 30 11:57:30.854455 n-d-843862-6 devstack@keystone.service[80647]: DEBUG keystone.server.flask.request_processing.middleware.auth_context [None req-471a950e-ae10-439f-8a98-75bee167ee9f None admin] Validating token access rules against request {{(pid=80647) validate_allowed_request /usr/local/lib/python3.8/dist-packages/keystonemiddleware/auth_token/__init__.py:545}}
Jul 30 11:57:30.857415 n-d-843862-6 devstack@keystone.service[80646]: DEBUG keystone.server.flask.request_processing.middleware.auth_context [None req-034a0f4e-442c-4ad8-9b3b-87d6f7c2a487 None admin] Validating token access rules against request {{(pid=80646) validate_allowed_request /usr/local/lib/python3.8/dist-packages/keystonemiddleware/auth_token/__init__.py:545}}
Jul 30 11:57:30.890596 n-d-843862-6 devstack@keystone.service[80647]: DEBUG keystone.server.flask.request_processing.middleware.auth_context [None req-00d4ad76-62c2-4864-bb89-37aebca2b16d None admin] RBAC: auth_context: {'token': , 'domain_id': None, 'trust_id': None, 'trustor_id': None, 'trustee_id': None, 'domain_name': None, 'group_ids': [], 'user_id': 'edc54ad3da6d446890cb4ca3ebea0b0a', 'user_domain_id': 'default', 'system_scope': 'all', 'project_id': None, 'project_domain_id': None, 'roles': ['admin', 'member', 'reader'], 'is_admin_project': True, 'service_user_id': None, 'service_user_domain_id': None, 'service_project_id': None, 'service_project_domain_id': None, 'service_roles': []} {{(pid=80647) fill_context /opt/stack/keystone/keystone/server/flask/request_processing/middleware/auth_context.py:478}}
Jul 30 11:57:30.891254 n-d-843862-6 devstack@keystone.service[80647]: DEBUG keystone.server.flask.request_processing.req_logging [None req-00d4ad76-62c2-4864-bb89-37aebca2b16d None admin] REQUEST_METHOD: `GET` {{(pid=80647) log_request_info /opt/stack/keystone/keystone/server/flask/request_processing/req_logging.py:27}}
Jul 30 11:57:30.891518 n-d-843862-6 devstack@keystone.service[80647]: DEBUG keystone.server.flask.request_processing.req_logging [None req-00d4ad76-62c2-4864-bb89-37aebca2b16d None admin] SCRIPT_NAME: `/identity` {{(pid=80647) log_request_info /opt/stack/keystone/keystone/server/flask/request_processing/req_logging.py:28}}
Jul 30 11:57:30.891805 n-d-843862-6 devstack@keystone.service[80647]: DEBUG keystone.server.flask.request_processing.req_logging [None req-00d4ad76-62c2-4864-bb89-37aebca2b16d None admin] PATH_INFO: `/v3/roles` {{(pid=80647) log_request_info /opt/stack/keystone/keystone/server/flask/request_processing/req_logging.py:29}}
Jul 30 11:57:30.892592 n-d-843862-6 devstack@keystone.service[80647]: DEBUG keystone.common.rbac_enforcer.enforcer [None req-00d4ad76-62c2-4864-bb89-37aebca2b16d None admin] RBAC: Adding query filter params (name=anotherrole) {{(pid=80647) _extract_filter_values /opt/stack/keystone/keystone/common/rbac_enforcer/enforcer.py:167}}
Jul 30 11:57:30.892990 n-d-843862-6 devstack@keystone.service[80647]: DEBUG keystone.common.rbac_enforcer.enforcer [None req-00d4ad76-62c2-4864-bb89-37aebca2b16d None admin] RBAC: Authorizing `identity:list_roles()` {{(pid=80647) enforce_call /opt/stack/keystone/keystone/common/rbac_enforcer/enforcer.py:449}}
Jul 30 11:57:30.894479 n-d-843862-6 devstack@keystone.service[80647]: DEBUG keystone.common.rbac_enforcer.enforcer [None req-00d4ad76-62c2-4864-bb89-37aebca2b16d None admin] RBAC: Authorization granted {{(pid=80647) enforce_call /opt/stack/keystone/keystone/common/rbac_enforcer/enforcer.py:457}}
Jul 30 11:57:30.897339 n-d-843862-6 devstack@keystone.service[80646]: DEBUG keystone.server.flask.request_processing.middleware.auth_context [None req-fa9eb967-6a99-44bd-8ad0-f693afce48c6 None admin] RBAC: auth_context: {'token': , 'domain_id': None, 'trust_id': None, 'trustor_id': None, 'trustee_id': None, 'domain_name': None, 'group_ids': [], 'user_id': 'edc54ad3da6d446890cb4ca3ebea0b0a', 'user_domain_id': 'default', 'system_scope': 'all', 'project_id': None, 'project_domain_id': None, 'roles': ['admin', 'member', 'reader'], 'is_admin_project': True, 'service_user_id': None, 'service_user_domain_id': None, 'service_project_id': None, 'service_project_domain_id': None, 'service_roles': []} {{(pid=80646) fill_context /opt/stack/keystone/keystone/server/flask/request_processing/middleware/auth_context.py:478}}
Jul 30 11:57:30.898275 n-d-843862-6 devstack@keystone.service[80646]: DEBUG keystone.server.flask.request_processing.req_logging [None req-fa9eb967-6a99-44bd-8ad0-f693afce48c6 None admin] REQUEST_METHOD: `PUT` {{(pid=80646) log_request_info /opt/stack/keystone/keystone/server/flask/request_processing/req_logging.py:27}}
Jul 30 11:57:30.898803 n-d-843862-6 devstack@keystone.service[80646]: DEBUG keystone.server.flask.request_processing.req_logging [None req-fa9eb967-6a99-44bd-8ad0-f693afce48c6 None admin] SCRIPT_NAME: `/identity` {{(pid=80646) log_request_info /opt/stack/keystone/keystone/server/flask/request_processing/req_logging.py:28}}
Jul 30 11:57:30.899275 n-d-843862-6 devstack@keystone.service[80646]: DEBUG keystone.server.flask.request_processing.req_logging [None req-fa9eb967-6a99-44bd-8ad0-f693afce48c6 None admin] PATH_INFO: `/v3/projects/1fff4b7ccf6c4915b92c8bc2556e5464/users/c2087ad991424df49bbcb247d2c8be80/roles/64295abd89df4de78c4b5be96970855b` {{(pid=80646) log_request_info /opt/stack/keystone/keystone/server/flask/request_processing/req_logging.py:29}}
Jul 30 11:57:30.901569 n-d-843862-6 devstack@keystone.service[80646]: DEBUG keystone.common.rbac_enforcer.enforcer [None req-fa9eb967-6a99-44bd-8ad0-f693afce48c6 None admin] RBAC: Authorizing `identity:create_grant(project_id=1fff4b7ccf6c4915b92c8bc2556e5464, user_id=c2087ad991424df49bbcb247d2c8be80, role_id=64295abd89df4de78c4b5be96970855b)` {{(pid=80646) enforce_call /opt/stack/keystone/keystone/common/rbac_enforcer/enforcer.py:449}}
Jul 30 11:57:30.903251 n-d-843862-6 devstack@keystone.service[80646]: DEBUG keystone.common.rbac_enforcer.enforcer [None req-fa9eb967-6a99-44bd-8ad0-f693afce48c6 None admin] RBAC: Authorization granted {{(pid=80646) enforce_call /opt/stack/keystone/keystone/common/rbac_enforcer/enforcer.py:457}}
Jul 30 11:57:30.903501 n-d-843862-6 devstack@keystone.service[80647]: [pid: 80647|app: 0|req: 64/129] 10.222.0.40 () {56 vars in 1111 bytes} [Sat Jul 30 11:57:30 2022] GET /identity/v3/roles?name=anotherrole => generated 334 bytes in 162 msecs (HTTP/1.1 200) 5 headers in 177 bytes (1 switches on core 0)
Jul 30 11:57:30.904366 n-d-843862-6 devstack@keystone.service[80647]: DEBUG keystone.server.flask.request_processing.middleware.auth_context [None req-00d4ad76-62c2-4864-bb89-37aebca2b16d None admin] Authenticating user token {{(pid=80647) process_request /usr/local/lib/python3.8/dist-packages/keystonemiddleware/auth_token/__init__.py:407}}
Jul 30 11:57:30.922197 n-d-843862-6 devstack@keystone.service[80646]: [pid: 80646|app: 0|req: 66/130] 10.222.0.40 () {58 vars in 1439 bytes} [Sat Jul 30 11:57:30 2022] PUT /identity/v3/projects/1fff4b7ccf6c4915b92c8bc2556e5464/users/c2087ad991424df49bbcb247d2c8be80/roles/64295abd89df4de78c4b5be96970855b => generated 0 bytes in 175 msecs (HTTP/1.1 204) 3 headers in 132 bytes (0 switches on core 0)
Jul 30 11:57:30.923661 n-d-843862-6 devstack@keystone.service[80646]: DEBUG keystone.server.flask.request_processing.middleware.auth_context [None req-fa9eb967-6a99-44bd-8ad0-f693afce48c6 None admin] Authenticating user token {{(pid=80646) process_request /usr/local/lib/python3.8/dist-packages/keystonemiddleware/auth_token/__init__.py:407}}
Jul 30 11:57:30.975114 n-d-843862-6 devstack@keystone.service[80647]: DEBUG dbcounter [-] [80647] Writing DB stats keystone:SELECT=100 {{(pid=80647) stat_writer /usr/local/lib/python3.8/dist-packages/dbcounter.py:114}}
Jul 30 11:57:31.041844 n-d-843862-6 devstack@keystone.service[80646]: DEBUG dbcounter [-] [80646] Writing DB stats keystone:SELECT=99,keystone:INSERT=1 {{(pid=80646) stat_writer /usr/local/lib/python3.8/dist-packages/dbcounter.py:114}}
Jul 30 11:57:31.043877 n-d-843862-6 devstack@keystone.service[80647]: DEBUG keystone.server.flask.request_processing.middleware.auth_context [None req-00d4ad76-62c2-4864-bb89-37aebca2b16d None admin] Validating token access rules against request {{(pid=80647) validate_allowed_request /usr/local/lib/python3.8/dist-packages/keystonemiddleware/auth_token/__init__.py:545}}
Jul 30 11:57:31.048412 n-d-843862-6 devstack@keystone.service[80646]: DEBUG keystone.server.flask.request_processing.middleware.auth_context [None req-fa9eb967-6a99-44bd-8ad0-f693afce48c6 None admin] Validating token access rules against request {{(pid=80646) validate_allowed_request /usr/local/lib/python3.8/dist-packages/keystonemiddleware/auth_token/__init__.py:545}}
Jul 30 11:57:31.084898 n-d-843862-6 devstack@keystone.service[80647]: DEBUG keystone.server.flask.request_processing.middleware.auth_context [None req-73a79e34-bf5f-46dc-a497-14d914e9c482 None admin] RBAC: auth_context: {'token': , 'domain_id': None, 'trust_id': None, 'trustor_id': None, 'trustee_id': None, 'domain_name': None, 'group_ids': [], 'user_id': 'edc54ad3da6d446890cb4ca3ebea0b0a', 'user_domain_id': 'default', 'system_scope': 'all', 'project_id': None, 'project_domain_id': None, 'roles': ['admin', 'member', 'reader'], 'is_admin_project': True, 'service_user_id': None, 'service_user_domain_id': None, 'service_project_id': None, 'service_project_domain_id': None, 'service_roles': []} {{(pid=80647) fill_context /opt/stack/keystone/keystone/server/flask/request_processing/middleware/auth_context.py:478}}
Jul 30 11:57:31.085572 n-d-843862-6 devstack@keystone.service[80647]: DEBUG keystone.server.flask.request_processing.req_logging [None req-73a79e34-bf5f-46dc-a497-14d914e9c482 None admin] REQUEST_METHOD: `GET` {{(pid=80647) log_request_info /opt/stack/keystone/keystone/server/flask/request_processing/req_logging.py:27}}
Jul 30 11:57:31.085858 n-d-843862-6 devstack@keystone.service[80647]: DEBUG keystone.server.flask.request_processing.req_logging [None req-73a79e34-bf5f-46dc-a497-14d914e9c482 None admin] SCRIPT_NAME: `/identity` {{(pid=80647) log_request_info /opt/stack/keystone/keystone/server/flask/request_processing/req_logging.py:28}}
Jul 30 11:57:31.086139 n-d-843862-6 devstack@keystone.service[80647]: DEBUG keystone.server.flask.request_processing.req_logging [None req-73a79e34-bf5f-46dc-a497-14d914e9c482 None admin] PATH_INFO: `/v3/projects/2d44df4ec9a04e369c05ff18a88dacc9` {{(pid=80647) log_request_info /opt/stack/keystone/keystone/server/flask/request_processing/req_logging.py:29}}
Jul 30 11:57:31.087668 n-d-843862-6 devstack@keystone.service[80647]: DEBUG keystone.common.rbac_enforcer.enforcer [None req-73a79e34-bf5f-46dc-a497-14d914e9c482 None admin] RBAC: Authorizing `identity:get_project(project_id=2d44df4ec9a04e369c05ff18a88dacc9)` {{(pid=80647) enforce_call /opt/stack/keystone/keystone/common/rbac_enforcer/enforcer.py:449}}
Jul 30 11:57:31.089195 n-d-843862-6 devstack@keystone.service[80647]: DEBUG keystone.common.rbac_enforcer.enforcer [None req-73a79e34-bf5f-46dc-a497-14d914e9c482 None admin] RBAC: Authorization granted {{(pid=80647) enforce_call /opt/stack/keystone/keystone/common/rbac_enforcer/enforcer.py:457}}
Jul 30 11:57:31.090920 n-d-843862-6 devstack@keystone.service[80647]: [pid: 80647|app: 0|req: 65/131] 10.222.0.40 () {56 vars in 1186 bytes} [Sat Jul 30 11:57:30 2022] GET /identity/v3/projects/2d44df4ec9a04e369c05ff18a88dacc9 => generated 312 bytes in 187 msecs (HTTP/1.1 200) 5 headers in 177 bytes (1 switches on core 0)
Jul 30 11:57:31.091698 n-d-843862-6 devstack@keystone.service[80647]: DEBUG keystone.server.flask.request_processing.middleware.auth_context [None req-73a79e34-bf5f-46dc-a497-14d914e9c482 None admin] Authenticating user token {{(pid=80647) process_request /usr/local/lib/python3.8/dist-packages/keystonemiddleware/auth_token/__init__.py:407}}
Jul 30 11:57:31.092806 n-d-843862-6 devstack@keystone.service[80646]: DEBUG keystone.server.flask.request_processing.middleware.auth_context [None req-9dc30f03-617b-4041-8e48-baf5f0885ec0 None admin] RBAC: auth_context: {'token': , 'domain_id': None, 'trust_id': None, 'trustor_id': None, 'trustee_id': None, 'domain_name': None, 'group_ids': [], 'user_id': 'edc54ad3da6d446890cb4ca3ebea0b0a', 'user_domain_id': 'default', 'system_scope': 'all', 'project_id': None, 'project_domain_id': None, 'roles': ['admin', 'member', 'reader'], 'is_admin_project': True, 'service_user_id': None, 'service_user_domain_id': None, 'service_project_id': None, 'service_project_domain_id': None, 'service_roles': []} {{(pid=80646) fill_context /opt/stack/keystone/keystone/server/flask/request_processing/middleware/auth_context.py:478}}
Jul 30 11:57:31.093816 n-d-843862-6 devstack@keystone.service[80646]: DEBUG keystone.server.flask.request_processing.req_logging [None req-9dc30f03-617b-4041-8e48-baf5f0885ec0 None admin] REQUEST_METHOD: `GET` {{(pid=80646) log_request_info /opt/stack/keystone/keystone/server/flask/request_processing/req_logging.py:27}}
Jul 30 11:57:31.094401 n-d-843862-6 devstack@keystone.service[80646]: DEBUG keystone.server.flask.request_processing.req_logging [None req-9dc30f03-617b-4041-8e48-baf5f0885ec0 None admin] SCRIPT_NAME: `/identity` {{(pid=80646) log_request_info /opt/stack/keystone/keystone/server/flask/request_processing/req_logging.py:28}}
Jul 30 11:57:31.094910 n-d-843862-6 devstack@keystone.service[80646]: DEBUG keystone.server.flask.request_processing.req_logging [None req-9dc30f03-617b-4041-8e48-baf5f0885ec0 None admin] PATH_INFO: `/v3/projects/1fff4b7ccf6c4915b92c8bc2556e5464` {{(pid=80646) log_request_info /opt/stack/keystone/keystone/server/flask/request_processing/req_logging.py:29}}
Jul 30 11:57:31.097031 n-d-843862-6 devstack@keystone.service[80646]: DEBUG keystone.common.rbac_enforcer.enforcer [None req-9dc30f03-617b-4041-8e48-baf5f0885ec0 None admin] RBAC: Authorizing `identity:get_project(project_id=1fff4b7ccf6c4915b92c8bc2556e5464)` {{(pid=80646) enforce_call /opt/stack/keystone/keystone/common/rbac_enforcer/enforcer.py:449}}
Jul 30 11:57:31.098817 n-d-843862-6 devstack@keystone.service[80646]: DEBUG keystone.common.rbac_enforcer.enforcer [None req-9dc30f03-617b-4041-8e48-baf5f0885ec0 None admin] RBAC: Authorization granted {{(pid=80646) enforce_call /opt/stack/keystone/keystone/common/rbac_enforcer/enforcer.py:457}}
Jul 30 11:57:31.101169 n-d-843862-6 devstack@keystone.service[80646]: [pid: 80646|app: 0|req: 67/132] 10.222.0.40 () {56 vars in 1186 bytes} [Sat Jul 30 11:57:30 2022] GET /identity/v3/projects/1fff4b7ccf6c4915b92c8bc2556e5464 => generated 298 bytes in 178 msecs (HTTP/1.1 200) 5 headers in 177 bytes (1 switches on core 0)
Jul 30 11:57:31.107829 n-d-843862-6 devstack@keystone.service[80646]: DEBUG keystone.server.flask.request_processing.req_logging [None req-500a9740-2eae-48be-bfc0-48319dfa2644 None None] REQUEST_METHOD: `GET` {{(pid=80646) log_request_info /opt/stack/keystone/keystone/server/flask/request_processing/req_logging.py:27}}
Jul 30 11:57:31.108500 n-d-843862-6 devstack@keystone.service[80646]: DEBUG keystone.server.flask.request_processing.req_logging [None req-500a9740-2eae-48be-bfc0-48319dfa2644 None None] SCRIPT_NAME: `/identity` {{(pid=80646) log_request_info /opt/stack/keystone/keystone/server/flask/request_processing/req_logging.py:28}}
Jul 30 11:57:31.108984 n-d-843862-6 devstack@keystone.service[80646]: DEBUG keystone.server.flask.request_processing.req_logging [None req-500a9740-2eae-48be-bfc0-48319dfa2644 None None] PATH_INFO: `/` {{(pid=80646) log_request_info /opt/stack/keystone/keystone/server/flask/request_processing/req_logging.py:29}}
Jul 30 11:57:31.110783 n-d-843862-6 devstack@keystone.service[80646]: [pid: 80646|app: 0|req: 68/133] 10.222.0.40 () {54 vars in 926 bytes} [Sat Jul 30 11:57:31 2022] GET /identity => generated 270 bytes in 9 msecs (HTTP/1.1 300) 6 headers in 234 bytes (1 switches on core 0)
Jul 30 11:57:31.112558 n-d-843862-6 devstack@keystone.service[80646]: DEBUG keystone.server.flask.request_processing.middleware.auth_context [None req-500a9740-2eae-48be-bfc0-48319dfa2644 None None] Authenticating user token {{(pid=80646) process_request /usr/local/lib/python3.8/dist-packages/keystonemiddleware/auth_token/__init__.py:407}}
Jul 30 11:57:31.217648 n-d-843862-6 devstack@keystone.service[80647]: DEBUG keystone.server.flask.request_processing.middleware.auth_context [None req-73a79e34-bf5f-46dc-a497-14d914e9c482 None admin] Validating token access rules against request {{(pid=80647) validate_allowed_request /usr/local/lib/python3.8/dist-packages/keystonemiddleware/auth_token/__init__.py:545}}
Jul 30 11:57:31.232106 n-d-843862-6 devstack@keystone.service[80646]: DEBUG keystone.server.flask.request_processing.middleware.auth_context [None req-500a9740-2eae-48be-bfc0-48319dfa2644 None None] Validating token access rules against request {{(pid=80646) validate_allowed_request /usr/local/lib/python3.8/dist-packages/keystonemiddleware/auth_token/__init__.py:545}}
Jul 30 11:57:31.250178 n-d-843862-6 devstack@keystone.service[80647]: DEBUG dbcounter [-] [80647] Writing DB stats keystone:SELECT=100 {{(pid=80647) stat_writer /usr/local/lib/python3.8/dist-packages/dbcounter.py:114}}
Jul 30 11:57:31.261486 n-d-843862-6 devstack@keystone.service[80647]: DEBUG keystone.server.flask.request_processing.middleware.auth_context [None req-380906e7-2192-4fc1-85cc-14143f1443fc None admin] RBAC: auth_context: {'token': , 'domain_id': None, 'trust_id': None, 'trustor_id': None, 'trustee_id': None, 'domain_name': None, 'group_ids': [], 'user_id': 'edc54ad3da6d446890cb4ca3ebea0b0a', 'user_domain_id': 'default', 'system_scope': 'all', 'project_id': None, 'project_domain_id': None, 'roles': ['admin', 'member', 'reader'], 'is_admin_project': True, 'service_user_id': None, 'service_user_domain_id': None, 'service_project_id': None, 'service_project_domain_id': None, 'service_roles': []} {{(pid=80647) fill_context /opt/stack/keystone/keystone/server/flask/request_processing/middleware/auth_context.py:478}}
Jul 30 11:57:31.262747 n-d-843862-6 devstack@keystone.service[80647]: DEBUG keystone.server.flask.request_processing.req_logging [None req-380906e7-2192-4fc1-85cc-14143f1443fc None admin] REQUEST_METHOD: `GET` {{(pid=80647) log_request_info /opt/stack/keystone/keystone/server/flask/request_processing/req_logging.py:27}}
Jul 30 11:57:31.263419 n-d-843862-6 devstack@keystone.service[80647]: DEBUG keystone.server.flask.request_processing.req_logging [None req-380906e7-2192-4fc1-85cc-14143f1443fc None admin] SCRIPT_NAME: `/identity` {{(pid=80647) log_request_info /opt/stack/keystone/keystone/server/flask/request_processing/req_logging.py:28}}
Jul 30 11:57:31.263801 n-d-843862-6 devstack@keystone.service[80647]: DEBUG keystone.server.flask.request_processing.req_logging [None req-380906e7-2192-4fc1-85cc-14143f1443fc None admin] PATH_INFO: `/v3/users/c2087ad991424df49bbcb247d2c8be80` {{(pid=80647) log_request_info /opt/stack/keystone/keystone/server/flask/request_processing/req_logging.py:29}}
Jul 30 11:57:31.265633 n-d-843862-6 devstack@keystone.service[80647]: DEBUG keystone.common.rbac_enforcer.enforcer [None req-380906e7-2192-4fc1-85cc-14143f1443fc None admin] RBAC: Authorizing `identity:get_user(user_id=c2087ad991424df49bbcb247d2c8be80)` {{(pid=80647) enforce_call /opt/stack/keystone/keystone/common/rbac_enforcer/enforcer.py:449}}
Jul 30 11:57:31.267589 n-d-843862-6 devstack@keystone.service[80647]: DEBUG keystone.common.rbac_enforcer.enforcer [None req-380906e7-2192-4fc1-85cc-14143f1443fc None admin] RBAC: Authorization granted {{(pid=80647) enforce_call /opt/stack/keystone/keystone/common/rbac_enforcer/enforcer.py:457}}
Jul 30 11:57:31.270143 n-d-843862-6 devstack@keystone.service[80647]: [pid: 80647|app: 0|req: 66/134] 10.222.0.40 () {56 vars in 1177 bytes} [Sat Jul 30 11:57:31 2022] GET /identity/v3/users/c2087ad991424df49bbcb247d2c8be80 => generated 275 bytes in 179 msecs (HTTP/1.1 200) 5 headers in 177 bytes (1 switches on core 0)
Jul 30 11:57:31.270482 n-d-843862-6 devstack@keystone.service[80646]: DEBUG keystone.server.flask.request_processing.middleware.auth_context [None req-ff4d9708-dc6a-43f3-88e8-66d7bda4016a None admin] RBAC: auth_context: {'token': , 'domain_id': None, 'trust_id': None, 'trustor_id': None, 'trustee_id': None, 'domain_name': None, 'group_ids': [], 'user_id': 'edc54ad3da6d446890cb4ca3ebea0b0a', 'user_domain_id': 'default', 'system_scope': 'all', 'project_id': None, 'project_domain_id': None, 'roles': ['admin', 'member', 'reader'], 'is_admin_project': True, 'service_user_id': None, 'service_user_domain_id': None, 'service_project_id': None, 'service_project_domain_id': None, 'service_roles': []} {{(pid=80646) fill_context /opt/stack/keystone/keystone/server/flask/request_processing/middleware/auth_context.py:478}}
Jul 30 11:57:31.271157 n-d-843862-6 devstack@keystone.service[80647]: DEBUG keystone.server.flask.request_processing.middleware.auth_context [None req-380906e7-2192-4fc1-85cc-14143f1443fc None admin] Authenticating user token {{(pid=80647) process_request /usr/local/lib/python3.8/dist-packages/keystonemiddleware/auth_token/__init__.py:407}}
Jul 30 11:57:31.271270 n-d-843862-6 devstack@keystone.service[80646]: DEBUG keystone.server.flask.request_processing.req_logging [None req-ff4d9708-dc6a-43f3-88e8-66d7bda4016a None admin] REQUEST_METHOD: `PUT` {{(pid=80646) log_request_info /opt/stack/keystone/keystone/server/flask/request_processing/req_logging.py:27}}
Jul 30 11:57:31.271522 n-d-843862-6 devstack@keystone.service[80646]: DEBUG keystone.server.flask.request_processing.req_logging [None req-ff4d9708-dc6a-43f3-88e8-66d7bda4016a None admin] SCRIPT_NAME: `/identity` {{(pid=80646) log_request_info /opt/stack/keystone/keystone/server/flask/request_processing/req_logging.py:28}}
Jul 30 11:57:31.271804 n-d-843862-6 devstack@keystone.service[80646]: DEBUG keystone.server.flask.request_processing.req_logging [None req-ff4d9708-dc6a-43f3-88e8-66d7bda4016a None admin] PATH_INFO: `/v3/projects/2d44df4ec9a04e369c05ff18a88dacc9/users/c2087ad991424df49bbcb247d2c8be80/roles/64295abd89df4de78c4b5be96970855b` {{(pid=80646) log_request_info /opt/stack/keystone/keystone/server/flask/request_processing/req_logging.py:29}}
Jul 30 11:57:31.273866 n-d-843862-6 devstack@keystone.service[80646]: DEBUG keystone.common.rbac_enforcer.enforcer [None req-ff4d9708-dc6a-43f3-88e8-66d7bda4016a None admin] RBAC: Authorizing `identity:create_grant(project_id=2d44df4ec9a04e369c05ff18a88dacc9, user_id=c2087ad991424df49bbcb247d2c8be80, role_id=64295abd89df4de78c4b5be96970855b)` {{(pid=80646) enforce_call /opt/stack/keystone/keystone/common/rbac_enforcer/enforcer.py:449}}
Jul 30 11:57:31.276046 n-d-843862-6 devstack@keystone.service[80646]: DEBUG keystone.common.rbac_enforcer.enforcer [None req-ff4d9708-dc6a-43f3-88e8-66d7bda4016a None admin] RBAC: Authorization granted {{(pid=80646) enforce_call /opt/stack/keystone/keystone/common/rbac_enforcer/enforcer.py:457}}
Jul 30 11:57:31.293168 n-d-843862-6 devstack@keystone.service[80646]: [pid: 80646|app: 0|req: 69/135] 10.222.0.40 () {58 vars in 1439 bytes} [Sat Jul 30 11:57:31 2022] PUT /identity/v3/projects/2d44df4ec9a04e369c05ff18a88dacc9/users/c2087ad991424df49bbcb247d2c8be80/roles/64295abd89df4de78c4b5be96970855b => generated 0 bytes in 181 msecs (HTTP/1.1 204) 3 headers in 132 bytes (0 switches on core 0)
Jul 30 11:57:31.294598 n-d-843862-6 devstack@keystone.service[80646]: DEBUG keystone.server.flask.request_processing.req_logging [None req-d5d1fced-e39a-4874-9124-0d789032f8a8 None None] REQUEST_METHOD: `POST` {{(pid=80646) log_request_info /opt/stack/keystone/keystone/server/flask/request_processing/req_logging.py:27}}
Jul 30 11:57:31.294895 n-d-843862-6 devstack@keystone.service[80646]: DEBUG keystone.server.flask.request_processing.req_logging [None req-d5d1fced-e39a-4874-9124-0d789032f8a8 None None] SCRIPT_NAME: `/identity` {{(pid=80646) log_request_info /opt/stack/keystone/keystone/server/flask/request_processing/req_logging.py:28}}
Jul 30 11:57:31.295180 n-d-843862-6 devstack@keystone.service[80646]: DEBUG keystone.server.flask.request_processing.req_logging [None req-d5d1fced-e39a-4874-9124-0d789032f8a8 None None] PATH_INFO: `/v3/auth/tokens` {{(pid=80646) log_request_info /opt/stack/keystone/keystone/server/flask/request_processing/req_logging.py:29}}
Jul 30 11:57:31.318745 n-d-843862-6 devstack@keystone.service[80646]: DEBUG keystone.auth.core [None req-d5d1fced-e39a-4874-9124-0d789032f8a8 None None] MFA Rules not processed for user `edc54ad3da6d446890cb4ca3ebea0b0a`. Rule list: `[]` (Enabled: `True`). {{(pid=80646) check_auth_methods_against_rules /opt/stack/keystone/keystone/auth/core.py:438}}
Jul 30 11:57:31.320297 n-d-843862-6 devstack@keystone.service[80646]: DEBUG keystone.common.fernet_utils [None req-d5d1fced-e39a-4874-9124-0d789032f8a8 None None] Loaded 2 Fernet keys from /etc/keystone/fernet-keys/, but `[fernet_tokens] max_active_keys = 3`; perhaps there have not been enough key rotations to reach `max_active_keys` yet? {{(pid=80646) load_keys /opt/stack/keystone/keystone/common/fernet_utils.py:286}}
Jul 30 11:57:31.361550 n-d-843862-6 devstack@keystone.service[80646]: DEBUG dbcounter [-] [80646] Writing DB stats keystone:SELECT=99,keystone:INSERT=1 {{(pid=80646) stat_writer /usr/local/lib/python3.8/dist-packages/dbcounter.py:114}}
Jul 30 11:57:31.404347 n-d-843862-6 devstack@keystone.service[80646]: [pid: 80646|app: 0|req: 70/136] 10.222.0.40 () {58 vars in 1023 bytes} [Sat Jul 30 11:57:31 2022] POST /identity/v3/auth/tokens => generated 799 bytes in 110 msecs (HTTP/1.1 201) 6 headers in 363 bytes (1 switches on core 0)
Jul 30 11:57:31.405166 n-d-843862-6 devstack@keystone.service[80646]: DEBUG keystone.server.flask.request_processing.middleware.auth_context [None req-d5d1fced-e39a-4874-9124-0d789032f8a8 None None] Authenticating user token {{(pid=80646) process_request /usr/local/lib/python3.8/dist-packages/keystonemiddleware/auth_token/__init__.py:407}}
Jul 30 11:57:31.528513 n-d-843862-6 devstack@keystone.service[80647]: DEBUG keystone.server.flask.request_processing.middleware.auth_context [None req-380906e7-2192-4fc1-85cc-14143f1443fc None admin] Validating token access rules against request {{(pid=80647) validate_allowed_request /usr/local/lib/python3.8/dist-packages/keystonemiddleware/auth_token/__init__.py:545}}
Jul 30 11:57:31.546422 n-d-843862-6 devstack@keystone.service[80646]: DEBUG keystone.server.flask.request_processing.middleware.auth_context [None req-d5d1fced-e39a-4874-9124-0d789032f8a8 None None] Validating token access rules against request {{(pid=80646) validate_allowed_request /usr/local/lib/python3.8/dist-packages/keystonemiddleware/auth_token/__init__.py:545}}
